[INFO] cloning repository https://github.com/rukai/game
[INFO] running `Command { std: "git" "-c" "credential.helper=" "-c" "credential.helper=/workspace/cargo-home/bin/git-credential-null" "clone" "--bare" "https://github.com/rukai/game" "/workspace/cache/git-repos/https%3A%2F%2Fgithub.com%2Frukai%2Fgame", kill_on_drop: false }`
[INFO] [stderr] Cloning into bare repository '/workspace/cache/git-repos/https%3A%2F%2Fgithub.com%2Frukai%2Fgame'...
[INFO] running `Command { std: "git" "rev-parse" "HEAD", kill_on_drop: false }`
[INFO] [stdout] 3434d7ceb37ff5b207a2d7f397b4a90b31613175
[INFO] documenting rukai/game against beta-2021-08-01 for beta-1.55-rustdoc-1
[INFO] running `Command { std: "git" "clone" "/workspace/cache/git-repos/https%3A%2F%2Fgithub.com%2Frukai%2Fgame" "/workspace/builds/worker-5/source", kill_on_drop: false }`
[INFO] [stderr] Cloning into '/workspace/builds/worker-5/source'...
[INFO] [stderr] done.
[INFO] validating manifest of git repo https://github.com/rukai/game on toolchain beta-2021-08-01
[INFO] running `Command { std: "/workspace/cargo-home/bin/cargo" "+beta-2021-08-01" "metadata" "--manifest-path" "Cargo.toml" "--no-deps", kill_on_drop: false }`
[INFO] started tweaking git repo https://github.com/rukai/game
[INFO] finished tweaking git repo https://github.com/rukai/game
[INFO] tweaked toml for git repo https://github.com/rukai/game written to /workspace/builds/worker-5/source/Cargo.toml
[INFO] crate git repo https://github.com/rukai/game already has a lockfile, it will not be regenerated
[INFO] running `Command { std: "/workspace/cargo-home/bin/cargo" "+beta-2021-08-01" "fetch" "--manifest-path" "Cargo.toml", kill_on_drop: false }`
[INFO] [stderr]     Updating git repository `https://github.com/mpizenberg/png-decoder`
[INFO] [stderr]     Updating git repository `https://github.com/hecrj/wgpu_glyph`
[INFO] [stderr]     Blocking waiting for file lock on package cache
[INFO] [stderr]  Downloading crates ...
[INFO] [stderr]   Downloaded atomic v0.5.0
[INFO] [stderr]   Downloaded wayland-commons v0.28.6
[INFO] [stderr]   Downloaded mp4ameta v0.6.1
[INFO] [stderr]   Downloaded metaflac v0.2.4
[INFO] [stderr]   Downloaded mp4ameta_proc v0.1.1
[INFO] [stderr]   Downloaded slotmap v0.4.2
[INFO] [stderr]   Downloaded slotmap v1.0.5
[INFO] [stderr]   Downloaded audiotags-dev-macro v0.1.4
[INFO] [stderr]   Downloaded id3 v0.5.3
[INFO] [stderr]   Downloaded lyon_geom v0.17.4
[INFO] [stderr]   Downloaded oboe-sys v0.4.2
[INFO] [stderr]   Downloaded approx v0.5.0
[INFO] [stderr]   Downloaded notify v4.0.17
[INFO] [stderr]   Downloaded num_enum_derive v0.5.3
[INFO] [stderr]   Downloaded euclid v0.22.6
[INFO] [stderr]   Downloaded vk-shader-macros v0.2.7
[INFO] [stderr]   Downloaded ringbuf v0.2.6
[INFO] [stderr]   Downloaded kira v0.5.3
[INFO] [stderr]   Downloaded wayland-sys v0.28.6
[INFO] [stderr]   Downloaded cfg-expr v0.8.1
[INFO] [stderr]   Downloaded basedrop v0.1.2
[INFO] [stderr]   Downloaded rusb v0.8.1
[INFO] [stderr]   Downloaded wayland-cursor v0.28.6
[INFO] [stderr]   Downloaded lyon_tessellation v0.17.8
[INFO] [stderr]   Downloaded owned_ttf_parser v0.12.1
[INFO] [stderr]   Downloaded wayland-protocols v0.28.6
[INFO] [stderr]   Downloaded hotwatch v0.4.5
[INFO] [stderr]   Downloaded vk-shader-macros-impl v0.2.7
[INFO] [stderr]   Downloaded audiotags v0.2.7182
[INFO] [stderr]   Downloaded system-deps v3.2.0
[INFO] [stderr]   Downloaded wayland-scanner v0.28.6
[INFO] [stderr]   Downloaded glyph_brush_layout v0.2.3
[INFO] [stderr]   Downloaded gltf-json v0.16.0
[INFO] [stderr]   Downloaded gltf v0.16.0
[INFO] [stderr]   Downloaded glib v0.14.2
[INFO] [stderr]   Downloaded winit_input_helper v0.10.0
[INFO] [stderr]   Downloaded gltf-derive v0.16.0
[INFO] [stderr]   Downloaded twox-hash v1.6.1
[INFO] [stderr]   Downloaded num_enum v0.5.3
[INFO] [stderr]   Downloaded oboe v0.4.2
[INFO] [stderr]   Downloaded lyon_algorithms v0.17.4
[INFO] [stderr]   Downloaded float_next_after v0.1.5
[INFO] [stderr]   Downloaded spin_sleep v1.0.0
[INFO] [stderr]   Downloaded ttf-parser v0.12.3
[INFO] [stderr]   Downloaded lyon_path v0.17.4
[INFO] [stderr]   Downloaded sid v0.6.1
[INFO] [stderr]   Downloaded lyon v0.17.5
[INFO] [stderr]   Downloaded cairo-rs v0.14.1
[INFO] [stderr]   Downloaded glib-macros v0.14.1
[INFO] [stderr]   Downloaded wayland-client v0.28.6
[INFO] [stderr]   Downloaded treeflection_derive v0.4.0
[INFO] [stderr]   Downloaded treeflection v0.1.35
[INFO] [stderr]   Downloaded libusb1-sys v0.5.0
[INFO] running `Command { std: "docker" "create" "-v" "/var/lib/crater-agent-workspace/builds/worker-5/target:/opt/rustwide/target:rw,Z" "-v" "/var/lib/crater-agent-workspace/builds/worker-5/source:/opt/rustwide/workdir:ro,Z" "-v" "/var/lib/crater-agent-workspace/cargo-home:/opt/rustwide/cargo-home:ro,Z" "-v" "/var/lib/crater-agent-workspace/rustup-home:/opt/rustwide/rustup-home:ro,Z" "-e" "SOURCE_DIR=/opt/rustwide/workdir" "-e" "CARGO_TARGET_DIR=/opt/rustwide/target" "-e" "CARGO_HOME=/opt/rustwide/cargo-home" "-e" "RUSTUP_HOME=/opt/rustwide/rustup-home" "-w" "/opt/rustwide/workdir" "-m" "1610612736" "--user" "0:0" "--network" "none" "ghcr.io/rust-lang/crates-build-env/linux@sha256:34b6a614d2c27851fe6cbf88fbd1137609cefab8b10d0615aaeb6fd47975d74e" "/opt/rustwide/cargo-home/bin/cargo" "+beta-2021-08-01" "metadata" "--no-deps" "--format-version=1", kill_on_drop: false }`
[INFO] [stderr] WARNING: Your kernel does not support swap limit capabilities or the cgroup is not mounted. Memory limited without swap.
[INFO] [stdout] a23f3d7c2b517b59212210811a4f5af9bb3e64329e7ed1f4daff72c468c2cc0e
[INFO] running `Command { std: "docker" "start" "-a" "a23f3d7c2b517b59212210811a4f5af9bb3e64329e7ed1f4daff72c468c2cc0e", kill_on_drop: false }`
[INFO] running `Command { std: "docker" "inspect" "a23f3d7c2b517b59212210811a4f5af9bb3e64329e7ed1f4daff72c468c2cc0e", kill_on_drop: false }`
[INFO] running `Command { std: "docker" "rm" "-f" "a23f3d7c2b517b59212210811a4f5af9bb3e64329e7ed1f4daff72c468c2cc0e", kill_on_drop: false }`
[INFO] [stdout] a23f3d7c2b517b59212210811a4f5af9bb3e64329e7ed1f4daff72c468c2cc0e
[INFO] running `Command { std: "docker" "create" "-v" "/var/lib/crater-agent-workspace/builds/worker-5/target:/opt/rustwide/target:rw,Z" "-v" "/var/lib/crater-agent-workspace/builds/worker-5/source:/opt/rustwide/workdir:ro,Z" "-v" "/var/lib/crater-agent-workspace/cargo-home:/opt/rustwide/cargo-home:ro,Z" "-v" "/var/lib/crater-agent-workspace/rustup-home:/opt/rustwide/rustup-home:ro,Z" "-e" "SOURCE_DIR=/opt/rustwide/workdir" "-e" "CARGO_TARGET_DIR=/opt/rustwide/target" "-e" "CARGO_INCREMENTAL=0" "-e" "RUST_BACKTRACE=full" "-e" "RUSTDOCFLAGS=--cap-lints=warn" "-e" "CARGO_HOME=/opt/rustwide/cargo-home" "-e" "RUSTUP_HOME=/opt/rustwide/rustup-home" "-w" "/opt/rustwide/workdir" "-m" "1610612736" "--user" "0:0" "--network" "none" "ghcr.io/rust-lang/crates-build-env/linux@sha256:34b6a614d2c27851fe6cbf88fbd1137609cefab8b10d0615aaeb6fd47975d74e" "/opt/rustwide/cargo-home/bin/cargo" "+beta-2021-08-01" "doc" "--frozen" "--no-deps" "--document-private-items" "--message-format=json", kill_on_drop: false }`
[INFO] [stdout] 7744151be08e2e16a9a45145cae1ea9517363158168e1b81bcc5ff855598684d
[INFO] [stderr] WARNING: Your kernel does not support swap limit capabilities or the cgroup is not mounted. Memory limited without swap.
[INFO] running `Command { std: "docker" "start" "-a" "7744151be08e2e16a9a45145cae1ea9517363158168e1b81bcc5ff855598684d", kill_on_drop: false }`
[INFO] [stderr]    Compiling libc v0.2.98
[INFO] [stderr]    Compiling serde v1.0.127
[INFO] [stderr]    Compiling version-compare v0.0.11
[INFO] [stderr]    Compiling strum v0.21.0
[INFO] [stderr]    Compiling xml-rs v0.8.4
[INFO] [stderr]    Compiling futures-core v0.3.16
[INFO] [stderr]     Checking futures-sink v0.3.16
[INFO] [stderr]    Compiling serde_json v1.0.66
[INFO] [stderr]    Compiling winit v0.25.0
[INFO] [stderr]    Compiling rusb v0.8.1
[INFO] [stderr]    Compiling canon_collision_lib v0.0.1 (/opt/rustwide/workdir/canon_collision_lib)
[INFO] [stderr]    Compiling gio v0.14.0
[INFO] [stderr]    Compiling inflections v1.1.1
[INFO] [stderr]    Compiling cgmath v0.18.0
[INFO] [stderr]    Compiling cpal v0.13.3
[INFO] [stderr]    Compiling mp4ameta_proc v0.1.1
[INFO] [stderr]    Compiling canon_collision v0.0.1 (/opt/rustwide/workdir/canon_collision)
[INFO] [stderr]    Compiling canon_collision_hot_reload v0.1.0 (/opt/rustwide/workdir/canon_collision_hot_reload)
[INFO] [stderr]     Checking basedrop v0.1.2
[INFO] [stderr]    Compiling cc_map_controllers v0.1.0 (/opt/rustwide/workdir/map_controllers)
[INFO] [stderr]     Checking audiotags-dev-macro v0.1.4
[INFO] [stderr]  Documenting cc_cli v0.0.1 (/opt/rustwide/workdir/cc_cli)
[INFO] [stderr]    Compiling itertools v0.10.1
[INFO] [stderr]    Compiling cfg-expr v0.8.1
[INFO] [stderr]     Checking instant v0.1.10
[INFO] [stderr]    Compiling futures-util v0.3.16
[INFO] [stderr]    Compiling alsa-sys v0.3.1
[INFO] [stderr]    Compiling gtk v0.14.0
[INFO] [stderr]    Compiling slotmap v1.0.5
[INFO] [stderr]     Checking ringbuf v0.2.6
[INFO] [stderr]     Checking lewton v0.10.2
[INFO] [stderr]     Checking metaflac v0.2.4
[INFO] [stderr]     Checking nom v6.1.2
[INFO] [stderr]     Checking crossbeam-queue v0.3.2
[INFO] [stderr]     Checking lexical-core v0.7.6
[INFO] [stderr]     Checking andrew v0.3.1
[INFO] [stderr]    Compiling syn v1.0.65
[INFO] [stderr]     Checking float_next_after v0.1.5
[INFO] [stderr]     Checking petgraph v0.5.1
[INFO] [stderr]    Compiling wayland-scanner v0.28.6
[INFO] [stderr]     Checking futures-channel v0.3.16
[INFO] [stderr]     Checking lyon_geom v0.17.4
[INFO] [stderr]     Checking glyph_brush_layout v0.2.3
[INFO] [stderr]     Checking mp4ameta v0.6.1
[INFO] [stderr]     Checking crossbeam-deque v0.8.1
[INFO] [stderr]     Checking os_type v2.3.0
[INFO] [stderr]    Compiling field-offset v0.3.4
[INFO] [stderr]     Checking crossbeam v0.8.1
[INFO] [stderr]     Checking lyon_path v0.17.4
[INFO] [stderr]     Checking nom v5.1.2
[INFO] [stderr]    Compiling wayland-client v0.28.6
[INFO] [stderr]    Compiling wayland-protocols v0.28.6
[INFO] [stderr]     Checking lyon_algorithms v0.17.4
[INFO] [stderr]     Checking lyon_tessellation v0.17.8
[INFO] [stderr]     Checking xcursor v0.3.3
[INFO] [stderr]     Checking nix v0.20.0
[INFO] [stderr]     Checking raw-window-handle v0.3.3
[INFO] [stderr]     Checking parking_lot_core v0.8.3
[INFO] [stderr]     Checking getrandom v0.2.3
[INFO] [stderr]     Checking nix v0.18.0
[INFO] [stderr]     Checking iovec v0.1.4
[INFO] [stderr]     Checking net2 v0.2.37
[INFO] [stderr]     Checking mio v0.7.13
[INFO] [stderr]     Checking inotify-sys v0.1.5
[INFO] [stderr]     Checking memmap2 v0.1.0
[INFO] [stderr]     Checking x11-dl v2.18.5
[INFO] [stderr]     Checking filetime v0.2.14
[INFO] [stderr]     Checking time v0.1.43
[INFO] [stderr]     Checking dirs-sys-next v0.1.2
[INFO] [stderr]     Checking atty v0.2.14
[INFO] [stderr]     Checking libudev-sys v0.1.4
[INFO] [stderr]     Checking num_cpus v1.13.0
[INFO] [stderr]     Checking khronos-egl v3.0.2
[INFO] [stderr]     Checking flate2 v1.0.20
[INFO] [stderr]     Checking slice-deque v0.3.0
[INFO] [stderr]    Compiling jobserver v0.1.23
[INFO] [stderr]     Checking rand_core v0.6.3
[INFO] [stderr]     Checking lyon v0.17.5
[INFO] [stderr]     Checking inotify v0.7.1
[INFO] [stderr]     Checking parking_lot v0.11.1
[INFO] [stderr]     Checking mio v0.6.23
[INFO] [stderr]     Checking env_logger v0.9.0
[INFO] [stderr]     Checking dirs-next v2.0.0
[INFO] [stderr]     Checking rayon-core v1.9.1
[INFO] [stderr]     Checking mio-misc v1.2.1
[INFO] [stderr]    Compiling cc v1.0.69
[INFO] [stderr]     Checking rand_chacha v0.3.1
[INFO] [stderr]     Checking id3 v0.5.3
[INFO] [stderr]     Checking rand v0.8.4
[INFO] [stderr]     Checking mio-extras v2.0.6
[INFO] [stderr]    Compiling cmake v0.1.45
[INFO] [stderr]     Checking png-decoder v0.1.0 (https://github.com/mpizenberg/png-decoder#6bff6118)
[INFO] [stderr]     Checking notify v4.0.17
[INFO] [stderr]     Checking rayon v1.5.1
[INFO] [stderr]    Compiling libusb1-sys v0.5.0
[INFO] [stderr]    Compiling backtrace v0.3.61
[INFO] [stderr]    Compiling spirv_cross v0.23.1
[INFO] [stderr]    Compiling minimp3-sys v0.3.2
[INFO] [stderr]    Compiling shaderc-sys v0.7.2
[INFO] [stderr]     Checking hotwatch v0.4.5
[INFO] [stderr]     Checking twox-hash v1.6.1
[INFO] [stderr]    Compiling proc-macro-error v1.0.4
[INFO] [stderr] error: could not compile `syn`
[INFO] [stderr] 
[INFO] [stderr] Caused by:
[INFO] [stderr]   process didn't exit successfully: `rustc --crate-name syn --edition=2018 /opt/rustwide/cargo-home/registry/src/github.com-1ecc6299db9ec823/syn-1.0.65/src/lib.rs --error-format=json --json=diagnostic-rendered-ansi,artifacts --crate-type lib --emit=dep-info,metadata,link -C embed-bitcode=no -C debuginfo=2 --cfg 'feature="clone-impls"' --cfg 'feature="default"' --cfg 'feature="derive"' --cfg 'feature="extra-traits"' --cfg 'feature="full"' --cfg 'feature="parsing"' --cfg 'feature="printing"' --cfg 'feature="proc-macro"' --cfg 'feature="quote"' --cfg 'feature="visit"' --cfg 'feature="visit-mut"' -C metadata=1b27196ddcd9769e -C extra-filename=-1b27196ddcd9769e --out-dir /opt/rustwide/target/debug/deps -L dependency=/opt/rustwide/target/debug/deps --extern proc_macro2=/opt/rustwide/target/debug/deps/libproc_macro2-842c01cbc6d4eb4a.rmeta --extern quote=/opt/rustwide/target/debug/deps/libquote-0dd32b08acf7cc97.rmeta --extern unicode_xid=/opt/rustwide/target/debug/deps/libunicode_xid-fa95828b78fbac73.rmeta --cap-lints allow --cfg syn_disable_nightly_tests` (signal: 9, SIGKILL: kill)
[INFO] [stderr] warning: build failed, waiting for other jobs to finish...
[INFO] [stderr] The following warnings were emitted during compilation:
[INFO] [stderr] 
[INFO] [stderr] warning: src/wrapper.cpp:2: warning: ignoring #pragma warning  [-Wunknown-pragmas]
[INFO] [stderr] warning:     2 | #pragma warning(disable : 4996 4101)
[INFO] [stderr] warning:       | 
[INFO] [stderr] warning: c++: fatal error: Killed signal terminated program cc1plus
[INFO] [stderr] warning: compilation terminated.
[INFO] [stderr] warning: c++: fatal error: Killed signal terminated program cc1plus
[INFO] [stderr] warning: compilation terminated.
[INFO] [stderr] warning: c++: fatal error: Killed signal terminated program cc1plus
[INFO] [stderr] warning: compilation terminated.
[INFO] [stderr] warning: c++: fatal error: Killed signal terminated program cc1plus
[INFO] [stderr] warning: compilation terminated.
[INFO] [stderr] warning: c++: fatal error: Killed signal terminated program cc1plus
[INFO] [stderr] warning: compilation terminated.
[INFO] [stderr] warning: c++: fatal error: Killed signal terminated program cc1plus
[INFO] [stderr] warning: compilation terminated.
[INFO] [stderr] warning: c++: fatal error: Killed signal terminated program cc1plus
[INFO] [stderr] warning: compilation terminated.
[INFO] [stderr] 
[INFO] [stderr] The following warnings were emitted during compilation:
[INFO] [stderr] 
[INFO] [stderr] warning: shaderc: searching for native shaderc libraries on system;  use '--features build-from-source' to force building from source code
[INFO] [stderr] warning: shaderc: cannot find native shaderc library on system; falling back to build from source
[INFO] [stderr] 
[INFO] [stderr] error: build failed
[INFO] running `Command { std: "docker" "inspect" "7744151be08e2e16a9a45145cae1ea9517363158168e1b81bcc5ff855598684d", kill_on_drop: false }`
[INFO] running `Command { std: "docker" "rm" "-f" "7744151be08e2e16a9a45145cae1ea9517363158168e1b81bcc5ff855598684d", kill_on_drop: false }`
[INFO] [stdout] 7744151be08e2e16a9a45145cae1ea9517363158168e1b81bcc5ff855598684d
