[INFO] cloning repository https://github.com/rsumner31/badtouch-2
[INFO] running `Command { std: "git" "-c" "credential.helper=" "-c" "credential.helper=/workspace/cargo-home/bin/git-credential-null" "clone" "--bare" "https://github.com/rsumner31/badtouch-2" "/workspace/cache/git-repos/https%3A%2F%2Fgithub.com%2Frsumner31%2Fbadtouch-2", kill_on_drop: false }`
[INFO] [stderr] Cloning into bare repository '/workspace/cache/git-repos/https%3A%2F%2Fgithub.com%2Frsumner31%2Fbadtouch-2'...
[INFO] running `Command { std: "git" "rev-parse" "HEAD", kill_on_drop: false }`
[INFO] [stdout] 2412a45678e3608d802852c40b2a7f8a08b60588
[INFO] documenting rsumner31/badtouch-2 against 1.54.0 for beta-1.55-rustdoc-1
[INFO] running `Command { std: "git" "clone" "/workspace/cache/git-repos/https%3A%2F%2Fgithub.com%2Frsumner31%2Fbadtouch-2" "/workspace/builds/worker-13/source", kill_on_drop: false }`
[INFO] [stderr] Cloning into '/workspace/builds/worker-13/source'...
[INFO] [stderr] done.
[INFO] validating manifest of git repo https://github.com/rsumner31/badtouch-2 on toolchain 1.54.0
[INFO] running `Command { std: "/workspace/cargo-home/bin/cargo" "+1.54.0" "metadata" "--manifest-path" "Cargo.toml" "--no-deps", kill_on_drop: false }`
[INFO] started tweaking git repo https://github.com/rsumner31/badtouch-2
[INFO] finished tweaking git repo https://github.com/rsumner31/badtouch-2
[INFO] tweaked toml for git repo https://github.com/rsumner31/badtouch-2 written to /workspace/builds/worker-13/source/Cargo.toml
[INFO] crate git repo https://github.com/rsumner31/badtouch-2 already has a lockfile, it will not be regenerated
[INFO] running `Command { std: "/workspace/cargo-home/bin/cargo" "+1.54.0" "fetch" "--manifest-path" "Cargo.toml", kill_on_drop: false }`
[INFO] [stderr]  Downloading crates ...
[INFO] [stderr]   Downloaded tokio-threadpool v0.1.1
[INFO] [stderr]   Downloaded tokio-executor v0.1.1
[INFO] [stderr]   Downloaded tokio v0.1.4
[INFO] [stderr]   Downloaded string_cache_codegen v0.4.0
[INFO] [stderr]   Downloaded digest v0.7.2
[INFO] [stderr]   Downloaded remove_dir_all v0.5.0
[INFO] [stderr]   Downloaded nom v2.2.1
[INFO] [stderr]   Downloaded ldap3 v0.6.0
[INFO] [stderr]   Downloaded md-5 v0.7.0
[INFO] [stderr]   Downloaded chrono v0.4.1
[INFO] [stderr]   Downloaded mysql v12.3.1
[INFO] [stderr]   Downloaded hyper v0.11.24
[INFO] [stderr]   Downloaded sha3 v0.7.3
[INFO] [stderr]   Downloaded cssparser-macros v0.3.2
[INFO] [stderr]   Downloaded cssparser v0.23.2
[INFO] [stderr]   Downloaded smallvec v0.6.0
[INFO] [stderr]   Downloaded hlua-badtouch v0.4.2
[INFO] [stderr]   Downloaded getch v0.2.0
[INFO] [stderr]   Downloaded lber v0.1.6
[INFO] [stderr]   Downloaded kuchiki v0.7.0
[INFO] [stderr]   Downloaded tokio-core v0.1.16
[INFO] [stderr]   Downloaded sha2 v0.7.0
[INFO] [stderr]   Downloaded tokio-uds-proto v0.1.1
[INFO] [stderr]   Downloaded string_cache v0.7.1
[INFO] [stderr]   Downloaded html5ever v0.22.0
[INFO] [stderr]   Downloaded futures v0.1.20
[INFO] running `Command { std: "docker" "create" "-v" "/var/lib/crater-agent-workspace/builds/worker-13/target:/opt/rustwide/target:rw,Z" "-v" "/var/lib/crater-agent-workspace/builds/worker-13/source:/opt/rustwide/workdir:ro,Z" "-v" "/var/lib/crater-agent-workspace/cargo-home:/opt/rustwide/cargo-home:ro,Z" "-v" "/var/lib/crater-agent-workspace/rustup-home:/opt/rustwide/rustup-home:ro,Z" "-e" "SOURCE_DIR=/opt/rustwide/workdir" "-e" "CARGO_TARGET_DIR=/opt/rustwide/target" "-e" "CARGO_HOME=/opt/rustwide/cargo-home" "-e" "RUSTUP_HOME=/opt/rustwide/rustup-home" "-w" "/opt/rustwide/workdir" "-m" "1610612736" "--user" "0:0" "--network" "none" "ghcr.io/rust-lang/crates-build-env/linux@sha256:34b6a614d2c27851fe6cbf88fbd1137609cefab8b10d0615aaeb6fd47975d74e" "/opt/rustwide/cargo-home/bin/cargo" "+1.54.0" "metadata" "--no-deps" "--format-version=1", kill_on_drop: false }`
[INFO] [stdout] 9283a317af952a68b82f579c3343fae8ab1cf3be3395a11942fba28a604ad708
[INFO] [stderr] WARNING: Your kernel does not support swap limit capabilities or the cgroup is not mounted. Memory limited without swap.
[INFO] running `Command { std: "docker" "start" "-a" "9283a317af952a68b82f579c3343fae8ab1cf3be3395a11942fba28a604ad708", kill_on_drop: false }`
[INFO] running `Command { std: "docker" "inspect" "9283a317af952a68b82f579c3343fae8ab1cf3be3395a11942fba28a604ad708", kill_on_drop: false }`
[INFO] running `Command { std: "docker" "rm" "-f" "9283a317af952a68b82f579c3343fae8ab1cf3be3395a11942fba28a604ad708", kill_on_drop: false }`
[INFO] [stdout] 9283a317af952a68b82f579c3343fae8ab1cf3be3395a11942fba28a604ad708
[INFO] running `Command { std: "docker" "create" "-v" "/var/lib/crater-agent-workspace/builds/worker-13/target:/opt/rustwide/target:rw,Z" "-v" "/var/lib/crater-agent-workspace/builds/worker-13/source:/opt/rustwide/workdir:ro,Z" "-v" "/var/lib/crater-agent-workspace/cargo-home:/opt/rustwide/cargo-home:ro,Z" "-v" "/var/lib/crater-agent-workspace/rustup-home:/opt/rustwide/rustup-home:ro,Z" "-e" "SOURCE_DIR=/opt/rustwide/workdir" "-e" "CARGO_TARGET_DIR=/opt/rustwide/target" "-e" "CARGO_INCREMENTAL=0" "-e" "RUST_BACKTRACE=full" "-e" "RUSTDOCFLAGS=--cap-lints=warn" "-e" "CARGO_HOME=/opt/rustwide/cargo-home" "-e" "RUSTUP_HOME=/opt/rustwide/rustup-home" "-w" "/opt/rustwide/workdir" "-m" "1610612736" "--user" "0:0" "--network" "none" "ghcr.io/rust-lang/crates-build-env/linux@sha256:34b6a614d2c27851fe6cbf88fbd1137609cefab8b10d0615aaeb6fd47975d74e" "/opt/rustwide/cargo-home/bin/cargo" "+1.54.0" "doc" "--frozen" "--no-deps" "--document-private-items" "--message-format=json", kill_on_drop: false }`
[INFO] [stderr] WARNING: Your kernel does not support swap limit capabilities or the cgroup is not mounted. Memory limited without swap.
[INFO] [stdout] 3a4ec1117a38dc169ff7041b254a9ba9a29e98b7b0a08d49c94172307250d524
[INFO] running `Command { std: "docker" "start" "-a" "3a4ec1117a38dc169ff7041b254a9ba9a29e98b7b0a08d49c94172307250d524", kill_on_drop: false }`
[INFO] [stderr]     Checking futures v0.1.20
[INFO] [stderr]     Checking nodrop v0.1.12
[INFO] [stderr]    Compiling cc v1.0.9
[INFO] [stderr]     Checking scoped-tls v0.1.1
[INFO] [stderr]     Checking serde v1.0.36
[INFO] [stderr]    Compiling num-traits v0.2.2
[INFO] [stderr]     Checking utf-8 v0.7.2
[INFO] [stderr]    Compiling regex v0.2.10
[INFO] [stderr]     Checking procedural-masquerade v0.1.5
[INFO] [stderr]     Checking smallvec v0.4.4
[INFO] [stderr]     Checking nom v2.2.1
[INFO] [stderr]     Checking termios v0.2.2
[INFO] [stderr]     Checking termios v0.3.0
[INFO] [stderr]     Checking net2 v0.2.32
[INFO] [stderr]     Checking crossbeam-utils v0.3.2
[INFO] [stderr]     Checking unreachable v0.1.1
[INFO] [stderr]     Checking encoding_rs v0.7.2
[INFO] [stderr]     Checking dtoa-short v0.3.2
[INFO] [stderr]     Checking nix v0.9.0
[INFO] [stderr]     Checking colored v1.6.0
[INFO] [stderr]     Checking num-integer v0.1.36
[INFO] [stderr]     Checking atoi v0.2.3
[INFO] [stderr]    Compiling crc v1.7.0
[INFO] [stderr]    Compiling lua52-sys v0.1.1
[INFO] [stderr]     Checking regex-syntax v0.5.3
[INFO] [stderr]     Checking base64 v0.9.0
[INFO] [stderr]     Checking bytes v0.4.6
[INFO] [stderr]     Checking threadpool v1.7.1
[INFO] [stderr]     Checking thread_local v0.3.5
[INFO] [stderr]     Checking arrayvec v0.4.7
[INFO] [stderr]     Checking servo_arc v0.1.1
[INFO] [stderr]     Checking getch v0.2.0
[INFO] [stderr]     Checking debug_unreachable v0.1.1
[INFO] [stderr]     Checking mio v0.6.14
[INFO] [stderr]     Checking clap v2.31.2
[INFO] [stderr]     Checking uuid v0.5.1
[INFO] [stderr]     Checking twox-hash v1.1.0
[INFO] [stderr]     Checking chrono v0.4.1
[INFO] [stderr]    Compiling syn v0.12.15
[INFO] [stderr]     Checking url v1.7.0
[INFO] [stderr]    Compiling cssparser v0.23.2
[INFO] [stdout] error[E0214]: parenthesized type parameters may only be used with a `Fn` trait
[INFO] [stdout]   --> /opt/rustwide/cargo-home/registry/src/github.com-1ecc6299db9ec823/twox-hash-1.1.0/src/number_streams.rs:67:23
[INFO] [stdout]    |
[INFO] [stdout] 67 |     fn count(self) -> usize() {
[INFO] [stdout]    |                       ^^^^^^^ only `Fn` traits may use parentheses
[INFO] [stdout] ...
[INFO] [stdout] 74 | number_stream!(U32FromBytes, u32, U32_BYTES);
[INFO] [stdout]    | --------------------------------------------- in this macro invocation
[INFO] [stdout]    |
[INFO] [stdout]    = note: this error originates in the macro `number_stream` (in Nightly builds, run with -Z macro-backtrace for more info)
[INFO] [stdout] 
[INFO] [stdout] 
[INFO] [stdout] error[E0214]: parenthesized type parameters may only be used with a `Fn` trait
[INFO] [stdout]   --> /opt/rustwide/cargo-home/registry/src/github.com-1ecc6299db9ec823/twox-hash-1.1.0/src/number_streams.rs:67:23
[INFO] [stdout]    |
[INFO] [stdout] 67 |     fn count(self) -> usize() {
[INFO] [stdout]    |                       ^^^^^^^ only `Fn` traits may use parentheses
[INFO] [stdout] ...
[INFO] [stdout] 75 | number_stream!(U64FromBytes, u64, U64_BYTES);
[INFO] [stdout]    | --------------------------------------------- in this macro invocation
[INFO] [stdout]    |
[INFO] [stdout]    = note: this error originates in the macro `number_stream` (in Nightly builds, run with -Z macro-backtrace for more info)
[INFO] [stdout] 
[INFO] [stdout] 
[INFO] [stderr]    Compiling html5ever v0.22.0
[INFO] [stdout] error: aborting due to 2 previous errors
[INFO] [stdout] 
[INFO] [stdout] 
[INFO] [stdout] For more information about this error, try `rustc --explain E0214`.
[INFO] [stdout] 
[INFO] [stderr] error: could not compile `twox-hash`
[INFO] [stderr] 
[INFO] [stderr] To learn more, run the command again with --verbose.
[INFO] [stderr] warning: build failed, waiting for other jobs to finish...
[INFO] [stdout] error[E0713]: borrow may still be in use when destructor runs
[INFO] [stdout]    --> /opt/rustwide/cargo-home/registry/src/github.com-1ecc6299db9ec823/url-1.7.0/src/form_urlencoded.rs:261:40
[INFO] [stdout]     |
[INFO] [stdout] 259 | impl<'a> Target for ::UrlQuery<'a> {
[INFO] [stdout]     |      -- lifetime `'a` defined here
[INFO] [stdout] 260 |     fn as_mut_string(&mut self) -> &mut String { &mut self.url.serialization }
[INFO] [stdout] 261 |     fn finish(self) -> &'a mut ::Url { self.url }
[INFO] [stdout]     |                                        ^^^^^^^^ - here, drop of `self` needs exclusive access to `*self.url`, because the type `UrlQuery<'_>` implements the `Drop` trait
[INFO] [stdout]     |                                        |
[INFO] [stdout]     |                                        returning this value requires that `*self.url` is borrowed for `'a`
[INFO] [stdout] 
[INFO] [stdout] 
[INFO] [stdout] error: aborting due to previous error
[INFO] [stdout] 
[INFO] [stdout] 
[INFO] [stdout] For more information about this error, try `rustc --explain E0713`.
[INFO] [stdout] 
[INFO] [stderr] error: build failed
[INFO] running `Command { std: "docker" "inspect" "3a4ec1117a38dc169ff7041b254a9ba9a29e98b7b0a08d49c94172307250d524", kill_on_drop: false }`
[INFO] running `Command { std: "docker" "rm" "-f" "3a4ec1117a38dc169ff7041b254a9ba9a29e98b7b0a08d49c94172307250d524", kill_on_drop: false }`
[INFO] [stdout] 3a4ec1117a38dc169ff7041b254a9ba9a29e98b7b0a08d49c94172307250d524
