[INFO] cloning repository https://github.com/rqrqrqrq/rust-gql
[INFO] running `Command { std: "git" "-c" "credential.helper=" "-c" "credential.helper=/workspace/cargo-home/bin/git-credential-null" "clone" "--bare" "https://github.com/rqrqrqrq/rust-gql" "/workspace/cache/git-repos/https%3A%2F%2Fgithub.com%2Frqrqrqrq%2Frust-gql", kill_on_drop: false }`
[INFO] [stderr] Cloning into bare repository '/workspace/cache/git-repos/https%3A%2F%2Fgithub.com%2Frqrqrqrq%2Frust-gql'...
[INFO] running `Command { std: "git" "rev-parse" "HEAD", kill_on_drop: false }`
[INFO] [stdout] f85f5a988fb707324fbc5980249d8f5235369f04
[INFO] documenting rqrqrqrq/rust-gql against beta-2021-08-01 for beta-1.55-rustdoc-1
[INFO] running `Command { std: "git" "clone" "/workspace/cache/git-repos/https%3A%2F%2Fgithub.com%2Frqrqrqrq%2Frust-gql" "/workspace/builds/worker-4/source", kill_on_drop: false }`
[INFO] [stderr] Cloning into '/workspace/builds/worker-4/source'...
[INFO] [stderr] done.
[INFO] validating manifest of git repo https://github.com/rqrqrqrq/rust-gql on toolchain beta-2021-08-01
[INFO] running `Command { std: "/workspace/cargo-home/bin/cargo" "+beta-2021-08-01" "metadata" "--manifest-path" "Cargo.toml" "--no-deps", kill_on_drop: false }`
[INFO] started tweaking git repo https://github.com/rqrqrqrq/rust-gql
[INFO] finished tweaking git repo https://github.com/rqrqrqrq/rust-gql
[INFO] tweaked toml for git repo https://github.com/rqrqrqrq/rust-gql written to /workspace/builds/worker-4/source/Cargo.toml
[INFO] crate git repo https://github.com/rqrqrqrq/rust-gql already has a lockfile, it will not be regenerated
[INFO] running `Command { std: "/workspace/cargo-home/bin/cargo" "+beta-2021-08-01" "fetch" "--manifest-path" "Cargo.toml", kill_on_drop: false }`
[INFO] [stderr]  Downloading crates ...
[INFO] [stderr]   Downloaded num v0.1.42
[INFO] [stderr]   Downloaded yansi v0.3.4
[INFO] [stderr]   Downloaded num-iter v0.1.35
[INFO] [stderr]   Downloaded diesel_derives v1.1.0
[INFO] [stderr]   Downloaded cc v1.0.9
[INFO] [stderr]   Downloaded pq-sys v0.4.4
[INFO] [stderr]   Downloaded isatty v0.1.6
[INFO] [stderr]   Downloaded pear v0.0.12
[INFO] [stderr]   Downloaded state v0.3.3
[INFO] [stderr]   Downloaded thread_local v0.3.5
[INFO] [stderr]   Downloaded pear_codegen v0.0.12
[INFO] [stderr]   Downloaded regex-syntax v0.5.3
[INFO] [stderr]   Downloaded rocket v0.3.6
[INFO] [stderr]   Downloaded diesel v1.1.1
[INFO] [stderr]   Downloaded vcpkg v0.2.2
[INFO] [stderr]   Downloaded crossbeam-epoch v0.3.0
[INFO] [stderr]   Downloaded byteorder v1.2.1
[INFO] [stderr]   Downloaded bitflags v1.0.1
[INFO] [stderr]   Downloaded hyper v0.10.13
[INFO] [stderr]   Downloaded regex v0.2.10
[INFO] [stderr]   Downloaded rayon-core v1.4.0
[INFO] [stderr]   Downloaded libc v0.2.39
[INFO] [stderr]   Downloaded aho-corasick v0.6.4
[INFO] [stderr]   Downloaded log v0.4.1
[INFO] [stderr]   Downloaded smallvec v0.4.4
[INFO] [stderr]   Downloaded httparse v1.2.4
[INFO] [stderr]   Downloaded redox_syscall v0.1.37
[INFO] [stderr]   Downloaded syn v0.12.14
[INFO] [stderr]   Downloaded error-chain v0.11.0
[INFO] [stderr]   Downloaded juniper v0.9.2
[INFO] [stderr]   Downloaded serde_json v1.0.13
[INFO] [stderr]   Downloaded unicode-normalization v0.1.5
[INFO] [stderr]   Downloaded itoa v0.4.0
[INFO] [stderr]   Downloaded dotenv v0.11.0
[INFO] [stderr]   Downloaded serde_derive v1.0.33
[INFO] [stderr]   Downloaded derive-error-chain v0.11.0
[INFO] [stderr]   Downloaded juniper_codegen v0.9.2
[INFO] [stderr]   Downloaded rustc-demangle v0.1.7
[INFO] [stderr]   Downloaded memchr v2.0.1
[INFO] [stderr]   Downloaded backtrace-sys v0.1.16
[INFO] [stderr]   Downloaded serde_derive_internals v0.21.0
[INFO] [stderr]   Downloaded backtrace v0.3.5
[INFO] [stderr]   Downloaded num-traits v0.2.2
[INFO] [stderr]   Downloaded juniper_rocket v0.1.2
[INFO] [stderr]   Downloaded serde v1.0.33
[INFO] [stderr]   Downloaded toml v0.4.5
[INFO] [stderr]   Downloaded lazy_static v1.0.0
[INFO] [stderr]   Downloaded num-integer v0.1.36
[INFO] [stderr]   Downloaded idna v0.1.4
[INFO] [stderr]   Downloaded url v1.7.0
[INFO] [stderr]   Downloaded winapi v0.3.4
[INFO] [stderr]   Downloaded rand v0.4.2
[INFO] [stderr]   Downloaded time v0.1.39
[INFO] [stderr]   Downloaded matches v0.1.6
[INFO] [stderr]   Downloaded version_check v0.1.3
[INFO] [stderr]   Downloaded rocket_codegen v0.3.6
[INFO] [stderr]   Downloaded gcc v0.3.54
[INFO] running `Command { std: "docker" "create" "-v" "/var/lib/crater-agent-workspace/builds/worker-4/target:/opt/rustwide/target:rw,Z" "-v" "/var/lib/crater-agent-workspace/builds/worker-4/source:/opt/rustwide/workdir:ro,Z" "-v" "/var/lib/crater-agent-workspace/cargo-home:/opt/rustwide/cargo-home:ro,Z" "-v" "/var/lib/crater-agent-workspace/rustup-home:/opt/rustwide/rustup-home:ro,Z" "-e" "SOURCE_DIR=/opt/rustwide/workdir" "-e" "CARGO_TARGET_DIR=/opt/rustwide/target" "-e" "CARGO_HOME=/opt/rustwide/cargo-home" "-e" "RUSTUP_HOME=/opt/rustwide/rustup-home" "-w" "/opt/rustwide/workdir" "-m" "1610612736" "--user" "0:0" "--network" "none" "ghcr.io/rust-lang/crates-build-env/linux@sha256:34b6a614d2c27851fe6cbf88fbd1137609cefab8b10d0615aaeb6fd47975d74e" "/opt/rustwide/cargo-home/bin/cargo" "+beta-2021-08-01" "metadata" "--no-deps" "--format-version=1", kill_on_drop: false }`
[INFO] [stdout] 1c360ca6ff8506ebf3125372ee544dbcdccd1d3df2bf8d0f3dd8657ef6ba08e7
[INFO] running `Command { std: "docker" "start" "-a" "1c360ca6ff8506ebf3125372ee544dbcdccd1d3df2bf8d0f3dd8657ef6ba08e7", kill_on_drop: false }`
[INFO] running `Command { std: "docker" "inspect" "1c360ca6ff8506ebf3125372ee544dbcdccd1d3df2bf8d0f3dd8657ef6ba08e7", kill_on_drop: false }`
[INFO] running `Command { std: "docker" "rm" "-f" "1c360ca6ff8506ebf3125372ee544dbcdccd1d3df2bf8d0f3dd8657ef6ba08e7", kill_on_drop: false }`
[INFO] [stdout] 1c360ca6ff8506ebf3125372ee544dbcdccd1d3df2bf8d0f3dd8657ef6ba08e7
[INFO] running `Command { std: "docker" "create" "-v" "/var/lib/crater-agent-workspace/builds/worker-4/target:/opt/rustwide/target:rw,Z" "-v" "/var/lib/crater-agent-workspace/builds/worker-4/source:/opt/rustwide/workdir:ro,Z" "-v" "/var/lib/crater-agent-workspace/cargo-home:/opt/rustwide/cargo-home:ro,Z" "-v" "/var/lib/crater-agent-workspace/rustup-home:/opt/rustwide/rustup-home:ro,Z" "-e" "SOURCE_DIR=/opt/rustwide/workdir" "-e" "CARGO_TARGET_DIR=/opt/rustwide/target" "-e" "CARGO_INCREMENTAL=0" "-e" "RUST_BACKTRACE=full" "-e" "RUSTDOCFLAGS=--cap-lints=warn" "-e" "CARGO_HOME=/opt/rustwide/cargo-home" "-e" "RUSTUP_HOME=/opt/rustwide/rustup-home" "-w" "/opt/rustwide/workdir" "-m" "1610612736" "--user" "0:0" "--network" "none" "ghcr.io/rust-lang/crates-build-env/linux@sha256:34b6a614d2c27851fe6cbf88fbd1137609cefab8b10d0615aaeb6fd47975d74e" "/opt/rustwide/cargo-home/bin/cargo" "+beta-2021-08-01" "doc" "--frozen" "--no-deps" "--document-private-items" "--message-format=json", kill_on_drop: false }`
[INFO] [stdout] e10983c1aad5f2acef45846852866cfd40932afc305d7cbf55540240923e618a
[INFO] running `Command { std: "docker" "start" "-a" "e10983c1aad5f2acef45846852866cfd40932afc305d7cbf55540240923e618a", kill_on_drop: false }`
[INFO] [stderr]    Compiling cfg-if v0.1.2
[INFO] [stderr]     Checking libc v0.2.39
[INFO] [stderr]    Compiling version_check v0.1.3
[INFO] [stderr]    Compiling nodrop v0.1.12
[INFO] [stderr]    Compiling scopeguard v0.3.3
[INFO] [stderr]    Compiling memoffset v0.2.1
[INFO] [stderr]    Compiling lazy_static v0.2.11
[INFO] [stderr]    Compiling rayon-core v1.4.0
[INFO] [stderr]    Compiling lazy_static v1.0.0
[INFO] [stderr]    Compiling yansi v0.3.4
[INFO] [stderr]    Compiling gcc v0.3.54
[INFO] [stderr]    Compiling unicode-xid v0.0.4
[INFO] [stderr]     Checking matches v0.1.6
[INFO] [stderr]    Compiling quote v0.3.15
[INFO] [stderr]     Checking num-traits v0.2.2
[INFO] [stderr]    Compiling unicode-xid v0.1.0
[INFO] [stderr]    Compiling unicode-normalization v0.1.5
[INFO] [stderr]    Compiling cc v1.0.9
[INFO] [stderr]     Checking percent-encoding v1.0.1
[INFO] [stderr]    Compiling safemem v0.2.0
[INFO] [stderr]     Checking serde v1.0.33
[INFO] [stderr]    Compiling byteorder v1.2.1
[INFO] [stderr]    Compiling untrusted v0.5.1
[INFO] [stderr]    Compiling traitobject v0.1.0
[INFO] [stderr]    Compiling language-tags v0.2.2
[INFO] [stderr]    Compiling typeable v0.1.2
[INFO] [stderr]    Compiling httparse v1.2.4
[INFO] [stderr]    Compiling regex v0.2.10
[INFO] [stderr]     Checking rustc-demangle v0.1.7
[INFO] [stdout] error[E0554]: `#![feature]` may not be used on the beta release channel
[INFO] [stdout]  --> /opt/rustwide/cargo-home/registry/src/github.com-1ecc6299db9ec823/yansi-0.3.4/src/lib.rs:1:32
[INFO] [stdout]   |
[INFO] [stdout] 1 | #![cfg_attr(feature="nightly", feature(const_atomic_bool_new))]
[INFO] [stdout]   |                                ^^^^^^^^^^^^^^^^^^^^^^^^^^^^^^
[INFO] [stdout] 
[INFO] [stdout] 
[INFO] [stderr]    Compiling state v0.3.3
[INFO] [stderr]    Compiling pq-sys v0.4.4
[INFO] [stderr]    Compiling smallvec v0.4.4
[INFO] [stderr]    Compiling pear v0.0.12
[INFO] [stdout] error: aborting due to previous error
[INFO] [stdout] 
[INFO] [stdout] 
[INFO] [stdout] For more information about this error, try `rustc --explain E0554`.
[INFO] [stdout] 
[INFO] [stderr] error: could not compile `yansi` due to 2 previous errors
[INFO] [stderr] warning: build failed, waiting for other jobs to finish...
[INFO] [stdout] error[E0557]: feature has been removed
[INFO] [stdout]  --> /opt/rustwide/cargo-home/registry/src/github.com-1ecc6299db9ec823/state-0.3.3/src/lib.rs:1:12
[INFO] [stdout]   |
[INFO] [stdout] 1 | #![feature(const_fn)]
[INFO] [stdout]   |            ^^^^^^^^ feature has been removed
[INFO] [stdout]   |
[INFO] [stdout]   = note: split into finer-grained feature gates
[INFO] [stdout] 
[INFO] [stdout] 
[INFO] [stdout] error[E0554]: `#![feature]` may not be used on the beta release channel
[INFO] [stdout]  --> /opt/rustwide/cargo-home/registry/src/github.com-1ecc6299db9ec823/state-0.3.3/src/lib.rs:1:1
[INFO] [stdout]   |
[INFO] [stdout] 1 | #![feature(const_fn)]
[INFO] [stdout]   | ^^^^^^^^^^^^^^^^^^^^^
[INFO] [stdout] 
[INFO] [stdout] 
[INFO] [stdout] error[E0554]: `#![feature]` may not be used on the beta release channel
[INFO] [stdout]  --> /opt/rustwide/cargo-home/registry/src/github.com-1ecc6299db9ec823/state-0.3.3/src/lib.rs:2:1
[INFO] [stdout]   |
[INFO] [stdout] 2 | #![feature(const_unsafe_cell_new)]
[INFO] [stdout]   | ^^^^^^^^^^^^^^^^^^^^^^^^^^^^^^^^^^
[INFO] [stdout] 
[INFO] [stdout] 
[INFO] [stdout] error[E0554]: `#![feature]` may not be used on the beta release channel
[INFO] [stdout]  --> /opt/rustwide/cargo-home/registry/src/github.com-1ecc6299db9ec823/state-0.3.3/src/lib.rs:3:1
[INFO] [stdout]   |
[INFO] [stdout] 3 | #![feature(const_atomic_usize_new)]
[INFO] [stdout]   | ^^^^^^^^^^^^^^^^^^^^^^^^^^^^^^^^^^^
[INFO] [stdout] 
[INFO] [stdout] 
[INFO] [stdout] error[E0554]: `#![feature]` may not be used on the beta release channel
[INFO] [stdout]  --> /opt/rustwide/cargo-home/registry/src/github.com-1ecc6299db9ec823/state-0.3.3/src/lib.rs:4:1
[INFO] [stdout]   |
[INFO] [stdout] 4 | #![feature(const_atomic_bool_new)]
[INFO] [stdout]   | ^^^^^^^^^^^^^^^^^^^^^^^^^^^^^^^^^^
[INFO] [stdout] 
[INFO] [stdout] 
[INFO] [stdout] error: aborting due to 5 previous errors
[INFO] [stdout] 
[INFO] [stdout] 
[INFO] [stdout] Some errors have detailed explanations: E0554, E0557.
[INFO] [stdout] 
[INFO] [stdout] For more information about an error, try `rustc --explain E0554`.
[INFO] [stdout] 
[INFO] [stderr] error: build failed
[INFO] running `Command { std: "docker" "inspect" "e10983c1aad5f2acef45846852866cfd40932afc305d7cbf55540240923e618a", kill_on_drop: false }`
[INFO] running `Command { std: "docker" "rm" "-f" "e10983c1aad5f2acef45846852866cfd40932afc305d7cbf55540240923e618a", kill_on_drop: false }`
[INFO] [stdout] e10983c1aad5f2acef45846852866cfd40932afc305d7cbf55540240923e618a
