[INFO] cloning repository https://github.com/rmanosuthi/craftmine
[INFO] running `Command { std: "git" "-c" "credential.helper=" "-c" "credential.helper=/workspace/cargo-home/bin/git-credential-null" "clone" "--bare" "https://github.com/rmanosuthi/craftmine" "/workspace/cache/git-repos/https%3A%2F%2Fgithub.com%2Frmanosuthi%2Fcraftmine", kill_on_drop: false }`
[INFO] [stderr] Cloning into bare repository '/workspace/cache/git-repos/https%3A%2F%2Fgithub.com%2Frmanosuthi%2Fcraftmine'...
[INFO] running `Command { std: "git" "rev-parse" "HEAD", kill_on_drop: false }`
[INFO] [stdout] 21eb39a336a7956545b10ca092ce337d01a516b2
[INFO] documenting rmanosuthi/craftmine against 1.54.0 for beta-1.55-rustdoc-1
[INFO] running `Command { std: "git" "clone" "/workspace/cache/git-repos/https%3A%2F%2Fgithub.com%2Frmanosuthi%2Fcraftmine" "/workspace/builds/worker-1/source", kill_on_drop: false }`
[INFO] [stderr] Cloning into '/workspace/builds/worker-1/source'...
[INFO] [stderr] done.
[INFO] validating manifest of git repo https://github.com/rmanosuthi/craftmine on toolchain 1.54.0
[INFO] running `Command { std: "/workspace/cargo-home/bin/cargo" "+1.54.0" "metadata" "--manifest-path" "Cargo.toml" "--no-deps", kill_on_drop: false }`
[INFO] started tweaking git repo https://github.com/rmanosuthi/craftmine
[INFO] finished tweaking git repo https://github.com/rmanosuthi/craftmine
[INFO] tweaked toml for git repo https://github.com/rmanosuthi/craftmine written to /workspace/builds/worker-1/source/Cargo.toml
[INFO] crate git repo https://github.com/rmanosuthi/craftmine already has a lockfile, it will not be regenerated
[INFO] running `Command { std: "/workspace/cargo-home/bin/cargo" "+1.54.0" "fetch" "--manifest-path" "Cargo.toml", kill_on_drop: false }`
[INFO] [stderr]     Blocking waiting for file lock on package cache
[INFO] running `Command { std: "docker" "create" "-v" "/var/lib/crater-agent-workspace/builds/worker-1/target:/opt/rustwide/target:rw,Z" "-v" "/var/lib/crater-agent-workspace/builds/worker-1/source:/opt/rustwide/workdir:ro,Z" "-v" "/var/lib/crater-agent-workspace/cargo-home:/opt/rustwide/cargo-home:ro,Z" "-v" "/var/lib/crater-agent-workspace/rustup-home:/opt/rustwide/rustup-home:ro,Z" "-e" "SOURCE_DIR=/opt/rustwide/workdir" "-e" "CARGO_TARGET_DIR=/opt/rustwide/target" "-e" "CARGO_HOME=/opt/rustwide/cargo-home" "-e" "RUSTUP_HOME=/opt/rustwide/rustup-home" "-w" "/opt/rustwide/workdir" "-m" "1610612736" "--user" "0:0" "--network" "none" "ghcr.io/rust-lang/crates-build-env/linux@sha256:34b6a614d2c27851fe6cbf88fbd1137609cefab8b10d0615aaeb6fd47975d74e" "/opt/rustwide/cargo-home/bin/cargo" "+1.54.0" "metadata" "--no-deps" "--format-version=1", kill_on_drop: false }`
[INFO] [stdout] 5d30e633f51ef4e1e1ca61d68b3db84b1b61a05e81c34f39f3caddc7d4aff5fd
[INFO] running `Command { std: "docker" "start" "-a" "5d30e633f51ef4e1e1ca61d68b3db84b1b61a05e81c34f39f3caddc7d4aff5fd", kill_on_drop: false }`
[INFO] running `Command { std: "docker" "inspect" "5d30e633f51ef4e1e1ca61d68b3db84b1b61a05e81c34f39f3caddc7d4aff5fd", kill_on_drop: false }`
[INFO] running `Command { std: "docker" "rm" "-f" "5d30e633f51ef4e1e1ca61d68b3db84b1b61a05e81c34f39f3caddc7d4aff5fd", kill_on_drop: false }`
[INFO] [stdout] 5d30e633f51ef4e1e1ca61d68b3db84b1b61a05e81c34f39f3caddc7d4aff5fd
[INFO] running `Command { std: "docker" "create" "-v" "/var/lib/crater-agent-workspace/builds/worker-1/target:/opt/rustwide/target:rw,Z" "-v" "/var/lib/crater-agent-workspace/builds/worker-1/source:/opt/rustwide/workdir:ro,Z" "-v" "/var/lib/crater-agent-workspace/cargo-home:/opt/rustwide/cargo-home:ro,Z" "-v" "/var/lib/crater-agent-workspace/rustup-home:/opt/rustwide/rustup-home:ro,Z" "-e" "SOURCE_DIR=/opt/rustwide/workdir" "-e" "CARGO_TARGET_DIR=/opt/rustwide/target" "-e" "CARGO_INCREMENTAL=0" "-e" "RUST_BACKTRACE=full" "-e" "RUSTDOCFLAGS=--cap-lints=warn" "-e" "CARGO_HOME=/opt/rustwide/cargo-home" "-e" "RUSTUP_HOME=/opt/rustwide/rustup-home" "-w" "/opt/rustwide/workdir" "-m" "1610612736" "--user" "0:0" "--network" "none" "ghcr.io/rust-lang/crates-build-env/linux@sha256:34b6a614d2c27851fe6cbf88fbd1137609cefab8b10d0615aaeb6fd47975d74e" "/opt/rustwide/cargo-home/bin/cargo" "+1.54.0" "doc" "--frozen" "--no-deps" "--document-private-items" "--message-format=json", kill_on_drop: false }`
[INFO] [stdout] d289e8361e797e97b7f50ba2c204e70eafd57d1d6a53a6d82ceb5da9666b1682
[INFO] running `Command { std: "docker" "start" "-a" "d289e8361e797e97b7f50ba2c204e70eafd57d1d6a53a6d82ceb5da9666b1682", kill_on_drop: false }`
[INFO] [stderr]    Compiling proc-macro2 v1.0.23
[INFO] [stderr]    Compiling libc v0.2.77
[INFO] [stderr]    Compiling syn v1.0.42
[INFO] [stderr]    Compiling serde_derive v1.0.116
[INFO] [stderr]    Compiling cc v1.0.60
[INFO] [stderr]    Compiling serde v1.0.116
[INFO] [stderr]     Checking once_cell v1.4.1
[INFO] [stderr]    Compiling pin-project-internal v0.4.23
[INFO] [stderr]    Compiling rayon-core v1.8.1
[INFO] [stderr]    Compiling proc-macro-hack v0.5.18
[INFO] [stderr]     Checking futures-io v0.3.5
[INFO] [stderr]    Compiling nix v0.17.0
[INFO] [stderr]    Compiling sysinfo v0.15.2
[INFO] [stderr]     Checking void v1.0.2
[INFO] [stderr]    Compiling serde_json v1.0.57
[INFO] [stderr]     Checking regex-syntax v0.6.18
[INFO] [stderr]    Compiling openssl v0.10.30
[INFO] [stderr]     Checking ahash v0.3.8
[INFO] [stderr]     Checking itoa v0.4.6
[INFO] [stderr]     Checking spin v0.5.2
[INFO] [stderr]     Checking untrusted v0.7.1
[INFO] [stderr]    Compiling miniz_oxide v0.4.2
[INFO] [stderr]    Compiling rayon v1.4.0
[INFO] [stderr]    Compiling hashbrown v0.8.2
[INFO] [stderr]     Checking futures-channel v0.3.5
[INFO] [stderr]     Checking aho-corasick v0.7.13
[INFO] [stderr]     Checking futures-task v0.3.5
[INFO] [stderr]    Compiling openssl-sys v0.9.58
[INFO] [stderr]    Compiling ring v0.16.15
[INFO] [stderr]    Compiling quote v1.0.7
[INFO] [stderr]    Compiling proc-macro-error-attr v1.0.4
[INFO] [stderr]     Checking num_cpus v1.13.0
[INFO] [stderr]     Checking net2 v0.2.35
[INFO] [stderr]     Checking iovec v0.1.4
[INFO] [stderr]     Checking atty v0.2.14
[INFO] [stderr]     Checking signal-hook-registry v1.2.1
[INFO] [stderr]     Checking flate2 v1.0.17
[INFO] [stderr]     Checking clap v2.33.3
[INFO] [stderr]     Checking regex v1.3.9
[INFO] [stderr]     Checking mio v0.6.22
[INFO] [stderr]     Checking mio-uds v0.6.8
[INFO] [stderr]     Checking env_logger v0.7.1
[INFO] [stderr]    Compiling proc-macro-error v1.0.4
[INFO] [stderr]     Checking ctrlc v3.1.6
[INFO] [stderr]    Compiling futures-macro v0.3.5
[INFO] [stderr]    Compiling structopt-derive v0.4.11
[INFO] [stderr]    Compiling tokio-macros v0.2.5
[INFO] [stderr]    Compiling async-trait v0.1.40
[INFO] [stderr]     Checking tokio v0.2.22
[INFO] [stderr]     Checking structopt v0.3.18
[INFO] [stderr]     Checking pin-project v0.4.23
[INFO] [stderr]     Checking futures-util v0.3.5
[INFO] [stderr]     Checking futures-executor v0.3.5
[INFO] [stderr]     Checking futures v0.3.5
[INFO] [stderr]     Checking hematite-nbt v0.5.0
[INFO] [stderr]     Checking uuid v0.8.1
[INFO] [stderr]     Checking toml v0.5.6
[INFO] [stderr]  Documenting craftmine v0.1.0 (/opt/rustwide/workdir)
[INFO] [stdout] error: expected one of `->`, `;`, `where`, or `{`, found `}`
[INFO] [stdout]   --> src/server/io.rs:37:1
[INFO] [stdout]    |
[INFO] [stdout] 36 |     pub fn save_user_ev(&self, data: &InternalUserRecord)
[INFO] [stdout]    |            ------------ while parsing this `fn`          - expected one of `->`, `;`, `where`, or `{`
[INFO] [stdout] 37 | }
[INFO] [stdout]    | ^ unexpected token
[INFO] [stdout] 
[INFO] [stdout] 
[INFO] [stdout] error: associated function in `impl` without body
[INFO] [stdout]   --> src/server/io.rs:36:5
[INFO] [stdout]    |
[INFO] [stdout] 36 |     pub fn save_user_ev(&self, data: &InternalUserRecord)
[INFO] [stdout]    |     ^^^^^^^^^^^^^^^^^^^^^^^^^^^^^^^^^^^^^^^^^^^^^^^^^^^^-
[INFO] [stdout]    |                                                         |
[INFO] [stdout]    |                                                         help: provide a definition for the function: `{ <body> }`
[INFO] [stdout] 
[INFO] [stdout] 
[INFO] [stdout] error[E0412]: cannot find type `Receiver` in this scope
[INFO] [stdout]  --> src/server/io.rs:7:31
[INFO] [stdout]   |
[INFO] [stdout] 7 |     clients: HashMap<String, (Receiver<PrefixIORequest>, Sender<PrefixIOResult>)>
[INFO] [stdout]   |                               ^^^^^^^^ not found in this scope
[INFO] [stdout]   |
[INFO] [stdout] help: consider importing one of these items
[INFO] [stdout]   |
[INFO] [stdout] 1 | use core::ops::Receiver;
[INFO] [stdout]   |
[INFO] [stdout] 1 | use crossbeam::Receiver;
[INFO] [stdout]   |
[INFO] [stdout] 1 | use futures::channel::mpsc::Receiver;
[INFO] [stdout]   |
[INFO] [stdout] 1 | use futures::channel::oneshot::Receiver;
[INFO] [stdout]   |
[INFO] [stdout]     and 6 other candidates
[INFO] [stdout] 
[INFO] [stdout] 
[INFO] [stdout] error[E0412]: cannot find type `PrefixIORequest` in this scope
[INFO] [stdout]   --> src/server/io.rs:7:40
[INFO] [stdout]    |
[INFO] [stdout] 7  |     clients: HashMap<String, (Receiver<PrefixIORequest>, Sender<PrefixIOResult>)>
[INFO] [stdout]    |                                        ^^^^^^^^^^^^^^^
[INFO] [stdout] ...
[INFO] [stdout] 18 | pub enum PrefixIOAdminRequest {
[INFO] [stdout]    | ----------------------------- similarly named enum `PrefixIOAdminRequest` defined here
[INFO] [stdout]    |
[INFO] [stdout] help: an enum with a similar name exists
[INFO] [stdout]    |
[INFO] [stdout] 7  |     clients: HashMap<String, (Receiver<PrefixIOAdminRequest>, Sender<PrefixIOResult>)>
[INFO] [stdout]    |                                        ^^^^^^^^^^^^^^^^^^^^
[INFO] [stdout] help: you might be missing a type parameter
[INFO] [stdout]    |
[INFO] [stdout] 5  | pub struct PrefixIOAsync<PrefixIORequest> {
[INFO] [stdout]    |                         ^^^^^^^^^^^^^^^^^
[INFO] [stdout] 
[INFO] [stdout] 
[INFO] [stdout] error[E0412]: cannot find type `Sender` in this scope
[INFO] [stdout]   --> src/server/io.rs:7:58
[INFO] [stdout]    |
[INFO] [stdout] 7  |       clients: HashMap<String, (Receiver<PrefixIORequest>, Sender<PrefixIOResult>)>
[INFO] [stdout]    |                                                            ^^^^^^
[INFO] [stdout]    |
[INFO] [stdout] help: a trait with a similar name exists
[INFO] [stdout]    |
[INFO] [stdout] 7  |     clients: HashMap<String, (Receiver<PrefixIORequest>, Send<PrefixIOResult>)>
[INFO] [stdout]    |                                                          ^^^^
[INFO] [stdout] help: consider importing one of these items
[INFO] [stdout]    |
[INFO] [stdout] 1  | use crossbeam::Sender;
[INFO] [stdout]    |
[INFO] [stdout] 1  | use futures::channel::mpsc::Sender;
[INFO] [stdout]    |
[INFO] [stdout] 1  | use futures::channel::oneshot::Sender;
[INFO] [stdout]    |
[INFO] [stdout] 1  | use std::sync::mpsc::Sender;
[INFO] [stdout]    |
[INFO] [stdout]      and 4 other candidates
[INFO] [stdout] 
[INFO] [stdout] 
[INFO] [stdout] error[E0412]: cannot find type `PrefixIOResult` in this scope
[INFO] [stdout]  --> src/server/io.rs:7:65
[INFO] [stdout]   |
[INFO] [stdout] 5 | pub struct PrefixIOAsync {
[INFO] [stdout]   |                         - help: you might be missing a type parameter: `<PrefixIOResult>`
[INFO] [stdout] 6 |     dir: PathBuf,
[INFO] [stdout] 7 |     clients: HashMap<String, (Receiver<PrefixIORequest>, Sender<PrefixIOResult>)>
[INFO] [stdout]   |                                                                 ^^^^^^^^^^^^^^ not found in this scope
[INFO] [stdout] 
[INFO] [stdout] 
[INFO] [stdout] error[E0412]: cannot find type `PrefixIOUser` in this scope
[INFO] [stdout]   --> src/server/io.rs:15:52
[INFO] [stdout]    |
[INFO] [stdout] 15 |     pub fn new_c_user(&self, name: &str) -> Result<PrefixIOUser, Box<dyn Error>> {}
[INFO] [stdout]    |                                                    ^^^^^^^^^^^^
[INFO] [stdout] ...
[INFO] [stdout] 26 | pub struct PrefixIOUsers {
[INFO] [stdout]    | ------------------------ similarly named struct `PrefixIOUsers` defined here
[INFO] [stdout]    |
[INFO] [stdout] help: a struct with a similar name exists
[INFO] [stdout]    |
[INFO] [stdout] 15 |     pub fn new_c_user(&self, name: &str) -> Result<PrefixIOUsers, Box<dyn Error>> {}
[INFO] [stdout]    |                                                    ^^^^^^^^^^^^^
[INFO] [stdout] help: you might be missing a type parameter
[INFO] [stdout]    |
[INFO] [stdout] 14 | impl<PrefixIOUser> PrefixIOAdmin {
[INFO] [stdout]    |     ^^^^^^^^^^^^^^
[INFO] [stdout] 
[INFO] [stdout] 
[INFO] [stdout] error[E0412]: cannot find type `Sender` in this scope
[INFO] [stdout]   --> src/server/io.rs:27:11
[INFO] [stdout]    |
[INFO] [stdout] 27 |       send: Sender<PrefixIORequest>,
[INFO] [stdout]    |             ^^^^^^
[INFO] [stdout]    |
[INFO] [stdout] help: a trait with a similar name exists
[INFO] [stdout]    |
[INFO] [stdout] 27 |     send: Send<PrefixIORequest>,
[INFO] [stdout]    |           ^^^^
[INFO] [stdout] help: consider importing one of these items
[INFO] [stdout]    |
[INFO] [stdout] 1  | use crossbeam::Sender;
[INFO] [stdout]    |
[INFO] [stdout] 1  | use futures::channel::mpsc::Sender;
[INFO] [stdout]    |
[INFO] [stdout] 1  | use futures::channel::oneshot::Sender;
[INFO] [stdout]    |
[INFO] [stdout] 1  | use std::sync::mpsc::Sender;
[INFO] [stdout]    |
[INFO] [stdout]      and 4 other candidates
[INFO] [stdout] 
[INFO] [stdout] 
[INFO] [stdout] error[E0412]: cannot find type `PrefixIORequest` in this scope
[INFO] [stdout]   --> src/server/io.rs:27:18
[INFO] [stdout]    |
[INFO] [stdout] 18 | pub enum PrefixIOAdminRequest {
[INFO] [stdout]    | ----------------------------- similarly named enum `PrefixIOAdminRequest` defined here
[INFO] [stdout] ...
[INFO] [stdout] 27 |     send: Sender<PrefixIORequest>,
[INFO] [stdout]    |                  ^^^^^^^^^^^^^^^
[INFO] [stdout]    |
[INFO] [stdout] help: an enum with a similar name exists
[INFO] [stdout]    |
[INFO] [stdout] 27 |     send: Sender<PrefixIOAdminRequest>,
[INFO] [stdout]    |                  ^^^^^^^^^^^^^^^^^^^^
[INFO] [stdout] help: you might be missing a type parameter
[INFO] [stdout]    |
[INFO] [stdout] 26 | pub struct PrefixIOUsers<PrefixIORequest> {
[INFO] [stdout]    |                         ^^^^^^^^^^^^^^^^^
[INFO] [stdout] 
[INFO] [stdout] 
[INFO] [stdout] error[E0412]: cannot find type `Receiver` in this scope
[INFO] [stdout]   --> src/server/io.rs:28:11
[INFO] [stdout]    |
[INFO] [stdout] 28 |     recv: Receiver<PrefixIOResult>
[INFO] [stdout]    |           ^^^^^^^^ not found in this scope
[INFO] [stdout]    |
[INFO] [stdout] help: consider importing one of these items
[INFO] [stdout]    |
[INFO] [stdout] 1  | use core::ops::Receiver;
[INFO] [stdout]    |
[INFO] [stdout] 1  | use crossbeam::Receiver;
[INFO] [stdout]    |
[INFO] [stdout] 1  | use futures::channel::mpsc::Receiver;
[INFO] [stdout]    |
[INFO] [stdout] 1  | use futures::channel::oneshot::Receiver;
[INFO] [stdout]    |
[INFO] [stdout]      and 6 other candidates
[INFO] [stdout] 
[INFO] [stdout] 
[INFO] [stdout] error[E0412]: cannot find type `PrefixIOResult` in this scope
[INFO] [stdout]   --> src/server/io.rs:28:20
[INFO] [stdout]    |
[INFO] [stdout] 26 | pub struct PrefixIOUsers {
[INFO] [stdout]    |                         - help: you might be missing a type parameter: `<PrefixIOResult>`
[INFO] [stdout] 27 |     send: Sender<PrefixIORequest>,
[INFO] [stdout] 28 |     recv: Receiver<PrefixIOResult>
[INFO] [stdout]    |                    ^^^^^^^^^^^^^^ not found in this scope
[INFO] [stdout] 
[INFO] [stdout] 
[INFO] [stdout] error[E0412]: cannot find type `UserOnlineUuid` in this scope
[INFO] [stdout]   --> src/server/io.rs:34:41
[INFO] [stdout]    |
[INFO] [stdout] 34 |     pub fn load_user_uuid(&self, uuid: &UserOnlineUuid) -> Result<InternalUserRecord, Box<dyn Error>> {}
[INFO] [stdout]    |                                         ^^^^^^^^^^^^^^ not found in this scope
[INFO] [stdout] 
[INFO] [stdout] 
[INFO] [stdout] error[E0412]: cannot find type `UserRecord` in this scope
[INFO] [stdout]   --> src/server/world/components.rs:71:27
[INFO] [stdout]    |
[INFO] [stdout] 71 |     NewUser {e: Eid, rec: UserRecord, e_data: Entity},
[INFO] [stdout]    |                           ^^^^^^^^^^ not found in this scope
[INFO] [stdout] 
[INFO] [stdout] 
[INFO] [stdout] error[E0412]: cannot find type `UserRecord` in this scope
[INFO] [stdout]   --> src/server/world/components.rs:82:40
[INFO] [stdout]    |
[INFO] [stdout] 82 |     pub fn take_user(&mut self, user: &UserRecord) -> Option<JeJoinGame> {
[INFO] [stdout]    |                                        ^^^^^^^^^^ not found in this scope
[INFO] [stdout] 
[INFO] [stdout] 
[INFO] [stdout] error[E0412]: cannot find type `UserRecord` in this scope
[INFO] [stdout]    --> src/server/world/components.rs:108:52
[INFO] [stdout]     |
[INFO] [stdout] 108 |     pub fn new_user_eid_speculative(&mut self, u: &UserRecord) -> (Eid, CgOperation) {
[INFO] [stdout]     |                                                    ^^^^^^^^^^ not found in this scope
[INFO] [stdout] 
[INFO] [stdout] 
[INFO] [stdout] error[E0412]: cannot find type `UserRecord` in this scope
[INFO] [stdout]    --> src/server/world/components.rs:153:26
[INFO] [stdout]     |
[INFO] [stdout] 152 | pub struct CausalGroup {
[INFO] [stdout]     |                       - help: you might be missing a type parameter: `<UserRecord>`
[INFO] [stdout] 153 |     users: HashMap<Uuid, UserRecord>,
[INFO] [stdout]     |                          ^^^^^^^^^^ not found in this scope
[INFO] [stdout] 
[INFO] [stdout] 
[INFO] [stdout] error[E0412]: cannot find type `UserRecord` in this scope
[INFO] [stdout]   --> src/server/game/server.rs:16:30
[INFO] [stdout]    |
[INFO] [stdout] 5  | pub struct GameServer {
[INFO] [stdout]    |                      - help: you might be missing a type parameter: `<UserRecord>`
[INFO] [stdout] ...
[INFO] [stdout] 16 |     pub users: HashMap<Uuid, UserRecord>,
[INFO] [stdout]    |                              ^^^^^^^^^^ not found in this scope
[INFO] [stdout] 
[INFO] [stdout] 
[INFO] [stdout] error[E0412]: cannot find type `UserRecord` in this scope
[INFO] [stdout]    --> src/server/game/server.rs:112:39
[INFO] [stdout]     |
[INFO] [stdout] 112 |     pub fn accept_user(&mut self, u: &UserRecord) {
[INFO] [stdout]     |                                       ^^^^^^^^^^ not found in this scope
[INFO] [stdout] 
[INFO] [stdout] 
[INFO] [stdout] error[E0412]: cannot find type `UserRecord` in this scope
[INFO] [stdout]   --> src/server/prefix.rs:14:166
[INFO] [stdout]    |
[INFO] [stdout] 13 | impl UserPrefix {
[INFO] [stdout]    |     - help: you might be missing a type parameter: `<UserRecord>`
[INFO] [stdout] 14 |     pub fn load_or_new_online(&self, uuid: &Uuid, username: &str, cc: &ConfigCollection, puid: &mut PersistUuidAllocator, default_w_props: &WorldProperty) -> Result<UserRecord, (...
[INFO] [stdout]    |                                                                                                                                                                      ^^^^^^^^^^ not found in this scope
[INFO] [stdout] 
[INFO] [stdout] 
[INFO] [stdout] error[E0412]: cannot find type `UserRecord` in this scope
[INFO] [stdout]   --> src/server/prefix.rs:31:154
[INFO] [stdout]    |
[INFO] [stdout] 13 | impl UserPrefix {
[INFO] [stdout]    |     - help: you might be missing a type parameter: `<UserRecord>`
[INFO] [stdout] ...
[INFO] [stdout] 31 |     pub fn load_or_new_offline(&self, username: &str, cc: &ConfigCollection, puid: &mut PersistUuidAllocator, default_w_props: &WorldProperty) -> Result<UserRecord, (...
[INFO] [stdout]    |                                                                                                                                                          ^^^^^^^^^^ not found in this scope
[INFO] [stdout] 
[INFO] [stdout] 
[INFO] [stdout] error[E0412]: cannot find type `UserRecord` in this scope
[INFO] [stdout]    --> src/server/prefix.rs:147:59
[INFO] [stdout]     |
[INFO] [stdout] 121 | impl ServerPrefix {
[INFO] [stdout]     |     - help: you might be missing a type parameter: `<UserRecord>`
[INFO] [stdout] ...
[INFO] [stdout] 147 |     pub fn read_or_new_user(&self, uuid: &Uuid) -> Result<UserRecord, ServerPrefixError> {
[INFO] [stdout]     |                                                           ^^^^^^^^^^ not found in this scope
[INFO] [stdout] 
[INFO] [stdout] 
[INFO] [stdout] error: Compilation failed, aborting rustdoc
[INFO] [stdout] 
[INFO] [stdout] 
[INFO] [stdout] error: aborting due to 22 previous errors
[INFO] [stdout] 
[INFO] [stdout] 
[INFO] [stdout] For more information about this error, try `rustc --explain E0412`.
[INFO] [stdout] 
[INFO] [stderr] error: could not document `craftmine`
[INFO] [stderr] 
[INFO] [stderr] Caused by:
[INFO] [stderr]   process didn't exit successfully: `rustdoc --edition=2018 --crate-type bin --crate-name craftmine src/main.rs -o /opt/rustwide/target/doc --error-format=json --json=diagnostic-rendered-ansi --document-private-items -L dependency=/opt/rustwide/target/debug/deps --extern async_trait=/opt/rustwide/target/debug/deps/libasync_trait-c8b62e2eff5e9529.so --extern byteorder=/opt/rustwide/target/debug/deps/libbyteorder-461198e3a3e1689c.rmeta --extern crossbeam=/opt/rustwide/target/debug/deps/libcrossbeam-801edc56f2803c70.rmeta --extern ctrlc=/opt/rustwide/target/debug/deps/libctrlc-2c20810231163a1a.rmeta --extern env_logger=/opt/rustwide/target/debug/deps/libenv_logger-50f64ed2cf5e7579.rmeta --extern futures=/opt/rustwide/target/debug/deps/libfutures-edc731438e2b5b5e.rmeta --extern hashbrown=/opt/rustwide/target/debug/deps/libhashbrown-fdedcaeec6028f1b.rmeta --extern nbt=/opt/rustwide/target/debug/deps/libnbt-09dc581426e17847.rmeta --extern log=/opt/rustwide/target/debug/deps/liblog-ad9dab5804e289b3.rmeta --extern num_cpus=/opt/rustwide/target/debug/deps/libnum_cpus-93949323624eaa52.rmeta --extern openssl=/opt/rustwide/target/debug/deps/libopenssl-a1e826d3cedb827d.rmeta --extern rayon=/opt/rustwide/target/debug/deps/librayon-7fa7bf8c151c4e0b.rmeta --extern ring=/opt/rustwide/target/debug/deps/libring-060c97a77ce957b7.rmeta --extern serde=/opt/rustwide/target/debug/deps/libserde-2d21ce6b46405b4d.rmeta --extern serde_json=/opt/rustwide/target/debug/deps/libserde_json-6f3808bf87e9db6b.rmeta --extern structopt=/opt/rustwide/target/debug/deps/libstructopt-13852cf9f93e9ef3.rmeta --extern sysinfo=/opt/rustwide/target/debug/deps/libsysinfo-d84c1b1b4afaa6ba.rmeta --extern tokio=/opt/rustwide/target/debug/deps/libtokio-221d4e419dc1b772.rmeta --extern toml=/opt/rustwide/target/debug/deps/libtoml-b4bd3453e3fe87d7.rmeta --extern uuid=/opt/rustwide/target/debug/deps/libuuid-f54bb1c658a89dd9.rmeta --cap-lints=warn --crate-version 0.1.0` (exit status: 1)
[INFO] running `Command { std: "docker" "inspect" "d289e8361e797e97b7f50ba2c204e70eafd57d1d6a53a6d82ceb5da9666b1682", kill_on_drop: false }`
[INFO] running `Command { std: "docker" "rm" "-f" "d289e8361e797e97b7f50ba2c204e70eafd57d1d6a53a6d82ceb5da9666b1682", kill_on_drop: false }`
[INFO] [stdout] d289e8361e797e97b7f50ba2c204e70eafd57d1d6a53a6d82ceb5da9666b1682
