[INFO] cloning repository https://github.com/rjbailey/isbronsonhungry
[INFO] running `Command { std: "git" "-c" "credential.helper=" "-c" "credential.helper=/workspace/cargo-home/bin/git-credential-null" "clone" "--bare" "https://github.com/rjbailey/isbronsonhungry" "/workspace/cache/git-repos/https%3A%2F%2Fgithub.com%2Frjbailey%2Fisbronsonhungry", kill_on_drop: false }`
[INFO] [stderr] Cloning into bare repository '/workspace/cache/git-repos/https%3A%2F%2Fgithub.com%2Frjbailey%2Fisbronsonhungry'...
[INFO] running `Command { std: "git" "rev-parse" "HEAD", kill_on_drop: false }`
[INFO] [stdout] a481a7aae1078aeeac1a13ed86abe9fceaecc0d5
[INFO] documenting rjbailey/isbronsonhungry against beta-2021-08-01 for beta-1.55-rustdoc-1
[INFO] running `Command { std: "git" "clone" "/workspace/cache/git-repos/https%3A%2F%2Fgithub.com%2Frjbailey%2Fisbronsonhungry" "/workspace/builds/worker-4/source", kill_on_drop: false }`
[INFO] [stderr] Cloning into '/workspace/builds/worker-4/source'...
[INFO] [stderr] done.
[INFO] validating manifest of git repo https://github.com/rjbailey/isbronsonhungry on toolchain beta-2021-08-01
[INFO] running `Command { std: "/workspace/cargo-home/bin/cargo" "+beta-2021-08-01" "metadata" "--manifest-path" "Cargo.toml" "--no-deps", kill_on_drop: false }`
[INFO] started tweaking git repo https://github.com/rjbailey/isbronsonhungry
[INFO] finished tweaking git repo https://github.com/rjbailey/isbronsonhungry
[INFO] tweaked toml for git repo https://github.com/rjbailey/isbronsonhungry written to /workspace/builds/worker-4/source/Cargo.toml
[INFO] crate git repo https://github.com/rjbailey/isbronsonhungry already has a lockfile, it will not be regenerated
[INFO] running `Command { std: "/workspace/cargo-home/bin/cargo" "+beta-2021-08-01" "fetch" "--manifest-path" "Cargo.toml", kill_on_drop: false }`
[INFO] [stderr]  Downloading crates ...
[INFO] [stderr]   Downloaded serde_json v0.8.1
[INFO] [stderr]   Downloaded num-traits v0.1.35
[INFO] [stderr]   Downloaded num v0.1.35
[INFO] [stderr]   Downloaded chrono v0.2.25
[INFO] [stderr]   Downloaded buf_redux v0.1.3
[INFO] [stderr]   Downloaded postgres v0.11.10
[INFO] [stderr]   Downloaded uuid v0.2.3
[INFO] [stderr]   Downloaded bufstream v0.1.2
[INFO] [stderr]   Downloaded rand v0.3.14
[INFO] [stderr]   Downloaded thread_local v0.2.6
[INFO] [stderr]   Downloaded thread-id v2.0.0
[INFO] [stderr]   Downloaded utf8-ranges v0.1.3
[INFO] [stderr]   Downloaded memchr v0.1.11
[INFO] [stderr]   Downloaded phf_generator v0.7.15
[INFO] [stderr]   Downloaded phf_codegen v0.7.15
[INFO] [stderr]   Downloaded hpack v0.2.0
[INFO] [stderr]   Downloaded mime_guess v1.8.0
[INFO] [stderr]   Downloaded idna v0.1.0
[INFO] [stderr]   Downloaded num-iter v0.1.32
[INFO] [stderr]   Downloaded openssl-sys v0.7.17
[INFO] [stderr]   Downloaded conduit-mime-types v0.7.3
[INFO] [stderr]   Downloaded byteorder v0.5.3
[INFO] [stderr]   Downloaded matches v0.1.2
[INFO] [stderr]   Downloaded num_cpus v0.2.13
[INFO] [stderr]   Downloaded phf_shared v0.7.15
[INFO] [stderr]   Downloaded hyper v0.8.1
[INFO] [stderr]   Downloaded num-bigint v0.1.35
[INFO] [stderr]   Downloaded gcc v0.3.32
[INFO] [stderr]   Downloaded phf v0.7.15
[INFO] [stderr]   Downloaded quasi_macros v0.17.0
[INFO] [stderr]   Downloaded cookie v0.2.5
[INFO] [stderr]   Downloaded tempdir v0.3.5
[INFO] [stderr]   Downloaded num-complex v0.1.35
[INFO] [stderr]   Downloaded gdi32-sys v0.2.0
[INFO] [stderr]   Downloaded uuid v0.1.18
[INFO] [stderr]   Downloaded openssl-sys-extras v0.7.14
[INFO] [stderr]   Downloaded itoa v0.1.1
[INFO] [stderr]   Downloaded log v0.3.6
[INFO] [stderr]   Downloaded mount v0.2.1
[INFO] [stderr]   Downloaded pnacl-build-helper v1.4.10
[INFO] [stderr]   Downloaded lazy_static v0.1.16
[INFO] [stderr]   Downloaded user32-sys v0.2.0
[INFO] [stderr]   Downloaded env_logger v0.3.4
[INFO] [stderr]   Downloaded urlencoded v0.4.0
[INFO] [stderr]   Downloaded aho-corasick v0.5.2
[INFO] [stderr]   Downloaded bodyparser v0.4.1
[INFO] [stderr]   Downloaded num-rational v0.1.35
[INFO] [stderr]   Downloaded error v0.1.9
[INFO] [stderr]   Downloaded url v0.2.38
[INFO] [stderr]   Downloaded serde v0.8.2
[INFO] [stderr]   Downloaded multipart v0.7.0
[INFO] [stderr]   Downloaded serde_macros v0.8.2
[INFO] [stderr]   Downloaded num-integer v0.1.32
[INFO] [stderr]   Downloaded dtoa v0.2.2
[INFO] [stderr]   Downloaded postgres-derive-codegen v0.1.3
[INFO] [stderr]   Downloaded r2d2 v0.7.0
[INFO] [stderr]   Downloaded quasi_codegen v0.17.0
[INFO] [stderr]   Downloaded serde_codegen_internals v0.6.0
[INFO] [stderr]   Downloaded params v0.3.1
[INFO] [stderr]   Downloaded persistent v0.2.0
[INFO] [stderr]   Downloaded traitobject v0.0.3
[INFO] [stderr]   Downloaded time v0.1.35
[INFO] [stderr]   Downloaded serde_codegen v0.8.2
[INFO] [stderr]   Downloaded iron v0.4.0
[INFO] [stderr]   Downloaded sequence_trie v0.0.13
[INFO] [stderr]   Downloaded url v1.2.0
[INFO] [stderr]   Downloaded postgres-derive-macros v0.1.3
[INFO] [stderr]   Downloaded libc v0.2.15
[INFO] [stderr]   Downloaded solicit v0.4.4
[INFO] [stderr]   Downloaded r2d2_postgres v0.10.1
[INFO] [stderr]   Downloaded traitobject v0.0.1
[INFO] [stderr]   Downloaded aster v0.24.0
[INFO] [stderr]   Downloaded quasi v0.17.0
[INFO] [stderr]   Downloaded staticfile v0.3.0
[INFO] [stderr]   Downloaded mime v0.2.2
[INFO] [stderr]   Downloaded httparse v1.1.2
[INFO] [stderr]   Downloaded hyper v0.9.10
[INFO] [stderr]   Downloaded rustc-serialize v0.3.19
[INFO] [stderr]   Downloaded unicase v1.4.0
[INFO] [stderr]   Downloaded libressl-pnacl-sys v2.1.6
[INFO] [stderr]   Downloaded regex v0.1.73
[INFO] [stderr]   Downloaded unicode-normalization v0.1.2
[INFO] [stderr]   Downloaded url v0.5.9
[INFO] [stderr] warning: TOML file found which contains invalid syntax and will soon not parse
[INFO] [stderr] at `/workspace/cargo-home/registry/src/github.com-1ecc6299db9ec823/url-0.5.9/Cargo.toml`.
[INFO] [stderr] 
[INFO] [stderr] The TOML spec requires newlines after table definitions (e.g., `[a] b = 1` is
[INFO] [stderr] invalid), but this file has a table header which does not have a newline after
[INFO] [stderr] it. A newline needs to be added and this warning will soon become a hard error
[INFO] [stderr] in the future.
[INFO] [stderr]   Downloaded regex-syntax v0.3.4
[INFO] [stderr]   Downloaded lazy_static v0.2.1
[INFO] [stderr]   Downloaded unicode-bidi v0.2.3
[INFO] [stderr]   Downloaded pkg-config v0.3.8
[INFO] [stderr]   Downloaded unsafe-any v0.4.1
[INFO] [stderr]   Downloaded openssl v0.7.14
[INFO] running `Command { std: "docker" "create" "-v" "/var/lib/crater-agent-workspace/builds/worker-4/target:/opt/rustwide/target:rw,Z" "-v" "/var/lib/crater-agent-workspace/builds/worker-4/source:/opt/rustwide/workdir:ro,Z" "-v" "/var/lib/crater-agent-workspace/cargo-home:/opt/rustwide/cargo-home:ro,Z" "-v" "/var/lib/crater-agent-workspace/rustup-home:/opt/rustwide/rustup-home:ro,Z" "-e" "SOURCE_DIR=/opt/rustwide/workdir" "-e" "CARGO_TARGET_DIR=/opt/rustwide/target" "-e" "CARGO_HOME=/opt/rustwide/cargo-home" "-e" "RUSTUP_HOME=/opt/rustwide/rustup-home" "-w" "/opt/rustwide/workdir" "-m" "1610612736" "--user" "0:0" "--network" "none" "ghcr.io/rust-lang/crates-build-env/linux@sha256:34b6a614d2c27851fe6cbf88fbd1137609cefab8b10d0615aaeb6fd47975d74e" "/opt/rustwide/cargo-home/bin/cargo" "+beta-2021-08-01" "metadata" "--no-deps" "--format-version=1", kill_on_drop: false }`
[INFO] [stdout] 29e75863faef1993e089ac5369d1bd505592867ef5e53e174ee72328d2af369e
[INFO] running `Command { std: "docker" "start" "-a" "29e75863faef1993e089ac5369d1bd505592867ef5e53e174ee72328d2af369e", kill_on_drop: false }`
[INFO] running `Command { std: "docker" "inspect" "29e75863faef1993e089ac5369d1bd505592867ef5e53e174ee72328d2af369e", kill_on_drop: false }`
[INFO] running `Command { std: "docker" "rm" "-f" "29e75863faef1993e089ac5369d1bd505592867ef5e53e174ee72328d2af369e", kill_on_drop: false }`
[INFO] [stdout] 29e75863faef1993e089ac5369d1bd505592867ef5e53e174ee72328d2af369e
[INFO] running `Command { std: "docker" "create" "-v" "/var/lib/crater-agent-workspace/builds/worker-4/target:/opt/rustwide/target:rw,Z" "-v" "/var/lib/crater-agent-workspace/builds/worker-4/source:/opt/rustwide/workdir:ro,Z" "-v" "/var/lib/crater-agent-workspace/cargo-home:/opt/rustwide/cargo-home:ro,Z" "-v" "/var/lib/crater-agent-workspace/rustup-home:/opt/rustwide/rustup-home:ro,Z" "-e" "SOURCE_DIR=/opt/rustwide/workdir" "-e" "CARGO_TARGET_DIR=/opt/rustwide/target" "-e" "CARGO_INCREMENTAL=0" "-e" "RUST_BACKTRACE=full" "-e" "RUSTDOCFLAGS=--cap-lints=warn" "-e" "CARGO_HOME=/opt/rustwide/cargo-home" "-e" "RUSTUP_HOME=/opt/rustwide/rustup-home" "-w" "/opt/rustwide/workdir" "-m" "1610612736" "--user" "0:0" "--network" "none" "ghcr.io/rust-lang/crates-build-env/linux@sha256:34b6a614d2c27851fe6cbf88fbd1137609cefab8b10d0615aaeb6fd47975d74e" "/opt/rustwide/cargo-home/bin/cargo" "+beta-2021-08-01" "doc" "--frozen" "--no-deps" "--document-private-items" "--message-format=json", kill_on_drop: false }`
[INFO] [stdout] b467f61c0177c2b6fa8e06c752027a2a43ec7c8a2923309cdc8f1025b92dc1b0
[INFO] running `Command { std: "docker" "start" "-a" "b467f61c0177c2b6fa8e06c752027a2a43ec7c8a2923309cdc8f1025b92dc1b0", kill_on_drop: false }`
[INFO] [stderr]     Blocking waiting for file lock on package cache
[INFO] [stderr] warning: TOML file found which contains invalid syntax and will soon not parse
[INFO] [stderr] at `/opt/rustwide/cargo-home/registry/src/github.com-1ecc6299db9ec823/url-0.5.9/Cargo.toml`.
[INFO] [stderr] 
[INFO] [stderr] The TOML spec requires newlines after table definitions (e.g., `[a] b = 1` is
[INFO] [stderr] invalid), but this file has a table header which does not have a newline after
[INFO] [stderr] it. A newline needs to be added and this warning will soon become a hard error
[INFO] [stderr] in the future.
[INFO] [stderr]     Checking libc v0.2.15
[INFO] [stderr]     Checking rustc-serialize v0.3.19
[INFO] [stderr]    Compiling pkg-config v0.3.8
[INFO] [stderr]     Checking winapi v0.2.8
[INFO] [stderr]    Compiling gcc v0.3.32
[INFO] [stderr]     Checking log v0.3.6
[INFO] [stderr]     Checking matches v0.1.2
[INFO] [stderr]     Checking bitflags v0.7.0
[INFO] [stderr]     Checking unicode-normalization v0.1.2
[INFO] [stderr]     Checking lazy_static v0.2.1
[INFO] [stderr]     Checking num-traits v0.1.35
[INFO] [stderr]     Checking typeable v0.1.2
[INFO] [stderr]     Checking traitobject v0.0.3
[INFO] [stderr]     Checking traitobject v0.0.1
[INFO] [stderr]     Checking language-tags v0.2.2
[INFO] [stderr]     Checking httparse v1.1.2
[INFO] [stderr]     Checking modifier v0.1.0
[INFO] [stderr]     Checking serde v0.8.2
[INFO] [stderr]     Checking lazy_static v0.1.16
[INFO] [stderr]     Checking utf8-ranges v0.1.3
[INFO] [stderr]     Checking regex-syntax v0.3.4
[INFO] [stderr]    Compiling aster v0.24.0
[INFO] [stderr]     Checking itoa v0.1.1
[INFO] [stderr]     Checking dtoa v0.2.2
[INFO] [stderr]    Compiling serde_codegen v0.8.2
[INFO] [stderr]    Compiling postgres-derive-codegen v0.1.3
[INFO] [stderr]     Checking bufstream v0.1.2
[INFO] [stderr]     Checking hex v0.2.0
[INFO] [stderr]    Compiling serde_macros v0.8.2
[INFO] [stderr]     Checking byteorder v0.5.3
[INFO] [stderr]     Checking buf_redux v0.1.3
[INFO] [stderr]    Compiling serde_codegen_internals v0.6.0
[INFO] [stderr]    Compiling quasi v0.17.0
[INFO] [stderr]     Checking sequence_trie v0.0.13
[INFO] [stdout] error[E0463]: can't find crate for `syntax`
[INFO] [stdout]   --> /opt/rustwide/cargo-home/registry/src/github.com-1ecc6299db9ec823/aster-0.24.0/src/lib.rs:10:1
[INFO] [stdout]    |
[INFO] [stdout] 10 | extern crate syntax;
[INFO] [stdout]    | ^^^^^^^^^^^^^^^^^^^^ can't find crate
[INFO] [stdout] 
[INFO] [stdout] 
[INFO] [stderr] error: could not compile `aster` due to 2 previous errors
[INFO] [stdout] error: aborting due to previous error
[INFO] [stdout] 
[INFO] [stdout] 
[INFO] [stderr] warning: build failed, waiting for other jobs to finish...
[INFO] [stdout] For more information about this error, try `rustc --explain E0463`.
[INFO] [stdout] 
[INFO] [stdout] error[E0463]: can't find crate for `syntax`
[INFO] [stdout]   --> /opt/rustwide/cargo-home/registry/src/github.com-1ecc6299db9ec823/quasi-0.17.0/src/lib.rs:23:1
[INFO] [stdout]    |
[INFO] [stdout] 23 | extern crate syntax;
[INFO] [stdout]    | ^^^^^^^^^^^^^^^^^^^^ can't find crate
[INFO] [stdout] 
[INFO] [stdout] 
[INFO] [stdout] error: aborting due to previous error
[INFO] [stdout] 
[INFO] [stdout] 
[INFO] [stdout] For more information about this error, try `rustc --explain E0463`.
[INFO] [stdout] 
[INFO] [stdout] error[E0463]: can't find crate for `syntax`
[INFO] [stdout]   --> /opt/rustwide/cargo-home/registry/src/github.com-1ecc6299db9ec823/serde_codegen_internals-0.6.0/src/lib.rs:13:1
[INFO] [stdout]    |
[INFO] [stdout] 13 | extern crate syntax;
[INFO] [stdout]    | ^^^^^^^^^^^^^^^^^^^^ can't find crate
[INFO] [stdout] 
[INFO] [stdout] 
[INFO] [stdout] error: aborting due to previous error
[INFO] [stdout] 
[INFO] [stdout] 
[INFO] [stdout] For more information about this error, try `rustc --explain E0463`.
[INFO] [stdout] 
[INFO] [stdout] error[E0642]: patterns aren't allowed in functions without bodies
[INFO] [stdout]    --> /opt/rustwide/cargo-home/registry/src/github.com-1ecc6299db9ec823/rustc-serialize-0.3.19/src/serialize.rs:147:45
[INFO] [stdout]     |
[INFO] [stdout] 147 | ...                   &f_name: &str,
[INFO] [stdout]     |                       ^^^^^^^ pattern not allowed in function without body
[INFO] [stdout] 
[INFO] [stdout] 
[INFO] [stdout] error: aborting due to previous error
[INFO] [stdout] 
[INFO] [stdout] 
[INFO] [stdout] For more information about this error, try `rustc --explain E0642`.
[INFO] [stdout] 
[INFO] [stderr] error: build failed
[INFO] running `Command { std: "docker" "inspect" "b467f61c0177c2b6fa8e06c752027a2a43ec7c8a2923309cdc8f1025b92dc1b0", kill_on_drop: false }`
[INFO] running `Command { std: "docker" "rm" "-f" "b467f61c0177c2b6fa8e06c752027a2a43ec7c8a2923309cdc8f1025b92dc1b0", kill_on_drop: false }`
[INFO] [stdout] b467f61c0177c2b6fa8e06c752027a2a43ec7c8a2923309cdc8f1025b92dc1b0
