[INFO] cloning repository https://github.com/risonakamo/eh-tagger
[INFO] running `Command { std: "git" "-c" "credential.helper=" "-c" "credential.helper=/workspace/cargo-home/bin/git-credential-null" "clone" "--bare" "https://github.com/risonakamo/eh-tagger" "/workspace/cache/git-repos/https%3A%2F%2Fgithub.com%2Frisonakamo%2Feh-tagger", kill_on_drop: false }`
[INFO] [stderr] Cloning into bare repository '/workspace/cache/git-repos/https%3A%2F%2Fgithub.com%2Frisonakamo%2Feh-tagger'...
[INFO] running `Command { std: "git" "rev-parse" "HEAD", kill_on_drop: false }`
[INFO] [stdout] c0da67c7fc158ecbc256e6a2832fe4207222a925
[INFO] documenting risonakamo/eh-tagger against beta-2021-08-01 for beta-1.55-rustdoc-1
[INFO] running `Command { std: "git" "clone" "/workspace/cache/git-repos/https%3A%2F%2Fgithub.com%2Frisonakamo%2Feh-tagger" "/workspace/builds/worker-8/source", kill_on_drop: false }`
[INFO] [stderr] Cloning into '/workspace/builds/worker-8/source'...
[INFO] [stderr] done.
[INFO] validating manifest of git repo https://github.com/risonakamo/eh-tagger on toolchain beta-2021-08-01
[INFO] running `Command { std: "/workspace/cargo-home/bin/cargo" "+beta-2021-08-01" "metadata" "--manifest-path" "Cargo.toml" "--no-deps", kill_on_drop: false }`
[INFO] started tweaking git repo https://github.com/risonakamo/eh-tagger
[INFO] finished tweaking git repo https://github.com/risonakamo/eh-tagger
[INFO] tweaked toml for git repo https://github.com/risonakamo/eh-tagger written to /workspace/builds/worker-8/source/Cargo.toml
[INFO] crate git repo https://github.com/risonakamo/eh-tagger already has a lockfile, it will not be regenerated
[INFO] running `Command { std: "/workspace/cargo-home/bin/cargo" "+beta-2021-08-01" "fetch" "--manifest-path" "Cargo.toml", kill_on_drop: false }`
[INFO] [stderr] warning: file found to be present in multiple build targets: /workspace/builds/worker-8/source/tests/test_tagupdate.rs
[INFO] [stderr]     Blocking waiting for file lock on package cache
[INFO] [stderr]     Blocking waiting for file lock on package cache
[INFO] [stderr]  Downloading crates ...
[INFO] [stderr]   Downloaded dtoa v0.4.8
[INFO] [stderr]   Downloaded httparse v1.3.6
[INFO] [stderr]   Downloaded redox_syscall v0.2.6
[INFO] running `Command { std: "docker" "create" "-v" "/var/lib/crater-agent-workspace/builds/worker-8/target:/opt/rustwide/target:rw,Z" "-v" "/var/lib/crater-agent-workspace/builds/worker-8/source:/opt/rustwide/workdir:ro,Z" "-v" "/var/lib/crater-agent-workspace/cargo-home:/opt/rustwide/cargo-home:ro,Z" "-v" "/var/lib/crater-agent-workspace/rustup-home:/opt/rustwide/rustup-home:ro,Z" "-e" "SOURCE_DIR=/opt/rustwide/workdir" "-e" "CARGO_TARGET_DIR=/opt/rustwide/target" "-e" "CARGO_HOME=/opt/rustwide/cargo-home" "-e" "RUSTUP_HOME=/opt/rustwide/rustup-home" "-w" "/opt/rustwide/workdir" "-m" "1610612736" "--user" "0:0" "--network" "none" "ghcr.io/rust-lang/crates-build-env/linux@sha256:34b6a614d2c27851fe6cbf88fbd1137609cefab8b10d0615aaeb6fd47975d74e" "/opt/rustwide/cargo-home/bin/cargo" "+beta-2021-08-01" "metadata" "--no-deps" "--format-version=1", kill_on_drop: false }`
[INFO] [stdout] e4b69a9373c7e35f66d49a79142f23541c809efada7745e733529f627b72b159
[INFO] running `Command { std: "docker" "start" "-a" "e4b69a9373c7e35f66d49a79142f23541c809efada7745e733529f627b72b159", kill_on_drop: false }`
[INFO] running `Command { std: "docker" "inspect" "e4b69a9373c7e35f66d49a79142f23541c809efada7745e733529f627b72b159", kill_on_drop: false }`
[INFO] running `Command { std: "docker" "rm" "-f" "e4b69a9373c7e35f66d49a79142f23541c809efada7745e733529f627b72b159", kill_on_drop: false }`
[INFO] [stdout] e4b69a9373c7e35f66d49a79142f23541c809efada7745e733529f627b72b159
[INFO] running `Command { std: "docker" "create" "-v" "/var/lib/crater-agent-workspace/builds/worker-8/target:/opt/rustwide/target:rw,Z" "-v" "/var/lib/crater-agent-workspace/builds/worker-8/source:/opt/rustwide/workdir:ro,Z" "-v" "/var/lib/crater-agent-workspace/cargo-home:/opt/rustwide/cargo-home:ro,Z" "-v" "/var/lib/crater-agent-workspace/rustup-home:/opt/rustwide/rustup-home:ro,Z" "-e" "SOURCE_DIR=/opt/rustwide/workdir" "-e" "CARGO_TARGET_DIR=/opt/rustwide/target" "-e" "CARGO_INCREMENTAL=0" "-e" "RUST_BACKTRACE=full" "-e" "RUSTDOCFLAGS=--cap-lints=warn" "-e" "CARGO_HOME=/opt/rustwide/cargo-home" "-e" "RUSTUP_HOME=/opt/rustwide/rustup-home" "-w" "/opt/rustwide/workdir" "-m" "1610612736" "--user" "0:0" "--network" "none" "ghcr.io/rust-lang/crates-build-env/linux@sha256:34b6a614d2c27851fe6cbf88fbd1137609cefab8b10d0615aaeb6fd47975d74e" "/opt/rustwide/cargo-home/bin/cargo" "+beta-2021-08-01" "doc" "--frozen" "--no-deps" "--document-private-items" "--message-format=json", kill_on_drop: false }`
[INFO] [stdout] c21fc0f72adcb69479f2b3a6f271475098f4b2ace2285912151ce5ab33398504
[INFO] running `Command { std: "docker" "start" "-a" "c21fc0f72adcb69479f2b3a6f271475098f4b2ace2285912151ce5ab33398504", kill_on_drop: false }`
[INFO] [stderr] warning: file found to be present in multiple build targets: /opt/rustwide/workdir/tests/test_tagupdate.rs
[INFO] [stderr] warning: output filename collision.
[INFO] [stderr] The bin target `eh-tagger` in package `eh-tagger v0.0.0 (/opt/rustwide/workdir)` has the same output filename as the lib target `eh_tagger` in package `eh-tagger v0.0.0 (/opt/rustwide/workdir)`.
[INFO] [stderr] Colliding filename is: /opt/rustwide/target/doc/eh_tagger/index.html
[INFO] [stderr] The output filenames should be unique.
[INFO] [stderr] This is a known bug where multiple crates with the same name use
[INFO] [stderr] the same path; see <https://github.com/rust-lang/cargo/issues/6313>.
[INFO] [stderr] If this looks unexpected, it may be a bug in Cargo. Please file a bug report at
[INFO] [stderr] https://github.com/rust-lang/cargo/issues/ with as much information as you
[INFO] [stderr] can provide.
[INFO] [stderr] cargo 1.55.0-beta (1f76a218b 2021-07-29) running on `x86_64-unknown-linux-gnu` target `x86_64-unknown-linux-gnu`
[INFO] [stderr] First unit: Unit { pkg: Package { id: PackageId { name: "eh-tagger", version: "0.0.0", source: "/opt/rustwide/workdir" }, ..: ".." }, target: TargetInner { name: "eh-tagger", doc: true, ..: with_path("/opt/rustwide/workdir/eh-tagger.rs", Edition2018) }, profile: Profile { name: "doc", debuginfo: Some(2), debug_assertions: true, overflow_checks: true, ..: default() }, kind: Host, mode: Doc { deps: false }, features: [], is_std: false, dep_hash: 15811899027371109807 }
[INFO] [stderr] Second unit: Unit { pkg: Package { id: PackageId { name: "eh-tagger", version: "0.0.0", source: "/opt/rustwide/workdir" }, ..: ".." }, target: TargetInner { ..: lib_target("eh_tagger", ["lib"], "/opt/rustwide/workdir/lib/lib.rs", Edition2018) }, profile: Profile { name: "doc", debuginfo: Some(2), debug_assertions: true, overflow_checks: true, ..: default() }, kind: Host, mode: Doc { deps: false }, features: [], is_std: false, dep_hash: 2478617881521440495 }
[INFO] [stderr]    Compiling httparse v1.3.6
[INFO] [stderr]    Compiling syn v1.0.69
[INFO] [stderr]    Compiling pear_codegen v0.1.4
[INFO] [stderr]    Compiling rocket_codegen v0.4.7
[INFO] [stderr]    Compiling rocket v0.4.7
[INFO] [stderr]    Compiling base64 v0.9.3
[INFO] [stderr]    Compiling libc v0.2.93
[INFO] [stderr]    Compiling unicode-normalization v0.1.17
[INFO] [stderr]     Checking iovec v0.1.4
[INFO] [stderr]    Compiling indexmap v1.6.2
[INFO] [stderr]     Checking net2 v0.2.37
[INFO] [stderr]     Checking inotify-sys v0.1.5
[INFO] [stderr]     Checking filetime v0.2.14
[INFO] [stderr]    Compiling universal-hash v0.4.0
[INFO] [stderr]    Compiling crypto-mac v0.10.0
[INFO] [stderr]    Compiling mime v0.2.6
[INFO] [stderr]     Checking url v1.7.2
[INFO] [stderr]    Compiling devise_core v0.2.0
[INFO] [stderr]    Compiling sha2 v0.9.3
[INFO] [stderr]     Checking cookie v0.11.4
[INFO] [stdout] error[E0554]: `#![feature]` may not be used on the beta release channel
[INFO] [stdout]  --> /opt/rustwide/cargo-home/registry/src/github.com-1ecc6299db9ec823/devise_core-0.2.0/src/lib.rs:1:1
[INFO] [stdout]   |
[INFO] [stdout] 1 | #![feature(proc_macro_diagnostic, proc_macro_span)]
[INFO] [stdout]   | ^^^^^^^^^^^^^^^^^^^^^^^^^^^^^^^^^^^^^^^^^^^^^^^^^^^
[INFO] [stdout] 
[INFO] [stdout] 
[INFO] [stdout] error[E0554]: `#![feature]` may not be used on the beta release channel
[INFO] [stdout]  --> /opt/rustwide/cargo-home/registry/src/github.com-1ecc6299db9ec823/devise_core-0.2.0/src/lib.rs:2:1
[INFO] [stdout]   |
[INFO] [stdout] 2 | #![feature(crate_visibility_modifier)]
[INFO] [stdout]   | ^^^^^^^^^^^^^^^^^^^^^^^^^^^^^^^^^^^^^^
[INFO] [stdout] 
[INFO] [stdout] 
[INFO] [stdout] error[E0554]: `#![feature]` may not be used on the beta release channel
[INFO] [stdout]  --> /opt/rustwide/cargo-home/registry/src/github.com-1ecc6299db9ec823/devise_core-0.2.0/src/lib.rs:3:1
[INFO] [stdout]   |
[INFO] [stdout] 3 | #![feature(concat_idents)]
[INFO] [stdout]   | ^^^^^^^^^^^^^^^^^^^^^^^^^^
[INFO] [stdout] 
[INFO] [stdout] 
[INFO] [stderr]    Compiling polyval v0.4.5
[INFO] [stderr]    Compiling hmac v0.10.1
[INFO] [stderr]     Checking inotify v0.7.1
[INFO] [stdout] error: aborting due to 3 previous errors
[INFO] [stdout] 
[INFO] [stdout] 
[INFO] [stdout] For more information about this error, try `rustc --explain E0554`.
[INFO] [stdout] 
[INFO] [stderr] error: could not compile `devise_core` due to 4 previous errors
[INFO] [stderr] warning: build failed, waiting for other jobs to finish...
[INFO] [stderr] error: build failed
[INFO] running `Command { std: "docker" "inspect" "c21fc0f72adcb69479f2b3a6f271475098f4b2ace2285912151ce5ab33398504", kill_on_drop: false }`
[INFO] running `Command { std: "docker" "rm" "-f" "c21fc0f72adcb69479f2b3a6f271475098f4b2ace2285912151ce5ab33398504", kill_on_drop: false }`
[INFO] [stdout] c21fc0f72adcb69479f2b3a6f271475098f4b2ace2285912151ce5ab33398504
