[INFO] cloning repository https://github.com/rickwebiii/gipc
[INFO] running `Command { std: "git" "-c" "credential.helper=" "-c" "credential.helper=/workspace/cargo-home/bin/git-credential-null" "clone" "--bare" "https://github.com/rickwebiii/gipc" "/workspace/cache/git-repos/https%3A%2F%2Fgithub.com%2Frickwebiii%2Fgipc", kill_on_drop: false }`
[INFO] [stderr] Cloning into bare repository '/workspace/cache/git-repos/https%3A%2F%2Fgithub.com%2Frickwebiii%2Fgipc'...
[INFO] running `Command { std: "git" "rev-parse" "HEAD", kill_on_drop: false }`
[INFO] [stdout] 672ac8b236f08ce0e78fe0b888e8588cda872dee
[INFO] documenting rickwebiii/gipc against 1.54.0 for beta-1.55-rustdoc-1
[INFO] running `Command { std: "git" "clone" "/workspace/cache/git-repos/https%3A%2F%2Fgithub.com%2Frickwebiii%2Fgipc" "/workspace/builds/worker-3/source", kill_on_drop: false }`
[INFO] [stderr] Cloning into '/workspace/builds/worker-3/source'...
[INFO] [stderr] done.
[INFO] validating manifest of git repo https://github.com/rickwebiii/gipc on toolchain 1.54.0
[INFO] running `Command { std: "/workspace/cargo-home/bin/cargo" "+1.54.0" "metadata" "--manifest-path" "Cargo.toml" "--no-deps", kill_on_drop: false }`
[INFO] started tweaking git repo https://github.com/rickwebiii/gipc
[INFO] finished tweaking git repo https://github.com/rickwebiii/gipc
[INFO] tweaked toml for git repo https://github.com/rickwebiii/gipc written to /workspace/builds/worker-3/source/Cargo.toml
[INFO] crate git repo https://github.com/rickwebiii/gipc already has a lockfile, it will not be regenerated
[INFO] running `Command { std: "/workspace/cargo-home/bin/cargo" "+1.54.0" "fetch" "--manifest-path" "Cargo.toml", kill_on_drop: false }`
[INFO] [stderr]     Blocking waiting for file lock on package cache
[INFO] running `Command { std: "docker" "create" "-v" "/var/lib/crater-agent-workspace/builds/worker-3/target:/opt/rustwide/target:rw,Z" "-v" "/var/lib/crater-agent-workspace/builds/worker-3/source:/opt/rustwide/workdir:ro,Z" "-v" "/var/lib/crater-agent-workspace/cargo-home:/opt/rustwide/cargo-home:ro,Z" "-v" "/var/lib/crater-agent-workspace/rustup-home:/opt/rustwide/rustup-home:ro,Z" "-e" "SOURCE_DIR=/opt/rustwide/workdir" "-e" "CARGO_TARGET_DIR=/opt/rustwide/target" "-e" "CARGO_HOME=/opt/rustwide/cargo-home" "-e" "RUSTUP_HOME=/opt/rustwide/rustup-home" "-w" "/opt/rustwide/workdir" "-m" "1610612736" "--user" "0:0" "--network" "none" "ghcr.io/rust-lang/crates-build-env/linux@sha256:34b6a614d2c27851fe6cbf88fbd1137609cefab8b10d0615aaeb6fd47975d74e" "/opt/rustwide/cargo-home/bin/cargo" "+1.54.0" "metadata" "--no-deps" "--format-version=1", kill_on_drop: false }`
[INFO] [stdout] 2fc21ef2e3b3af2124007d1223f27a2c1f86e404a7ab4559efe3564cb6fe0a5f
[INFO] running `Command { std: "docker" "start" "-a" "2fc21ef2e3b3af2124007d1223f27a2c1f86e404a7ab4559efe3564cb6fe0a5f", kill_on_drop: false }`
[INFO] running `Command { std: "docker" "inspect" "2fc21ef2e3b3af2124007d1223f27a2c1f86e404a7ab4559efe3564cb6fe0a5f", kill_on_drop: false }`
[INFO] running `Command { std: "docker" "rm" "-f" "2fc21ef2e3b3af2124007d1223f27a2c1f86e404a7ab4559efe3564cb6fe0a5f", kill_on_drop: false }`
[INFO] [stdout] 2fc21ef2e3b3af2124007d1223f27a2c1f86e404a7ab4559efe3564cb6fe0a5f
[INFO] running `Command { std: "docker" "create" "-v" "/var/lib/crater-agent-workspace/builds/worker-3/target:/opt/rustwide/target:rw,Z" "-v" "/var/lib/crater-agent-workspace/builds/worker-3/source:/opt/rustwide/workdir:ro,Z" "-v" "/var/lib/crater-agent-workspace/cargo-home:/opt/rustwide/cargo-home:ro,Z" "-v" "/var/lib/crater-agent-workspace/rustup-home:/opt/rustwide/rustup-home:ro,Z" "-e" "SOURCE_DIR=/opt/rustwide/workdir" "-e" "CARGO_TARGET_DIR=/opt/rustwide/target" "-e" "CARGO_INCREMENTAL=0" "-e" "RUST_BACKTRACE=full" "-e" "RUSTDOCFLAGS=--cap-lints=warn" "-e" "CARGO_HOME=/opt/rustwide/cargo-home" "-e" "RUSTUP_HOME=/opt/rustwide/rustup-home" "-w" "/opt/rustwide/workdir" "-m" "1610612736" "--user" "0:0" "--network" "none" "ghcr.io/rust-lang/crates-build-env/linux@sha256:34b6a614d2c27851fe6cbf88fbd1137609cefab8b10d0615aaeb6fd47975d74e" "/opt/rustwide/cargo-home/bin/cargo" "+1.54.0" "doc" "--frozen" "--no-deps" "--document-private-items" "--message-format=json", kill_on_drop: false }`
[INFO] [stdout] 6a2a56a1173d0bba05de5de2e53eace16ed6322c75b4a1bac73b1676c5b6bb63
[INFO] running `Command { std: "docker" "start" "-a" "6a2a56a1173d0bba05de5de2e53eace16ed6322c75b4a1bac73b1676c5b6bb63", kill_on_drop: false }`
[INFO] [stderr]    Compiling syn v1.0.67
[INFO] [stderr]     Checking futures-sink v0.3.13
[INFO] [stderr]     Checking futures-io v0.3.13
[INFO] [stderr]    Compiling winapi v0.3.7
[INFO] [stderr]    Compiling tokio v1.4.0
[INFO] [stderr]     Checking num_cpus v1.10.1
[INFO] [stderr]     Checking futures-channel v0.3.13
[INFO] [stderr]    Compiling futures-macro v0.3.13
[INFO] [stderr]     Checking futures-util v0.3.13
[INFO] [stderr]     Checking futures-executor v0.3.13
[INFO] [stderr]     Checking futures v0.3.13
[INFO] [stderr]  Documenting ipc v0.1.0 (/opt/rustwide/workdir/ipc)
[INFO] [stdout] error[E0433]: failed to resolve: could not find `shared` in `winapi`
[INFO] [stdout]  --> ipc/src/windows/completion_port.rs:2:5
[INFO] [stdout]   |
[INFO] [stdout] 2 |     shared::{
[INFO] [stdout]   |     ^^^^^^ could not find `shared` in `winapi`
[INFO] [stdout] 
[INFO] [stdout] 
[INFO] [stdout] error[E0433]: failed to resolve: could not find `um` in `winapi`
[INFO] [stdout]  --> ipc/src/windows/completion_port.rs:6:5
[INFO] [stdout]   |
[INFO] [stdout] 6 |     um::{
[INFO] [stdout]   |     ^^ could not find `um` in `winapi`
[INFO] [stdout] 
[INFO] [stdout] 
[INFO] [stdout] error[E0433]: failed to resolve: could not find `um` in `winapi`
[INFO] [stdout]  --> ipc/src/windows/handle.rs:1:13
[INFO] [stdout]   |
[INFO] [stdout] 1 | use winapi::um::{handleapi::CloseHandle, winnt::HANDLE};
[INFO] [stdout]   |             ^^ could not find `um` in `winapi`
[INFO] [stdout] 
[INFO] [stdout] 
[INFO] [stdout] error[E0433]: failed to resolve: could not find `shared` in `winapi`
[INFO] [stdout]  --> ipc/src/windows/named_pipe.rs:2:5
[INFO] [stdout]   |
[INFO] [stdout] 2 |     shared::{
[INFO] [stdout]   |     ^^^^^^ could not find `shared` in `winapi`
[INFO] [stdout] 
[INFO] [stdout] 
[INFO] [stdout] error[E0433]: failed to resolve: could not find `um` in `winapi`
[INFO] [stdout]  --> ipc/src/windows/named_pipe.rs:6:5
[INFO] [stdout]   |
[INFO] [stdout] 6 |     um::{
[INFO] [stdout]   |     ^^ could not find `um` in `winapi`
[INFO] [stdout] 
[INFO] [stdout] 
[INFO] [stdout] error[E0433]: failed to resolve: could not find `windows` in `os`
[INFO] [stdout]   --> ipc/src/windows/named_pipe.rs:26:14
[INFO] [stdout]    |
[INFO] [stdout] 26 | use std::os::windows::ffi::OsStrExt;
[INFO] [stdout]    |              ^^^^^^^ could not find `windows` in `os`
[INFO] [stdout] 
[INFO] [stdout] 
[INFO] [stdout] error[E0433]: failed to resolve: could not find `shared` in `winapi`
[INFO] [stdout]  --> ipc/src/windows/overlapped.rs:2:5
[INFO] [stdout]   |
[INFO] [stdout] 2 |     shared::{
[INFO] [stdout]   |     ^^^^^^ could not find `shared` in `winapi`
[INFO] [stdout] 
[INFO] [stdout] 
[INFO] [stdout] error[E0433]: failed to resolve: could not find `um` in `winapi`
[INFO] [stdout]  --> ipc/src/windows/overlapped.rs:7:5
[INFO] [stdout]   |
[INFO] [stdout] 7 |     um::{
[INFO] [stdout]   |     ^^ could not find `um` in `winapi`
[INFO] [stdout] 
[INFO] [stdout] 
[INFO] [stdout] error[E0412]: cannot find type `IpcServerWrapper` in this scope
[INFO] [stdout]  --> ipc/src/ipc.rs:8:13
[INFO] [stdout]   |
[INFO] [stdout] 8 |     server: IpcServerWrapper,
[INFO] [stdout]   |             ^^^^^^^^^^^^^^^^ not found in this scope
[INFO] [stdout]   |
[INFO] [stdout] help: consider importing this struct
[INFO] [stdout]   |
[INFO] [stdout] 4 | use crate::windows::IpcServerWrapper;
[INFO] [stdout]   |
[INFO] [stdout] 
[INFO] [stdout] 
[INFO] [stdout] error[E0412]: cannot find type `IpcConnectionWrapper` in this scope
[INFO] [stdout]   --> ipc/src/ipc.rs:37:17
[INFO] [stdout]    |
[INFO] [stdout] 37 |     connection: IpcConnectionWrapper,
[INFO] [stdout]    |                 ^^^^^^^^^^^^^^^^^^^^ not found in this scope
[INFO] [stdout]    |
[INFO] [stdout] help: consider importing this struct
[INFO] [stdout]    |
[INFO] [stdout] 4  | use crate::windows::IpcConnectionWrapper;
[INFO] [stdout]    |
[INFO] [stdout] 
[INFO] [stdout] 
[INFO] [stdout] error[E0412]: cannot find type `IpcServerWrapper` in this scope
[INFO] [stdout]   --> ipc/src/ipc.rs:64:13
[INFO] [stdout]    |
[INFO] [stdout] 64 |     server: IpcServerWrapper,
[INFO] [stdout]    |             ^^^^^^^^^^^^^^^^ not found in this scope
[INFO] [stdout]    |
[INFO] [stdout] help: consider importing this struct
[INFO] [stdout]    |
[INFO] [stdout] 4  | use crate::windows::IpcServerWrapper;
[INFO] [stdout]    |
[INFO] [stdout] 
[INFO] [stdout] 
[INFO] [stdout] error[E0412]: cannot find type `IpcConnectionWrapper` in this scope
[INFO] [stdout]   --> ipc/src/ipc.rs:92:17
[INFO] [stdout]    |
[INFO] [stdout] 92 |     connection: IpcConnectionWrapper,
[INFO] [stdout]    |                 ^^^^^^^^^^^^^^^^^^^^ not found in this scope
[INFO] [stdout]    |
[INFO] [stdout] help: consider importing this struct
[INFO] [stdout]    |
[INFO] [stdout] 4  | use crate::windows::IpcConnectionWrapper;
[INFO] [stdout]    |
[INFO] [stdout] 
[INFO] [stdout] 
[INFO] [stdout] error[E0412]: cannot find type `HANDLE` in this scope
[INFO] [stdout]    --> ipc/src/windows/completion_port.rs:112:56
[INFO] [stdout]     |
[INFO] [stdout] 50  | impl CompletionPort {
[INFO] [stdout]     |     - help: you might be missing a type parameter: `<HANDLE>`
[INFO] [stdout] ...
[INFO] [stdout] 112 |     fn associate_completion_port(existing_iocp: Option<HANDLE>, file_handle: HANDLE) -> std::io::Result<HANDLE> {
[INFO] [stdout]     |                                                        ^^^^^^ not found in this scope
[INFO] [stdout] 
[INFO] [stdout] 
[INFO] [stdout] error[E0412]: cannot find type `HANDLE` in this scope
[INFO] [stdout]    --> ipc/src/windows/completion_port.rs:112:78
[INFO] [stdout]     |
[INFO] [stdout] 112 |     fn associate_completion_port(existing_iocp: Option<HANDLE>, file_handle: HANDLE) -> std::io::Result<HANDLE> {
[INFO] [stdout]     |                                                                              ^^^^^^ not found in this scope
[INFO] [stdout] 
[INFO] [stdout] 
[INFO] [stdout] error[E0412]: cannot find type `HANDLE` in this scope
[INFO] [stdout]    --> ipc/src/windows/completion_port.rs:112:105
[INFO] [stdout]     |
[INFO] [stdout] 50  | impl CompletionPort {
[INFO] [stdout]     |     - help: you might be missing a type parameter: `<HANDLE>`
[INFO] [stdout] ...
[INFO] [stdout] 112 |     fn associate_completion_port(existing_iocp: Option<HANDLE>, file_handle: HANDLE) -> std::io::Result<HANDLE> {
[INFO] [stdout]     |                                                                                                         ^^^^^^ not found in this scope
[INFO] [stdout] 
[INFO] [stdout] 
[INFO] [stdout] error[E0412]: cannot find type `HANDLE` in this scope
[INFO] [stdout]   --> ipc/src/windows/handle.rs:16:16
[INFO] [stdout]    |
[INFO] [stdout] 16 |     pub value: HANDLE,
[INFO] [stdout]    |                ^^^^^^ not found in this scope
[INFO] [stdout] 
[INFO] [stdout] 
[INFO] [stdout] error[E0412]: cannot find type `HANDLE` in this scope
[INFO] [stdout]   --> ipc/src/windows/handle.rs:24:24
[INFO] [stdout]    |
[INFO] [stdout] 24 |     pub fn new(handle: HANDLE) -> Handle {
[INFO] [stdout]    |                        ^^^^^^ not found in this scope
[INFO] [stdout] 
[INFO] [stdout] 
[INFO] [stdout] error[E0412]: cannot find type `OVERLAPPED` in this scope
[INFO] [stdout]   --> ipc/src/windows/overlapped.rs:31:17
[INFO] [stdout]    |
[INFO] [stdout] 31 |     overlapped: OVERLAPPED,
[INFO] [stdout]    |                 ^^^^^^^^^^ not found in this scope
[INFO] [stdout] 
[INFO] [stdout] 
[INFO] [stdout] error: Compilation failed, aborting rustdoc
[INFO] [stdout] 
[INFO] [stdout] 
[INFO] [stdout] error: aborting due to 19 previous errors
[INFO] [stdout] 
[INFO] [stdout] 
[INFO] [stdout] Some errors have detailed explanations: E0412, E0433.
[INFO] [stdout] 
[INFO] [stdout] For more information about an error, try `rustc --explain E0412`.
[INFO] [stdout] 
[INFO] [stderr] error: could not document `ipc`
[INFO] [stderr] 
[INFO] [stderr] Caused by:
[INFO] [stderr]   process didn't exit successfully: `rustdoc --edition=2018 --crate-type lib --crate-name ipc ipc/src/lib.rs -o /opt/rustwide/target/doc --error-format=json --json=diagnostic-rendered-ansi --document-private-items -L dependency=/opt/rustwide/target/debug/deps --extern futures=/opt/rustwide/target/debug/deps/libfutures-83bfcc9c8cacdf4f.rmeta --extern log=/opt/rustwide/target/debug/deps/liblog-f8abb66ffc16068c.rmeta --extern tokio=/opt/rustwide/target/debug/deps/libtokio-59e984f861b18284.rmeta --extern winapi=/opt/rustwide/target/debug/deps/libwinapi-7a9f7180aa7c5a31.rmeta --cap-lints=warn --crate-version 0.1.0` (exit status: 1)
[INFO] running `Command { std: "docker" "inspect" "6a2a56a1173d0bba05de5de2e53eace16ed6322c75b4a1bac73b1676c5b6bb63", kill_on_drop: false }`
[INFO] running `Command { std: "docker" "rm" "-f" "6a2a56a1173d0bba05de5de2e53eace16ed6322c75b4a1bac73b1676c5b6bb63", kill_on_drop: false }`
[INFO] [stdout] 6a2a56a1173d0bba05de5de2e53eace16ed6322c75b4a1bac73b1676c5b6bb63
