[INFO] cloning repository https://github.com/retep007/servo_1
[INFO] running `Command { std: "git" "-c" "credential.helper=" "-c" "credential.helper=/workspace/cargo-home/bin/git-credential-null" "clone" "--bare" "https://github.com/retep007/servo_1" "/workspace/cache/git-repos/https%3A%2F%2Fgithub.com%2Fretep007%2Fservo_1", kill_on_drop: false }`
[INFO] [stderr] Cloning into bare repository '/workspace/cache/git-repos/https%3A%2F%2Fgithub.com%2Fretep007%2Fservo_1'...
[INFO] running `Command { std: "git" "rev-parse" "HEAD", kill_on_drop: false }`
[INFO] [stdout] c7b53e8fd309c4263111cf69f4c054af718cc036
[INFO] documenting retep007/servo_1 against beta-2021-08-01 for beta-1.55-rustdoc-1
[INFO] running `Command { std: "git" "clone" "/workspace/cache/git-repos/https%3A%2F%2Fgithub.com%2Fretep007%2Fservo_1" "/workspace/builds/worker-11/source", kill_on_drop: false }`
[INFO] [stderr] Cloning into '/workspace/builds/worker-11/source'...
[INFO] [stderr] done.
[INFO] [stderr] Updating files:  15% (11947/76183)
Updating files:  16% (12190/76183)
Updating files:  17% (12952/76183)
Updating files:  18% (13713/76183)
Updating files:  19% (14475/76183)
Updating files:  20% (15237/76183)
Updating files:  21% (15999/76183)
Updating files:  22% (16761/76183)
Updating files:  23% (17523/76183)
Updating files:  24% (18284/76183)
Updating files:  25% (19046/76183)
Updating files:  26% (19808/76183)
Updating files:  27% (20570/76183)
Updating files:  28% (21332/76183)
Updating files:  29% (22094/76183)
Updating files:  30% (22855/76183)
Updating files:  31% (23617/76183)
Updating files:  32% (24379/76183)
Updating files:  33% (25141/76183)
Updating files:  34% (25903/76183)
Updating files:  35% (26665/76183)
Updating files:  36% (27426/76183)
Updating files:  37% (28188/76183)
Updating files:  38% (28950/76183)
Updating files:  39% (29712/76183)
Updating files:  40% (30474/76183)
Updating files:  41% (31236/76183)
Updating files:  42% (31997/76183)
Updating files:  43% (32759/76183)
Updating files:  44% (33521/76183)
Updating files:  45% (34283/76183)
Updating files:  46% (35045/76183)
Updating files:  47% (35807/76183)
Updating files:  48% (36568/76183)
Updating files:  49% (37330/76183)
Updating files:  50% (38092/76183)
Updating files:  51% (38854/76183)
Updating files:  52% (39616/76183)
Updating files:  53% (40377/76183)
Updating files:  54% (41139/76183)
Updating files:  55% (41901/76183)
Updating files:  56% (42663/76183)
Updating files:  57% (43425/76183)
Updating files:  58% (44187/76183)
Updating files:  59% (44948/76183)
Updating files:  60% (45710/76183)
Updating files:  61% (46472/76183)
Updating files:  62% (47234/76183)
Updating files:  63% (47996/76183)
Updating files:  64% (48758/76183)
Updating files:  65% (49519/76183)
Updating files:  65% (50056/76183)
Updating files:  66% (50281/76183)
Updating files:  67% (51043/76183)
Updating files:  68% (51805/76183)
Updating files:  69% (52567/76183)
Updating files:  70% (53329/76183)
Updating files:  71% (54090/76183)
Updating files:  72% (54852/76183)
Updating files:  73% (55614/76183)
Updating files:  74% (56376/76183)
Updating files:  75% (57138/76183)
Updating files:  76% (57900/76183)
Updating files:  77% (58661/76183)
Updating files:  78% (59423/76183)
Updating files:  79% (60185/76183)
Updating files:  80% (60947/76183)
Updating files:  81% (61709/76183)
Updating files:  82% (62471/76183)
Updating files:  83% (63232/76183)
Updating files:  84% (63994/76183)
Updating files:  85% (64756/76183)
Updating files:  85% (64963/76183)
Updating files:  86% (65518/76183)
Updating files:  87% (66280/76183)
Updating files:  88% (67042/76183)
Updating files:  89% (67803/76183)
Updating files:  90% (68565/76183)
Updating files:  91% (69327/76183)
Updating files:  92% (70089/76183)
Updating files:  93% (70851/76183)
Updating files:  94% (71613/76183)
Updating files:  95% (72374/76183)
Updating files:  96% (73136/76183)
Updating files:  97% (73898/76183)
Updating files:  98% (74660/76183)
Updating files:  99% (75422/76183)
Updating files: 100% (76183/76183)
Updating files: 100% (76183/76183), done.
[INFO] validating manifest of git repo https://github.com/retep007/servo_1 on toolchain beta-2021-08-01
[INFO] running `Command { std: "/workspace/cargo-home/bin/cargo" "+beta-2021-08-01" "metadata" "--manifest-path" "Cargo.toml" "--no-deps", kill_on_drop: false }`
[INFO] removed /workspace/builds/worker-11/source/.cargo/config
[INFO] removed /workspace/builds/worker-11/source/rust-toolchain
[INFO] started tweaking git repo https://github.com/retep007/servo_1
[INFO] finished tweaking git repo https://github.com/retep007/servo_1
[INFO] tweaked toml for git repo https://github.com/retep007/servo_1 written to /workspace/builds/worker-11/source/Cargo.toml
[INFO] crate git repo https://github.com/retep007/servo_1 already has a lockfile, it will not be regenerated
[INFO] running `Command { std: "/workspace/cargo-home/bin/cargo" "+beta-2021-08-01" "fetch" "--manifest-path" "Cargo.toml", kill_on_drop: false }`
[INFO] [stderr] warning: /workspace/builds/worker-11/source/components/net/Cargo.toml: An explicit [[test]] section is specified in Cargo.toml which currently
[INFO] [stderr] disables Cargo from automatically inferring other test targets.
[INFO] [stderr] This inference behavior will change in the Rust 2018 edition and the following
[INFO] [stderr] files will be included as a test target:
[INFO] [stderr] 
[INFO] [stderr] * /workspace/builds/worker-11/source/components/net/tests/filemanager_thread.rs
[INFO] [stderr] * /workspace/builds/worker-11/source/components/net/tests/hsts.rs
[INFO] [stderr] * /workspace/builds/worker-11/source/components/net/tests/cookie.rs
[INFO] [stderr] * /workspace/builds/worker-11/source/components/net/tests/subresource_integrity.rs
[INFO] [stderr] * /workspace/builds/worker-11/source/components/net/tests/cookie_http_state.rs
[INFO] [stderr] * /workspace/builds/worker-11/source/components/net/tests/resource_thread.rs
[INFO] [stderr] * /workspace/builds/worker-11/source/components/net/tests/fetch.rs
[INFO] [stderr] * /workspace/builds/worker-11/source/components/net/tests/file_loader.rs
[INFO] [stderr] * /workspace/builds/worker-11/source/components/net/tests/data_loader.rs
[INFO] [stderr] * /workspace/builds/worker-11/source/components/net/tests/mime_classifier.rs
[INFO] [stderr] * /workspace/builds/worker-11/source/components/net/tests/http_loader.rs
[INFO] [stderr] 
[INFO] [stderr] This is likely to break cargo build or cargo test as these files may not be
[INFO] [stderr] ready to be compiled as a test target today. You can future-proof yourself
[INFO] [stderr] and disable this warning by adding `autotests = false` to your [package]
[INFO] [stderr] section. You may also move the files to a location where Cargo would not
[INFO] [stderr] automatically infer them to be a target, such as in subfolders.
[INFO] [stderr] 
[INFO] [stderr] For more information on this warning you can consult
[INFO] [stderr] https://github.com/rust-lang/cargo/issues/5330
[INFO] [stderr]     Updating git repository `https://github.com/servo/osmesa-src`
[INFO] [stderr]     Updating git repository `https://github.com/servo/gaol`
[INFO] [stderr]     Updating git repository `https://github.com/servo/devices`
[INFO] [stderr]     Updating git repository `https://github.com/energymon/energymon-rust.git`
[INFO] [stderr]     Updating git repository `https://github.com/pcwalton/signpost.git`
[INFO] [stderr]     Updating git repository `https://github.com/servo/rust-azure`
[INFO] [stderr]     Updating git repository `https://github.com/servo/fontsan`
[INFO] [stderr]     Updating git submodule `https://github.com/khaledhosny/ots`
[INFO] [stderr]     Updating git submodule `https://github.com/google/brotli.git`
[INFO] [stderr]     Updating git submodule `https://github.com/hillbig/esaxx`
[INFO] [stderr]     Updating git submodule `https://github.com/google/googletest.git`
[INFO] [stderr]     Updating git submodule `https://github.com/lz4/lz4.git`
[INFO] [stderr]     Updating git submodule `https://github.com/google/woff2.git`
[INFO] [stderr]     Updating git submodule `https://github.com/google/brotli.git`
[INFO] [stderr]     Updating git submodule `https://github.com/hillbig/esaxx`
[INFO] [stderr]     Updating git submodule `https://github.com/madler/zlib.git`
[INFO] [stderr]     Updating git repository `https://github.com/energymon/energymon-sys.git`
[INFO] [stderr]  Downloading crates ...
[INFO] [stderr]   Downloaded swapper v0.1.0
[INFO] [stderr]   Downloaded arrayvec v0.4.6
[INFO] [stderr]   Downloaded ordered-float v0.4.0
[INFO] [stderr]   Downloaded freetype v0.4.0
[INFO] [stderr]   Downloaded alloc-no-stdlib v1.2.0
[INFO] [stderr]   Downloaded ws v0.7.3
[INFO] [stderr]   Downloaded tendril v0.4.0
[INFO] [stderr]   Downloaded dtoa-short v0.3.0
[INFO] [stderr]   Downloaded clipboard-win v2.1.1
[INFO] [stderr]   Downloaded utf-8 v0.7.1
[INFO] [stderr]   Downloaded io-surface v0.9.0
[INFO] [stderr]   Downloaded euclid v0.17.2
[INFO] [stderr]   Downloaded xml5ever v0.12.0
[INFO] [stderr]   Downloaded libdbus-sys v0.1.3
[INFO] [stderr]   Downloaded string_cache v0.7.2
[INFO] [stderr]   Downloaded bitreader v0.3.0
[INFO] [stderr]   Downloaded string_cache_codegen v0.4.1
[INFO] [stderr]   Downloaded futf v0.1.3
[INFO] [stderr]   Downloaded itertools v0.7.6
[INFO] [stderr]   Downloaded cc v1.0.5
[INFO] [stderr]   Downloaded cssparser-macros v0.3.0
[INFO] [stderr]   Downloaded android_injected_glue v0.2.3
[INFO] [stderr]   Downloaded x11 v2.17.3
[INFO] [stderr]   Downloaded cexpr v0.2.0
[INFO] [stderr]   Downloaded heartbeats-simple-sys v0.4.1
[INFO] [stderr]   Downloaded blurdroid v0.1.4
[INFO] [stderr]   Downloaded leak v0.1.2
[INFO] [stderr]   Downloaded ron v0.1.7
[INFO] [stderr]   Downloaded blurmock v0.1.2
[INFO] [stderr]   Downloaded uluru v0.2.0
[INFO] [stderr]   Downloaded half v1.0.0
[INFO] [stderr]   Downloaded app_units v0.6.1
[INFO] [stderr]   Downloaded histogram v0.6.8
[INFO] [stderr]   Downloaded ref_filter_map v1.0.1
[INFO] [stderr]   Downloaded truetype v0.26.0
[INFO] [stderr]   Downloaded parking_lot_core v0.2.13
[INFO] [stderr]   Downloaded brotli-decompressor v1.1.1
[INFO] [stderr]   Downloaded mitochondria v1.1.2
[INFO] [stderr]   Downloaded plane-split v0.8.0
[INFO] [stderr]   Downloaded dwrote v0.4.2
[INFO] [stderr]   Downloaded parking_lot v0.5.4
[INFO] [stderr]   Downloaded hyper_serde v0.8.0
[INFO] [stderr]   Downloaded cssparser v0.23.2
[INFO] [stderr]   Downloaded env_logger v0.5.6
[INFO] [stderr]   Downloaded mp4parse v0.9.1
[INFO] [stderr]   Downloaded servo-fontconfig v0.2.1
[INFO] [stderr]   Downloaded ogg_metadata v0.4.1
[INFO] [stderr]   Downloaded rust-webvr-api v0.9.2
[INFO] [stderr]   Downloaded leaky-cow v0.1.1
[INFO] [stderr]   Downloaded heartbeats-simple v0.4.0
[INFO] [stderr]   Downloaded clap v2.28.0
[INFO] [stderr]   Downloaded caseless v0.2.0
[INFO] [stderr]   Downloaded mio v0.6.12
[INFO] [stderr]   Downloaded scopeguard v0.3.2
[INFO] [stderr]   Downloaded brotli v1.1.2
[INFO] [stderr]   Downloaded ref_slice v1.1.1
[INFO] [stderr]   Downloaded servo-egl v0.2.1
[INFO] [stderr]   Downloaded shared_library v0.1.8
[INFO] [stderr]   Downloaded servo-freetype-sys v4.0.3
[INFO] [stderr]   Downloaded glutin v0.13.1
[INFO] [stderr]   Downloaded cstr-macros v0.1.3
[INFO] [stderr]   Downloaded which v1.0.3
[INFO] [stderr]   Downloaded winit v0.11.3
[INFO] [stderr]   Downloaded thread-id v3.1.0
[INFO] [stderr]   Downloaded darling_macro v0.4.0
[INFO] [stderr]   Downloaded rayon v1.0.0
[INFO] [stderr]   Downloaded blurz v0.2.2
[INFO] [stderr]   Downloaded gleam v0.4.34
[INFO] [stderr]   Downloaded simd v0.2.0
[INFO] [stderr]   Downloaded smallbitvec v2.1.0
[INFO] [stderr]   Downloaded hyper-openssl v0.2.6
[INFO] [stderr]   Downloaded uuid v0.6.2
[INFO] [stderr]   Downloaded image v0.18.0
[INFO] [stderr]   Downloaded glx v0.2.3
[INFO] [stderr]   Downloaded sig v0.1.1
[INFO] [stderr]   Downloaded core-text v9.2.0
[INFO] [stderr]   Downloaded audio-video-metadata v0.1.6
[INFO] [stderr]   Downloaded encoding_rs v0.7.1
[INFO] [stderr]   Downloaded dbus v0.5.4
[INFO] [stderr]   Downloaded offscreen_gl_context v0.15.1
[INFO] [stderr]   Downloaded energy-monitor v0.2.0
[INFO] [stderr]   Downloaded darling_core v0.4.0
[INFO] [stderr]   Downloaded ipc-channel v0.10.0
[INFO] [stderr]   Downloaded x11-dl v2.17.3
[INFO] [stderr]   Downloaded synstructure v0.8.1
[INFO] [stderr]   Downloaded jpeg-decoder v0.1.14
[INFO] [stderr]   Downloaded unicode-bidi v0.3.3
[INFO] [stderr]   Downloaded bindgen v0.36.0
[INFO] [stderr]   Downloaded wayland-window v0.13.2
[INFO] [stderr]   Downloaded unicode-script v0.2.0
[INFO] [stderr]   Downloaded html5ever v0.22.3
[INFO] [stderr]   Downloaded xdg v2.1.0
[INFO] [stderr]   Downloaded winres v0.1.5
[INFO] [stderr]   Downloaded x11-clipboard v0.2.2
[INFO] [stderr]   Downloaded cstr v0.1.4
[INFO] [stderr]   Downloaded webdriver v0.33.0
[INFO] [stderr]   Downloaded ovr-mobile-sys v0.4.0
[INFO] [stderr]   Downloaded expat-sys v2.1.5
[INFO] [stderr]   Downloaded servo-skia v0.30000013.1
[INFO] [stderr]   Downloaded khronos_api v2.1.0
[INFO] [stderr]   Downloaded servo-websocket v0.21.0
[INFO] [stderr]   Downloaded immeta v0.3.6
[INFO] [stderr]   Downloaded clipboard v0.4.6
[INFO] [stderr]   Downloaded procedural-masquerade v0.1.2
[INFO] [stderr]   Downloaded jemalloc-sys v0.1.4
[INFO] [stderr]   Downloaded atomic_refcell v0.1.0
[INFO] [stderr]   Downloaded markup5ever v0.7.1
[INFO] [stderr]   Downloaded ogg v0.5.0
[INFO] [stderr]   Downloaded rust-webvr v0.9.10
[INFO] [stderr]   Downloaded mime_guess v1.8.1
[INFO] [stderr]   Downloaded servo-fontconfig-sys v4.0.4
[INFO] [stderr]   Downloaded mozjs v0.6.0
[INFO] [stderr]   Downloaded mozangle v0.1.6
[INFO] [stderr]   Downloaded harfbuzz-sys v0.2.0
[INFO] [stderr]   Downloaded darling v0.4.0
[INFO] [stderr]   Downloaded smallvec v0.6.0
[INFO] [stderr]   Downloaded influent v0.4.0
[INFO] [stderr]   Downloaded gvr-sys v0.7.0
[INFO] [stderr]   Downloaded tinyfiledialogs v3.3.5
[INFO] [stderr]   Downloaded mozjs_sys v0.50.1
[INFO] running `Command { std: "docker" "create" "-v" "/var/lib/crater-agent-workspace/builds/worker-11/target:/opt/rustwide/target:rw,Z" "-v" "/var/lib/crater-agent-workspace/builds/worker-11/source:/opt/rustwide/workdir:ro,Z" "-v" "/var/lib/crater-agent-workspace/cargo-home:/opt/rustwide/cargo-home:ro,Z" "-v" "/var/lib/crater-agent-workspace/rustup-home:/opt/rustwide/rustup-home:ro,Z" "-e" "SOURCE_DIR=/opt/rustwide/workdir" "-e" "CARGO_TARGET_DIR=/opt/rustwide/target" "-e" "CARGO_HOME=/opt/rustwide/cargo-home" "-e" "RUSTUP_HOME=/opt/rustwide/rustup-home" "-w" "/opt/rustwide/workdir" "-m" "1610612736" "--user" "0:0" "--network" "none" "ghcr.io/rust-lang/crates-build-env/linux@sha256:34b6a614d2c27851fe6cbf88fbd1137609cefab8b10d0615aaeb6fd47975d74e" "/opt/rustwide/cargo-home/bin/cargo" "+beta-2021-08-01" "metadata" "--no-deps" "--format-version=1", kill_on_drop: false }`
[INFO] [stdout] 7b545a35dcbf7b2457ae3910df4800d4d006e039f8c5c24e8291ef4c6383119e
[INFO] running `Command { std: "docker" "start" "-a" "7b545a35dcbf7b2457ae3910df4800d4d006e039f8c5c24e8291ef4c6383119e", kill_on_drop: false }`
[INFO] running `Command { std: "docker" "inspect" "7b545a35dcbf7b2457ae3910df4800d4d006e039f8c5c24e8291ef4c6383119e", kill_on_drop: false }`
[INFO] running `Command { std: "docker" "rm" "-f" "7b545a35dcbf7b2457ae3910df4800d4d006e039f8c5c24e8291ef4c6383119e", kill_on_drop: false }`
[INFO] [stdout] 7b545a35dcbf7b2457ae3910df4800d4d006e039f8c5c24e8291ef4c6383119e
[INFO] running `Command { std: "docker" "create" "-v" "/var/lib/crater-agent-workspace/builds/worker-11/target:/opt/rustwide/target:rw,Z" "-v" "/var/lib/crater-agent-workspace/builds/worker-11/source:/opt/rustwide/workdir:ro,Z" "-v" "/var/lib/crater-agent-workspace/cargo-home:/opt/rustwide/cargo-home:ro,Z" "-v" "/var/lib/crater-agent-workspace/rustup-home:/opt/rustwide/rustup-home:ro,Z" "-e" "SOURCE_DIR=/opt/rustwide/workdir" "-e" "CARGO_TARGET_DIR=/opt/rustwide/target" "-e" "CARGO_INCREMENTAL=0" "-e" "RUST_BACKTRACE=full" "-e" "RUSTDOCFLAGS=--cap-lints=warn" "-e" "CARGO_HOME=/opt/rustwide/cargo-home" "-e" "RUSTUP_HOME=/opt/rustwide/rustup-home" "-w" "/opt/rustwide/workdir" "-m" "1610612736" "--user" "0:0" "--network" "none" "ghcr.io/rust-lang/crates-build-env/linux@sha256:34b6a614d2c27851fe6cbf88fbd1137609cefab8b10d0615aaeb6fd47975d74e" "/opt/rustwide/cargo-home/bin/cargo" "+beta-2021-08-01" "doc" "--frozen" "--no-deps" "--document-private-items" "--message-format=json", kill_on_drop: false }`
[INFO] [stdout] 013db4c86f6eebcb95caaf0670d8de8a60dacfbed2ee11dec96f6f6e9bb90a17
[INFO] running `Command { std: "docker" "start" "-a" "013db4c86f6eebcb95caaf0670d8de8a60dacfbed2ee11dec96f6f6e9bb90a17", kill_on_drop: false }`
[INFO] [stderr] warning: /opt/rustwide/workdir/components/net/Cargo.toml: An explicit [[test]] section is specified in Cargo.toml which currently
[INFO] [stderr] disables Cargo from automatically inferring other test targets.
[INFO] [stderr] This inference behavior will change in the Rust 2018 edition and the following
[INFO] [stderr] files will be included as a test target:
[INFO] [stderr] 
[INFO] [stderr] * /opt/rustwide/workdir/components/net/tests/filemanager_thread.rs
[INFO] [stderr] * /opt/rustwide/workdir/components/net/tests/hsts.rs
[INFO] [stderr] * /opt/rustwide/workdir/components/net/tests/cookie.rs
[INFO] [stderr] * /opt/rustwide/workdir/components/net/tests/subresource_integrity.rs
[INFO] [stderr] * /opt/rustwide/workdir/components/net/tests/cookie_http_state.rs
[INFO] [stderr] * /opt/rustwide/workdir/components/net/tests/resource_thread.rs
[INFO] [stderr] * /opt/rustwide/workdir/components/net/tests/fetch.rs
[INFO] [stderr] * /opt/rustwide/workdir/components/net/tests/file_loader.rs
[INFO] [stderr] * /opt/rustwide/workdir/components/net/tests/data_loader.rs
[INFO] [stderr] * /opt/rustwide/workdir/components/net/tests/mime_classifier.rs
[INFO] [stderr] * /opt/rustwide/workdir/components/net/tests/http_loader.rs
[INFO] [stderr] 
[INFO] [stderr] This is likely to break cargo build or cargo test as these files may not be
[INFO] [stderr] ready to be compiled as a test target today. You can future-proof yourself
[INFO] [stderr] and disable this warning by adding `autotests = false` to your [package]
[INFO] [stderr] section. You may also move the files to a location where Cargo would not
[INFO] [stderr] automatically infer them to be a target, such as in subfolders.
[INFO] [stderr] 
[INFO] [stderr] For more information on this warning you can consult
[INFO] [stderr] https://github.com/rust-lang/cargo/issues/5330
[INFO] [stderr]    Compiling cc v1.0.5
[INFO] [stderr]    Compiling libc v0.2.39
[INFO] [stderr]     Checking lazy_static v1.0.0
[INFO] [stderr]    Compiling siphasher v0.2.2
[INFO] [stderr]     Checking bitflags v1.0.0
[INFO] [stderr]     Checking nodrop v0.1.12
[INFO] [stderr]    Compiling dtoa v0.4.1
[INFO] [stderr]    Compiling num-traits v0.2.2
[INFO] [stderr]    Compiling itoa v0.4.1
[INFO] [stderr]     Checking smallvec v0.6.0
[INFO] [stderr]     Checking fnv v1.0.5
[INFO] [stderr]     Checking string_cache_shared v0.3.0
[INFO] [stderr]    Compiling mozjs_sys v0.50.1
[INFO] [stderr]     Checking stable_deref_trait v1.0.0
[INFO] [stderr]    Compiling procedural-masquerade v0.1.2
[INFO] [stderr]     Checking smallbitvec v2.1.0
[INFO] [stderr]    Compiling khronos_api v2.1.0
[INFO] [stderr]     Checking scopeguard v0.3.2
[INFO] [stderr]    Compiling rayon-core v1.4.0
[INFO] [stderr]     Checking either v1.1.0
[INFO] [stderr]     Checking getopts v0.2.14
[INFO] [stderr]     Checking adler32 v1.0.0
[INFO] [stderr]     Checking regex-syntax v0.4.1
[INFO] [stderr]     Checking signpost v0.1.0 (https://github.com/pcwalton/signpost.git#7ed71250)
[INFO] [stderr]     Checking scoped_threadpool v0.1.7
[INFO] [stderr]    Compiling ident_case v1.0.0
[INFO] [stderr]    Compiling same-file v1.0.2
[INFO] [stderr]     Checking atomic_refcell v0.1.0
[INFO] [stderr]     Checking unicode-segmentation v1.2.0
[INFO] [stderr]     Checking binary-space-partition v0.1.2
[INFO] [stderr]    Compiling webrender v0.57.2 (https://github.com/servo/webrender#81920df7)
[INFO] [stderr]    Compiling utf8-ranges v1.0.0
[INFO] [stderr]     Checking thread_profiler v0.1.3
[INFO] [stderr]     Checking simd v0.2.0
[INFO] [stderr]     Checking token_store v0.1.2
[INFO] [stdout] error[E0503]: cannot use `state` because it was mutably borrowed
[INFO] [stdout]     --> /opt/rustwide/cargo-home/registry/src/github.com-1ecc6299db9ec823/getopts-0.2.14/src/lib.rs:1008:33
[INFO] [stdout]      |
[INFO] [stdout] 955  |     let mut machine = |cont: &mut bool, (i, c): (usize, char)| {
[INFO] [stdout]      |                       ---------------------------------------- borrow of `state` occurs here
[INFO] [stdout] ...
[INFO] [stdout] 959  |         state = match (state, whitespace, limit) {
[INFO] [stdout]      |         ----- borrow occurs due to use of `state` in closure
[INFO] [stdout] ...
[INFO] [stdout] 1008 |     while cont && match state { B | C => true, A => false } {
[INFO] [stdout]      |                                 ^ use of borrowed `state`
[INFO] [stdout] 1009 |         machine(&mut cont, (fake_i, ' '));
[INFO] [stdout]      |         ------- borrow later used here
[INFO] [stdout] 
[INFO] [stdout] 
[INFO] [stderr]     Checking bitreader v0.3.0
[INFO] [stdout] error: aborting due to previous error
[INFO] [stdout] 
[INFO] [stdout] 
[INFO] [stdout] For more information about this error, try `rustc --explain E0503`.
[INFO] [stdout] 
[INFO] [stderr] error: could not compile `getopts` due to 2 previous errors
[INFO] [stderr] warning: build failed, waiting for other jobs to finish...
[INFO] [stdout] error[E0557]: feature has been removed
[INFO] [stdout]  --> /opt/rustwide/cargo-home/registry/src/github.com-1ecc6299db9ec823/simd-0.2.0/src/lib.rs:3:64
[INFO] [stdout]   |
[INFO] [stdout] 3 | #![feature(cfg_target_feature, repr_simd, platform_intrinsics, const_fn)]
[INFO] [stdout]   |                                                                ^^^^^^^^ feature has been removed
[INFO] [stdout]   |
[INFO] [stdout]   = note: split into finer-grained feature gates
[INFO] [stdout] 
[INFO] [stdout] 
[INFO] [stdout] error[E0554]: `#![feature]` may not be used on the beta release channel
[INFO] [stdout]  --> /opt/rustwide/cargo-home/registry/src/github.com-1ecc6299db9ec823/simd-0.2.0/src/lib.rs:3:1
[INFO] [stdout]   |
[INFO] [stdout] 3 | #![feature(cfg_target_feature, repr_simd, platform_intrinsics, const_fn)]
[INFO] [stdout]   | ^^^^^^^^^^^^^^^^^^^^^^^^^^^^^^^^^^^^^^^^^^^^^^^^^^^^^^^^^^^^^^^^^^^^^^^^^
[INFO] [stdout]   |
[INFO] [stdout]   = help: the feature `cfg_target_feature` has been stable since 1.27.0 and no longer requires an attribute to enable
[INFO] [stdout] 
[INFO] [stdout] 
[INFO] [stdout] error: unrecognized platform-specific intrinsic function: `x86_mm_movemask_ps`
[INFO] [stdout]   --> /opt/rustwide/cargo-home/registry/src/github.com-1ecc6299db9ec823/simd-0.2.0/src/x86/sse2.rs:10:5
[INFO] [stdout]    |
[INFO] [stdout] 10 |     fn x86_mm_movemask_ps(x: f32x4) -> i32;
[INFO] [stdout]    |     ^^^^^^^^^^^^^^^^^^^^^^^^^^^^^^^^^^^^^^^
[INFO] [stdout] 
[INFO] [stdout] 
[INFO] [stdout] error: unrecognized platform-specific intrinsic function: `x86_mm_max_ps`
[INFO] [stdout]   --> /opt/rustwide/cargo-home/registry/src/github.com-1ecc6299db9ec823/simd-0.2.0/src/x86/sse2.rs:11:5
[INFO] [stdout]    |
[INFO] [stdout] 11 |     fn x86_mm_max_ps(x: f32x4, y: f32x4) -> f32x4;
[INFO] [stdout]    |     ^^^^^^^^^^^^^^^^^^^^^^^^^^^^^^^^^^^^^^^^^^^^^^
[INFO] [stdout] 
[INFO] [stdout] 
[INFO] [stdout] error: unrecognized platform-specific intrinsic function: `x86_mm_min_ps`
[INFO] [stdout]   --> /opt/rustwide/cargo-home/registry/src/github.com-1ecc6299db9ec823/simd-0.2.0/src/x86/sse2.rs:12:5
[INFO] [stdout]    |
[INFO] [stdout] 12 |     fn x86_mm_min_ps(x: f32x4, y: f32x4) -> f32x4;
[INFO] [stdout]    |     ^^^^^^^^^^^^^^^^^^^^^^^^^^^^^^^^^^^^^^^^^^^^^^
[INFO] [stdout] 
[INFO] [stdout] 
[INFO] [stdout] error: unrecognized platform-specific intrinsic function: `x86_mm_rsqrt_ps`
[INFO] [stdout]   --> /opt/rustwide/cargo-home/registry/src/github.com-1ecc6299db9ec823/simd-0.2.0/src/x86/sse2.rs:13:5
[INFO] [stdout]    |
[INFO] [stdout] 13 |     fn x86_mm_rsqrt_ps(x: f32x4) -> f32x4;
[INFO] [stdout]    |     ^^^^^^^^^^^^^^^^^^^^^^^^^^^^^^^^^^^^^^
[INFO] [stdout] 
[INFO] [stdout] 
[INFO] [stdout] error: unrecognized platform-specific intrinsic function: `x86_mm_rcp_ps`
[INFO] [stdout]   --> /opt/rustwide/cargo-home/registry/src/github.com-1ecc6299db9ec823/simd-0.2.0/src/x86/sse2.rs:14:5
[INFO] [stdout]    |
[INFO] [stdout] 14 |     fn x86_mm_rcp_ps(x: f32x4) -> f32x4;
[INFO] [stdout]    |     ^^^^^^^^^^^^^^^^^^^^^^^^^^^^^^^^^^^^
[INFO] [stdout] 
[INFO] [stdout] 
[INFO] [stdout] error: unrecognized platform-specific intrinsic function: `x86_mm_sqrt_ps`
[INFO] [stdout]   --> /opt/rustwide/cargo-home/registry/src/github.com-1ecc6299db9ec823/simd-0.2.0/src/x86/sse2.rs:15:5
[INFO] [stdout]    |
[INFO] [stdout] 15 |     fn x86_mm_sqrt_ps(x: f32x4) -> f32x4;
[INFO] [stdout]    |     ^^^^^^^^^^^^^^^^^^^^^^^^^^^^^^^^^^^^^
[INFO] [stdout] 
[INFO] [stdout] 
[INFO] [stdout] error: unrecognized platform-specific intrinsic function: `x86_mm_adds_epi8`
[INFO] [stdout]   --> /opt/rustwide/cargo-home/registry/src/github.com-1ecc6299db9ec823/simd-0.2.0/src/x86/sse2.rs:19:5
[INFO] [stdout]    |
[INFO] [stdout] 19 |     fn x86_mm_adds_epi8(x: i8x16, y: i8x16) -> i8x16;
[INFO] [stdout]    |     ^^^^^^^^^^^^^^^^^^^^^^^^^^^^^^^^^^^^^^^^^^^^^^^^^
[INFO] [stdout] 
[INFO] [stdout] 
[INFO] [stdout] error: unrecognized platform-specific intrinsic function: `x86_mm_adds_epu8`
[INFO] [stdout]   --> /opt/rustwide/cargo-home/registry/src/github.com-1ecc6299db9ec823/simd-0.2.0/src/x86/sse2.rs:20:5
[INFO] [stdout]    |
[INFO] [stdout] 20 |     fn x86_mm_adds_epu8(x: u8x16, y: u8x16) -> u8x16;
[INFO] [stdout]    |     ^^^^^^^^^^^^^^^^^^^^^^^^^^^^^^^^^^^^^^^^^^^^^^^^^
[INFO] [stdout] 
[INFO] [stdout] 
[INFO] [stdout] error: unrecognized platform-specific intrinsic function: `x86_mm_adds_epi16`
[INFO] [stdout]   --> /opt/rustwide/cargo-home/registry/src/github.com-1ecc6299db9ec823/simd-0.2.0/src/x86/sse2.rs:21:5
[INFO] [stdout]    |
[INFO] [stdout] 21 |     fn x86_mm_adds_epi16(x: i16x8, y: i16x8) -> i16x8;
[INFO] [stdout]    |     ^^^^^^^^^^^^^^^^^^^^^^^^^^^^^^^^^^^^^^^^^^^^^^^^^^
[INFO] [stdout] 
[INFO] [stdout] 
[INFO] [stdout] error: unrecognized platform-specific intrinsic function: `x86_mm_adds_epu16`
[INFO] [stdout]   --> /opt/rustwide/cargo-home/registry/src/github.com-1ecc6299db9ec823/simd-0.2.0/src/x86/sse2.rs:22:5
[INFO] [stdout]    |
[INFO] [stdout] 22 |     fn x86_mm_adds_epu16(x: u16x8, y: u16x8) -> u16x8;
[INFO] [stdout]    |     ^^^^^^^^^^^^^^^^^^^^^^^^^^^^^^^^^^^^^^^^^^^^^^^^^^
[INFO] [stdout] 
[INFO] [stdout] 
[INFO] [stdout] error: unrecognized platform-specific intrinsic function: `x86_mm_avg_epu8`
[INFO] [stdout]   --> /opt/rustwide/cargo-home/registry/src/github.com-1ecc6299db9ec823/simd-0.2.0/src/x86/sse2.rs:23:5
[INFO] [stdout]    |
[INFO] [stdout] 23 |     fn x86_mm_avg_epu8(x: u8x16, y: u8x16) -> u8x16;
[INFO] [stdout]    |     ^^^^^^^^^^^^^^^^^^^^^^^^^^^^^^^^^^^^^^^^^^^^^^^^
[INFO] [stdout] 
[INFO] [stdout] 
[INFO] [stdout] error: unrecognized platform-specific intrinsic function: `x86_mm_avg_epu16`
[INFO] [stdout]   --> /opt/rustwide/cargo-home/registry/src/github.com-1ecc6299db9ec823/simd-0.2.0/src/x86/sse2.rs:24:5
[INFO] [stdout]    |
[INFO] [stdout] 24 |     fn x86_mm_avg_epu16(x: u16x8, y: u16x8) -> u16x8;
[INFO] [stdout]    |     ^^^^^^^^^^^^^^^^^^^^^^^^^^^^^^^^^^^^^^^^^^^^^^^^^
[INFO] [stdout] 
[INFO] [stdout] 
[INFO] [stdout] error: unrecognized platform-specific intrinsic function: `x86_mm_madd_epi16`
[INFO] [stdout]   --> /opt/rustwide/cargo-home/registry/src/github.com-1ecc6299db9ec823/simd-0.2.0/src/x86/sse2.rs:25:5
[INFO] [stdout]    |
[INFO] [stdout] 25 |     fn x86_mm_madd_epi16(x: i16x8, y: i16x8) -> i32x4;
[INFO] [stdout]    |     ^^^^^^^^^^^^^^^^^^^^^^^^^^^^^^^^^^^^^^^^^^^^^^^^^^
[INFO] [stdout] 
[INFO] [stdout] 
[INFO] [stdout] error: unrecognized platform-specific intrinsic function: `x86_mm_max_epi16`
[INFO] [stdout]   --> /opt/rustwide/cargo-home/registry/src/github.com-1ecc6299db9ec823/simd-0.2.0/src/x86/sse2.rs:26:5
[INFO] [stdout]    |
[INFO] [stdout] 26 |     fn x86_mm_max_epi16(x: i16x8, y: i16x8) -> i16x8;
[INFO] [stdout]    |     ^^^^^^^^^^^^^^^^^^^^^^^^^^^^^^^^^^^^^^^^^^^^^^^^^
[INFO] [stdout] 
[INFO] [stdout] 
[INFO] [stdout] error: unrecognized platform-specific intrinsic function: `x86_mm_max_epu8`
[INFO] [stdout]   --> /opt/rustwide/cargo-home/registry/src/github.com-1ecc6299db9ec823/simd-0.2.0/src/x86/sse2.rs:27:5
[INFO] [stdout]    |
[INFO] [stdout] 27 |     fn x86_mm_max_epu8(x: u8x16, y: u8x16) -> u8x16;
[INFO] [stdout]    |     ^^^^^^^^^^^^^^^^^^^^^^^^^^^^^^^^^^^^^^^^^^^^^^^^
[INFO] [stdout] 
[INFO] [stdout] 
[INFO] [stdout] error: unrecognized platform-specific intrinsic function: `x86_mm_max_pd`
[INFO] [stdout]   --> /opt/rustwide/cargo-home/registry/src/github.com-1ecc6299db9ec823/simd-0.2.0/src/x86/sse2.rs:28:5
[INFO] [stdout]    |
[INFO] [stdout] 28 |     fn x86_mm_max_pd(x: f64x2, y: f64x2) -> f64x2;
[INFO] [stdout]    |     ^^^^^^^^^^^^^^^^^^^^^^^^^^^^^^^^^^^^^^^^^^^^^^
[INFO] [stdout] 
[INFO] [stdout] 
[INFO] [stdout] error: unrecognized platform-specific intrinsic function: `x86_mm_min_epi16`
[INFO] [stdout]   --> /opt/rustwide/cargo-home/registry/src/github.com-1ecc6299db9ec823/simd-0.2.0/src/x86/sse2.rs:29:5
[INFO] [stdout]    |
[INFO] [stdout] 29 |     fn x86_mm_min_epi16(x: i16x8, y: i16x8) -> i16x8;
[INFO] [stdout]    |     ^^^^^^^^^^^^^^^^^^^^^^^^^^^^^^^^^^^^^^^^^^^^^^^^^
[INFO] [stdout] 
[INFO] [stdout] 
[INFO] [stdout] error: unrecognized platform-specific intrinsic function: `x86_mm_min_epu8`
[INFO] [stdout]   --> /opt/rustwide/cargo-home/registry/src/github.com-1ecc6299db9ec823/simd-0.2.0/src/x86/sse2.rs:30:5
[INFO] [stdout]    |
[INFO] [stdout] 30 |     fn x86_mm_min_epu8(x: u8x16, y: u8x16) -> u8x16;
[INFO] [stdout]    |     ^^^^^^^^^^^^^^^^^^^^^^^^^^^^^^^^^^^^^^^^^^^^^^^^
[INFO] [stdout] 
[INFO] [stdout] 
[INFO] [stdout] error: unrecognized platform-specific intrinsic function: `x86_mm_min_pd`
[INFO] [stdout]   --> /opt/rustwide/cargo-home/registry/src/github.com-1ecc6299db9ec823/simd-0.2.0/src/x86/sse2.rs:31:5
[INFO] [stdout]    |
[INFO] [stdout] 31 |     fn x86_mm_min_pd(x: f64x2, y: f64x2) -> f64x2;
[INFO] [stdout]    |     ^^^^^^^^^^^^^^^^^^^^^^^^^^^^^^^^^^^^^^^^^^^^^^
[INFO] [stdout] 
[INFO] [stdout] 
[INFO] [stdout] error: unrecognized platform-specific intrinsic function: `x86_mm_movemask_pd`
[INFO] [stdout]   --> /opt/rustwide/cargo-home/registry/src/github.com-1ecc6299db9ec823/simd-0.2.0/src/x86/sse2.rs:32:5
[INFO] [stdout]    |
[INFO] [stdout] 32 |     fn x86_mm_movemask_pd(x: f64x2) -> i32;
[INFO] [stdout]    |     ^^^^^^^^^^^^^^^^^^^^^^^^^^^^^^^^^^^^^^^
[INFO] [stdout] 
[INFO] [stdout] 
[INFO] [stdout] error: unrecognized platform-specific intrinsic function: `x86_mm_movemask_epi8`
[INFO] [stdout]   --> /opt/rustwide/cargo-home/registry/src/github.com-1ecc6299db9ec823/simd-0.2.0/src/x86/sse2.rs:33:5
[INFO] [stdout]    |
[INFO] [stdout] 33 |     fn x86_mm_movemask_epi8(x: i8x16) -> i32;
[INFO] [stdout]    |     ^^^^^^^^^^^^^^^^^^^^^^^^^^^^^^^^^^^^^^^^^
[INFO] [stdout] 
[INFO] [stdout] 
[INFO] [stdout] error: unrecognized platform-specific intrinsic function: `x86_mm_mul_epu32`
[INFO] [stdout]   --> /opt/rustwide/cargo-home/registry/src/github.com-1ecc6299db9ec823/simd-0.2.0/src/x86/sse2.rs:34:5
[INFO] [stdout]    |
[INFO] [stdout] 34 |     fn x86_mm_mul_epu32(x: u32x4, y: u32x4) -> u64x2;
[INFO] [stdout]    |     ^^^^^^^^^^^^^^^^^^^^^^^^^^^^^^^^^^^^^^^^^^^^^^^^^
[INFO] [stdout] 
[INFO] [stdout] 
[INFO] [stdout] error: unrecognized platform-specific intrinsic function: `x86_mm_mulhi_epi16`
[INFO] [stdout]   --> /opt/rustwide/cargo-home/registry/src/github.com-1ecc6299db9ec823/simd-0.2.0/src/x86/sse2.rs:35:5
[INFO] [stdout]    |
[INFO] [stdout] 35 |     fn x86_mm_mulhi_epi16(x: i16x8, y: i16x8) -> i16x8;
[INFO] [stdout]    |     ^^^^^^^^^^^^^^^^^^^^^^^^^^^^^^^^^^^^^^^^^^^^^^^^^^^
[INFO] [stdout] 
[INFO] [stdout] 
[INFO] [stdout] error: unrecognized platform-specific intrinsic function: `x86_mm_mulhi_epu16`
[INFO] [stdout]   --> /opt/rustwide/cargo-home/registry/src/github.com-1ecc6299db9ec823/simd-0.2.0/src/x86/sse2.rs:36:5
[INFO] [stdout]    |
[INFO] [stdout] 36 |     fn x86_mm_mulhi_epu16(x: u16x8, y: u16x8) -> u16x8;
[INFO] [stdout]    |     ^^^^^^^^^^^^^^^^^^^^^^^^^^^^^^^^^^^^^^^^^^^^^^^^^^^
[INFO] [stdout] 
[INFO] [stdout] 
[INFO] [stdout] error: unrecognized platform-specific intrinsic function: `x86_mm_packs_epi16`
[INFO] [stdout]   --> /opt/rustwide/cargo-home/registry/src/github.com-1ecc6299db9ec823/simd-0.2.0/src/x86/sse2.rs:37:5
[INFO] [stdout]    |
[INFO] [stdout] 37 |     fn x86_mm_packs_epi16(x: i16x8, y: i16x8) -> i8x16;
[INFO] [stdout]    |     ^^^^^^^^^^^^^^^^^^^^^^^^^^^^^^^^^^^^^^^^^^^^^^^^^^^
[INFO] [stdout] 
[INFO] [stdout] 
[INFO] [stdout] error: unrecognized platform-specific intrinsic function: `x86_mm_packs_epi32`
[INFO] [stdout]   --> /opt/rustwide/cargo-home/registry/src/github.com-1ecc6299db9ec823/simd-0.2.0/src/x86/sse2.rs:38:5
[INFO] [stdout]    |
[INFO] [stdout] 38 |     fn x86_mm_packs_epi32(x: i32x4, y: i32x4) -> i16x8;
[INFO] [stdout]    |     ^^^^^^^^^^^^^^^^^^^^^^^^^^^^^^^^^^^^^^^^^^^^^^^^^^^
[INFO] [stdout] 
[INFO] [stdout] 
[INFO] [stdout] error: unrecognized platform-specific intrinsic function: `x86_mm_packus_epi16`
[INFO] [stdout]   --> /opt/rustwide/cargo-home/registry/src/github.com-1ecc6299db9ec823/simd-0.2.0/src/x86/sse2.rs:39:5
[INFO] [stdout]    |
[INFO] [stdout] 39 |     fn x86_mm_packus_epi16(x: i16x8, y: i16x8) -> u8x16;
[INFO] [stdout]    |     ^^^^^^^^^^^^^^^^^^^^^^^^^^^^^^^^^^^^^^^^^^^^^^^^^^^^
[INFO] [stdout] 
[INFO] [stdout] 
[INFO] [stdout] error: unrecognized platform-specific intrinsic function: `x86_mm_sad_epu8`
[INFO] [stdout]   --> /opt/rustwide/cargo-home/registry/src/github.com-1ecc6299db9ec823/simd-0.2.0/src/x86/sse2.rs:40:5
[INFO] [stdout]    |
[INFO] [stdout] 40 |     fn x86_mm_sad_epu8(x: u8x16, y: u8x16) -> u64x2;
[INFO] [stdout]    |     ^^^^^^^^^^^^^^^^^^^^^^^^^^^^^^^^^^^^^^^^^^^^^^^^
[INFO] [stdout] 
[INFO] [stdout] 
[INFO] [stdout] error: unrecognized platform-specific intrinsic function: `x86_mm_sqrt_pd`
[INFO] [stdout]   --> /opt/rustwide/cargo-home/registry/src/github.com-1ecc6299db9ec823/simd-0.2.0/src/x86/sse2.rs:41:5
[INFO] [stdout]    |
[INFO] [stdout] 41 |     fn x86_mm_sqrt_pd(x: f64x2) -> f64x2;
[INFO] [stdout]    |     ^^^^^^^^^^^^^^^^^^^^^^^^^^^^^^^^^^^^^
[INFO] [stdout] 
[INFO] [stdout] 
[INFO] [stdout] error: unrecognized platform-specific intrinsic function: `x86_mm_subs_epi8`
[INFO] [stdout]   --> /opt/rustwide/cargo-home/registry/src/github.com-1ecc6299db9ec823/simd-0.2.0/src/x86/sse2.rs:42:5
[INFO] [stdout]    |
[INFO] [stdout] 42 |     fn x86_mm_subs_epi8(x: i8x16, y: i8x16) -> i8x16;
[INFO] [stdout]    |     ^^^^^^^^^^^^^^^^^^^^^^^^^^^^^^^^^^^^^^^^^^^^^^^^^
[INFO] [stdout] 
[INFO] [stdout] 
[INFO] [stdout] error: unrecognized platform-specific intrinsic function: `x86_mm_subs_epu8`
[INFO] [stdout]   --> /opt/rustwide/cargo-home/registry/src/github.com-1ecc6299db9ec823/simd-0.2.0/src/x86/sse2.rs:43:5
[INFO] [stdout]    |
[INFO] [stdout] 43 |     fn x86_mm_subs_epu8(x: u8x16, y: u8x16) -> u8x16;
[INFO] [stdout]    |     ^^^^^^^^^^^^^^^^^^^^^^^^^^^^^^^^^^^^^^^^^^^^^^^^^
[INFO] [stdout] 
[INFO] [stdout] 
[INFO] [stdout] error: unrecognized platform-specific intrinsic function: `x86_mm_subs_epi16`
[INFO] [stdout]   --> /opt/rustwide/cargo-home/registry/src/github.com-1ecc6299db9ec823/simd-0.2.0/src/x86/sse2.rs:44:5
[INFO] [stdout]    |
[INFO] [stdout] 44 |     fn x86_mm_subs_epi16(x: i16x8, y: i16x8) -> i16x8;
[INFO] [stdout]    |     ^^^^^^^^^^^^^^^^^^^^^^^^^^^^^^^^^^^^^^^^^^^^^^^^^^
[INFO] [stdout] 
[INFO] [stdout] 
[INFO] [stdout] error: unrecognized platform-specific intrinsic function: `x86_mm_subs_epu16`
[INFO] [stdout]   --> /opt/rustwide/cargo-home/registry/src/github.com-1ecc6299db9ec823/simd-0.2.0/src/x86/sse2.rs:45:5
[INFO] [stdout]    |
[INFO] [stdout] 45 |     fn x86_mm_subs_epu16(x: u16x8, y: u16x8) -> u16x8;
[INFO] [stdout]    |     ^^^^^^^^^^^^^^^^^^^^^^^^^^^^^^^^^^^^^^^^^^^^^^^^^^
[INFO] [stdout] 
[INFO] [stdout] 
[INFO] [stdout] error: aborting due to 35 previous errors
[INFO] [stdout] 
[INFO] [stdout] 
[INFO] [stdout] Some errors have detailed explanations: E0554, E0557.
[INFO] [stdout] 
[INFO] [stdout] For more information about an error, try `rustc --explain E0554`.
[INFO] [stdout] 
[INFO] [stderr] error: build failed
[INFO] running `Command { std: "docker" "inspect" "013db4c86f6eebcb95caaf0670d8de8a60dacfbed2ee11dec96f6f6e9bb90a17", kill_on_drop: false }`
[INFO] running `Command { std: "docker" "rm" "-f" "013db4c86f6eebcb95caaf0670d8de8a60dacfbed2ee11dec96f6f6e9bb90a17", kill_on_drop: false }`
[INFO] [stdout] 013db4c86f6eebcb95caaf0670d8de8a60dacfbed2ee11dec96f6f6e9bb90a17
