[INFO] cloning repository https://github.com/reem/rust-n-queens
[INFO] running `Command { std: "git" "-c" "credential.helper=" "-c" "credential.helper=/workspace/cargo-home/bin/git-credential-null" "clone" "--bare" "https://github.com/reem/rust-n-queens" "/workspace/cache/git-repos/https%3A%2F%2Fgithub.com%2Freem%2Frust-n-queens", kill_on_drop: false }`
[INFO] [stderr] Cloning into bare repository '/workspace/cache/git-repos/https%3A%2F%2Fgithub.com%2Freem%2Frust-n-queens'...
[INFO] running `Command { std: "git" "rev-parse" "HEAD", kill_on_drop: false }`
[INFO] [stdout] 9a6e9c463cc3e0d8bd7abc3dc818499cfc097ffa
[INFO] documenting reem/rust-n-queens against beta-2021-08-01 for beta-1.55-rustdoc-1
[INFO] running `Command { std: "git" "clone" "/workspace/cache/git-repos/https%3A%2F%2Fgithub.com%2Freem%2Frust-n-queens" "/workspace/builds/worker-6/source", kill_on_drop: false }`
[INFO] [stderr] Cloning into '/workspace/builds/worker-6/source'...
[INFO] [stderr] done.
[INFO] validating manifest of git repo https://github.com/reem/rust-n-queens on toolchain beta-2021-08-01
[INFO] running `Command { std: "/workspace/cargo-home/bin/cargo" "+beta-2021-08-01" "metadata" "--manifest-path" "Cargo.toml" "--no-deps", kill_on_drop: false }`
[INFO] started tweaking git repo https://github.com/reem/rust-n-queens
[INFO] finished tweaking git repo https://github.com/reem/rust-n-queens
[INFO] tweaked toml for git repo https://github.com/reem/rust-n-queens written to /workspace/builds/worker-6/source/Cargo.toml
[INFO] crate git repo https://github.com/reem/rust-n-queens already has a lockfile, it will not be regenerated
[INFO] running `Command { std: "/workspace/cargo-home/bin/cargo" "+beta-2021-08-01" "fetch" "--manifest-path" "Cargo.toml", kill_on_drop: false }`
[INFO] running `Command { std: "docker" "create" "-v" "/var/lib/crater-agent-workspace/builds/worker-6/target:/opt/rustwide/target:rw,Z" "-v" "/var/lib/crater-agent-workspace/builds/worker-6/source:/opt/rustwide/workdir:ro,Z" "-v" "/var/lib/crater-agent-workspace/cargo-home:/opt/rustwide/cargo-home:ro,Z" "-v" "/var/lib/crater-agent-workspace/rustup-home:/opt/rustwide/rustup-home:ro,Z" "-e" "SOURCE_DIR=/opt/rustwide/workdir" "-e" "CARGO_TARGET_DIR=/opt/rustwide/target" "-e" "CARGO_HOME=/opt/rustwide/cargo-home" "-e" "RUSTUP_HOME=/opt/rustwide/rustup-home" "-w" "/opt/rustwide/workdir" "-m" "1610612736" "--user" "0:0" "--network" "none" "ghcr.io/rust-lang/crates-build-env/linux@sha256:34b6a614d2c27851fe6cbf88fbd1137609cefab8b10d0615aaeb6fd47975d74e" "/opt/rustwide/cargo-home/bin/cargo" "+beta-2021-08-01" "metadata" "--no-deps" "--format-version=1", kill_on_drop: false }`
[INFO] [stderr] WARNING: Your kernel does not support swap limit capabilities or the cgroup is not mounted. Memory limited without swap.
[INFO] [stdout] cc55b2871fe8856c60eb548ab59a452ea8d1fa6462f71081a5609bd71ebeb311
[INFO] running `Command { std: "docker" "start" "-a" "cc55b2871fe8856c60eb548ab59a452ea8d1fa6462f71081a5609bd71ebeb311", kill_on_drop: false }`
[INFO] running `Command { std: "docker" "inspect" "cc55b2871fe8856c60eb548ab59a452ea8d1fa6462f71081a5609bd71ebeb311", kill_on_drop: false }`
[INFO] running `Command { std: "docker" "rm" "-f" "cc55b2871fe8856c60eb548ab59a452ea8d1fa6462f71081a5609bd71ebeb311", kill_on_drop: false }`
[INFO] [stdout] cc55b2871fe8856c60eb548ab59a452ea8d1fa6462f71081a5609bd71ebeb311
[INFO] running `Command { std: "docker" "create" "-v" "/var/lib/crater-agent-workspace/builds/worker-6/target:/opt/rustwide/target:rw,Z" "-v" "/var/lib/crater-agent-workspace/builds/worker-6/source:/opt/rustwide/workdir:ro,Z" "-v" "/var/lib/crater-agent-workspace/cargo-home:/opt/rustwide/cargo-home:ro,Z" "-v" "/var/lib/crater-agent-workspace/rustup-home:/opt/rustwide/rustup-home:ro,Z" "-e" "SOURCE_DIR=/opt/rustwide/workdir" "-e" "CARGO_TARGET_DIR=/opt/rustwide/target" "-e" "CARGO_INCREMENTAL=0" "-e" "RUST_BACKTRACE=full" "-e" "RUSTDOCFLAGS=--cap-lints=warn" "-e" "CARGO_HOME=/opt/rustwide/cargo-home" "-e" "RUSTUP_HOME=/opt/rustwide/rustup-home" "-w" "/opt/rustwide/workdir" "-m" "1610612736" "--user" "0:0" "--network" "none" "ghcr.io/rust-lang/crates-build-env/linux@sha256:34b6a614d2c27851fe6cbf88fbd1137609cefab8b10d0615aaeb6fd47975d74e" "/opt/rustwide/cargo-home/bin/cargo" "+beta-2021-08-01" "doc" "--frozen" "--no-deps" "--document-private-items" "--message-format=json", kill_on_drop: false }`
[INFO] [stdout] 91436c257e292059a174d47b7cc2e59dbba0d50be60ced8bbc9907c365f04b73
[INFO] [stderr] WARNING: Your kernel does not support swap limit capabilities or the cgroup is not mounted. Memory limited without swap.
[INFO] running `Command { std: "docker" "start" "-a" "91436c257e292059a174d47b7cc2e59dbba0d50be60ced8bbc9907c365f04b73", kill_on_drop: false }`
[INFO] [stderr]  Documenting nqueens v1.0.0 (/opt/rustwide/workdir)
[INFO] [stdout] error: expected one of `)`, `,`, `.`, `?`, or an operator, found `{`
[INFO] [stdout]    --> src/main.rs:120:22
[INFO] [stdout]     |
[INFO] [stdout] 120 |         spawn(proc() {
[INFO] [stdout]     |                     -^ expected one of `)`, `,`, `.`, `?`, or an operator
[INFO] [stdout]     |                     |
[INFO] [stdout]     |                     help: missing `,`
[INFO] [stdout] 
[INFO] [stdout] 
[INFO] [stdout] error: invalid suffix `u` for number literal
[INFO] [stdout]    --> src/main.rs:129:23
[INFO] [stdout]     |
[INFO] [stdout] 129 |     let mut results = 0u;
[INFO] [stdout]     |                       ^^ invalid suffix `u`
[INFO] [stdout]     |
[INFO] [stdout]     = help: the suffix must be one of the numeric types (`u32`, `isize`, `f32`, etc.)
[INFO] [stdout] 
[INFO] [stdout] 
[INFO] [stdout] error: invalid suffix `u` for number literal
[INFO] [stdout]    --> src/main.rs:141:25
[INFO] [stdout]     |
[INFO] [stdout] 141 |     for num in range(0, 9u) {
[INFO] [stdout]     |                         ^^ invalid suffix `u`
[INFO] [stdout]     |
[INFO] [stdout]     = help: the suffix must be one of the numeric types (`u32`, `isize`, `f32`, etc.)
[INFO] [stdout] 
[INFO] [stdout] 
[INFO] [stdout] error: invalid suffix `u` for number literal
[INFO] [stdout]    --> src/main.rs:149:25
[INFO] [stdout]     |
[INFO] [stdout] 149 |     for num in range(0, 9u) {
[INFO] [stdout]     |                         ^^ invalid suffix `u`
[INFO] [stdout]     |
[INFO] [stdout]     = help: the suffix must be one of the numeric types (`u32`, `isize`, `f32`, etc.)
[INFO] [stdout] 
[INFO] [stdout] 
[INFO] [stdout] error[E0412]: cannot find type `uint` in this scope
[INFO] [stdout]   --> src/main.rs:21:24
[INFO] [stdout]    |
[INFO] [stdout] 21 | fn n_queens(n: i32) -> uint {
[INFO] [stdout]    |                        ^^^^ not found in this scope
[INFO] [stdout] 
[INFO] [stdout] 
[INFO] [stdout] error[E0412]: cannot find type `uint` in this scope
[INFO] [stdout]   --> src/main.rs:45:87
[INFO] [stdout]    |
[INFO] [stdout] 45 | fn n_queens_helper(all_ones: i32, left_diags: i32, columns: i32, right_diags: i32) -> uint {
[INFO] [stdout]    |                                                                                       ^^^^ not found in this scope
[INFO] [stdout] 
[INFO] [stdout] 
[INFO] [stdout] error[E0412]: cannot find type `uint` in this scope
[INFO] [stdout]    --> src/main.rs:108:33
[INFO] [stdout]     |
[INFO] [stdout] 108 | fn parallel_n_queens(n: i32) -> uint {
[INFO] [stdout]     |                                 ^^^^ not found in this scope
[INFO] [stdout] 
[INFO] [stdout] 
[INFO] [stdout] error: Compilation failed, aborting rustdoc
[INFO] [stdout] 
[INFO] [stdout] 
[INFO] [stdout] error: aborting due to 8 previous errors
[INFO] [stdout] 
[INFO] [stdout] 
[INFO] [stdout] For more information about this error, try `rustc --explain E0412`.
[INFO] [stdout] 
[INFO] [stderr] error: could not document `nqueens`
[INFO] [stderr] 
[INFO] [stderr] Caused by:
[INFO] [stderr]   process didn't exit successfully: `rustdoc --crate-type bin --crate-name nqueens src/main.rs -o /opt/rustwide/target/doc --error-format=json --json=diagnostic-rendered-ansi --document-private-items -L dependency=/opt/rustwide/target/debug/deps --cap-lints=warn --crate-version 1.0.0` (exit status: 1)
[INFO] running `Command { std: "docker" "inspect" "91436c257e292059a174d47b7cc2e59dbba0d50be60ced8bbc9907c365f04b73", kill_on_drop: false }`
[INFO] running `Command { std: "docker" "rm" "-f" "91436c257e292059a174d47b7cc2e59dbba0d50be60ced8bbc9907c365f04b73", kill_on_drop: false }`
[INFO] [stdout] 91436c257e292059a174d47b7cc2e59dbba0d50be60ced8bbc9907c365f04b73
