[INFO] cloning repository https://github.com/recursive-bloom/bloom-evm
[INFO] running `Command { std: "git" "-c" "credential.helper=" "-c" "credential.helper=/workspace/cargo-home/bin/git-credential-null" "clone" "--bare" "https://github.com/recursive-bloom/bloom-evm" "/workspace/cache/git-repos/https%3A%2F%2Fgithub.com%2Frecursive-bloom%2Fbloom-evm", kill_on_drop: false }`
[INFO] [stderr] Cloning into bare repository '/workspace/cache/git-repos/https%3A%2F%2Fgithub.com%2Frecursive-bloom%2Fbloom-evm'...
[INFO] running `Command { std: "git" "rev-parse" "HEAD", kill_on_drop: false }`
[INFO] [stdout] 9b6a9ff06402fa364879d1ff7e7e37991fbeeb73
[INFO] documenting recursive-bloom/bloom-evm against 1.54.0 for beta-1.55-rustdoc-1
[INFO] running `Command { std: "git" "clone" "/workspace/cache/git-repos/https%3A%2F%2Fgithub.com%2Frecursive-bloom%2Fbloom-evm" "/workspace/builds/worker-5/source", kill_on_drop: false }`
[INFO] [stderr] Cloning into '/workspace/builds/worker-5/source'...
[INFO] [stderr] done.
[INFO] validating manifest of git repo https://github.com/recursive-bloom/bloom-evm on toolchain 1.54.0
[INFO] running `Command { std: "/workspace/cargo-home/bin/cargo" "+1.54.0" "metadata" "--manifest-path" "Cargo.toml" "--no-deps", kill_on_drop: false }`
[INFO] started tweaking git repo https://github.com/recursive-bloom/bloom-evm
[INFO] finished tweaking git repo https://github.com/recursive-bloom/bloom-evm
[INFO] tweaked toml for git repo https://github.com/recursive-bloom/bloom-evm written to /workspace/builds/worker-5/source/Cargo.toml
[INFO] crate git repo https://github.com/recursive-bloom/bloom-evm already has a lockfile, it will not be regenerated
[INFO] running `Command { std: "/workspace/cargo-home/bin/cargo" "+1.54.0" "fetch" "--manifest-path" "Cargo.toml", kill_on_drop: false }`
[INFO] [stderr]     Blocking waiting for file lock on package cache
[INFO] [stderr]  Downloading crates ...
[INFO] [stderr]   Downloaded evm-gasometer v0.16.1
[INFO] [stderr]   Downloaded evm-core v0.16.1
[INFO] [stderr]   Downloaded evm-runtime v0.16.1
[INFO] [stderr]   Downloaded evm v0.16.1
[INFO] running `Command { std: "docker" "create" "-v" "/var/lib/crater-agent-workspace/builds/worker-5/target:/opt/rustwide/target:rw,Z" "-v" "/var/lib/crater-agent-workspace/builds/worker-5/source:/opt/rustwide/workdir:ro,Z" "-v" "/var/lib/crater-agent-workspace/cargo-home:/opt/rustwide/cargo-home:ro,Z" "-v" "/var/lib/crater-agent-workspace/rustup-home:/opt/rustwide/rustup-home:ro,Z" "-e" "SOURCE_DIR=/opt/rustwide/workdir" "-e" "CARGO_TARGET_DIR=/opt/rustwide/target" "-e" "CARGO_HOME=/opt/rustwide/cargo-home" "-e" "RUSTUP_HOME=/opt/rustwide/rustup-home" "-w" "/opt/rustwide/workdir" "-m" "1610612736" "--user" "0:0" "--network" "none" "ghcr.io/rust-lang/crates-build-env/linux@sha256:34b6a614d2c27851fe6cbf88fbd1137609cefab8b10d0615aaeb6fd47975d74e" "/opt/rustwide/cargo-home/bin/cargo" "+1.54.0" "metadata" "--no-deps" "--format-version=1", kill_on_drop: false }`
[INFO] [stdout] 1468d8a29091cd5adbd23b2aa2bfa3da7689cac1b3759b9fb39c74b567541e60
[INFO] [stderr] WARNING: Your kernel does not support swap limit capabilities or the cgroup is not mounted. Memory limited without swap.
[INFO] running `Command { std: "docker" "start" "-a" "1468d8a29091cd5adbd23b2aa2bfa3da7689cac1b3759b9fb39c74b567541e60", kill_on_drop: false }`
[INFO] running `Command { std: "docker" "inspect" "1468d8a29091cd5adbd23b2aa2bfa3da7689cac1b3759b9fb39c74b567541e60", kill_on_drop: false }`
[INFO] running `Command { std: "docker" "rm" "-f" "1468d8a29091cd5adbd23b2aa2bfa3da7689cac1b3759b9fb39c74b567541e60", kill_on_drop: false }`
[INFO] [stdout] 1468d8a29091cd5adbd23b2aa2bfa3da7689cac1b3759b9fb39c74b567541e60
[INFO] running `Command { std: "docker" "create" "-v" "/var/lib/crater-agent-workspace/builds/worker-5/target:/opt/rustwide/target:rw,Z" "-v" "/var/lib/crater-agent-workspace/builds/worker-5/source:/opt/rustwide/workdir:ro,Z" "-v" "/var/lib/crater-agent-workspace/cargo-home:/opt/rustwide/cargo-home:ro,Z" "-v" "/var/lib/crater-agent-workspace/rustup-home:/opt/rustwide/rustup-home:ro,Z" "-e" "SOURCE_DIR=/opt/rustwide/workdir" "-e" "CARGO_TARGET_DIR=/opt/rustwide/target" "-e" "CARGO_INCREMENTAL=0" "-e" "RUST_BACKTRACE=full" "-e" "RUSTDOCFLAGS=--cap-lints=warn" "-e" "CARGO_HOME=/opt/rustwide/cargo-home" "-e" "RUSTUP_HOME=/opt/rustwide/rustup-home" "-w" "/opt/rustwide/workdir" "-m" "1610612736" "--user" "0:0" "--network" "none" "ghcr.io/rust-lang/crates-build-env/linux@sha256:34b6a614d2c27851fe6cbf88fbd1137609cefab8b10d0615aaeb6fd47975d74e" "/opt/rustwide/cargo-home/bin/cargo" "+1.54.0" "doc" "--frozen" "--no-deps" "--document-private-items" "--message-format=json", kill_on_drop: false }`
[INFO] [stderr] WARNING: Your kernel does not support swap limit capabilities or the cgroup is not mounted. Memory limited without swap.
[INFO] [stdout] dee6da50cfbbf84b7130326adfd8dd1b0a50b32089512c1abc18b835ec03bc3f
[INFO] running `Command { std: "docker" "start" "-a" "dee6da50cfbbf84b7130326adfd8dd1b0a50b32089512c1abc18b835ec03bc3f", kill_on_drop: false }`
[INFO] [stderr]    Compiling syn v1.0.39
[INFO] [stderr]    Compiling parity-util-mem v0.6.1
[INFO] [stderr]     Checking parity-bytes v0.1.2
[INFO] [stderr]     Checking strsim v0.9.3
[INFO] [stderr]     Checking rlp v0.4.5
[INFO] [stderr]     Checking bitvec v0.17.4
[INFO] [stderr]    Compiling rand v0.6.5
[INFO] [stderr]    Compiling hex-literal-impl v0.2.2
[INFO] [stderr]    Compiling jobserver v0.1.21
[INFO] [stderr]    Compiling atty v0.2.14
[INFO] [stderr]     Checking parking_lot_core v0.7.2
[INFO] [stderr]    Compiling which v3.1.1
[INFO] [stderr]     Checking fs-swap v0.2.4
[INFO] [stderr]     Checking uint v0.8.5
[INFO] [stderr]     Checking plain_hasher v0.2.3
[INFO] [stderr]     Checking elastic-array v0.10.3
[INFO] [stderr]     Checking clap v2.33.3
[INFO] [stderr]     Checking block-buffer v0.7.3
[INFO] [stderr]    Compiling env_logger v0.7.1
[INFO] [stderr]     Checking rand v0.7.3
[INFO] [stderr]     Checking ahash v0.2.18
[INFO] [stderr]     Checking parking_lot v0.10.2
[INFO] [stderr]     Checking impl-rlp v0.2.1
[INFO] [stderr]    Compiling cc v1.0.59
[INFO] [stderr]     Checking sha3 v0.8.2
[INFO] [stderr]     Checking hashbrown v0.6.3
[INFO] [stderr]     Checking hex-literal v0.2.1
[INFO] [stderr]     Checking lru v0.4.3
[INFO] [stderr]     Checking fixed-hash v0.6.1
[INFO] [stderr]    Compiling libloading v0.5.2
[INFO] [stderr]     Checking trie-db v0.18.1
[INFO] [stderr]    Compiling clang-sys v0.29.3
[INFO] [stderr]    Compiling bindgen v0.54.0
[INFO] [stderr]    Compiling synstructure v0.12.4
[INFO] [stderr]    Compiling proc-macro-error v1.0.4
[INFO] [stderr]    Compiling serde_derive v1.0.115
[INFO] [stderr]    Compiling impl-trait-for-tuples v0.1.3
[INFO] [stderr]    Compiling parity-util-mem-derive v0.1.0
[INFO] [stderr]    Compiling structopt-derive v0.4.10
[INFO] [stderr]    Compiling librocksdb-sys v6.11.4
[INFO] [stderr]     Checking structopt v0.3.17
[INFO] [stderr]    Compiling serde v1.0.115
[INFO] [stderr]     Checking impl-serde v0.3.1
[INFO] [stderr]     Checking docopt v1.1.0
[INFO] [stderr]    Compiling toml v0.5.6
[INFO] [stderr]     Checking ethbloom v0.9.2
[INFO] [stderr]    Compiling proc-macro-crate v0.1.5
[INFO] [stderr] error: could not compile `toml`
[INFO] [stderr] 
[INFO] [stderr] Caused by:
[INFO] [stderr]   process didn't exit successfully: `rustc --crate-name toml --edition=2018 /opt/rustwide/cargo-home/registry/src/github.com-1ecc6299db9ec823/toml-0.5.6/src/lib.rs --error-format=json --json=diagnostic-rendered-ansi,artifacts --crate-type lib --emit=dep-info,metadata,link -C embed-bitcode=no -C debuginfo=2 --cfg 'feature="default"' -C metadata=11dc851bc6deed88 -C extra-filename=-11dc851bc6deed88 --out-dir /opt/rustwide/target/debug/deps -L dependency=/opt/rustwide/target/debug/deps --extern serde=/opt/rustwide/target/debug/deps/libserde-c9067fff248cb43f.rmeta --cap-lints allow` (signal: 9, SIGKILL: kill)
[INFO] [stderr] warning: build failed, waiting for other jobs to finish...
[INFO] [stderr] The following warnings were emitted during compilation:
[INFO] [stderr] 
[INFO] [stderr] warning: c++: fatal error: Killed signal terminated program cc1plus
[INFO] [stderr] warning: compilation terminated.
[INFO] [stderr] warning: c++: fatal error: Killed signal terminated program cc1plus
[INFO] [stderr] warning: compilation terminated.
[INFO] [stderr] warning: c++: fatal error: Killed signal terminated program cc1plus
[INFO] [stderr] warning: compilation terminated.
[INFO] [stderr] warning: c++: fatal error: Killed signal terminated program cc1plus
[INFO] [stderr] warning: compilation terminated.
[INFO] [stderr] warning: c++: fatal error: Killed signal terminated program cc1plus
[INFO] [stderr] warning: compilation terminated.
[INFO] [stderr] warning: c++: fatal error: Killed signal terminated program cc1plus
[INFO] [stderr] warning: compilation terminated.
[INFO] [stderr] 
[INFO] [stderr] error: build failed
[INFO] running `Command { std: "docker" "inspect" "dee6da50cfbbf84b7130326adfd8dd1b0a50b32089512c1abc18b835ec03bc3f", kill_on_drop: false }`
[INFO] running `Command { std: "docker" "rm" "-f" "dee6da50cfbbf84b7130326adfd8dd1b0a50b32089512c1abc18b835ec03bc3f", kill_on_drop: false }`
[INFO] [stdout] dee6da50cfbbf84b7130326adfd8dd1b0a50b32089512c1abc18b835ec03bc3f
