[INFO] cloning repository https://github.com/rawblue-sudo/rust-yew
[INFO] running `Command { std: "git" "-c" "credential.helper=" "-c" "credential.helper=/workspace/cargo-home/bin/git-credential-null" "clone" "--bare" "https://github.com/rawblue-sudo/rust-yew" "/workspace/cache/git-repos/https%3A%2F%2Fgithub.com%2Frawblue-sudo%2Frust-yew", kill_on_drop: false }`
[INFO] [stderr] Cloning into bare repository '/workspace/cache/git-repos/https%3A%2F%2Fgithub.com%2Frawblue-sudo%2Frust-yew'...
[INFO] running `Command { std: "git" "rev-parse" "HEAD", kill_on_drop: false }`
[INFO] [stdout] 986801b8ddaff6f9539538e91b41408054a5c579
[INFO] documenting rawblue-sudo/rust-yew against beta-2021-08-01 for beta-1.55-rustdoc-1
[INFO] running `Command { std: "git" "clone" "/workspace/cache/git-repos/https%3A%2F%2Fgithub.com%2Frawblue-sudo%2Frust-yew" "/workspace/builds/worker-1/source", kill_on_drop: false }`
[INFO] [stderr] Cloning into '/workspace/builds/worker-1/source'...
[INFO] [stderr] done.
[INFO] validating manifest of git repo https://github.com/rawblue-sudo/rust-yew on toolchain beta-2021-08-01
[INFO] running `Command { std: "/workspace/cargo-home/bin/cargo" "+beta-2021-08-01" "metadata" "--manifest-path" "Cargo.toml" "--no-deps", kill_on_drop: false }`
[INFO] started tweaking git repo https://github.com/rawblue-sudo/rust-yew
[INFO] finished tweaking git repo https://github.com/rawblue-sudo/rust-yew
[INFO] tweaked toml for git repo https://github.com/rawblue-sudo/rust-yew written to /workspace/builds/worker-1/source/Cargo.toml
[INFO] crate git repo https://github.com/rawblue-sudo/rust-yew already has a lockfile, it will not be regenerated
[INFO] running `Command { std: "/workspace/cargo-home/bin/cargo" "+beta-2021-08-01" "fetch" "--manifest-path" "Cargo.toml", kill_on_drop: false }`
[INFO] running `Command { std: "docker" "create" "-v" "/var/lib/crater-agent-workspace/builds/worker-1/target:/opt/rustwide/target:rw,Z" "-v" "/var/lib/crater-agent-workspace/builds/worker-1/source:/opt/rustwide/workdir:ro,Z" "-v" "/var/lib/crater-agent-workspace/cargo-home:/opt/rustwide/cargo-home:ro,Z" "-v" "/var/lib/crater-agent-workspace/rustup-home:/opt/rustwide/rustup-home:ro,Z" "-e" "SOURCE_DIR=/opt/rustwide/workdir" "-e" "CARGO_TARGET_DIR=/opt/rustwide/target" "-e" "CARGO_HOME=/opt/rustwide/cargo-home" "-e" "RUSTUP_HOME=/opt/rustwide/rustup-home" "-w" "/opt/rustwide/workdir" "-m" "1610612736" "--user" "0:0" "--network" "none" "ghcr.io/rust-lang/crates-build-env/linux@sha256:34b6a614d2c27851fe6cbf88fbd1137609cefab8b10d0615aaeb6fd47975d74e" "/opt/rustwide/cargo-home/bin/cargo" "+beta-2021-08-01" "metadata" "--no-deps" "--format-version=1", kill_on_drop: false }`
[INFO] [stderr] WARNING: Your kernel does not support swap limit capabilities or the cgroup is not mounted. Memory limited without swap.
[INFO] [stdout] 0e99862092438239268231b8c4b43cba47f236d5a3b47c3a22eafdf5764f36d1
[INFO] running `Command { std: "docker" "start" "-a" "0e99862092438239268231b8c4b43cba47f236d5a3b47c3a22eafdf5764f36d1", kill_on_drop: false }`
[INFO] running `Command { std: "docker" "inspect" "0e99862092438239268231b8c4b43cba47f236d5a3b47c3a22eafdf5764f36d1", kill_on_drop: false }`
[INFO] running `Command { std: "docker" "rm" "-f" "0e99862092438239268231b8c4b43cba47f236d5a3b47c3a22eafdf5764f36d1", kill_on_drop: false }`
[INFO] [stdout] 0e99862092438239268231b8c4b43cba47f236d5a3b47c3a22eafdf5764f36d1
[INFO] running `Command { std: "docker" "create" "-v" "/var/lib/crater-agent-workspace/builds/worker-1/target:/opt/rustwide/target:rw,Z" "-v" "/var/lib/crater-agent-workspace/builds/worker-1/source:/opt/rustwide/workdir:ro,Z" "-v" "/var/lib/crater-agent-workspace/cargo-home:/opt/rustwide/cargo-home:ro,Z" "-v" "/var/lib/crater-agent-workspace/rustup-home:/opt/rustwide/rustup-home:ro,Z" "-e" "SOURCE_DIR=/opt/rustwide/workdir" "-e" "CARGO_TARGET_DIR=/opt/rustwide/target" "-e" "CARGO_INCREMENTAL=0" "-e" "RUST_BACKTRACE=full" "-e" "RUSTDOCFLAGS=--cap-lints=warn" "-e" "CARGO_HOME=/opt/rustwide/cargo-home" "-e" "RUSTUP_HOME=/opt/rustwide/rustup-home" "-w" "/opt/rustwide/workdir" "-m" "1610612736" "--user" "0:0" "--network" "none" "ghcr.io/rust-lang/crates-build-env/linux@sha256:34b6a614d2c27851fe6cbf88fbd1137609cefab8b10d0615aaeb6fd47975d74e" "/opt/rustwide/cargo-home/bin/cargo" "+beta-2021-08-01" "doc" "--frozen" "--no-deps" "--document-private-items" "--message-format=json", kill_on_drop: false }`
[INFO] [stdout] 1d8246c60b8a4f72a55c8bebe7a21db5f58cfaa000e042b22709a11fe9a761dd
[INFO] [stderr] WARNING: Your kernel does not support swap limit capabilities or the cgroup is not mounted. Memory limited without swap.
[INFO] running `Command { std: "docker" "start" "-a" "1d8246c60b8a4f72a55c8bebe7a21db5f58cfaa000e042b22709a11fe9a761dd", kill_on_drop: false }`
[INFO] [stderr]  Documenting rust-yew v0.1.0 (/opt/rustwide/workdir)
[INFO] [stdout] error[E0432]: unresolved import `log`
[INFO] [stdout]  --> src/app.rs:1:5
[INFO] [stdout]   |
[INFO] [stdout] 1 | use log::info;
[INFO] [stdout]   |     ^^^ use of undeclared crate or module `log`
[INFO] [stdout] 
[INFO] [stdout] 
[INFO] [stdout] error[E0432]: unresolved import `yew`
[INFO] [stdout]  --> src/app.rs:2:5
[INFO] [stdout]   |
[INFO] [stdout] 2 | use yew::{html, Component, ComponentLink, Html, Renderable, ShouldRender};
[INFO] [stdout]   |     ^^^ use of undeclared crate or module `yew`
[INFO] [stdout] 
[INFO] [stdout] 
[INFO] [stdout] error[E0432]: unresolved import `crate::app::modules`
[INFO] [stdout]  --> src/app.rs:4:17
[INFO] [stdout]   |
[INFO] [stdout] 4 | use crate::app::modules::Header;
[INFO] [stdout]   |                 ^^^^^^^ could not find `modules` in `app`
[INFO] [stdout] 
[INFO] [stdout] 
[INFO] [stdout] error[E0432]: unresolved import `crate::app::root`
[INFO] [stdout]  --> src/app.rs:5:17
[INFO] [stdout]   |
[INFO] [stdout] 5 | use crate::app::root::Model as Root;
[INFO] [stdout]   |                 ^^^^ could not find `root` in `app`
[INFO] [stdout] 
[INFO] [stdout] 
[INFO] [stdout] error: cannot determine resolution for the macro `html`
[INFO] [stdout]   --> src/app.rs:25:9
[INFO] [stdout]    |
[INFO] [stdout] 25 |         html! {
[INFO] [stdout]    |         ^^^^
[INFO] [stdout]    |
[INFO] [stdout]    = note: import resolution is stuck, try simplifying macro imports
[INFO] [stdout] 
[INFO] [stdout] 
[INFO] [stdout] error: cannot determine resolution for the macro `info`
[INFO] [stdout]   --> src/app.rs:14:9
[INFO] [stdout]    |
[INFO] [stdout] 14 |         info!("App component created");
[INFO] [stdout]    |         ^^^^
[INFO] [stdout]    |
[INFO] [stdout]    = note: import resolution is stuck, try simplifying macro imports
[INFO] [stdout] 
[INFO] [stdout] 
[INFO] [stdout] error: Compilation failed, aborting rustdoc
[INFO] [stdout] 
[INFO] [stdout] 
[INFO] [stdout] error: aborting due to 7 previous errors
[INFO] [stdout] 
[INFO] [stdout] 
[INFO] [stdout] For more information about this error, try `rustc --explain E0432`.
[INFO] [stdout] 
[INFO] [stderr] error: could not document `rust-yew`
[INFO] [stderr] 
[INFO] [stderr] Caused by:
[INFO] [stderr]   process didn't exit successfully: `rustdoc --edition=2018 --crate-type bin --crate-name rust_yew src/main.rs -o /opt/rustwide/target/doc --error-format=json --json=diagnostic-rendered-ansi --document-private-items -L dependency=/opt/rustwide/target/debug/deps --cap-lints=warn --crate-version 0.1.0` (exit status: 1)
[INFO] running `Command { std: "docker" "inspect" "1d8246c60b8a4f72a55c8bebe7a21db5f58cfaa000e042b22709a11fe9a761dd", kill_on_drop: false }`
[INFO] running `Command { std: "docker" "rm" "-f" "1d8246c60b8a4f72a55c8bebe7a21db5f58cfaa000e042b22709a11fe9a761dd", kill_on_drop: false }`
[INFO] [stdout] 1d8246c60b8a4f72a55c8bebe7a21db5f58cfaa000e042b22709a11fe9a761dd
