[INFO] cloning repository https://github.com/rasmushalland/cwintab
[INFO] running `Command { std: "git" "-c" "credential.helper=" "-c" "credential.helper=/workspace/cargo-home/bin/git-credential-null" "clone" "--bare" "https://github.com/rasmushalland/cwintab" "/workspace/cache/git-repos/https%3A%2F%2Fgithub.com%2Frasmushalland%2Fcwintab", kill_on_drop: false }`
[INFO] [stderr] Cloning into bare repository '/workspace/cache/git-repos/https%3A%2F%2Fgithub.com%2Frasmushalland%2Fcwintab'...
[INFO] running `Command { std: "git" "rev-parse" "HEAD", kill_on_drop: false }`
[INFO] [stdout] f3e7511cb8ff09c43dbeac0195e8c91fc13b2d58
[INFO] documenting rasmushalland/cwintab against beta-2021-08-01 for beta-1.55-rustdoc-1
[INFO] running `Command { std: "git" "clone" "/workspace/cache/git-repos/https%3A%2F%2Fgithub.com%2Frasmushalland%2Fcwintab" "/workspace/builds/worker-3/source", kill_on_drop: false }`
[INFO] [stderr] Cloning into '/workspace/builds/worker-3/source'...
[INFO] [stderr] done.
[INFO] validating manifest of git repo https://github.com/rasmushalland/cwintab on toolchain beta-2021-08-01
[INFO] running `Command { std: "/workspace/cargo-home/bin/cargo" "+beta-2021-08-01" "metadata" "--manifest-path" "Cargo.toml" "--no-deps", kill_on_drop: false }`
[INFO] started tweaking git repo https://github.com/rasmushalland/cwintab
[INFO] finished tweaking git repo https://github.com/rasmushalland/cwintab
[INFO] tweaked toml for git repo https://github.com/rasmushalland/cwintab written to /workspace/builds/worker-3/source/Cargo.toml
[INFO] crate git repo https://github.com/rasmushalland/cwintab already has a lockfile, it will not be regenerated
[INFO] running `Command { std: "/workspace/cargo-home/bin/cargo" "+beta-2021-08-01" "fetch" "--manifest-path" "Cargo.toml", kill_on_drop: false }`
[INFO] [stderr]  Downloading crates ...
[INFO] [stderr]   Downloaded crossterm_terminal v0.2.2
[INFO] [stderr]   Downloaded crossterm_input v0.3.3
[INFO] [stderr]   Downloaded crossterm_winapi v0.1.2
[INFO] [stderr]   Downloaded crossterm_style v0.3.1
[INFO] [stderr]   Downloaded crossterm_cursor v0.2.1
[INFO] [stderr]   Downloaded crossterm_utils v0.2.1
[INFO] [stderr]   Downloaded crossterm_screen v0.2.1
[INFO] [stderr]   Downloaded crossterm v0.9.3
[INFO] running `Command { std: "docker" "create" "-v" "/var/lib/crater-agent-workspace/builds/worker-3/target:/opt/rustwide/target:rw,Z" "-v" "/var/lib/crater-agent-workspace/builds/worker-3/source:/opt/rustwide/workdir:ro,Z" "-v" "/var/lib/crater-agent-workspace/cargo-home:/opt/rustwide/cargo-home:ro,Z" "-v" "/var/lib/crater-agent-workspace/rustup-home:/opt/rustwide/rustup-home:ro,Z" "-e" "SOURCE_DIR=/opt/rustwide/workdir" "-e" "CARGO_TARGET_DIR=/opt/rustwide/target" "-e" "CARGO_HOME=/opt/rustwide/cargo-home" "-e" "RUSTUP_HOME=/opt/rustwide/rustup-home" "-w" "/opt/rustwide/workdir" "-m" "1610612736" "--user" "0:0" "--network" "none" "ghcr.io/rust-lang/crates-build-env/linux@sha256:34b6a614d2c27851fe6cbf88fbd1137609cefab8b10d0615aaeb6fd47975d74e" "/opt/rustwide/cargo-home/bin/cargo" "+beta-2021-08-01" "metadata" "--no-deps" "--format-version=1", kill_on_drop: false }`
[INFO] [stderr] WARNING: Your kernel does not support swap limit capabilities or the cgroup is not mounted. Memory limited without swap.
[INFO] [stdout] ef49de5db32c1864ed6ac7d267581ed7ef997b95ec62448be8ce3f05fe588c79
[INFO] running `Command { std: "docker" "start" "-a" "ef49de5db32c1864ed6ac7d267581ed7ef997b95ec62448be8ce3f05fe588c79", kill_on_drop: false }`
[INFO] running `Command { std: "docker" "inspect" "ef49de5db32c1864ed6ac7d267581ed7ef997b95ec62448be8ce3f05fe588c79", kill_on_drop: false }`
[INFO] running `Command { std: "docker" "rm" "-f" "ef49de5db32c1864ed6ac7d267581ed7ef997b95ec62448be8ce3f05fe588c79", kill_on_drop: false }`
[INFO] [stdout] ef49de5db32c1864ed6ac7d267581ed7ef997b95ec62448be8ce3f05fe588c79
[INFO] running `Command { std: "docker" "create" "-v" "/var/lib/crater-agent-workspace/builds/worker-3/target:/opt/rustwide/target:rw,Z" "-v" "/var/lib/crater-agent-workspace/builds/worker-3/source:/opt/rustwide/workdir:ro,Z" "-v" "/var/lib/crater-agent-workspace/cargo-home:/opt/rustwide/cargo-home:ro,Z" "-v" "/var/lib/crater-agent-workspace/rustup-home:/opt/rustwide/rustup-home:ro,Z" "-e" "SOURCE_DIR=/opt/rustwide/workdir" "-e" "CARGO_TARGET_DIR=/opt/rustwide/target" "-e" "CARGO_INCREMENTAL=0" "-e" "RUST_BACKTRACE=full" "-e" "RUSTDOCFLAGS=--cap-lints=warn" "-e" "CARGO_HOME=/opt/rustwide/cargo-home" "-e" "RUSTUP_HOME=/opt/rustwide/rustup-home" "-w" "/opt/rustwide/workdir" "-m" "1610612736" "--user" "0:0" "--network" "none" "ghcr.io/rust-lang/crates-build-env/linux@sha256:34b6a614d2c27851fe6cbf88fbd1137609cefab8b10d0615aaeb6fd47975d74e" "/opt/rustwide/cargo-home/bin/cargo" "+beta-2021-08-01" "doc" "--frozen" "--no-deps" "--document-private-items" "--message-format=json", kill_on_drop: false }`
[INFO] [stdout] ad026a11ba789ac340545d06f6e1b2739f987f4548a50b559195675187a08f2d
[INFO] [stderr] WARNING: Your kernel does not support swap limit capabilities or the cgroup is not mounted. Memory limited without swap.
[INFO] running `Command { std: "docker" "start" "-a" "ad026a11ba789ac340545d06f6e1b2739f987f4548a50b559195675187a08f2d", kill_on_drop: false }`
[INFO] [stderr]    Compiling winapi v0.3.7
[INFO] [stderr]     Checking crossterm_utils v0.2.1
[INFO] [stderr]     Checking crossterm_screen v0.2.1
[INFO] [stderr]     Checking crossterm_cursor v0.2.1
[INFO] [stderr]     Checking crossterm_style v0.3.1
[INFO] [stderr]     Checking crossterm_input v0.3.3
[INFO] [stderr]     Checking crossterm_terminal v0.2.2
[INFO] [stderr]     Checking crossterm v0.9.3
[INFO] [stderr]  Documenting cwintab v0.1.0 (/opt/rustwide/workdir)
[INFO] [stdout] error[E0433]: failed to resolve: could not find `shared` in `winapi`
[INFO] [stdout]  --> src/winx.rs:2:13
[INFO] [stdout]   |
[INFO] [stdout] 2 | use winapi::shared::minwindef::ATOM;
[INFO] [stdout]   |             ^^^^^^ could not find `shared` in `winapi`
[INFO] [stdout] 
[INFO] [stdout] 
[INFO] [stdout] error[E0433]: failed to resolve: could not find `shared` in `winapi`
[INFO] [stdout]  --> src/winx.rs:3:13
[INFO] [stdout]   |
[INFO] [stdout] 3 | use winapi::shared::minwindef::DWORD;
[INFO] [stdout]   |             ^^^^^^ could not find `shared` in `winapi`
[INFO] [stdout] 
[INFO] [stdout] 
[INFO] [stdout] error[E0433]: failed to resolve: could not find `shared` in `winapi`
[INFO] [stdout]  --> src/winx.rs:4:13
[INFO] [stdout]   |
[INFO] [stdout] 4 | use winapi::shared::minwindef::UINT;
[INFO] [stdout]   |             ^^^^^^ could not find `shared` in `winapi`
[INFO] [stdout] 
[INFO] [stdout] 
[INFO] [stdout] error[E0433]: failed to resolve: could not find `shared` in `winapi`
[INFO] [stdout]  --> src/winx.rs:5:13
[INFO] [stdout]   |
[INFO] [stdout] 5 | use winapi::shared::minwindef::WORD;
[INFO] [stdout]   |             ^^^^^^ could not find `shared` in `winapi`
[INFO] [stdout] 
[INFO] [stdout] 
[INFO] [stdout] error[E0433]: failed to resolve: could not find `shared` in `winapi`
[INFO] [stdout]  --> src/winx.rs:6:13
[INFO] [stdout]   |
[INFO] [stdout] 6 | use winapi::shared::windef::RECT;
[INFO] [stdout]   |             ^^^^^^ could not find `shared` in `winapi`
[INFO] [stdout] 
[INFO] [stdout] 
[INFO] [stdout] error[E0433]: failed to resolve: could not find `um` in `winapi`
[INFO] [stdout]    --> src/winx.rs:108:17
[INFO] [stdout]     |
[INFO] [stdout] 108 |     use winapi::um::errhandlingapi::GetLastError;
[INFO] [stdout]     |                 ^^ could not find `um` in `winapi`
[INFO] [stdout] 
[INFO] [stdout] 
[INFO] [stdout] error[E0433]: failed to resolve: could not find `um` in `winapi`
[INFO] [stdout]    --> src/winx.rs:110:17
[INFO] [stdout]     |
[INFO] [stdout] 110 |     use winapi::um::winbase::FormatMessageW;
[INFO] [stdout]     |                 ^^ could not find `um` in `winapi`
[INFO] [stdout] 
[INFO] [stdout] 
[INFO] [stdout] error[E0432]: unresolved import `winapi::um`
[INFO] [stdout]    --> src/winx.rs:109:17
[INFO] [stdout]     |
[INFO] [stdout] 109 |     use winapi::um::winbase;
[INFO] [stdout]     |                 ^^ could not find `um` in `winapi`
[INFO] [stdout] 
[INFO] [stdout] 
[INFO] [stdout] error[E0433]: failed to resolve: could not find `windows` in `os`
[INFO] [stdout]    --> src/winx.rs:116:18
[INFO] [stdout]     |
[INFO] [stdout] 116 |     use std::os::windows::prelude::*;
[INFO] [stdout]     |                  ^^^^^^^ could not find `windows` in `os`
[INFO] [stdout] 
[INFO] [stdout] 
[INFO] [stdout] error[E0433]: failed to resolve: could not find `shared` in `winapi`
[INFO] [stdout]  --> src/main.rs:7:13
[INFO] [stdout]   |
[INFO] [stdout] 7 | use winapi::shared::minwindef::BOOL;
[INFO] [stdout]   |             ^^^^^^ could not find `shared` in `winapi`
[INFO] [stdout] 
[INFO] [stdout] 
[INFO] [stdout] error[E0433]: failed to resolve: could not find `shared` in `winapi`
[INFO] [stdout]  --> src/main.rs:8:13
[INFO] [stdout]   |
[INFO] [stdout] 8 | use winapi::shared::minwindef::LPARAM;
[INFO] [stdout]   |             ^^^^^^ could not find `shared` in `winapi`
[INFO] [stdout] 
[INFO] [stdout] 
[INFO] [stdout] error[E0433]: failed to resolve: could not find `shared` in `winapi`
[INFO] [stdout]  --> src/main.rs:9:13
[INFO] [stdout]   |
[INFO] [stdout] 9 | use winapi::shared::windef::HWND;
[INFO] [stdout]   |             ^^^^^^ could not find `shared` in `winapi`
[INFO] [stdout] 
[INFO] [stdout] 
[INFO] [stdout] error[E0433]: failed to resolve: could not find `um` in `winapi`
[INFO] [stdout]   --> src/main.rs:10:13
[INFO] [stdout]    |
[INFO] [stdout] 10 | use winapi::um::winbase::LocalFree;
[INFO] [stdout]    |             ^^ could not find `um` in `winapi`
[INFO] [stdout] 
[INFO] [stdout] 
[INFO] [stdout] error[E0433]: failed to resolve: could not find `um` in `winapi`
[INFO] [stdout]   --> src/main.rs:11:13
[INFO] [stdout]    |
[INFO] [stdout] 11 | use winapi::um::winnt::LPWSTR;
[INFO] [stdout]    |             ^^ could not find `um` in `winapi`
[INFO] [stdout] 
[INFO] [stdout] 
[INFO] [stdout] error[E0433]: failed to resolve: could not find `windows` in `os`
[INFO] [stdout]   --> src/main.rs:46:18
[INFO] [stdout]    |
[INFO] [stdout] 46 |     use std::os::windows::prelude::*;
[INFO] [stdout]    |                  ^^^^^^^ could not find `windows` in `os`
[INFO] [stdout] 
[INFO] [stdout] 
[INFO] [stdout] error[E0433]: failed to resolve: could not find `um` in `winapi`
[INFO] [stdout]   --> src/main.rs:86:17
[INFO] [stdout]    |
[INFO] [stdout] 86 |     use winapi::um::processthreadsapi::GetCurrentThreadId;
[INFO] [stdout]    |                 ^^ could not find `um` in `winapi`
[INFO] [stdout] 
[INFO] [stdout] 
[INFO] [stdout] error[E0433]: failed to resolve: could not find `um` in `winapi`
[INFO] [stdout]   --> src/main.rs:87:17
[INFO] [stdout]    |
[INFO] [stdout] 87 |     use winapi::um::winuser::EnumDesktopWindows;
[INFO] [stdout]    |                 ^^ could not find `um` in `winapi`
[INFO] [stdout] 
[INFO] [stdout] 
[INFO] [stdout] error[E0433]: failed to resolve: could not find `um` in `winapi`
[INFO] [stdout]   --> src/main.rs:88:17
[INFO] [stdout]    |
[INFO] [stdout] 88 |     use winapi::um::winuser::GetThreadDesktop;
[INFO] [stdout]    |                 ^^ could not find `um` in `winapi`
[INFO] [stdout] 
[INFO] [stdout] 
[INFO] [stdout] error[E0432]: unresolved import `winapi::ctypes`
[INFO] [stdout]    --> src/winx.rs:112:17
[INFO] [stdout]     |
[INFO] [stdout] 112 |     use winapi::ctypes::c_char;
[INFO] [stdout]     |                 ^^^^^^ could not find `ctypes` in `winapi`
[INFO] [stdout] 
[INFO] [stdout] 
[INFO] [stdout] error[E0433]: failed to resolve: could not find `um` in `winapi`
[INFO] [stdout]   --> src/main.rs:15:56
[INFO] [stdout]    |
[INFO] [stdout] 15 |     fn GetProcessHandleFromHwnd(hwdn: HWND) -> winapi::um::winnt::HANDLE;
[INFO] [stdout]    |                                                        ^^ could not find `um` in `winapi`
[INFO] [stdout] 
[INFO] [stdout] 
[INFO] [stdout] error[E0433]: failed to resolve: could not find `ctypes` in `winapi`
[INFO] [stdout]   --> src/main.rs:18:35
[INFO] [stdout]    |
[INFO] [stdout] 18 | struct WinHandleDrop(*mut winapi::ctypes::c_void);
[INFO] [stdout]    |                                   ^^^^^^ could not find `ctypes` in `winapi`
[INFO] [stdout] 
[INFO] [stdout] 
[INFO] [stdout] error[E0433]: failed to resolve: could not find `ctypes` in `winapi`
[INFO] [stdout]   --> src/main.rs:20:33
[INFO] [stdout]    |
[INFO] [stdout] 20 |     fn new(handle: *mut winapi::ctypes::c_void) -> WinHandleDrop {
[INFO] [stdout]    |                                 ^^^^^^ could not find `ctypes` in `winapi`
[INFO] [stdout] 
[INFO] [stdout] 
[INFO] [stdout] error[E0412]: cannot find type `DWORD` in this scope
[INFO] [stdout]   --> src/winx.rs:38:13
[INFO] [stdout]    |
[INFO] [stdout] 38 |     cbSize: DWORD,
[INFO] [stdout]    |             ^^^^^ not found in this scope
[INFO] [stdout] 
[INFO] [stdout] 
[INFO] [stdout] error[E0412]: cannot find type `RECT` in this scope
[INFO] [stdout]   --> src/winx.rs:39:15
[INFO] [stdout]    |
[INFO] [stdout] 39 |     rcWindow: RECT,
[INFO] [stdout]    |               ^^^^ not found in this scope
[INFO] [stdout] 
[INFO] [stdout] 
[INFO] [stdout] error[E0412]: cannot find type `RECT` in this scope
[INFO] [stdout]   --> src/winx.rs:40:15
[INFO] [stdout]    |
[INFO] [stdout] 40 |     rcClient: RECT,
[INFO] [stdout]    |               ^^^^ not found in this scope
[INFO] [stdout] 
[INFO] [stdout] 
[INFO] [stdout] error[E0412]: cannot find type `DWORD` in this scope
[INFO] [stdout]   --> src/winx.rs:43:16
[INFO] [stdout]    |
[INFO] [stdout] 43 |     dwExStyle: DWORD,
[INFO] [stdout]    |                ^^^^^ not found in this scope
[INFO] [stdout] 
[INFO] [stdout] 
[INFO] [stdout] error[E0412]: cannot find type `DWORD` in this scope
[INFO] [stdout]   --> src/winx.rs:44:21
[INFO] [stdout]    |
[INFO] [stdout] 44 |     dwWindowStatus: DWORD,
[INFO] [stdout]    |                     ^^^^^ not found in this scope
[INFO] [stdout] 
[INFO] [stdout] 
[INFO] [stdout] error[E0412]: cannot find type `UINT` in this scope
[INFO] [stdout]   --> src/winx.rs:45:22
[INFO] [stdout]    |
[INFO] [stdout] 45 |     cxWindowBorders: UINT,
[INFO] [stdout]    |                      ^^^^ not found in this scope
[INFO] [stdout] 
[INFO] [stdout] 
[INFO] [stdout] error[E0412]: cannot find type `UINT` in this scope
[INFO] [stdout]   --> src/winx.rs:46:22
[INFO] [stdout]    |
[INFO] [stdout] 46 |     cyWindowBorders: UINT,
[INFO] [stdout]    |                      ^^^^ not found in this scope
[INFO] [stdout] 
[INFO] [stdout] 
[INFO] [stdout] error[E0412]: cannot find type `ATOM` in this scope
[INFO] [stdout]   --> src/winx.rs:47:21
[INFO] [stdout]    |
[INFO] [stdout] 47 |     atomWindowType: ATOM,
[INFO] [stdout]    |                     ^^^^ not found in this scope
[INFO] [stdout] 
[INFO] [stdout] 
[INFO] [stdout] error[E0412]: cannot find type `WORD` in this scope
[INFO] [stdout]   --> src/winx.rs:48:22
[INFO] [stdout]    |
[INFO] [stdout] 48 |     wCreatorVersion: WORD,
[INFO] [stdout]    |                      ^^^^ not found in this scope
[INFO] [stdout] 
[INFO] [stdout] 
[INFO] [stdout] error[E0412]: cannot find type `HWND` in this scope
[INFO] [stdout]   --> src/winx.rs:70:28
[INFO] [stdout]    |
[INFO] [stdout] 70 |     fn GetWindowInfo(hwdn: HWND, winfo: *mut WindowInfo) -> BOOL;
[INFO] [stdout]    |                            ^^^^ not found in this scope
[INFO] [stdout] 
[INFO] [stdout] 
[INFO] [stdout] error[E0412]: cannot find type `BOOL` in this scope
[INFO] [stdout]   --> src/winx.rs:70:61
[INFO] [stdout]    |
[INFO] [stdout] 70 |     fn GetWindowInfo(hwdn: HWND, winfo: *mut WindowInfo) -> BOOL;
[INFO] [stdout]    |                                                             ^^^^ not found in this scope
[INFO] [stdout] 
[INFO] [stdout] 
[INFO] [stdout] error[E0412]: cannot find type `HWND` in this scope
[INFO] [stdout]   --> src/winx.rs:73:37
[INFO] [stdout]    |
[INFO] [stdout] 73 | pub(crate) fn get_window_info(hwnd: HWND) -> Result<WindowInfo, String> {
[INFO] [stdout]    |                                     ^^^^ not found in this scope
[INFO] [stdout] 
[INFO] [stdout] 
[INFO] [stdout] error[E0412]: cannot find type `HWND` in this scope
[INFO] [stdout]   --> src/winx.rs:81:41
[INFO] [stdout]    |
[INFO] [stdout] 81 | pub(crate) fn is_window_minimized(hwnd: HWND) -> Result<bool, String> {
[INFO] [stdout]    |                                         ^^^^ not found in this scope
[INFO] [stdout] 
[INFO] [stdout] 
[INFO] [stdout] error[E0412]: cannot find type `HWND` in this scope
[INFO] [stdout]   --> src/winx.rs:86:27
[INFO] [stdout]    |
[INFO] [stdout] 86 | pub fn focus_window(hwnd: HWND) -> Result<(), String> {
[INFO] [stdout]    |                           ^^^^ not found in this scope
[INFO] [stdout] 
[INFO] [stdout] 
[INFO] [stdout] error[E0412]: cannot find type `HWND` in this scope
[INFO] [stdout]   --> src/main.rs:15:39
[INFO] [stdout]    |
[INFO] [stdout] 15 |     fn GetProcessHandleFromHwnd(hwdn: HWND) -> winapi::um::winnt::HANDLE;
[INFO] [stdout]    |                                       ^^^^ not found in this scope
[INFO] [stdout] 
[INFO] [stdout] 
[INFO] [stdout] error[E0412]: cannot find type `HWND` in this scope
[INFO] [stdout]   --> src/main.rs:35:11
[INFO] [stdout]    |
[INFO] [stdout] 35 |     hwnd: HWND,
[INFO] [stdout]    |           ^^^^ not found in this scope
[INFO] [stdout] 
[INFO] [stdout] 
[INFO] [stdout] error[E0412]: cannot find type `HWND` in this scope
[INFO] [stdout]   --> src/main.rs:41:51
[INFO] [stdout]    |
[INFO] [stdout] 41 | fn enum_windows_cb(cbs: &mut CallbackState, hwnd: HWND) -> bool {
[INFO] [stdout]    |                                                   ^^^^ not found in this scope
[INFO] [stdout] 
[INFO] [stdout] 
[INFO] [stdout] error[E0412]: cannot find type `HWND` in this scope
[INFO] [stdout]   --> src/main.rs:76:49
[INFO] [stdout]    |
[INFO] [stdout] 76 | unsafe extern "system" fn enum_win_cb_raw(hwnd: HWND, lp: LPARAM) -> BOOL {
[INFO] [stdout]    |                                                 ^^^^ not found in this scope
[INFO] [stdout] 
[INFO] [stdout] 
[INFO] [stdout] error[E0412]: cannot find type `LPARAM` in this scope
[INFO] [stdout]   --> src/main.rs:76:59
[INFO] [stdout]    |
[INFO] [stdout] 76 | unsafe extern "system" fn enum_win_cb_raw(hwnd: HWND, lp: LPARAM) -> BOOL {
[INFO] [stdout]    |                                                           ^^^^^^ not found in this scope
[INFO] [stdout] 
[INFO] [stdout] 
[INFO] [stdout] error[E0412]: cannot find type `BOOL` in this scope
[INFO] [stdout]   --> src/main.rs:76:70
[INFO] [stdout]    |
[INFO] [stdout] 76 | unsafe extern "system" fn enum_win_cb_raw(hwnd: HWND, lp: LPARAM) -> BOOL {
[INFO] [stdout]    |                                                                      ^^^^ not found in this scope
[INFO] [stdout] 
[INFO] [stdout] 
[INFO] [stdout] error: Compilation failed, aborting rustdoc
[INFO] [stdout] 
[INFO] [stdout] 
[INFO] [stdout] error: aborting due to 43 previous errors
[INFO] [stdout] 
[INFO] [stdout] 
[INFO] [stdout] Some errors have detailed explanations: E0412, E0432, E0433.
[INFO] [stdout] 
[INFO] [stdout] For more information about an error, try `rustc --explain E0412`.
[INFO] [stdout] 
[INFO] [stderr] error: could not document `cwintab`
[INFO] [stderr] 
[INFO] [stderr] Caused by:
[INFO] [stderr]   process didn't exit successfully: `rustdoc --edition=2018 --crate-type bin --crate-name cwintab src/main.rs -o /opt/rustwide/target/doc --error-format=json --json=diagnostic-rendered-ansi --document-private-items -L dependency=/opt/rustwide/target/debug/deps --extern bitflags=/opt/rustwide/target/debug/deps/libbitflags-3f7202354b346662.rmeta --extern crossterm=/opt/rustwide/target/debug/deps/libcrossterm-64fb1c77efc1a1b6.rmeta --extern itertools=/opt/rustwide/target/debug/deps/libitertools-5a8c0679b95f7199.rmeta --extern winapi=/opt/rustwide/target/debug/deps/libwinapi-19a17b6605958406.rmeta --cap-lints=warn --crate-version 0.1.0` (exit status: 1)
[INFO] running `Command { std: "docker" "inspect" "ad026a11ba789ac340545d06f6e1b2739f987f4548a50b559195675187a08f2d", kill_on_drop: false }`
[INFO] running `Command { std: "docker" "rm" "-f" "ad026a11ba789ac340545d06f6e1b2739f987f4548a50b559195675187a08f2d", kill_on_drop: false }`
[INFO] [stdout] ad026a11ba789ac340545d06f6e1b2739f987f4548a50b559195675187a08f2d
