[INFO] cloning repository https://github.com/r1cm3d/cards
[INFO] running `Command { std: "git" "-c" "credential.helper=" "-c" "credential.helper=/workspace/cargo-home/bin/git-credential-null" "clone" "--bare" "https://github.com/r1cm3d/cards" "/workspace/cache/git-repos/https%3A%2F%2Fgithub.com%2Fr1cm3d%2Fcards", kill_on_drop: false }`
[INFO] [stderr] Cloning into bare repository '/workspace/cache/git-repos/https%3A%2F%2Fgithub.com%2Fr1cm3d%2Fcards'...
[INFO] running `Command { std: "git" "rev-parse" "HEAD", kill_on_drop: false }`
[INFO] [stdout] 1aa1b17e241556a0b31e477f366de7871179c011
[INFO] documenting r1cm3d/cards against 1.54.0 for beta-1.55-rustdoc-1
[INFO] running `Command { std: "git" "clone" "/workspace/cache/git-repos/https%3A%2F%2Fgithub.com%2Fr1cm3d%2Fcards" "/workspace/builds/worker-15/source", kill_on_drop: false }`
[INFO] [stderr] Cloning into '/workspace/builds/worker-15/source'...
[INFO] [stderr] done.
[INFO] validating manifest of git repo https://github.com/r1cm3d/cards on toolchain 1.54.0
[INFO] running `Command { std: "/workspace/cargo-home/bin/cargo" "+1.54.0" "metadata" "--manifest-path" "Cargo.toml" "--no-deps", kill_on_drop: false }`
[INFO] started tweaking git repo https://github.com/r1cm3d/cards
[INFO] finished tweaking git repo https://github.com/r1cm3d/cards
[INFO] tweaked toml for git repo https://github.com/r1cm3d/cards written to /workspace/builds/worker-15/source/Cargo.toml
[INFO] crate git repo https://github.com/r1cm3d/cards already has a lockfile, it will not be regenerated
[INFO] running `Command { std: "/workspace/cargo-home/bin/cargo" "+1.54.0" "fetch" "--manifest-path" "Cargo.toml", kill_on_drop: false }`
[INFO] [stderr]     Blocking waiting for file lock on package cache
[INFO] [stderr]     Blocking waiting for file lock on package cache
[INFO] running `Command { std: "docker" "create" "-v" "/var/lib/crater-agent-workspace/builds/worker-15/target:/opt/rustwide/target:rw,Z" "-v" "/var/lib/crater-agent-workspace/builds/worker-15/source:/opt/rustwide/workdir:ro,Z" "-v" "/var/lib/crater-agent-workspace/cargo-home:/opt/rustwide/cargo-home:ro,Z" "-v" "/var/lib/crater-agent-workspace/rustup-home:/opt/rustwide/rustup-home:ro,Z" "-e" "SOURCE_DIR=/opt/rustwide/workdir" "-e" "CARGO_TARGET_DIR=/opt/rustwide/target" "-e" "CARGO_HOME=/opt/rustwide/cargo-home" "-e" "RUSTUP_HOME=/opt/rustwide/rustup-home" "-w" "/opt/rustwide/workdir" "-m" "1610612736" "--user" "0:0" "--network" "none" "ghcr.io/rust-lang/crates-build-env/linux@sha256:34b6a614d2c27851fe6cbf88fbd1137609cefab8b10d0615aaeb6fd47975d74e" "/opt/rustwide/cargo-home/bin/cargo" "+1.54.0" "metadata" "--no-deps" "--format-version=1", kill_on_drop: false }`
[INFO] [stdout] 2a84c0f9fa0bcb1598bf087f9b007494cd284367c6a9a13c83be3c93610b7b1e
[INFO] running `Command { std: "docker" "start" "-a" "2a84c0f9fa0bcb1598bf087f9b007494cd284367c6a9a13c83be3c93610b7b1e", kill_on_drop: false }`
[INFO] running `Command { std: "docker" "inspect" "2a84c0f9fa0bcb1598bf087f9b007494cd284367c6a9a13c83be3c93610b7b1e", kill_on_drop: false }`
[INFO] running `Command { std: "docker" "rm" "-f" "2a84c0f9fa0bcb1598bf087f9b007494cd284367c6a9a13c83be3c93610b7b1e", kill_on_drop: false }`
[INFO] [stdout] 2a84c0f9fa0bcb1598bf087f9b007494cd284367c6a9a13c83be3c93610b7b1e
[INFO] running `Command { std: "docker" "create" "-v" "/var/lib/crater-agent-workspace/builds/worker-15/target:/opt/rustwide/target:rw,Z" "-v" "/var/lib/crater-agent-workspace/builds/worker-15/source:/opt/rustwide/workdir:ro,Z" "-v" "/var/lib/crater-agent-workspace/cargo-home:/opt/rustwide/cargo-home:ro,Z" "-v" "/var/lib/crater-agent-workspace/rustup-home:/opt/rustwide/rustup-home:ro,Z" "-e" "SOURCE_DIR=/opt/rustwide/workdir" "-e" "CARGO_TARGET_DIR=/opt/rustwide/target" "-e" "CARGO_INCREMENTAL=0" "-e" "RUST_BACKTRACE=full" "-e" "RUSTDOCFLAGS=--cap-lints=warn" "-e" "CARGO_HOME=/opt/rustwide/cargo-home" "-e" "RUSTUP_HOME=/opt/rustwide/rustup-home" "-w" "/opt/rustwide/workdir" "-m" "1610612736" "--user" "0:0" "--network" "none" "ghcr.io/rust-lang/crates-build-env/linux@sha256:34b6a614d2c27851fe6cbf88fbd1137609cefab8b10d0615aaeb6fd47975d74e" "/opt/rustwide/cargo-home/bin/cargo" "+1.54.0" "doc" "--frozen" "--no-deps" "--document-private-items" "--message-format=json", kill_on_drop: false }`
[INFO] [stdout] f539cbac34e299dcaa245e4f2f3f08c86f932fec08079f9f7835c81ffc94e07c
[INFO] running `Command { std: "docker" "start" "-a" "f539cbac34e299dcaa245e4f2f3f08c86f932fec08079f9f7835c81ffc94e07c", kill_on_drop: false }`
[INFO] [stderr]    Compiling libc v0.2.86
[INFO] [stderr]    Compiling syn v1.0.60
[INFO] [stderr]     Checking futures-core v0.3.12
[INFO] [stderr]     Checking futures-sink v0.3.12
[INFO] [stderr]     Checking pin-project-lite v0.2.4
[INFO] [stderr]     Checking futures-io v0.3.12
[INFO] [stderr]    Compiling serde_derive v1.0.123
[INFO] [stderr]    Compiling serde v1.0.123
[INFO] [stderr]     Checking object v0.23.0
[INFO] [stderr]    Compiling serde_json v1.0.62
[INFO] [stderr]    Compiling httparse v1.3.5
[INFO] [stderr]    Compiling unindent v0.1.7
[INFO] [stderr]     Checking uuid v0.4.0
[INFO] [stderr]     Checking futures-task v0.3.12
[INFO] [stderr]    Compiling standback v0.2.15
[INFO] [stderr]    Compiling time v0.2.25
[INFO] [stderr]    Compiling cookie v0.14.3
[INFO] [stderr]     Checking thread_local v1.1.3
[INFO] [stderr]     Checking addr2line v0.14.1
[INFO] [stderr]     Checking http v0.2.3
[INFO] [stderr]     Checking fxhash v0.2.1
[INFO] [stderr]    Compiling brotli-sys v0.3.2
[INFO] [stderr]     Checking idna v0.2.1
[INFO] [stderr]     Checking sha-1 v0.9.4
[INFO] [stderr]     Checking tracing v0.1.24
[INFO] [stderr]     Checking regex v1.4.3
[INFO] [stderr]     Checking futures-channel v0.3.12
[INFO] [stderr]    Compiling indoc v1.0.3
[INFO] [stderr]     Checking url v2.2.0
[INFO] [stderr]     Checking net2 v0.2.37
[INFO] [stderr]     Checking iovec v0.1.4
[INFO] [stderr]     Checking signal-hook-registry v1.3.0
[INFO] [stderr]     Checking num_cpus v1.13.0
[INFO] [stderr]     Checking parking_lot_core v0.8.3
[INFO] [stderr]     Checking getrandom v0.1.16
[INFO] [stderr]     Checking hostname v0.3.1
[INFO] [stderr]     Checking socket2 v0.3.19
[INFO] [stderr]     Checking flate2 v1.0.20
[INFO] [stderr]     Checking time v0.1.44
[INFO] [stderr]     Checking resolv-conf v0.7.0
[INFO] [stderr]     Checking parking_lot v0.11.1
[INFO] [stderr]     Checking rand_core v0.5.1
[INFO] [stderr]     Checking threadpool v1.8.1
[INFO] [stderr]     Checking mio v0.6.23
[INFO] [stderr]     Checking rand_chacha v0.2.2
[INFO] [stderr]     Checking rand v0.7.3
[INFO] [stderr]     Checking mio-uds v0.6.8
[INFO] [stderr]     Checking tokio v0.2.25
[INFO] [stderr]     Checking backtrace v0.3.56
[INFO] [stderr]     Checking brotli2 v0.3.2
[INFO] [stderr]     Checking tokio-util v0.3.1
[INFO] [stderr]    Compiling futures-macro v0.3.12
[INFO] [stderr]    Compiling pin-project-internal v0.4.27
[INFO] [stderr]    Compiling derive_more v0.99.11
[INFO] [stderr]    Compiling actix-macros v0.1.3
[INFO] [stderr]    Compiling thiserror-impl v1.0.23
[INFO] [stderr]    Compiling async-trait v0.1.42
[INFO] [stderr]    Compiling pin-project-internal v1.0.5
[INFO] [stderr]    Compiling time-macros-impl v0.1.1
[INFO] [stderr]    Compiling enum-as-inner v0.3.3
[INFO] [stderr]    Compiling actix-web-codegen v0.4.0
[INFO] [stderr]     Checking pin-project v1.0.5
[INFO] [stderr]     Checking tracing-futures v0.2.5
[INFO] [stderr]     Checking time-macros v0.1.1
[INFO] [stderr]     Checking futures-util v0.3.12
[INFO] [stderr]     Checking thiserror v1.0.23
[INFO] [stderr]     Checking pin-project v0.4.27
[INFO] [stderr]     Checking actix-codec v0.3.0
[INFO] [stderr]     Checking actix-service v1.0.6
[INFO] [stderr]     Checking futures v0.3.12
[INFO] [stderr]     Checking h2 v0.2.7
[INFO] [stderr]     Checking trust-dns-proto v0.19.6
[INFO] [stderr]     Checking actix-threadpool v0.3.3
[INFO] [stderr]     Checking actix-rt v1.1.1
[INFO] [stderr]     Checking actix-utils v2.0.0
[INFO] [stderr]     Checking actix-server v1.0.4
[INFO] [stderr]     Checking actix-tls v2.0.0
[INFO] [stderr]     Checking trust-dns-resolver v0.19.6
[INFO] [stderr]     Checking actix-testing v1.0.1
[INFO] [stderr]     Checking actix-connect v2.0.0
[INFO] [stderr]     Checking serde_urlencoded v0.7.0
[INFO] [stderr]     Checking actix-router v0.2.7
[INFO] [stderr]     Checking chrono v0.4.19
[INFO] [stderr]     Checking actix-http v2.2.0
[INFO] [stderr]     Checking awc v2.0.3
[INFO] [stderr]     Checking actix-web v3.3.2
[INFO] [stderr]     Checking cards v0.0.1 (/opt/rustwide/workdir)
[INFO] [stderr]  Documenting cards v0.0.1 (/opt/rustwide/workdir)
[INFO] [stdout] warning: unused imports: `DateTime`, `NaiveDateTime`, `NaiveDate`
[INFO] [stdout]  --> src/domain/card.rs:3:14
[INFO] [stdout]   |
[INFO] [stdout] 3 | use chrono::{DateTime, NaiveDate, NaiveDateTime};
[INFO] [stdout]   |              ^^^^^^^^  ^^^^^^^^^  ^^^^^^^^^^^^^
[INFO] [stdout]   |
[INFO] [stdout]   = note: `#[warn(unused_imports)]` on by default
[INFO] [stdout] 
[INFO] [stdout] 
[INFO] [stdout] warning: unused import: `std::borrow::Borrow`
[INFO] [stdout]  --> src/domain/card.rs:7:5
[INFO] [stdout]   |
[INFO] [stdout] 7 | use std::borrow::Borrow;
[INFO] [stdout]   |     ^^^^^^^^^^^^^^^^^^^
[INFO] [stdout] 
[INFO] [stdout] 
[INFO] [stdout] warning: unused macro definition
[INFO] [stdout]    --> src/domain/card.rs:128:9
[INFO] [stdout]     |
[INFO] [stdout] 128 | /         macro_rules! validate_str_field {
[INFO] [stdout] 129 | |         ($field:tt, $field_str:expr) => {
[INFO] [stdout] 130 | |             let $field = match card.$field.is_empty() { // TODO: the same above
[INFO] [stdout] 131 | |                 true => return Err(protocol::ValidationError::new(String::from($field_str), card.$field.clone())),
[INFO] [stdout] 132 | |                 false => card.$field
[INFO] [stdout] 133 | |             };
[INFO] [stdout] 134 | |         }}
[INFO] [stdout]     | |__________^
[INFO] [stdout]     |
[INFO] [stdout]     = note: `#[warn(unused_macros)]` on by default
[INFO] [stdout] 
[INFO] [stdout] 
[INFO] [stdout] error[E0277]: the trait bound `(): UuidGenerator` is not satisfied
[INFO] [stdout]  --> src/config.rs:9:73
[INFO] [stdout]   |
[INFO] [stdout] 9 |             .data::<Box<dyn card::Creator>>(Box::new(card::Service::new(Box::new(()), Box::new(()), Box::new(()), Box::new(()))))
[INFO] [stdout]   |                                                                         ^^^^^^^^^^^^ the trait `UuidGenerator` is not implemented for `()`
[INFO] [stdout]   |
[INFO] [stdout]   = note: required for the cast to the object type `dyn UuidGenerator`
[INFO] [stdout] 
[INFO] [stdout] 
[INFO] [stdout] error[E0277]: the trait bound `(): TimeService` is not satisfied
[INFO] [stdout]  --> src/config.rs:9:87
[INFO] [stdout]   |
[INFO] [stdout] 9 |             .data::<Box<dyn card::Creator>>(Box::new(card::Service::new(Box::new(()), Box::new(()), Box::new(()), Box::new(()))))
[INFO] [stdout]   |                                                                                       ^^^^^^^^^^^^ the trait `TimeService` is not implemented for `()`
[INFO] [stdout]   |
[INFO] [stdout]   = note: required for the cast to the object type `dyn TimeService`
[INFO] [stdout] 
[INFO] [stdout] 
[INFO] [stdout] error[E0277]: the trait bound `(): PanGenerator` is not satisfied
[INFO] [stdout]  --> src/config.rs:9:101
[INFO] [stdout]   |
[INFO] [stdout] 9 |             .data::<Box<dyn card::Creator>>(Box::new(card::Service::new(Box::new(()), Box::new(()), Box::new(()), Box::new(()))))
[INFO] [stdout]   |                                                                                                     ^^^^^^^^^^^^ the trait `PanGenerator` is not implemented for `()`
[INFO] [stdout]   |
[INFO] [stdout]   = note: required for the cast to the object type `dyn PanGenerator`
[INFO] [stdout] 
[INFO] [stdout] 
[INFO] [stdout] error[E0277]: the trait bound `(): Repository` is not satisfied
[INFO] [stdout]  --> src/config.rs:9:115
[INFO] [stdout]   |
[INFO] [stdout] 9 |             .data::<Box<dyn card::Creator>>(Box::new(card::Service::new(Box::new(()), Box::new(()), Box::new(()), Box::new(()))))
[INFO] [stdout]   |                                                                                                                   ^^^^^^^^^^^^ the trait `Repository` is not implemented for `()`
[INFO] [stdout]   |
[INFO] [stdout]   = note: required for the cast to the object type `dyn Repository`
[INFO] [stdout] 
[INFO] [stdout] 
[INFO] [stdout] error: aborting due to 4 previous errors; 3 warnings emitted
[INFO] [stdout] 
[INFO] [stdout] 
[INFO] [stdout] For more information about this error, try `rustc --explain E0277`.
[INFO] [stdout] 
[INFO] [stderr] error: could not compile `cards`
[INFO] [stderr] 
[INFO] [stderr] To learn more, run the command again with --verbose.
[INFO] [stderr] warning: build failed, waiting for other jobs to finish...
[INFO] [stderr] error: build failed
[INFO] running `Command { std: "docker" "inspect" "f539cbac34e299dcaa245e4f2f3f08c86f932fec08079f9f7835c81ffc94e07c", kill_on_drop: false }`
[INFO] running `Command { std: "docker" "rm" "-f" "f539cbac34e299dcaa245e4f2f3f08c86f932fec08079f9f7835c81ffc94e07c", kill_on_drop: false }`
[INFO] [stdout] f539cbac34e299dcaa245e4f2f3f08c86f932fec08079f9f7835c81ffc94e07c
