[INFO] cloning repository https://github.com/quorauk/arduino-audio-meter
[INFO] running `Command { std: "git" "-c" "credential.helper=" "-c" "credential.helper=/workspace/cargo-home/bin/git-credential-null" "clone" "--bare" "https://github.com/quorauk/arduino-audio-meter" "/workspace/cache/git-repos/https%3A%2F%2Fgithub.com%2Fquorauk%2Farduino-audio-meter", kill_on_drop: false }`
[INFO] [stderr] Cloning into bare repository '/workspace/cache/git-repos/https%3A%2F%2Fgithub.com%2Fquorauk%2Farduino-audio-meter'...
[INFO] running `Command { std: "git" "rev-parse" "HEAD", kill_on_drop: false }`
[INFO] [stdout] a18d32b89ad0fd46940213a8dedfa132d8045590
[INFO] documenting quorauk/arduino-audio-meter against beta-2021-08-01 for beta-1.55-rustdoc-1
[INFO] running `Command { std: "git" "clone" "/workspace/cache/git-repos/https%3A%2F%2Fgithub.com%2Fquorauk%2Farduino-audio-meter" "/workspace/builds/worker-1/source", kill_on_drop: false }`
[INFO] [stderr] Cloning into '/workspace/builds/worker-1/source'...
[INFO] [stderr] done.
[INFO] validating manifest of git repo https://github.com/quorauk/arduino-audio-meter on toolchain beta-2021-08-01
[INFO] running `Command { std: "/workspace/cargo-home/bin/cargo" "+beta-2021-08-01" "metadata" "--manifest-path" "Cargo.toml" "--no-deps", kill_on_drop: false }`
[INFO] started tweaking git repo https://github.com/quorauk/arduino-audio-meter
[INFO] finished tweaking git repo https://github.com/quorauk/arduino-audio-meter
[INFO] tweaked toml for git repo https://github.com/quorauk/arduino-audio-meter written to /workspace/builds/worker-1/source/Cargo.toml
[INFO] crate git repo https://github.com/quorauk/arduino-audio-meter already has a lockfile, it will not be regenerated
[INFO] running `Command { std: "/workspace/cargo-home/bin/cargo" "+beta-2021-08-01" "fetch" "--manifest-path" "Cargo.toml", kill_on_drop: false }`
[INFO] running `Command { std: "docker" "create" "-v" "/var/lib/crater-agent-workspace/builds/worker-1/target:/opt/rustwide/target:rw,Z" "-v" "/var/lib/crater-agent-workspace/builds/worker-1/source:/opt/rustwide/workdir:ro,Z" "-v" "/var/lib/crater-agent-workspace/cargo-home:/opt/rustwide/cargo-home:ro,Z" "-v" "/var/lib/crater-agent-workspace/rustup-home:/opt/rustwide/rustup-home:ro,Z" "-e" "SOURCE_DIR=/opt/rustwide/workdir" "-e" "CARGO_TARGET_DIR=/opt/rustwide/target" "-e" "CARGO_HOME=/opt/rustwide/cargo-home" "-e" "RUSTUP_HOME=/opt/rustwide/rustup-home" "-w" "/opt/rustwide/workdir" "-m" "1610612736" "--user" "0:0" "--network" "none" "ghcr.io/rust-lang/crates-build-env/linux@sha256:34b6a614d2c27851fe6cbf88fbd1137609cefab8b10d0615aaeb6fd47975d74e" "/opt/rustwide/cargo-home/bin/cargo" "+beta-2021-08-01" "metadata" "--no-deps" "--format-version=1", kill_on_drop: false }`
[INFO] [stdout] 77ec2055c5ac205bf6a0dc42967d9ce23a216d60b3f6b8fcc11fd0c12814630e
[INFO] running `Command { std: "docker" "start" "-a" "77ec2055c5ac205bf6a0dc42967d9ce23a216d60b3f6b8fcc11fd0c12814630e", kill_on_drop: false }`
[INFO] running `Command { std: "docker" "inspect" "77ec2055c5ac205bf6a0dc42967d9ce23a216d60b3f6b8fcc11fd0c12814630e", kill_on_drop: false }`
[INFO] running `Command { std: "docker" "rm" "-f" "77ec2055c5ac205bf6a0dc42967d9ce23a216d60b3f6b8fcc11fd0c12814630e", kill_on_drop: false }`
[INFO] [stdout] 77ec2055c5ac205bf6a0dc42967d9ce23a216d60b3f6b8fcc11fd0c12814630e
[INFO] running `Command { std: "docker" "create" "-v" "/var/lib/crater-agent-workspace/builds/worker-1/target:/opt/rustwide/target:rw,Z" "-v" "/var/lib/crater-agent-workspace/builds/worker-1/source:/opt/rustwide/workdir:ro,Z" "-v" "/var/lib/crater-agent-workspace/cargo-home:/opt/rustwide/cargo-home:ro,Z" "-v" "/var/lib/crater-agent-workspace/rustup-home:/opt/rustwide/rustup-home:ro,Z" "-e" "SOURCE_DIR=/opt/rustwide/workdir" "-e" "CARGO_TARGET_DIR=/opt/rustwide/target" "-e" "CARGO_INCREMENTAL=0" "-e" "RUST_BACKTRACE=full" "-e" "RUSTDOCFLAGS=--cap-lints=warn" "-e" "CARGO_HOME=/opt/rustwide/cargo-home" "-e" "RUSTUP_HOME=/opt/rustwide/rustup-home" "-w" "/opt/rustwide/workdir" "-m" "1610612736" "--user" "0:0" "--network" "none" "ghcr.io/rust-lang/crates-build-env/linux@sha256:34b6a614d2c27851fe6cbf88fbd1137609cefab8b10d0615aaeb6fd47975d74e" "/opt/rustwide/cargo-home/bin/cargo" "+beta-2021-08-01" "doc" "--frozen" "--no-deps" "--document-private-items" "--message-format=json", kill_on_drop: false }`
[INFO] [stdout] e5678f27e43fe9c7c5c4f78e85d77e2a2652a9f2ad20755bddac84acab2c486a
[INFO] running `Command { std: "docker" "start" "-a" "e5678f27e43fe9c7c5c4f78e85d77e2a2652a9f2ad20755bddac84acab2c486a", kill_on_drop: false }`
[INFO] [stderr]     Blocking waiting for file lock on package cache
[INFO] [stderr]    Compiling libc v0.2.58
[INFO] [stderr]    Compiling winapi v0.3.7
[INFO] [stderr]    Compiling libudev-sys v0.1.4
[INFO] [stderr]     Checking nix v0.14.1
[INFO] [stderr]     Checking libudev v0.2.0
[INFO] [stderr]     Checking serialport v3.3.0
[INFO] [stderr]  Documenting vmu v0.1.0 (/opt/rustwide/workdir)
[INFO] [stdout] error[E0433]: failed to resolve: could not find `um` in `winapi`
[INFO] [stdout]  --> src/windows.rs:3:13
[INFO] [stdout]   |
[INFO] [stdout] 3 | use winapi::um::objbase::*;
[INFO] [stdout]   |             ^^ could not find `um` in `winapi`
[INFO] [stdout] 
[INFO] [stdout] 
[INFO] [stdout] error[E0433]: failed to resolve: could not find `um` in `winapi`
[INFO] [stdout]  --> src/windows.rs:4:13
[INFO] [stdout]   |
[INFO] [stdout] 4 | use winapi::um::mmdeviceapi::*;
[INFO] [stdout]   |             ^^ could not find `um` in `winapi`
[INFO] [stdout] 
[INFO] [stdout] 
[INFO] [stdout] error[E0433]: failed to resolve: could not find `um` in `winapi`
[INFO] [stdout]  --> src/windows.rs:5:13
[INFO] [stdout]   |
[INFO] [stdout] 5 | use winapi::um::endpointvolume::*;
[INFO] [stdout]   |             ^^ could not find `um` in `winapi`
[INFO] [stdout] 
[INFO] [stdout] 
[INFO] [stdout] error[E0432]: unresolved import `winapi::shared`
[INFO] [stdout]  --> src/windows.rs:6:13
[INFO] [stdout]   |
[INFO] [stdout] 6 | use winapi::shared::*;
[INFO] [stdout]   |             ^^^^^^ could not find `shared` in `winapi`
[INFO] [stdout] 
[INFO] [stdout] 
[INFO] [stdout] error[E0432]: unresolved import `winapi::Interface`
[INFO] [stdout]  --> src/windows.rs:7:5
[INFO] [stdout]   |
[INFO] [stdout] 7 | use winapi::Interface;
[INFO] [stdout]   |     ^^^^^^^^^^^^^^^^^ no `Interface` in the root
[INFO] [stdout] 
[INFO] [stdout] 
[INFO] [stdout] error[E0433]: failed to resolve: could not find `um` in `winapi`
[INFO] [stdout]   --> src/main.rs:21:78
[INFO] [stdout]    |
[INFO] [stdout] 21 | fn connected(port : &mut serialport::SerialPort, input_device : *mut winapi::um::endpointvolume::IAudioMeterInformation) {
[INFO] [stdout]    |                                                                              ^^ could not find `um` in `winapi`
[INFO] [stdout] 
[INFO] [stdout] 
[INFO] [stdout] error[E0412]: cannot find type `IMMDeviceEnumerator` in this scope
[INFO] [stdout]  --> src/windows.rs:9:36
[INFO] [stdout]   |
[INFO] [stdout] 9 | fn get_device_enumerator() -> *mut IMMDeviceEnumerator {
[INFO] [stdout]   |                                    ^^^^^^^^^^^^^^^^^^^ not found in this scope
[INFO] [stdout] 
[INFO] [stdout] 
[INFO] [stdout] error[E0412]: cannot find type `IMMDeviceEnumerator` in this scope
[INFO] [stdout]   --> src/windows.rs:26:44
[INFO] [stdout]    |
[INFO] [stdout] 26 | fn get_imm_device(device_enumerator : *mut IMMDeviceEnumerator) -> *mut IMMDevice {
[INFO] [stdout]    |                                            ^^^^^^^^^^^^^^^^^^^ not found in this scope
[INFO] [stdout] 
[INFO] [stdout] 
[INFO] [stdout] error[E0412]: cannot find type `IMMDevice` in this scope
[INFO] [stdout]   --> src/windows.rs:26:73
[INFO] [stdout]    |
[INFO] [stdout] 26 | fn get_imm_device(device_enumerator : *mut IMMDeviceEnumerator) -> *mut IMMDevice {
[INFO] [stdout]    |                                                                         ^^^^^^^^^ not found in this scope
[INFO] [stdout] 
[INFO] [stdout] 
[INFO] [stdout] error[E0412]: cannot find type `IMMDevice` in this scope
[INFO] [stdout]   --> src/windows.rs:38:50
[INFO] [stdout]    |
[INFO] [stdout] 38 | fn get_iaudio_meter_information(pp_device : *mut IMMDevice) -> *mut IAudioMeterInformation {
[INFO] [stdout]    |                                                  ^^^^^^^^^ not found in this scope
[INFO] [stdout] 
[INFO] [stdout] 
[INFO] [stdout] error[E0412]: cannot find type `IAudioMeterInformation` in this scope
[INFO] [stdout]   --> src/windows.rs:38:69
[INFO] [stdout]    |
[INFO] [stdout] 38 | fn get_iaudio_meter_information(pp_device : *mut IMMDevice) -> *mut IAudioMeterInformation {
[INFO] [stdout]    |                                                                     ^^^^^^^^^^^^^^^^^^^^^^ not found in this scope
[INFO] [stdout] 
[INFO] [stdout] 
[INFO] [stdout] error[E0412]: cannot find type `IAudioMeterInformation` in this scope
[INFO] [stdout]   --> src/windows.rs:54:46
[INFO] [stdout]    |
[INFO] [stdout] 54 | pub fn get_audio_meter_information() -> *mut IAudioMeterInformation {
[INFO] [stdout]    |                                              ^^^^^^^^^^^^^^^^^^^^^^ not found in this scope
[INFO] [stdout] 
[INFO] [stdout] 
[INFO] [stdout] error: Compilation failed, aborting rustdoc
[INFO] [stdout] 
[INFO] [stdout] 
[INFO] [stdout] error: aborting due to 13 previous errors
[INFO] [stdout] 
[INFO] [stdout] 
[INFO] [stdout] Some errors have detailed explanations: E0412, E0432, E0433.
[INFO] [stdout] 
[INFO] [stdout] For more information about an error, try `rustc --explain E0412`.
[INFO] [stdout] 
[INFO] [stderr] error: could not document `vmu`
[INFO] [stderr] 
[INFO] [stderr] Caused by:
[INFO] [stderr]   process didn't exit successfully: `rustdoc --edition=2018 --crate-type bin --crate-name vmu src/main.rs -o /opt/rustwide/target/doc --error-format=json --json=diagnostic-rendered-ansi --document-private-items -L dependency=/opt/rustwide/target/debug/deps --extern serialport=/opt/rustwide/target/debug/deps/libserialport-abd3422042d5c92c.rmeta --extern winapi=/opt/rustwide/target/debug/deps/libwinapi-1c2edc22ef7b121a.rmeta --cap-lints=warn --crate-version 0.1.0` (exit status: 1)
[INFO] running `Command { std: "docker" "inspect" "e5678f27e43fe9c7c5c4f78e85d77e2a2652a9f2ad20755bddac84acab2c486a", kill_on_drop: false }`
[INFO] running `Command { std: "docker" "rm" "-f" "e5678f27e43fe9c7c5c4f78e85d77e2a2652a9f2ad20755bddac84acab2c486a", kill_on_drop: false }`
[INFO] [stdout] e5678f27e43fe9c7c5c4f78e85d77e2a2652a9f2ad20755bddac84acab2c486a
