[INFO] cloning repository https://github.com/quat1024/space-game-xd
[INFO] running `Command { std: "git" "-c" "credential.helper=" "-c" "credential.helper=/workspace/cargo-home/bin/git-credential-null" "clone" "--bare" "https://github.com/quat1024/space-game-xd" "/workspace/cache/git-repos/https%3A%2F%2Fgithub.com%2Fquat1024%2Fspace-game-xd", kill_on_drop: false }`
[INFO] [stderr] Cloning into bare repository '/workspace/cache/git-repos/https%3A%2F%2Fgithub.com%2Fquat1024%2Fspace-game-xd'...
[INFO] running `Command { std: "git" "rev-parse" "HEAD", kill_on_drop: false }`
[INFO] [stdout] a00c8fe6942fdbd3f9a83a2b60359d9baca8265e
[INFO] documenting quat1024/space-game-xd against beta-2021-08-01 for beta-1.55-rustdoc-1
[INFO] running `Command { std: "git" "clone" "/workspace/cache/git-repos/https%3A%2F%2Fgithub.com%2Fquat1024%2Fspace-game-xd" "/workspace/builds/worker-8/source", kill_on_drop: false }`
[INFO] [stderr] Cloning into '/workspace/builds/worker-8/source'...
[INFO] [stderr] done.
[INFO] validating manifest of git repo https://github.com/quat1024/space-game-xd on toolchain beta-2021-08-01
[INFO] running `Command { std: "/workspace/cargo-home/bin/cargo" "+beta-2021-08-01" "metadata" "--manifest-path" "Cargo.toml" "--no-deps", kill_on_drop: false }`
[INFO] removed /workspace/builds/worker-8/source/.cargo/config.toml
[INFO] started tweaking git repo https://github.com/quat1024/space-game-xd
[INFO] finished tweaking git repo https://github.com/quat1024/space-game-xd
[INFO] tweaked toml for git repo https://github.com/quat1024/space-game-xd written to /workspace/builds/worker-8/source/Cargo.toml
[INFO] crate git repo https://github.com/quat1024/space-game-xd already has a lockfile, it will not be regenerated
[INFO] running `Command { std: "/workspace/cargo-home/bin/cargo" "+beta-2021-08-01" "fetch" "--manifest-path" "Cargo.toml", kill_on_drop: false }`
[INFO] [stderr]  Downloading crates ...
[INFO] [stderr]   Downloaded lyon_geom v0.17.0
[INFO] [stderr]   Downloaded lyon v0.17.5
[INFO] [stderr]   Downloaded ultraviolet v0.8.0
[INFO] [stderr]   Downloaded wide v0.6.4
[INFO] [stderr]   Downloaded lyon_algorithms v0.17.4
[INFO] running `Command { std: "docker" "create" "-v" "/var/lib/crater-agent-workspace/builds/worker-8/target:/opt/rustwide/target:rw,Z" "-v" "/var/lib/crater-agent-workspace/builds/worker-8/source:/opt/rustwide/workdir:ro,Z" "-v" "/var/lib/crater-agent-workspace/cargo-home:/opt/rustwide/cargo-home:ro,Z" "-v" "/var/lib/crater-agent-workspace/rustup-home:/opt/rustwide/rustup-home:ro,Z" "-e" "SOURCE_DIR=/opt/rustwide/workdir" "-e" "CARGO_TARGET_DIR=/opt/rustwide/target" "-e" "CARGO_HOME=/opt/rustwide/cargo-home" "-e" "RUSTUP_HOME=/opt/rustwide/rustup-home" "-w" "/opt/rustwide/workdir" "-m" "1610612736" "--user" "0:0" "--network" "none" "ghcr.io/rust-lang/crates-build-env/linux@sha256:34b6a614d2c27851fe6cbf88fbd1137609cefab8b10d0615aaeb6fd47975d74e" "/opt/rustwide/cargo-home/bin/cargo" "+beta-2021-08-01" "metadata" "--no-deps" "--format-version=1", kill_on_drop: false }`
[INFO] [stdout] 68b2acf9b7fe8b6eb06eab57c273e4d2597a4f7d50ad4f2efa8049baf5300e19
[INFO] running `Command { std: "docker" "start" "-a" "68b2acf9b7fe8b6eb06eab57c273e4d2597a4f7d50ad4f2efa8049baf5300e19", kill_on_drop: false }`
[INFO] running `Command { std: "docker" "inspect" "68b2acf9b7fe8b6eb06eab57c273e4d2597a4f7d50ad4f2efa8049baf5300e19", kill_on_drop: false }`
[INFO] running `Command { std: "docker" "rm" "-f" "68b2acf9b7fe8b6eb06eab57c273e4d2597a4f7d50ad4f2efa8049baf5300e19", kill_on_drop: false }`
[INFO] [stdout] 68b2acf9b7fe8b6eb06eab57c273e4d2597a4f7d50ad4f2efa8049baf5300e19
[INFO] running `Command { std: "docker" "create" "-v" "/var/lib/crater-agent-workspace/builds/worker-8/target:/opt/rustwide/target:rw,Z" "-v" "/var/lib/crater-agent-workspace/builds/worker-8/source:/opt/rustwide/workdir:ro,Z" "-v" "/var/lib/crater-agent-workspace/cargo-home:/opt/rustwide/cargo-home:ro,Z" "-v" "/var/lib/crater-agent-workspace/rustup-home:/opt/rustwide/rustup-home:ro,Z" "-e" "SOURCE_DIR=/opt/rustwide/workdir" "-e" "CARGO_TARGET_DIR=/opt/rustwide/target" "-e" "CARGO_INCREMENTAL=0" "-e" "RUST_BACKTRACE=full" "-e" "RUSTDOCFLAGS=--cap-lints=warn" "-e" "CARGO_HOME=/opt/rustwide/cargo-home" "-e" "RUSTUP_HOME=/opt/rustwide/rustup-home" "-w" "/opt/rustwide/workdir" "-m" "1610612736" "--user" "0:0" "--network" "none" "ghcr.io/rust-lang/crates-build-env/linux@sha256:34b6a614d2c27851fe6cbf88fbd1137609cefab8b10d0615aaeb6fd47975d74e" "/opt/rustwide/cargo-home/bin/cargo" "+beta-2021-08-01" "doc" "--frozen" "--no-deps" "--document-private-items" "--message-format=json", kill_on_drop: false }`
[INFO] [stdout] 425906ed678d78469a1da624ed87d1f340eabfa34c2c4fa4c5cbbcbeddfb0143
[INFO] running `Command { std: "docker" "start" "-a" "425906ed678d78469a1da624ed87d1f340eabfa34c2c4fa4c5cbbcbeddfb0143", kill_on_drop: false }`
[INFO] [stderr]     Blocking waiting for file lock on package cache
[INFO] [stderr]     Blocking waiting for file lock on package cache
[INFO] [stderr]     Blocking waiting for file lock on package cache
[INFO] [stderr]    Compiling libc v0.2.93
[INFO] [stderr]    Compiling syn v1.0.65
[INFO] [stderr]    Compiling xml-rs v0.8.3
[INFO] [stderr]    Compiling khronos-egl v3.0.2
[INFO] [stderr]     Checking ttf-parser v0.6.2
[INFO] [stderr]     Checking glow v0.7.2
[INFO] [stderr]     Checking hashbrown v0.9.1
[INFO] [stderr]     Checking libloading v0.6.7
[INFO] [stderr]    Compiling wayland-sys v0.28.5
[INFO] [stderr]    Compiling nom v6.1.2
[INFO] [stderr]    Compiling wgpu-core v0.7.1
[INFO] [stderr]     Checking dlib v0.5.0
[INFO] [stderr]     Checking wgpu-types v0.7.0
[INFO] [stderr]    Compiling anyhow v1.0.40
[INFO] [stderr]     Checking memoffset v0.6.3
[INFO] [stderr]     Checking euclid v0.22.3
[INFO] [stderr]     Checking sid v0.6.1
[INFO] [stderr]     Checking crossbeam-channel v0.5.1
[INFO] [stderr]     Checking regex v1.4.6
[INFO] [stderr]     Checking crossbeam-epoch v0.9.3
[INFO] [stderr]     Checking ash v0.31.0
[INFO] [stderr]     Checking dlib v0.4.2
[INFO] [stderr]     Checking crossbeam-deque v0.8.0
[INFO] [stderr]     Checking indexmap v1.6.2
[INFO] [stderr]    Compiling wayland-scanner v0.28.5
[INFO] [stderr]     Checking petgraph v0.5.1
[INFO] [stderr]     Checking lyon_geom v0.17.0
[INFO] [stderr]     Checking owned_ttf_parser v0.6.0
[INFO] [stderr]     Checking rusttype v0.9.2
[INFO] [stderr]     Checking andrew v0.3.1
[INFO] [stderr]     Checking lyon_path v0.17.2
[INFO] [stderr]     Checking raw-window-handle v0.3.3
[INFO] [stderr]     Checking parking_lot_core v0.8.3
[INFO] [stderr]     Checking nix v0.20.0
[INFO] [stderr]     Checking num_cpus v1.13.0
[INFO] [stderr]     Checking iovec v0.1.4
[INFO] [stderr]     Checking nix v0.18.0
[INFO] [stderr]     Checking net2 v0.2.37
[INFO] [stderr]     Checking memmap2 v0.1.0
[INFO] [stderr]     Checking x11-dl v2.18.5
[INFO] [stderr]     Checking atty v0.2.14
[INFO] [stderr]     Checking env_logger v0.7.1
[INFO] [stderr]    Compiling jobserver v0.1.22
[INFO] [stderr]     Checking rayon-core v1.9.0
[INFO] [stderr]     Checking lyon_algorithms v0.17.4
[INFO] [stderr]     Checking lyon_tessellation v0.17.6
[INFO] [stderr]     Checking parking_lot v0.11.1
[INFO] [stderr]     Checking mio v0.6.23
[INFO] [stderr]    Compiling cc v1.0.67
[INFO] [stderr]     Checking rayon v1.5.0
[INFO] [stderr]     Checking mio-extras v2.0.6
[INFO] [stderr]    Compiling wayland-client v0.28.5
[INFO] [stderr]    Compiling wayland-protocols v0.28.5
[INFO] [stderr]     Checking xcursor v0.3.3
[INFO] [stderr]     Checking lyon v0.17.5
[INFO] [stderr]    Compiling cmake v0.1.45
[INFO] [stderr]    Compiling spirv_cross v0.23.1
[INFO] [stderr]    Compiling shaderc-sys v0.7.2
[INFO] [stderr] error: could not compile `ash`
[INFO] [stderr] 
[INFO] [stderr] Caused by:
[INFO] [stderr]   process didn't exit successfully: `rustc --crate-name ash --edition=2018 /opt/rustwide/cargo-home/registry/src/github.com-1ecc6299db9ec823/ash-0.31.0/src/lib.rs --error-format=json --json=diagnostic-rendered-ansi --crate-type lib --emit=dep-info,metadata -C embed-bitcode=no -C debuginfo=2 --cfg 'feature="default"' --cfg 'feature="libloading"' -C metadata=b3d8fd5dc6e812e7 -C extra-filename=-b3d8fd5dc6e812e7 --out-dir /opt/rustwide/target/debug/deps -L dependency=/opt/rustwide/target/debug/deps --extern libloading=/opt/rustwide/target/debug/deps/liblibloading-a35b7968aac945f1.rmeta --cap-lints allow` (signal: 9, SIGKILL: kill)
[INFO] [stderr] warning: build failed, waiting for other jobs to finish...
[INFO] [stderr] The following warnings were emitted during compilation:
[INFO] [stderr] 
[INFO] [stderr] warning: src/wrapper.cpp:2: warning: ignoring #pragma warning  [-Wunknown-pragmas]
[INFO] [stderr] warning:     2 | #pragma warning(disable : 4996 4101)
[INFO] [stderr] warning:       | 
[INFO] [stderr] warning: c++: fatal error: Killed signal terminated program cc1plus
[INFO] [stderr] warning: compilation terminated.
[INFO] [stderr] warning: c++: fatal error: Killed signal terminated program cc1plus
[INFO] [stderr] warning: compilation terminated.
[INFO] [stderr] warning: c++: fatal error: Killed signal terminated program cc1plus
[INFO] [stderr] warning: compilation terminated.
[INFO] [stderr] warning: c++: fatal error: Killed signal terminated program cc1plus
[INFO] [stderr] warning: compilation terminated.
[INFO] [stderr] warning: c++: fatal error: Killed signal terminated program cc1plus
[INFO] [stderr] warning: compilation terminated.
[INFO] [stderr] warning: c++: fatal error: Killed signal terminated program cc1plus
[INFO] [stderr] warning: compilation terminated.
[INFO] [stderr] warning: c++: fatal error: Killed signal terminated program cc1plus
[INFO] [stderr] warning: compilation terminated.
[INFO] [stderr] 
[INFO] [stderr] The following warnings were emitted during compilation:
[INFO] [stderr] 
[INFO] [stderr] warning: shaderc: searching for native shaderc libraries on system;  use '--features build-from-source' to force building from source code
[INFO] [stderr] warning: shaderc: cannot find native shaderc library on system; falling back to build from source
[INFO] [stderr] 
[INFO] [stderr] error: build failed
[INFO] running `Command { std: "docker" "inspect" "425906ed678d78469a1da624ed87d1f340eabfa34c2c4fa4c5cbbcbeddfb0143", kill_on_drop: false }`
[INFO] running `Command { std: "docker" "rm" "-f" "425906ed678d78469a1da624ed87d1f340eabfa34c2c4fa4c5cbbcbeddfb0143", kill_on_drop: false }`
[INFO] [stdout] 425906ed678d78469a1da624ed87d1f340eabfa34c2c4fa4c5cbbcbeddfb0143
