[INFO] cloning repository https://github.com/qmx/limonite
[INFO] running `Command { std: "git" "-c" "credential.helper=" "-c" "credential.helper=/workspace/cargo-home/bin/git-credential-null" "clone" "--bare" "https://github.com/qmx/limonite" "/workspace/cache/git-repos/https%3A%2F%2Fgithub.com%2Fqmx%2Flimonite", kill_on_drop: false }`
[INFO] [stderr] Cloning into bare repository '/workspace/cache/git-repos/https%3A%2F%2Fgithub.com%2Fqmx%2Flimonite'...
[INFO] running `Command { std: "git" "rev-parse" "HEAD", kill_on_drop: false }`
[INFO] [stdout] 78852fac0508de47a94a7ff68c6f4f8bf1f0146f
[INFO] documenting qmx/limonite against 1.54.0 for beta-1.55-rustdoc-1
[INFO] running `Command { std: "git" "clone" "/workspace/cache/git-repos/https%3A%2F%2Fgithub.com%2Fqmx%2Flimonite" "/workspace/builds/worker-15/source", kill_on_drop: false }`
[INFO] [stderr] Cloning into '/workspace/builds/worker-15/source'...
[INFO] [stderr] done.
[INFO] validating manifest of git repo https://github.com/qmx/limonite on toolchain 1.54.0
[INFO] running `Command { std: "/workspace/cargo-home/bin/cargo" "+1.54.0" "metadata" "--manifest-path" "Cargo.toml" "--no-deps", kill_on_drop: false }`
[INFO] started tweaking git repo https://github.com/qmx/limonite
[INFO] finished tweaking git repo https://github.com/qmx/limonite
[INFO] tweaked toml for git repo https://github.com/qmx/limonite written to /workspace/builds/worker-15/source/Cargo.toml
[INFO] crate git repo https://github.com/qmx/limonite already has a lockfile, it will not be regenerated
[INFO] running `Command { std: "/workspace/cargo-home/bin/cargo" "+1.54.0" "fetch" "--manifest-path" "Cargo.toml", kill_on_drop: false }`
[INFO] running `Command { std: "docker" "create" "-v" "/var/lib/crater-agent-workspace/builds/worker-15/target:/opt/rustwide/target:rw,Z" "-v" "/var/lib/crater-agent-workspace/builds/worker-15/source:/opt/rustwide/workdir:ro,Z" "-v" "/var/lib/crater-agent-workspace/cargo-home:/opt/rustwide/cargo-home:ro,Z" "-v" "/var/lib/crater-agent-workspace/rustup-home:/opt/rustwide/rustup-home:ro,Z" "-e" "SOURCE_DIR=/opt/rustwide/workdir" "-e" "CARGO_TARGET_DIR=/opt/rustwide/target" "-e" "CARGO_HOME=/opt/rustwide/cargo-home" "-e" "RUSTUP_HOME=/opt/rustwide/rustup-home" "-w" "/opt/rustwide/workdir" "-m" "1610612736" "--user" "0:0" "--network" "none" "ghcr.io/rust-lang/crates-build-env/linux@sha256:34b6a614d2c27851fe6cbf88fbd1137609cefab8b10d0615aaeb6fd47975d74e" "/opt/rustwide/cargo-home/bin/cargo" "+1.54.0" "metadata" "--no-deps" "--format-version=1", kill_on_drop: false }`
[INFO] [stdout] 9d8fb1c69533184870574c032ce65e20cc8ecddda3bcc7f48e88362b9e1264a4
[INFO] running `Command { std: "docker" "start" "-a" "9d8fb1c69533184870574c032ce65e20cc8ecddda3bcc7f48e88362b9e1264a4", kill_on_drop: false }`
[INFO] running `Command { std: "docker" "inspect" "9d8fb1c69533184870574c032ce65e20cc8ecddda3bcc7f48e88362b9e1264a4", kill_on_drop: false }`
[INFO] running `Command { std: "docker" "rm" "-f" "9d8fb1c69533184870574c032ce65e20cc8ecddda3bcc7f48e88362b9e1264a4", kill_on_drop: false }`
[INFO] [stdout] 9d8fb1c69533184870574c032ce65e20cc8ecddda3bcc7f48e88362b9e1264a4
[INFO] running `Command { std: "docker" "create" "-v" "/var/lib/crater-agent-workspace/builds/worker-15/target:/opt/rustwide/target:rw,Z" "-v" "/var/lib/crater-agent-workspace/builds/worker-15/source:/opt/rustwide/workdir:ro,Z" "-v" "/var/lib/crater-agent-workspace/cargo-home:/opt/rustwide/cargo-home:ro,Z" "-v" "/var/lib/crater-agent-workspace/rustup-home:/opt/rustwide/rustup-home:ro,Z" "-e" "SOURCE_DIR=/opt/rustwide/workdir" "-e" "CARGO_TARGET_DIR=/opt/rustwide/target" "-e" "CARGO_INCREMENTAL=0" "-e" "RUST_BACKTRACE=full" "-e" "RUSTDOCFLAGS=--cap-lints=warn" "-e" "CARGO_HOME=/opt/rustwide/cargo-home" "-e" "RUSTUP_HOME=/opt/rustwide/rustup-home" "-w" "/opt/rustwide/workdir" "-m" "1610612736" "--user" "0:0" "--network" "none" "ghcr.io/rust-lang/crates-build-env/linux@sha256:34b6a614d2c27851fe6cbf88fbd1137609cefab8b10d0615aaeb6fd47975d74e" "/opt/rustwide/cargo-home/bin/cargo" "+1.54.0" "doc" "--frozen" "--no-deps" "--document-private-items" "--message-format=json", kill_on_drop: false }`
[INFO] [stdout] f9b17554ed78e67ff3e2654da14816d1f5970160e3de98ad127887c40ac5cf34
[INFO] running `Command { std: "docker" "start" "-a" "f9b17554ed78e67ff3e2654da14816d1f5970160e3de98ad127887c40ac5cf34", kill_on_drop: false }`
[INFO] [stderr]    Compiling libc v0.2.11
[INFO] [stderr]    Compiling gcc v0.3.28
[INFO] [stderr]    Compiling rustc-serialize v0.3.19
[INFO] [stderr]    Compiling winapi v0.2.7
[INFO] [stderr]    Compiling bitflags v0.3.3
[INFO] [stderr]     Checking num-traits v0.1.32
[INFO] [stderr]    Compiling matches v0.1.2
[INFO] [stderr]    Compiling bitflags v0.1.1
[INFO] [stderr]     Checking regex-syntax v0.3.1
[INFO] [stderr]     Checking strsim v0.4.1
[INFO] [stderr]     Checking vec_map v0.4.0
[INFO] [stderr]     Checking getopts v0.2.14
[INFO] [stderr]     Checking ansi_term v0.7.2
[INFO] [stderr]     Checking libc v0.1.12
[INFO] [stderr]     Checking quick-error v0.1.4
[INFO] [stderr]     Checking itertools v0.4.15
[INFO] [stderr]     Checking yaml-rust v0.2.2
[INFO] [stderr]    Compiling openssl-sys v0.7.12
[INFO] [stderr]    Compiling kernel32-sys v0.2.2
[INFO] [stdout] error[E0642]: patterns aren't allowed in functions without bodies
[INFO] [stdout]    --> /opt/rustwide/cargo-home/registry/src/github.com-1ecc6299db9ec823/rustc-serialize-0.3.19/src/serialize.rs:147:45
[INFO] [stdout]     |
[INFO] [stdout] 147 | ...                   &f_name: &str,
[INFO] [stdout]     |                       ^^^^^^^ pattern not allowed in function without body
[INFO] [stdout] 
[INFO] [stdout] 
[INFO] [stdout] error[E0642]: patterns aren't allowed in functions without bodies
[INFO] [stdout]    --> /opt/rustwide/cargo-home/registry/src/github.com-1ecc6299db9ec823/rustc-serialize-0.3.19/src/serialize.rs:147:45
[INFO] [stdout]     |
[INFO] [stdout] 147 | ...                   &f_name: &str,
[INFO] [stdout]     |                       ^^^^^^^ pattern not allowed in function without body
[INFO] [stdout] 
[INFO] [stdout] 
[INFO] [stderr]    Compiling cmake v0.1.17
[INFO] [stderr]    Compiling term v0.2.14
[INFO] [stderr]     Checking num-integer v0.1.32
[INFO] [stderr]    Compiling rand v0.3.14
[INFO] [stderr]     Checking walkdir v0.1.5
[INFO] [stderr]     Checking clap v1.5.5
[INFO] [stderr]     Checking thread-id v2.0.0
[INFO] [stderr]     Checking memchr v0.1.11
[INFO] [stderr]     Checking time v0.1.35
[INFO] [stderr]     Checking num-iter v0.1.32
[INFO] [stdout] error[E0503]: cannot use `state` because it was mutably borrowed
[INFO] [stdout]     --> /opt/rustwide/cargo-home/registry/src/github.com-1ecc6299db9ec823/getopts-0.2.14/src/lib.rs:1008:33
[INFO] [stdout]      |
[INFO] [stdout] 955  |     let mut machine = |cont: &mut bool, (i, c): (usize, char)| {
[INFO] [stdout]      |                       ---------------------------------------- borrow of `state` occurs here
[INFO] [stdout] ...
[INFO] [stdout] 959  |         state = match (state, whitespace, limit) {
[INFO] [stdout]      |         ----- borrow occurs due to use of `state` in closure
[INFO] [stdout] ...
[INFO] [stdout] 1008 |     while cont && match state { B | C => true, A => false } {
[INFO] [stdout]      |                                 ^ use of borrowed `state`
[INFO] [stdout] 1009 |         machine(&mut cont, (fake_i, ' '));
[INFO] [stdout]      |         ------- borrow later used here
[INFO] [stdout] 
[INFO] [stdout] 
[INFO] [stdout] error: aborting due to previous error
[INFO] [stdout] 
[INFO] [stdout] 
[INFO] [stdout] For more information about this error, try `rustc --explain E0503`.
[INFO] [stdout] 
[INFO] [stderr]    Compiling libz-sys v1.0.3
[INFO] [stderr]    Compiling rust-crypto v0.2.35
[INFO] [stderr] error: could not compile `getopts`
[INFO] [stderr] 
[INFO] [stderr] To learn more, run the command again with --verbose.
[INFO] [stderr] warning: build failed, waiting for other jobs to finish...
[INFO] [stdout] error: aborting due to previous error
[INFO] [stdout] 
[INFO] [stdout] 
[INFO] [stdout] For more information about this error, try `rustc --explain E0642`.
[INFO] [stdout] 
[INFO] [stdout] error: aborting due to previous error
[INFO] [stdout] 
[INFO] [stdout] 
[INFO] [stdout] For more information about this error, try `rustc --explain E0642`.
[INFO] [stdout] 
[INFO] [stderr] error: build failed
[INFO] running `Command { std: "docker" "inspect" "f9b17554ed78e67ff3e2654da14816d1f5970160e3de98ad127887c40ac5cf34", kill_on_drop: false }`
[INFO] running `Command { std: "docker" "rm" "-f" "f9b17554ed78e67ff3e2654da14816d1f5970160e3de98ad127887c40ac5cf34", kill_on_drop: false }`
[INFO] [stdout] f9b17554ed78e67ff3e2654da14816d1f5970160e3de98ad127887c40ac5cf34
