[INFO] cloning repository https://github.com/pwoolcoc/crates-ro
[INFO] running `Command { std: "git" "-c" "credential.helper=" "-c" "credential.helper=/workspace/cargo-home/bin/git-credential-null" "clone" "--bare" "https://github.com/pwoolcoc/crates-ro" "/workspace/cache/git-repos/https%3A%2F%2Fgithub.com%2Fpwoolcoc%2Fcrates-ro", kill_on_drop: false }`
[INFO] [stderr] Cloning into bare repository '/workspace/cache/git-repos/https%3A%2F%2Fgithub.com%2Fpwoolcoc%2Fcrates-ro'...
[INFO] running `Command { std: "git" "rev-parse" "HEAD", kill_on_drop: false }`
[INFO] [stdout] 70fe6b2c4ae57cf2f3ff930c0153e7c617cc5ef5
[INFO] documenting pwoolcoc/crates-ro against beta-2021-08-01 for beta-1.55-rustdoc-1
[INFO] running `Command { std: "git" "clone" "/workspace/cache/git-repos/https%3A%2F%2Fgithub.com%2Fpwoolcoc%2Fcrates-ro" "/workspace/builds/worker-1/source", kill_on_drop: false }`
[INFO] [stderr] Cloning into '/workspace/builds/worker-1/source'...
[INFO] [stderr] done.
[INFO] validating manifest of git repo https://github.com/pwoolcoc/crates-ro on toolchain beta-2021-08-01
[INFO] running `Command { std: "/workspace/cargo-home/bin/cargo" "+beta-2021-08-01" "metadata" "--manifest-path" "Cargo.toml" "--no-deps", kill_on_drop: false }`
[INFO] started tweaking git repo https://github.com/pwoolcoc/crates-ro
[INFO] finished tweaking git repo https://github.com/pwoolcoc/crates-ro
[INFO] tweaked toml for git repo https://github.com/pwoolcoc/crates-ro written to /workspace/builds/worker-1/source/Cargo.toml
[INFO] crate git repo https://github.com/pwoolcoc/crates-ro already has a lockfile, it will not be regenerated
[INFO] running `Command { std: "/workspace/cargo-home/bin/cargo" "+beta-2021-08-01" "fetch" "--manifest-path" "Cargo.toml", kill_on_drop: false }`
[INFO] [stderr]     Blocking waiting for file lock on package cache
[INFO] [stderr]  Downloading crates ...
[INFO] [stderr]   Downloaded redox_syscall v0.1.26
[INFO] [stderr]   Downloaded serde v1.0.10
[INFO] [stderr]   Downloaded serde_derive v1.0.10
[INFO] [stderr]   Downloaded openssl-sys v0.9.14
[INFO] [stderr]   Downloaded libflate v0.1.9
[INFO] [stderr]   Downloaded reqwest v0.6.2
[INFO] [stderr]   Downloaded rocket_contrib v0.3.0
[INFO] [stderr]   Downloaded chan v0.1.19
[INFO] [stderr]   Downloaded yansi v0.3.0
[INFO] [stderr]   Downloaded tera v0.10.8
[INFO] [stderr]   Downloaded skeptic v0.9.0
[INFO] [stderr]   Downloaded lz4 v1.21.1
[INFO] [stderr]   Downloaded clap v2.25.0
[INFO] [stderr]   Downloaded tantivy v0.4.0
[INFO] [stderr]   Downloaded pulldown-cmark v0.0.8
[INFO] [stderr]   Downloaded openssl v0.9.14
[INFO] [stderr]   Downloaded lz4-sys v1.7.5
[INFO] [stderr]   Downloaded combine v2.4.0
[INFO] [stderr]   Downloaded atomicwrites v0.1.3
[INFO] [stderr]   Downloaded fst v0.1.38
[INFO] [stderr]   Downloaded collection_macros v0.2.0
[INFO] running `Command { std: "docker" "create" "-v" "/var/lib/crater-agent-workspace/builds/worker-1/target:/opt/rustwide/target:rw,Z" "-v" "/var/lib/crater-agent-workspace/builds/worker-1/source:/opt/rustwide/workdir:ro,Z" "-v" "/var/lib/crater-agent-workspace/cargo-home:/opt/rustwide/cargo-home:ro,Z" "-v" "/var/lib/crater-agent-workspace/rustup-home:/opt/rustwide/rustup-home:ro,Z" "-e" "SOURCE_DIR=/opt/rustwide/workdir" "-e" "CARGO_TARGET_DIR=/opt/rustwide/target" "-e" "CARGO_HOME=/opt/rustwide/cargo-home" "-e" "RUSTUP_HOME=/opt/rustwide/rustup-home" "-w" "/opt/rustwide/workdir" "-m" "1610612736" "--user" "0:0" "--network" "none" "ghcr.io/rust-lang/crates-build-env/linux@sha256:34b6a614d2c27851fe6cbf88fbd1137609cefab8b10d0615aaeb6fd47975d74e" "/opt/rustwide/cargo-home/bin/cargo" "+beta-2021-08-01" "metadata" "--no-deps" "--format-version=1", kill_on_drop: false }`
[INFO] [stdout] c0d064ecb98e7c442200d739fd79c92087167965c8ba3313fd09cd9275037e08
[INFO] running `Command { std: "docker" "start" "-a" "c0d064ecb98e7c442200d739fd79c92087167965c8ba3313fd09cd9275037e08", kill_on_drop: false }`
[INFO] running `Command { std: "docker" "inspect" "c0d064ecb98e7c442200d739fd79c92087167965c8ba3313fd09cd9275037e08", kill_on_drop: false }`
[INFO] running `Command { std: "docker" "rm" "-f" "c0d064ecb98e7c442200d739fd79c92087167965c8ba3313fd09cd9275037e08", kill_on_drop: false }`
[INFO] [stdout] c0d064ecb98e7c442200d739fd79c92087167965c8ba3313fd09cd9275037e08
[INFO] running `Command { std: "docker" "create" "-v" "/var/lib/crater-agent-workspace/builds/worker-1/target:/opt/rustwide/target:rw,Z" "-v" "/var/lib/crater-agent-workspace/builds/worker-1/source:/opt/rustwide/workdir:ro,Z" "-v" "/var/lib/crater-agent-workspace/cargo-home:/opt/rustwide/cargo-home:ro,Z" "-v" "/var/lib/crater-agent-workspace/rustup-home:/opt/rustwide/rustup-home:ro,Z" "-e" "SOURCE_DIR=/opt/rustwide/workdir" "-e" "CARGO_TARGET_DIR=/opt/rustwide/target" "-e" "CARGO_INCREMENTAL=0" "-e" "RUST_BACKTRACE=full" "-e" "RUSTDOCFLAGS=--cap-lints=warn" "-e" "CARGO_HOME=/opt/rustwide/cargo-home" "-e" "RUSTUP_HOME=/opt/rustwide/rustup-home" "-w" "/opt/rustwide/workdir" "-m" "1610612736" "--user" "0:0" "--network" "none" "ghcr.io/rust-lang/crates-build-env/linux@sha256:34b6a614d2c27851fe6cbf88fbd1137609cefab8b10d0615aaeb6fd47975d74e" "/opt/rustwide/cargo-home/bin/cargo" "+beta-2021-08-01" "doc" "--frozen" "--no-deps" "--document-private-items" "--message-format=json", kill_on_drop: false }`
[INFO] [stdout] 32a33d4ed9a3f44c828209e2cadf52b4a7d7f758e61114b4afc03fba301734b6
[INFO] running `Command { std: "docker" "start" "-a" "32a33d4ed9a3f44c828209e2cadf52b4a7d7f758e61114b4afc03fba301734b6", kill_on_drop: false }`
[INFO] [stderr] warning: output filename collision.
[INFO] [stderr] The bin target `crates-no` in package `crates-no v0.1.0 (/opt/rustwide/workdir)` has the same output filename as the lib target `crates_no` in package `crates-no v0.1.0 (/opt/rustwide/workdir)`.
[INFO] [stderr] Colliding filename is: /opt/rustwide/target/doc/crates_no/index.html
[INFO] [stderr] The output filenames should be unique.
[INFO] [stderr] This is a known bug where multiple crates with the same name use
[INFO] [stderr] the same path; see <https://github.com/rust-lang/cargo/issues/6313>.
[INFO] [stderr] If this looks unexpected, it may be a bug in Cargo. Please file a bug report at
[INFO] [stderr] https://github.com/rust-lang/cargo/issues/ with as much information as you
[INFO] [stderr] can provide.
[INFO] [stderr] cargo 1.55.0-beta (1f76a218b 2021-07-29) running on `x86_64-unknown-linux-gnu` target `x86_64-unknown-linux-gnu`
[INFO] [stderr] First unit: Unit { pkg: Package { id: PackageId { name: "crates-no", version: "0.1.0", source: "/opt/rustwide/workdir" }, ..: ".." }, target: TargetInner { name: "crates-no", doc: true, ..: with_path("/opt/rustwide/workdir/src/bin/webapp.rs", Edition2015) }, profile: Profile { name: "doc", debuginfo: Some(2), debug_assertions: true, overflow_checks: true, ..: default() }, kind: Host, mode: Doc { deps: false }, features: [], is_std: false, dep_hash: 10561217676592269473 }
[INFO] [stderr] Second unit: Unit { pkg: Package { id: PackageId { name: "crates-no", version: "0.1.0", source: "/opt/rustwide/workdir" }, ..: ".." }, target: TargetInner { ..: lib_target("crates_no", ["lib"], "/opt/rustwide/workdir/src/lib.rs", Edition2015) }, profile: Profile { name: "doc", debuginfo: Some(2), debug_assertions: true, overflow_checks: true, ..: default() }, kind: Host, mode: Doc { deps: false }, features: [], is_std: false, dep_hash: 6443364129161842055 }
[INFO] [stderr]     Checking libc v0.2.26
[INFO] [stderr]    Compiling gcc v0.3.51
[INFO] [stderr]    Compiling rayon-core v1.2.1
[INFO] [stderr]    Compiling scopeguard v0.3.2
[INFO] [stderr]    Compiling either v1.1.0
[INFO] [stderr]    Compiling lazy_static v0.2.8
[INFO] [stderr]    Compiling futures v0.1.14
[INFO] [stderr]     Checking serde v1.0.10
[INFO] [stderr]    Compiling yansi v0.3.0
[INFO] [stderr]    Compiling getopts v0.2.14
[INFO] [stderr]     Checking rustc-demangle v0.1.4
[INFO] [stderr]    Compiling bitflags v0.5.0
[INFO] [stderr]    Compiling byteorder v1.1.0
[INFO] [stderr]    Compiling percent-encoding v1.0.0
[INFO] [stderr]    Compiling openssl v0.9.14
[INFO] [stderr]     Checking untrusted v0.5.0
[INFO] [stderr]    Compiling log v0.3.8
[INFO] [stderr]    Compiling pear_codegen v0.0.10
[INFO] [stderr]     Checking bitflags v0.4.0
[INFO] [stderr]    Compiling httparse v1.2.3
[INFO] [stderr]     Checking regex-syntax v0.3.9
[INFO] [stderr]    Compiling ordermap v0.2.10
[INFO] [stderr]     Checking state v0.3.1
[INFO] [stderr]    Compiling smallvec v0.4.1
[INFO] [stderr]     Checking utf8-ranges v0.1.3
[INFO] [stderr]     Checking humansize v1.0.1
[INFO] [stderr]     Checking pear v0.0.10
[INFO] [stderr]     Checking bit-vec v0.4.4
[INFO] [stdout] error[E0557]: feature has been removed
[INFO] [stdout]  --> /opt/rustwide/cargo-home/registry/src/github.com-1ecc6299db9ec823/state-0.3.1/src/lib.rs:1:12
[INFO] [stdout]   |
[INFO] [stdout] 1 | #![feature(const_fn, drop_types_in_const)]
[INFO] [stdout]   |            ^^^^^^^^ feature has been removed
[INFO] [stdout]   |
[INFO] [stdout]   = note: split into finer-grained feature gates
[INFO] [stdout] 
[INFO] [stdout] 
[INFO] [stdout] error[E0557]: feature has been removed
[INFO] [stdout]  --> /opt/rustwide/cargo-home/registry/src/github.com-1ecc6299db9ec823/yansi-0.3.0/src/lib.rs:1:40
[INFO] [stdout]   |
[INFO] [stdout] 1 | #![cfg_attr(feature="nightly", feature(const_fn))]
[INFO] [stdout]   |                                        ^^^^^^^^ feature has been removed
[INFO] [stdout]   |
[INFO] [stdout]   = note: split into finer-grained feature gates
[INFO] [stdout] 
[INFO] [stdout] 
[INFO] [stdout] error[E0554]: `#![feature]` may not be used on the beta release channel
[INFO] [stdout]  --> /opt/rustwide/cargo-home/registry/src/github.com-1ecc6299db9ec823/state-0.3.1/src/lib.rs:1:1
[INFO] [stdout]   |
[INFO] [stdout] 1 | #![feature(const_fn, drop_types_in_const)]
[INFO] [stdout]   | ^^^^^^^^^^^^^^^^^^^^^^^^^^^^^^^^^^^^^^^^^^
[INFO] [stdout]   |
[INFO] [stdout]   = help: the feature `drop_types_in_const` has been stable since 1.22.0 and no longer requires an attribute to enable
[INFO] [stdout] 
[INFO] [stdout] 
[INFO] [stdout] error[E0554]: `#![feature]` may not be used on the beta release channel
[INFO] [stdout]  --> /opt/rustwide/cargo-home/registry/src/github.com-1ecc6299db9ec823/yansi-0.3.0/src/lib.rs:1:32
[INFO] [stdout]   |
[INFO] [stdout] 1 | #![cfg_attr(feature="nightly", feature(const_fn))]
[INFO] [stdout]   |                                ^^^^^^^^^^^^^^^^^
[INFO] [stdout] 
[INFO] [stdout] 
[INFO] [stderr]     Checking version v2.0.1
[INFO] [stdout] error[E0557]: feature has been removed
[INFO] [stdout]  --> /opt/rustwide/cargo-home/registry/src/github.com-1ecc6299db9ec823/yansi-0.3.0/src/lib.rs:1:40
[INFO] [stdout]   |
[INFO] [stdout] 1 | #![cfg_attr(feature="nightly", feature(const_fn))]
[INFO] [stdout]   |                                        ^^^^^^^^ feature has been removed
[INFO] [stdout]   |
[INFO] [stdout]   = note: split into finer-grained feature gates
[INFO] [stdout] 
[INFO] [stdout] 
[INFO] [stdout] error[E0557]: feature has been removed
[INFO] [stdout]  --> /opt/rustwide/cargo-home/registry/src/github.com-1ecc6299db9ec823/pear_codegen-0.0.10/src/lib.rs:1:45
[INFO] [stdout]   |
[INFO] [stdout] 1 | #![feature(plugin_registrar, rustc_private, quote)]
[INFO] [stdout]   |                                             ^^^^^ feature has been removed
[INFO] [stdout] 
[INFO] [stdout] 
[INFO] [stdout] error[E0554]: `#![feature]` may not be used on the beta release channel
[INFO] [stdout]  --> /opt/rustwide/cargo-home/registry/src/github.com-1ecc6299db9ec823/yansi-0.3.0/src/lib.rs:1:32
[INFO] [stdout]   |
[INFO] [stdout] 1 | #![cfg_attr(feature="nightly", feature(const_fn))]
[INFO] [stdout]   |                                ^^^^^^^^^^^^^^^^^
[INFO] [stdout] 
[INFO] [stdout] 
[INFO] [stdout] error[E0462]: found staticlib `rustc` instead of rlib or dylib
[INFO] [stdout]  --> /opt/rustwide/cargo-home/registry/src/github.com-1ecc6299db9ec823/pear_codegen-0.0.10/src/lib.rs:3:1
[INFO] [stdout]   |
[INFO] [stdout] 3 | extern crate rustc;
[INFO] [stdout]   | ^^^^^^^^^^^^^^^^^^^
[INFO] [stdout]   |
[INFO] [stdout]   = help: please recompile that crate using --crate-type lib
[INFO] [stdout]   = note: the following crate versions were found:
[INFO] [stdout]           crate `rustc`: /opt/rustwide/rustup-home/toolchains/beta-2021-08-01-x86_64-unknown-linux-gnu/lib/rustlib/x86_64-unknown-linux-gnu/lib/librustc-beta_rt.asan.a
[INFO] [stdout]           crate `rustc`: /opt/rustwide/rustup-home/toolchains/beta-2021-08-01-x86_64-unknown-linux-gnu/lib/rustlib/x86_64-unknown-linux-gnu/lib/librustc-beta_rt.tsan.a
[INFO] [stdout]           crate `rustc`: /opt/rustwide/rustup-home/toolchains/beta-2021-08-01-x86_64-unknown-linux-gnu/lib/rustlib/x86_64-unknown-linux-gnu/lib/librustc-beta_rt.msan.a
[INFO] [stdout]           crate `rustc`: /opt/rustwide/rustup-home/toolchains/beta-2021-08-01-x86_64-unknown-linux-gnu/lib/rustlib/x86_64-unknown-linux-gnu/lib/librustc-beta_rt.lsan.a
[INFO] [stdout] 
[INFO] [stdout] 
[INFO] [stdout] error: aborting due to 2 previous errors
[INFO] [stdout] 
[INFO] [stdout] 
[INFO] [stdout] For more information about this error, try `rustc --explain E0557`.
[INFO] [stdout] 
[INFO] [stderr] error: could not compile `pear_codegen` due to 3 previous errors
[INFO] [stderr] warning: build failed, waiting for other jobs to finish...
[INFO] [stdout] error: aborting due to 2 previous errors
[INFO] [stdout] 
[INFO] [stdout] 
[INFO] [stdout] Some errors have detailed explanations: E0554, E0557.
[INFO] [stdout] 
[INFO] [stdout] For more information about an error, try `rustc --explain E0554`.
[INFO] [stdout] 
[INFO] [stdout] error: aborting due to 2 previous errors
[INFO] [stdout] 
[INFO] [stdout] 
[INFO] [stdout] Some errors have detailed explanations: E0554, E0557.
[INFO] [stdout] 
[INFO] [stdout] For more information about an error, try `rustc --explain E0554`.
[INFO] [stdout] 
[INFO] [stdout] error[E0557]: feature has been removed
[INFO] [stdout]  --> /opt/rustwide/cargo-home/registry/src/github.com-1ecc6299db9ec823/state-0.3.1/src/lib.rs:1:12
[INFO] [stdout]   |
[INFO] [stdout] 1 | #![feature(const_fn, drop_types_in_const)]
[INFO] [stdout]   |            ^^^^^^^^ feature has been removed
[INFO] [stdout]   |
[INFO] [stdout]   = note: split into finer-grained feature gates
[INFO] [stdout] 
[INFO] [stdout] 
[INFO] [stdout] error: aborting due to 2 previous errors
[INFO] [stdout] 
[INFO] [stdout] 
[INFO] [stdout] Some errors have detailed explanations: E0554, E0557.
[INFO] [stdout] 
[INFO] [stdout] For more information about an error, try `rustc --explain E0554`.
[INFO] [stdout] 
[INFO] [stdout] error[E0554]: `#![feature]` may not be used on the beta release channel
[INFO] [stdout]  --> /opt/rustwide/cargo-home/registry/src/github.com-1ecc6299db9ec823/state-0.3.1/src/lib.rs:1:1
[INFO] [stdout]   |
[INFO] [stdout] 1 | #![feature(const_fn, drop_types_in_const)]
[INFO] [stdout]   | ^^^^^^^^^^^^^^^^^^^^^^^^^^^^^^^^^^^^^^^^^^
[INFO] [stdout]   |
[INFO] [stdout]   = help: the feature `drop_types_in_const` has been stable since 1.22.0 and no longer requires an attribute to enable
[INFO] [stdout] 
[INFO] [stdout] 
[INFO] [stdout] error[E0503]: cannot use `state` because it was mutably borrowed
[INFO] [stdout]     --> /opt/rustwide/cargo-home/registry/src/github.com-1ecc6299db9ec823/getopts-0.2.14/src/lib.rs:1008:33
[INFO] [stdout]      |
[INFO] [stdout] 955  |     let mut machine = |cont: &mut bool, (i, c): (usize, char)| {
[INFO] [stdout]      |                       ---------------------------------------- borrow of `state` occurs here
[INFO] [stdout] ...
[INFO] [stdout] 959  |         state = match (state, whitespace, limit) {
[INFO] [stdout]      |         ----- borrow occurs due to use of `state` in closure
[INFO] [stdout] ...
[INFO] [stdout] 1008 |     while cont && match state { B | C => true, A => false } {
[INFO] [stdout]      |                                 ^ use of borrowed `state`
[INFO] [stdout] 1009 |         machine(&mut cont, (fake_i, ' '));
[INFO] [stdout]      |         ------- borrow later used here
[INFO] [stdout] 
[INFO] [stdout] 
[INFO] [stdout] error: aborting due to previous error
[INFO] [stdout] 
[INFO] [stdout] 
[INFO] [stdout] For more information about this error, try `rustc --explain E0503`.
[INFO] [stdout] 
[INFO] [stdout] error: aborting due to 2 previous errors
[INFO] [stdout] 
[INFO] [stdout] 
[INFO] [stdout] Some errors have detailed explanations: E0554, E0557.
[INFO] [stdout] 
[INFO] [stdout] For more information about an error, try `rustc --explain E0554`.
[INFO] [stdout] 
[INFO] [stderr] error: build failed
[INFO] running `Command { std: "docker" "inspect" "32a33d4ed9a3f44c828209e2cadf52b4a7d7f758e61114b4afc03fba301734b6", kill_on_drop: false }`
[INFO] running `Command { std: "docker" "rm" "-f" "32a33d4ed9a3f44c828209e2cadf52b4a7d7f758e61114b4afc03fba301734b6", kill_on_drop: false }`
[INFO] [stdout] 32a33d4ed9a3f44c828209e2cadf52b4a7d7f758e61114b4afc03fba301734b6
