[INFO] cloning repository https://github.com/prscoelho/realworld-tide
[INFO] running `Command { std: "git" "-c" "credential.helper=" "-c" "credential.helper=/workspace/cargo-home/bin/git-credential-null" "clone" "--bare" "https://github.com/prscoelho/realworld-tide" "/workspace/cache/git-repos/https%3A%2F%2Fgithub.com%2Fprscoelho%2Frealworld-tide", kill_on_drop: false }`
[INFO] [stderr] Cloning into bare repository '/workspace/cache/git-repos/https%3A%2F%2Fgithub.com%2Fprscoelho%2Frealworld-tide'...
[INFO] running `Command { std: "git" "rev-parse" "HEAD", kill_on_drop: false }`
[INFO] [stdout] f7d7f2cf2e6c6a41c2df909bc5631a7022f96417
[INFO] documenting prscoelho/realworld-tide against beta-2021-08-01 for beta-1.55-rustdoc-1
[INFO] running `Command { std: "git" "clone" "/workspace/cache/git-repos/https%3A%2F%2Fgithub.com%2Fprscoelho%2Frealworld-tide" "/workspace/builds/worker-4/source", kill_on_drop: false }`
[INFO] [stderr] Cloning into '/workspace/builds/worker-4/source'...
[INFO] [stderr] done.
[INFO] validating manifest of git repo https://github.com/prscoelho/realworld-tide on toolchain beta-2021-08-01
[INFO] running `Command { std: "/workspace/cargo-home/bin/cargo" "+beta-2021-08-01" "metadata" "--manifest-path" "Cargo.toml" "--no-deps", kill_on_drop: false }`
[INFO] started tweaking git repo https://github.com/prscoelho/realworld-tide
[INFO] finished tweaking git repo https://github.com/prscoelho/realworld-tide
[INFO] tweaked toml for git repo https://github.com/prscoelho/realworld-tide written to /workspace/builds/worker-4/source/Cargo.toml
[INFO] crate git repo https://github.com/prscoelho/realworld-tide already has a lockfile, it will not be regenerated
[INFO] running `Command { std: "/workspace/cargo-home/bin/cargo" "+beta-2021-08-01" "fetch" "--manifest-path" "Cargo.toml", kill_on_drop: false }`
[INFO] [stderr]     Blocking waiting for file lock on package cache
[INFO] [stderr]     Blocking waiting for file lock on package cache
[INFO] [stderr]  Downloading crates ...
[INFO] [stderr]   Downloaded validator_types v0.14.0
[INFO] [stderr]   Downloaded blowfish v0.8.0
[INFO] [stderr]   Downloaded validator v0.14.0
[INFO] [stderr]   Downloaded bcrypt v0.10.1
[INFO] [stderr]   Downloaded validator_derive v0.14.0
[INFO] [stderr]   Downloaded async-rustls v0.2.0
[INFO] running `Command { std: "docker" "create" "-v" "/var/lib/crater-agent-workspace/builds/worker-4/target:/opt/rustwide/target:rw,Z" "-v" "/var/lib/crater-agent-workspace/builds/worker-4/source:/opt/rustwide/workdir:ro,Z" "-v" "/var/lib/crater-agent-workspace/cargo-home:/opt/rustwide/cargo-home:ro,Z" "-v" "/var/lib/crater-agent-workspace/rustup-home:/opt/rustwide/rustup-home:ro,Z" "-e" "SOURCE_DIR=/opt/rustwide/workdir" "-e" "CARGO_TARGET_DIR=/opt/rustwide/target" "-e" "CARGO_HOME=/opt/rustwide/cargo-home" "-e" "RUSTUP_HOME=/opt/rustwide/rustup-home" "-w" "/opt/rustwide/workdir" "-m" "1610612736" "--user" "0:0" "--network" "none" "ghcr.io/rust-lang/crates-build-env/linux@sha256:34b6a614d2c27851fe6cbf88fbd1137609cefab8b10d0615aaeb6fd47975d74e" "/opt/rustwide/cargo-home/bin/cargo" "+beta-2021-08-01" "metadata" "--no-deps" "--format-version=1", kill_on_drop: false }`
[INFO] [stdout] 07955c5ff7813bc97a6e43b2f58360b19b4a3fccddc434f02847f9d7891ddcd6
[INFO] running `Command { std: "docker" "start" "-a" "07955c5ff7813bc97a6e43b2f58360b19b4a3fccddc434f02847f9d7891ddcd6", kill_on_drop: false }`
[INFO] running `Command { std: "docker" "inspect" "07955c5ff7813bc97a6e43b2f58360b19b4a3fccddc434f02847f9d7891ddcd6", kill_on_drop: false }`
[INFO] running `Command { std: "docker" "rm" "-f" "07955c5ff7813bc97a6e43b2f58360b19b4a3fccddc434f02847f9d7891ddcd6", kill_on_drop: false }`
[INFO] [stdout] 07955c5ff7813bc97a6e43b2f58360b19b4a3fccddc434f02847f9d7891ddcd6
[INFO] running `Command { std: "docker" "create" "-v" "/var/lib/crater-agent-workspace/builds/worker-4/target:/opt/rustwide/target:rw,Z" "-v" "/var/lib/crater-agent-workspace/builds/worker-4/source:/opt/rustwide/workdir:ro,Z" "-v" "/var/lib/crater-agent-workspace/cargo-home:/opt/rustwide/cargo-home:ro,Z" "-v" "/var/lib/crater-agent-workspace/rustup-home:/opt/rustwide/rustup-home:ro,Z" "-e" "SOURCE_DIR=/opt/rustwide/workdir" "-e" "CARGO_TARGET_DIR=/opt/rustwide/target" "-e" "CARGO_INCREMENTAL=0" "-e" "RUST_BACKTRACE=full" "-e" "RUSTDOCFLAGS=--cap-lints=warn" "-e" "CARGO_HOME=/opt/rustwide/cargo-home" "-e" "RUSTUP_HOME=/opt/rustwide/rustup-home" "-w" "/opt/rustwide/workdir" "-m" "1610612736" "--user" "0:0" "--network" "none" "ghcr.io/rust-lang/crates-build-env/linux@sha256:34b6a614d2c27851fe6cbf88fbd1137609cefab8b10d0615aaeb6fd47975d74e" "/opt/rustwide/cargo-home/bin/cargo" "+beta-2021-08-01" "doc" "--frozen" "--no-deps" "--document-private-items" "--message-format=json", kill_on_drop: false }`
[INFO] [stdout] f0bd0bbf67657424eeea3a651dd5a658afbc479fea7ad0097abd517cc6f43534
[INFO] running `Command { std: "docker" "start" "-a" "f0bd0bbf67657424eeea3a651dd5a658afbc479fea7ad0097abd517cc6f43534", kill_on_drop: false }`
[INFO] [stderr]    Compiling syn v1.0.67
[INFO] [stderr]    Compiling log v0.4.14
[INFO] [stderr]    Compiling serde v1.0.117
[INFO] [stderr]    Compiling once_cell v1.8.0
[INFO] [stderr]     Checking sval v1.0.0-alpha.5
[INFO] [stderr]     Checking subtle v2.4.1
[INFO] [stderr]    Compiling serde_json v1.0.59
[INFO] [stderr]    Compiling futures-io v0.3.7
[INFO] [stderr]    Compiling slab v0.4.2
[INFO] [stderr]    Compiling waker-fn v1.1.0
[INFO] [stderr]    Compiling pin-project-lite v0.1.11
[INFO] [stderr]    Compiling fastrand v1.4.0
[INFO] [stderr]    Compiling parking v2.0.0
[INFO] [stderr]    Compiling cache-padded v1.1.1
[INFO] [stderr]    Compiling event-listener v2.5.1
[INFO] [stderr]    Compiling spin v0.5.2
[INFO] [stderr]    Compiling untrusted v0.7.1
[INFO] [stderr]    Compiling async-task v4.0.3
[INFO] [stderr]    Compiling pin-utils v0.1.0
[INFO] [stderr]    Compiling whoami v1.1.2
[INFO] [stderr]    Compiling crossbeam-queue v0.3.2
[INFO] [stderr]    Compiling regex-syntax v0.6.20
[INFO] [stderr]    Compiling tinyvec v0.3.4
[INFO] [stderr]    Compiling futures-sink v0.3.7
[INFO] [stderr]    Compiling atomic-waker v1.0.0
[INFO] [stderr]     Checking data-encoding v2.3.0
[INFO] [stderr]    Compiling http-types v2.11.1
[INFO] [stderr]    Compiling base64 v0.13.0
[INFO] [stderr]    Compiling pin-project-lite v0.2.7
[INFO] [stderr]    Compiling ppv-lite86 v0.2.9
[INFO] [stderr]     Checking infer v0.2.3
[INFO] [stderr]    Compiling itoa v0.4.6
[INFO] [stderr]    Compiling bytes v1.0.1
[INFO] [stderr]    Compiling hex v0.4.2
[INFO] [stderr]    Compiling either v1.6.1
[INFO] [stderr]    Compiling dotenv v0.15.0
[INFO] [stderr]    Compiling if_chain v1.0.1
[INFO] [stderr]     Checking route-recognizer v0.2.0
[INFO] [stderr]    Compiling value-bag v1.0.0-alpha.7
[INFO] [stderr]    Compiling ahash v0.7.4
[INFO] [stderr]    Compiling cookie v0.14.2
[INFO] [stderr]    Compiling ring v0.16.15
[INFO] [stderr]    Compiling num-integer v0.1.44
[INFO] [stderr]    Compiling crossbeam-utils v0.7.2
[INFO] [stderr]    Compiling instant v0.1.8
[INFO] [stderr]    Compiling num-bigint v0.2.6
[INFO] [stderr]     Checking futures-task v0.3.7
[INFO] [stderr]    Compiling blake3 v0.3.7
[INFO] [stderr]     Checking simple-mutex v1.1.5
[INFO] [stderr]    Compiling lock_api v0.4.1
[INFO] [stderr]    Compiling concurrent-queue v1.2.2
[INFO] [stderr]    Compiling async-mutex v1.4.0
[INFO] [stderr]    Compiling async-lock v2.4.0
[INFO] [stderr]    Compiling futures-core v0.3.16
[INFO] [stderr]    Compiling crossbeam-utils v0.8.5
[INFO] [stderr]    Compiling unicode-normalization v0.1.13
[INFO] [stderr]    Compiling proc-macro-nested v0.1.6
[INFO] [stderr]     Checking stringprep v0.1.2
[INFO] [stderr]     Checking socket2 v0.4.0
[INFO] [stderr]     Checking getrandom v0.1.15
[INFO] [stderr]     Checking dirs-sys v0.3.6
[INFO] [stderr]    Compiling getrandom v0.2.3
[INFO] [stderr]    Compiling signal-hook-registry v1.4.0
[INFO] [stderr]    Compiling num_cpus v1.13.0
[INFO] [stderr]    Compiling parking_lot_core v0.8.0
[INFO] [stderr]     Checking quote v1.0.7
[INFO] [stderr]    Compiling generic-array v0.14.4
[INFO] [stderr]     Checking aho-corasick v0.7.14
[INFO] [stderr]     Checking futures-lite v1.11.2
[INFO] [stderr]     Checking async-channel v1.5.1
[INFO] [stderr]     Checking futures-channel v0.3.7
[INFO] [stderr]    Compiling crc v1.8.1
[INFO] [stderr]     Checking signal-hook v0.3.9
[INFO] [stderr]     Checking rand_core v0.6.3
[INFO] [stderr]     Checking async-dup v1.2.2
[INFO] [stderr]     Checking crypto-mac v0.8.0
[INFO] [stderr]     Checking block-cipher v0.7.1
[INFO] [stderr]     Checking universal-hash v0.4.0
[INFO] [stderr]     Checking aead v0.3.2
[INFO] [stderr]     Checking crypto-mac v0.10.1
[INFO] [stderr]     Checking cipher v0.3.0
[INFO] [stderr]     Checking atoi v0.4.0
[INFO] [stderr]     Checking dirs v3.0.2
[INFO] [stderr]     Checking rand_core v0.5.1
[INFO] [stderr]    Compiling parking_lot v0.11.0
[INFO] [stderr]     Checking sha2 v0.9.1
[INFO] [stderr]     Checking md-5 v0.9.1
[INFO] [stderr]     Checking sha-1 v0.9.1
[INFO] [stderr]     Checking aes-soft v0.4.0
[INFO] [stderr]    Compiling crossbeam-channel v0.5.1
[INFO] [stderr]     Checking rand_chacha v0.3.1
[INFO] [stderr]     Checking hmac v0.8.1
[INFO] [stderr]     Checking polyval v0.4.1
[INFO] [stderr]     Checking hmac v0.10.1
[INFO] [stderr]    Compiling digest v0.9.0
[INFO] [stderr]    Compiling block-buffer v0.9.0
[INFO] [stderr]    Compiling async-executor v1.4.1
[INFO] [stderr]     Checking blowfish v0.8.0
[INFO] [stderr]    Compiling blocking v1.0.2
[INFO] [stderr]     Checking rand_chacha v0.2.2
[INFO] [stderr]    Compiling idna v0.2.0
[INFO] [stderr]     Checking rand v0.8.4
[INFO] [stderr]     Checking regex v1.4.1
[INFO] [stderr]     Checking hkdf v0.9.0
[INFO] [stderr]     Checking ghash v0.3.0
[INFO] [stderr]     Checking hashbrown v0.11.2
[INFO] [stderr]     Checking aes v0.4.0
[INFO] [stderr]     Checking bcrypt v0.10.1
[INFO] [stderr]     Checking rand v0.7.3
[INFO] [stderr]     Checking aes-gcm v0.6.0
[INFO] [stderr]     Checking crossbeam-queue v0.2.3
[INFO] [stderr]     Checking hashlink v0.7.0
[INFO] [stderr]     Checking byte-pool v0.2.2
[INFO] [stderr]     Checking sqlformat v0.1.1
[INFO] [stderr]     Checking pem v0.8.1
[INFO] [stderr]     Checking webpki v0.21.3
[INFO] [stderr]     Checking sct v0.6.0
[INFO] [stderr]     Checking webpki-roots v0.21.1
[INFO] [stderr]    Compiling proc-macro-error v1.0.4
[INFO] [stderr]    Compiling validator_types v0.14.0
[INFO] [stderr]    Compiling ctor v0.1.16
[INFO] [stderr]    Compiling serde_derive v1.0.117
[INFO] [stderr]    Compiling async-attributes v1.1.1
[INFO] [stderr]    Compiling thiserror-impl v1.0.21
[INFO] [stderr]    Compiling pin-project-internal v1.0.8
[INFO] [stderr]    Compiling futures-macro v0.3.7
[INFO] [stderr]    Compiling time-macros-impl v0.1.1
[INFO] [stderr]    Compiling async-trait v0.1.41
[INFO] [stderr]    Compiling validator_derive v0.14.0
[INFO] [stderr]     Checking time-macros v0.1.1
[INFO] [stderr]     Checking polling v2.0.2
[INFO] [stderr]     Checking kv-log-macro v1.0.7
[INFO] [stderr]     Checking rustls v0.19.1
[INFO] [stderr]     Checking time v0.2.22
[INFO] [stderr]     Checking async-io v1.6.0
[INFO] [stderr]     Checking thiserror v1.0.21
[INFO] [stderr]    Compiling pin-project v1.0.8
[INFO] [stderr]     Checking async-global-executor v2.0.2
[INFO] [stderr]     Checking async-process v1.1.0
[INFO] [stderr]     Checking futures-util v0.3.7
[INFO] [stderr]     Checking async-std v1.9.0
[INFO] [stderr]     Checking async-rustls v0.2.0
[INFO] [stderr]    Compiling futures-executor v0.3.7
[INFO] [stderr]    Compiling futures v0.3.7
[INFO] [stderr]     Checking url v2.1.1
[INFO] [stderr]     Checking serde_urlencoded v0.7.0
[INFO] [stderr]     Checking serde_qs v0.7.0
[INFO] [stderr]     Checking chrono v0.4.19
[INFO] [stderr]     Checking bincode v1.3.1
[INFO] [stderr]     Checking sqlx-rt v0.5.5
[INFO] [stderr]     Checking sqlx-core v0.5.5
[INFO] [stderr]     Checking femme v2.1.1
[INFO] [stderr]     Checking validator v0.14.0
[INFO] [stderr]     Checking async-session v2.0.1
[INFO] [stderr]     Checking simple_asn1 v0.4.1
[INFO] [stderr]     Checking jsonwebtoken v7.2.0
[INFO] [stderr]     Checking async-sse v4.1.0
[INFO] [stderr]     Checking http-client v6.2.0
[INFO] [stderr]     Checking async-h1 v2.3.2
[INFO] [stderr]     Checking tide v0.16.0
[INFO] [stderr]    Compiling sqlx-macros v0.5.5
[INFO] [stderr]     Checking sqlx v0.5.5
[INFO] [stderr]  Documenting realworld-tide v0.1.0 (/opt/rustwide/workdir)
[INFO] [stdout] error: error communicating with the server: Network is unreachable (os error 101)
[INFO] [stdout]   --> src/database.rs:67:20
[INFO] [stdout]    |
[INFO] [stdout] 67 |           let user = sqlx::query_as!(
[INFO] [stdout]    |  ____________________^
[INFO] [stdout] 68 | |             User,
[INFO] [stdout] 69 | |             r#"
[INFO] [stdout] 70 | | INSERT INTO users (email, username, hash)
[INFO] [stdout] ...  |
[INFO] [stdout] 76 | |             hashed_password
[INFO] [stdout] 77 | |         )
[INFO] [stdout]    | |_________^
[INFO] [stdout]    |
[INFO] [stdout]    = note: this error originates in the macro `$crate::sqlx_macros::expand_query` (in Nightly builds, run with -Z macro-backtrace for more info)
[INFO] [stdout] 
[INFO] [stdout] 
[INFO] [stdout] error: error communicating with the server: Network is unreachable (os error 101)
[INFO] [stdout]   --> src/database.rs:85:20
[INFO] [stdout]    |
[INFO] [stdout] 85 |           let user = sqlx::query_as!(
[INFO] [stdout]    |  ____________________^
[INFO] [stdout] 86 | |             User,
[INFO] [stdout] 87 | |             r#"
[INFO] [stdout] 88 | | SELECT *
[INFO] [stdout] ...  |
[INFO] [stdout] 92 | |             email
[INFO] [stdout] 93 | |         )
[INFO] [stdout]    | |_________^
[INFO] [stdout]    |
[INFO] [stdout]    = note: this error originates in the macro `$crate::sqlx_macros::expand_query` (in Nightly builds, run with -Z macro-backtrace for more info)
[INFO] [stdout] 
[INFO] [stdout] 
[INFO] [stdout] error: error communicating with the server: Network is unreachable (os error 101)
[INFO] [stdout]    --> src/database.rs:101:20
[INFO] [stdout]     |
[INFO] [stdout] 101 |           let user = sqlx::query_as!(
[INFO] [stdout]     |  ____________________^
[INFO] [stdout] 102 | |             User,
[INFO] [stdout] 103 | |             r#"
[INFO] [stdout] 104 | | SELECT *
[INFO] [stdout] ...   |
[INFO] [stdout] 108 | |             id
[INFO] [stdout] 109 | |         )
[INFO] [stdout]     | |_________^
[INFO] [stdout]     |
[INFO] [stdout]     = note: this error originates in the macro `$crate::sqlx_macros::expand_query` (in Nightly builds, run with -Z macro-backtrace for more info)
[INFO] [stdout] 
[INFO] [stdout] 
[INFO] [stdout] error: error communicating with the server: Network is unreachable (os error 101)
[INFO] [stdout]    --> src/database.rs:124:20
[INFO] [stdout]     |
[INFO] [stdout] 124 |           let user = sqlx::query_as!(
[INFO] [stdout]     |  ____________________^
[INFO] [stdout] 125 | |             User,
[INFO] [stdout] 126 | |             r#"
[INFO] [stdout] 127 | | UPDATE users
[INFO] [stdout] ...   |
[INFO] [stdout] 142 | |             update_user.bio
[INFO] [stdout] 143 | |         )
[INFO] [stdout]     | |_________^
[INFO] [stdout]     |
[INFO] [stdout]     = note: this error originates in the macro `$crate::sqlx_macros::expand_query` (in Nightly builds, run with -Z macro-backtrace for more info)
[INFO] [stdout] 
[INFO] [stdout] 
[INFO] [stdout] error: error communicating with the server: Network is unreachable (os error 101)
[INFO] [stdout]    --> src/database.rs:151:29
[INFO] [stdout]     |
[INFO] [stdout] 151 |           let record_option = sqlx::query!(
[INFO] [stdout]     |  _____________________________^
[INFO] [stdout] 152 | |             r#"
[INFO] [stdout] 153 | | SELECT *
[INFO] [stdout] 154 | | FROM users
[INFO] [stdout] ...   |
[INFO] [stdout] 157 | |             email,
[INFO] [stdout] 158 | |         )
[INFO] [stdout]     | |_________^
[INFO] [stdout]     |
[INFO] [stdout]     = note: this error originates in the macro `$crate::sqlx_macros::expand_query` (in Nightly builds, run with -Z macro-backtrace for more info)
[INFO] [stdout] 
[INFO] [stdout] 
[INFO] [stdout] error: error communicating with the server: Network is unreachable (os error 101)
[INFO] [stdout]    --> src/database.rs:166:29
[INFO] [stdout]     |
[INFO] [stdout] 166 |           let record_option = sqlx::query!(
[INFO] [stdout]     |  _____________________________^
[INFO] [stdout] 167 | |             r#"
[INFO] [stdout] 168 | | SELECT *
[INFO] [stdout] 169 | | FROM users
[INFO] [stdout] ...   |
[INFO] [stdout] 172 | |             username,
[INFO] [stdout] 173 | |         )
[INFO] [stdout]     | |_________^
[INFO] [stdout]     |
[INFO] [stdout]     = note: this error originates in the macro `$crate::sqlx_macros::expand_query` (in Nightly builds, run with -Z macro-backtrace for more info)
[INFO] [stdout] 
[INFO] [stdout] 
[INFO] [stdout] error: Compilation failed, aborting rustdoc
[INFO] [stdout] 
[INFO] [stdout] 
[INFO] [stdout] error: aborting due to 7 previous errors
[INFO] [stdout] 
[INFO] [stdout] 
[INFO] [stderr] error: could not document `realworld-tide`
[INFO] [stderr] 
[INFO] [stderr] Caused by:
[INFO] [stderr]   process didn't exit successfully: `rustdoc --edition=2018 --crate-type bin --crate-name realworld_tide src/main.rs -o /opt/rustwide/target/doc --error-format=json --json=diagnostic-rendered-ansi --document-private-items -L dependency=/opt/rustwide/target/debug/deps --extern anyhow=/opt/rustwide/target/debug/deps/libanyhow-3f37b63a2befa1d3.rmeta --extern async_std=/opt/rustwide/target/debug/deps/libasync_std-010e0f1ef77aaccc.rmeta --extern bcrypt=/opt/rustwide/target/debug/deps/libbcrypt-d26afdcdede98a7a.rmeta --extern chrono=/opt/rustwide/target/debug/deps/libchrono-93acb6b397844a69.rmeta --extern dotenv=/opt/rustwide/target/debug/deps/libdotenv-9165642b04647e23.rmeta --extern jsonwebtoken=/opt/rustwide/target/debug/deps/libjsonwebtoken-4048d450607d4979.rmeta --extern lazy_static=/opt/rustwide/target/debug/deps/liblazy_static-5e37eee3e84fafab.rmeta --extern serde=/opt/rustwide/target/debug/deps/libserde-dc4bd16a0f74f932.rmeta --extern sqlx=/opt/rustwide/target/debug/deps/libsqlx-092c01e4f64d7ab9.rmeta --extern tide=/opt/rustwide/target/debug/deps/libtide-7e1953cffff906b0.rmeta --extern validator=/opt/rustwide/target/debug/deps/libvalidator-ec6a64c3143ad3c0.rmeta --cap-lints=warn --crate-version 0.1.0` (exit status: 1)
[INFO] running `Command { std: "docker" "inspect" "f0bd0bbf67657424eeea3a651dd5a658afbc479fea7ad0097abd517cc6f43534", kill_on_drop: false }`
[INFO] running `Command { std: "docker" "rm" "-f" "f0bd0bbf67657424eeea3a651dd5a658afbc479fea7ad0097abd517cc6f43534", kill_on_drop: false }`
[INFO] [stdout] f0bd0bbf67657424eeea3a651dd5a658afbc479fea7ad0097abd517cc6f43534
