[INFO] cloning repository https://github.com/prok20/faulty-server-poller
[INFO] running `Command { std: "git" "-c" "credential.helper=" "-c" "credential.helper=/workspace/cargo-home/bin/git-credential-null" "clone" "--bare" "https://github.com/prok20/faulty-server-poller" "/workspace/cache/git-repos/https%3A%2F%2Fgithub.com%2Fprok20%2Ffaulty-server-poller", kill_on_drop: false }`
[INFO] [stderr] Cloning into bare repository '/workspace/cache/git-repos/https%3A%2F%2Fgithub.com%2Fprok20%2Ffaulty-server-poller'...
[INFO] running `Command { std: "git" "rev-parse" "HEAD", kill_on_drop: false }`
[INFO] [stdout] 181d7d6d4bfd5d0afbfc93b91dd713601615df4f
[INFO] documenting prok20/faulty-server-poller against beta-2021-08-01 for beta-1.55-rustdoc-1
[INFO] running `Command { std: "git" "clone" "/workspace/cache/git-repos/https%3A%2F%2Fgithub.com%2Fprok20%2Ffaulty-server-poller" "/workspace/builds/worker-0/source", kill_on_drop: false }`
[INFO] [stderr] Cloning into '/workspace/builds/worker-0/source'...
[INFO] [stderr] done.
[INFO] validating manifest of git repo https://github.com/prok20/faulty-server-poller on toolchain beta-2021-08-01
[INFO] running `Command { std: "/workspace/cargo-home/bin/cargo" "+beta-2021-08-01" "metadata" "--manifest-path" "Cargo.toml" "--no-deps", kill_on_drop: false }`
[INFO] started tweaking git repo https://github.com/prok20/faulty-server-poller
[INFO] finished tweaking git repo https://github.com/prok20/faulty-server-poller
[INFO] tweaked toml for git repo https://github.com/prok20/faulty-server-poller written to /workspace/builds/worker-0/source/Cargo.toml
[INFO] crate git repo https://github.com/prok20/faulty-server-poller already has a lockfile, it will not be regenerated
[INFO] running `Command { std: "/workspace/cargo-home/bin/cargo" "+beta-2021-08-01" "fetch" "--manifest-path" "Cargo.toml", kill_on_drop: false }`
[INFO] [stderr]  Downloading crates ...
[INFO] [stderr]   Downloaded async-trait v0.1.47
[INFO] [stderr]   Downloaded actix-service v2.0.0-beta.4
[INFO] [stderr]   Downloaded actix-codec v0.4.0-beta.1
[INFO] [stderr]   Downloaded actix-tls v3.0.0-beta.4
[INFO] [stderr]   Downloaded actix-rt v2.1.0
[INFO] [stderr]   Downloaded actix-web-codegen v0.5.0-beta.1
[INFO] [stderr]   Downloaded httpmock v0.5.5
[INFO] [stderr]   Downloaded awc v3.0.0-beta.2
[INFO] [stderr]   Downloaded actix-utils v3.0.0-beta.2
[INFO] [stderr]   Downloaded actix-web v4.0.0-beta.3
[INFO] [stderr]   Downloaded flume v0.10.2
[INFO] [stderr]   Downloaded actix-http v3.0.0-beta.3
[INFO] [stderr]   Downloaded isahc v1.1.0
[INFO] running `Command { std: "docker" "create" "-v" "/var/lib/crater-agent-workspace/builds/worker-0/target:/opt/rustwide/target:rw,Z" "-v" "/var/lib/crater-agent-workspace/builds/worker-0/source:/opt/rustwide/workdir:ro,Z" "-v" "/var/lib/crater-agent-workspace/cargo-home:/opt/rustwide/cargo-home:ro,Z" "-v" "/var/lib/crater-agent-workspace/rustup-home:/opt/rustwide/rustup-home:ro,Z" "-e" "SOURCE_DIR=/opt/rustwide/workdir" "-e" "CARGO_TARGET_DIR=/opt/rustwide/target" "-e" "CARGO_HOME=/opt/rustwide/cargo-home" "-e" "RUSTUP_HOME=/opt/rustwide/rustup-home" "-w" "/opt/rustwide/workdir" "-m" "1610612736" "--user" "0:0" "--network" "none" "ghcr.io/rust-lang/crates-build-env/linux@sha256:34b6a614d2c27851fe6cbf88fbd1137609cefab8b10d0615aaeb6fd47975d74e" "/opt/rustwide/cargo-home/bin/cargo" "+beta-2021-08-01" "metadata" "--no-deps" "--format-version=1", kill_on_drop: false }`
[INFO] [stdout] d917a7fca0cfdaa013859e0bd1029407428ec1bfdcd5def28d065252108e5fd3
[INFO] [stderr] WARNING: Your kernel does not support swap limit capabilities or the cgroup is not mounted. Memory limited without swap.
[INFO] running `Command { std: "docker" "start" "-a" "d917a7fca0cfdaa013859e0bd1029407428ec1bfdcd5def28d065252108e5fd3", kill_on_drop: false }`
[INFO] running `Command { std: "docker" "inspect" "d917a7fca0cfdaa013859e0bd1029407428ec1bfdcd5def28d065252108e5fd3", kill_on_drop: false }`
[INFO] running `Command { std: "docker" "rm" "-f" "d917a7fca0cfdaa013859e0bd1029407428ec1bfdcd5def28d065252108e5fd3", kill_on_drop: false }`
[INFO] [stdout] d917a7fca0cfdaa013859e0bd1029407428ec1bfdcd5def28d065252108e5fd3
[INFO] running `Command { std: "docker" "create" "-v" "/var/lib/crater-agent-workspace/builds/worker-0/target:/opt/rustwide/target:rw,Z" "-v" "/var/lib/crater-agent-workspace/builds/worker-0/source:/opt/rustwide/workdir:ro,Z" "-v" "/var/lib/crater-agent-workspace/cargo-home:/opt/rustwide/cargo-home:ro,Z" "-v" "/var/lib/crater-agent-workspace/rustup-home:/opt/rustwide/rustup-home:ro,Z" "-e" "SOURCE_DIR=/opt/rustwide/workdir" "-e" "CARGO_TARGET_DIR=/opt/rustwide/target" "-e" "CARGO_INCREMENTAL=0" "-e" "RUST_BACKTRACE=full" "-e" "RUSTDOCFLAGS=--cap-lints=warn" "-e" "CARGO_HOME=/opt/rustwide/cargo-home" "-e" "RUSTUP_HOME=/opt/rustwide/rustup-home" "-w" "/opt/rustwide/workdir" "-m" "1610612736" "--user" "0:0" "--network" "none" "ghcr.io/rust-lang/crates-build-env/linux@sha256:34b6a614d2c27851fe6cbf88fbd1137609cefab8b10d0615aaeb6fd47975d74e" "/opt/rustwide/cargo-home/bin/cargo" "+beta-2021-08-01" "doc" "--frozen" "--no-deps" "--document-private-items" "--message-format=json", kill_on_drop: false }`
[INFO] [stderr] WARNING: Your kernel does not support swap limit capabilities or the cgroup is not mounted. Memory limited without swap.
[INFO] [stdout] dbe6bed8b45050d67972ebc1e86209bcf1ec6c1cb333ca2912732aba96be83bd
[INFO] running `Command { std: "docker" "start" "-a" "dbe6bed8b45050d67972ebc1e86209bcf1ec6c1cb333ca2912732aba96be83bd", kill_on_drop: false }`
[INFO] [stderr]    Compiling libc v0.2.88
[INFO] [stderr]    Compiling syn v1.0.62
[INFO] [stderr]    Compiling value-bag v1.0.0-alpha.6
[INFO] [stderr]    Compiling log v0.4.14
[INFO] [stderr]     Checking once_cell v1.7.2
[INFO] [stderr]    Compiling serde_derive v1.0.124
[INFO] [stderr]    Compiling serde v1.0.124
[INFO] [stderr]    Compiling lexical-core v0.7.5
[INFO] [stderr]     Checking futures-io v0.3.13
[INFO] [stderr]    Compiling futures-core v0.3.13
[INFO] [stderr]    Compiling httparse v1.3.5
[INFO] [stderr]    Compiling futures-sink v0.3.13
[INFO] [stderr]    Compiling futures-task v0.3.13
[INFO] [stderr]    Compiling openssl v0.10.32
[INFO] [stderr]    Compiling ahash v0.4.7
[INFO] [stderr]    Compiling regex-syntax v0.6.22
[INFO] [stderr]    Compiling whoami v1.1.0
[INFO] [stderr]    Compiling anyhow v1.0.38
[INFO] [stderr]    Compiling async-trait v0.1.47
[INFO] [stderr]    Compiling tokio v1.2.0
[INFO] [stderr]    Compiling ring v0.16.20
[INFO] [stderr]    Compiling nom v6.1.2
[INFO] [stderr]    Compiling ahash v0.6.3
[INFO] [stderr]    Compiling cookie v0.14.4
[INFO] [stderr]    Compiling ahash v0.7.2
[INFO] [stderr]     Checking futures-channel v0.3.13
[INFO] [stderr]     Checking actix-service v2.0.0-beta.4
[INFO] [stderr]    Compiling serde_json v1.0.64
[INFO] [stderr]     Checking http v0.2.3
[INFO] [stderr]    Compiling openssl-sys v0.9.60
[INFO] [stderr]     Checking thread_local v1.1.3
[INFO] [stderr]    Compiling hashbrown v0.9.1
[INFO] [stderr]     Checking hashlink v0.6.0
[INFO] [stderr]     Checking unicode-normalization v0.1.17
[INFO] [stderr]     Checking async-channel v1.6.1
[INFO] [stderr]    Compiling generic-array v0.14.4
[INFO] [stderr]    Compiling crossbeam-utils v0.8.3
[INFO] [stderr]     Checking indexmap v1.6.2
[INFO] [stderr]     Checking regex v1.4.3
[INFO] [stderr]     Checking crossbeam-queue v0.3.1
[INFO] [stderr]     Checking crossbeam-channel v0.5.0
[INFO] [stderr]     Checking sha-1 v0.9.4
[INFO] [stderr]     Checking md-5 v0.9.1
[INFO] [stderr]    Compiling digest v0.9.0
[INFO] [stderr]    Compiling block-buffer v0.9.0
[INFO] [stderr]    Compiling crypto-mac v0.10.0
[INFO] [stderr]     Checking idna v0.2.2
[INFO] [stderr]     Checking stringprep v0.1.2
[INFO] [stderr]     Checking parking_lot_core v0.8.3
[INFO] [stderr]     Checking num_cpus v1.13.0
[INFO] [stderr]     Checking signal-hook-registry v1.3.0
[INFO] [stderr]     Checking getrandom v0.2.2
[INFO] [stderr]     Checking getrandom v0.1.16
[INFO] [stderr]     Checking socket2 v0.3.19
[INFO] [stderr]     Checking brotli-sys v0.3.2
[INFO] [stderr]     Checking flate2 v1.0.20
[INFO] [stderr]     Checking time v0.1.43
[INFO] [stderr]     Checking atty v0.2.14
[INFO] [stderr]    Compiling sha2 v0.9.3
[INFO] [stderr]    Compiling hmac v0.10.1
[INFO] [stderr]    Compiling native-tls v0.2.7
[INFO] [stderr]     Checking rand_core v0.5.1
[INFO] [stderr]     Checking parking_lot v0.11.1
[INFO] [stderr]     Checking brotli2 v0.3.2
[INFO] [stderr]     Checking rand_core v0.6.2
[INFO] [stderr]     Checking http-body v0.4.0
[INFO] [stderr]     Checking serde-hjson v0.9.1
[INFO] [stderr]     Checking nom v5.1.2
[INFO] [stderr]     Checking url v2.2.1
[INFO] [stderr]     Checking chrono v0.4.19
[INFO] [stderr]     Checking rand_chacha v0.2.2
[INFO] [stderr]     Checking rand_chacha v0.3.0
[INFO] [stderr]     Checking rand v0.7.3
[INFO] [stderr]     Checking rand v0.8.3
[INFO] [stderr]     Checking webpki v0.21.4
[INFO] [stderr]     Checking sct v0.6.0
[INFO] [stderr]     Checking webpki-roots v0.21.0
[INFO] [stderr]     Checking sqlformat v0.1.6
[INFO] [stderr]    Compiling ctor v0.1.19
[INFO] [stderr]    Compiling tokio-macros v1.1.0
[INFO] [stderr]    Compiling futures-macro v0.3.13
[INFO] [stderr]    Compiling actix-macros v0.2.0
[INFO] [stderr]    Compiling tracing-attributes v0.1.13
[INFO] [stderr]    Compiling pin-project-internal v1.0.5
[INFO] [stderr]    Compiling time-macros-impl v0.1.1
[INFO] [stderr]    Compiling thiserror-impl v1.0.24
[INFO] [stderr]    Compiling derive_more v0.99.11
[INFO] [stderr]    Compiling actix-web-codegen v0.5.0-beta.1
[INFO] [stderr]     Checking time-macros v0.1.1
[INFO] [stderr]     Checking time v0.2.25
[INFO] [stderr]     Checking futures-util v0.3.13
[INFO] [stderr]     Checking mio v0.7.9
[INFO] [stderr]     Checking rustls v0.19.0
[INFO] [stderr]     Checking want v0.3.0
[INFO] [stderr]     Checking env_logger v0.7.1
[INFO] [stderr]    Compiling thiserror v1.0.24
[INFO] [stderr]     Checking tracing v0.1.25
[INFO] [stderr]     Checking pin-project v1.0.5
[INFO] [stderr]     Checking pretty_env_logger v0.4.0
[INFO] [stderr]     Checking futures-executor v0.3.13
[INFO] [stderr]     Checking futures v0.3.13
[INFO] [stderr]     Checking tokio-util v0.6.3
[INFO] [stderr]     Checking actix-rt v2.1.0
[INFO] [stderr]     Checking tokio-rustls v0.22.0
[INFO] [stderr]     Checking tokio-stream v0.1.3
[INFO] [stderr]     Checking tokio-native-tls v0.3.0
[INFO] [stderr]     Checking sqlx-rt v0.3.0
[INFO] [stderr]     Checking h2 v0.3.1
[INFO] [stderr]     Checking actix-codec v0.4.0-beta.1
[INFO] [stderr]     Checking actix-utils v3.0.0-beta.2
[INFO] [stderr]     Checking actix-tls v3.0.0-beta.4
[INFO] [stderr]     Checking actix-server v2.0.0-beta.3
[INFO] [stderr]     Checking serde_urlencoded v0.7.0
[INFO] [stderr]     Checking uuid v0.8.2
[INFO] [stderr]     Checking actix-router v0.2.7
[INFO] [stderr]     Checking toml v0.5.8
[INFO] [stderr]     Checking sqlx-core v0.5.1
[INFO] [stderr]     Checking config v0.10.1
[INFO] [stderr]     Checking serde-aux v2.1.1
[INFO] [stderr]     Checking hyper v0.14.4
[INFO] [stderr]     Checking actix-http v3.0.0-beta.3
[INFO] [stderr]     Checking awc v3.0.0-beta.2
[INFO] [stderr]     Checking actix-web v4.0.0-beta.3
[INFO] [stderr]     Checking hyper-rustls v0.22.1
[INFO] [stderr]     Checking hyper-tls v0.5.0
[INFO] [stderr]     Checking reqwest v0.11.1
[INFO] [stderr]    Compiling sqlx-macros v0.5.1
[INFO] [stderr]     Checking sqlx v0.5.1
[INFO] [stderr]  Documenting faulty-server-poller v0.1.0 (/opt/rustwide/workdir)
[INFO] [stdout] error: error communicating with the server: Cannot assign requested address (os error 99)
[INFO] [stdout]   --> src/polling/run_repository/postgres_run_repository.rs:28:9
[INFO] [stdout]    |
[INFO] [stdout] 28 | /         sqlx::query!(
[INFO] [stdout] 29 | |             r#"
[INFO] [stdout] 30 | |             insert into run (run_id)
[INFO] [stdout] 31 | |             values ($1)
[INFO] [stdout] 32 | |             "#,
[INFO] [stdout] 33 | |             run.id
[INFO] [stdout] 34 | |         )
[INFO] [stdout]    | |_________^
[INFO] [stdout]    |
[INFO] [stdout]    = note: this error originates in the macro `$crate::sqlx_macros::expand_query` (in Nightly builds, run with -Z macro-backtrace for more info)
[INFO] [stdout] 
[INFO] [stdout] 
[INFO] [stdout] error: error communicating with the server: Cannot assign requested address (os error 99)
[INFO] [stdout]   --> src/polling/run_repository/postgres_run_repository.rs:42:28
[INFO] [stdout]    |
[INFO] [stdout] 42 |           let query_result = sqlx::query!(
[INFO] [stdout]    |  ____________________________^
[INFO] [stdout] 43 | |             r#"
[INFO] [stdout] 44 | |             update run set status_id = $1,
[INFO] [stdout] 45 | |                            run_successful_responses = $2,
[INFO] [stdout] ...  |
[INFO] [stdout] 52 | |             run.id,
[INFO] [stdout] 53 | |         )
[INFO] [stdout]    | |_________^
[INFO] [stdout]    |
[INFO] [stdout]    = note: this error originates in the macro `$crate::sqlx_macros::expand_query` (in Nightly builds, run with -Z macro-backtrace for more info)
[INFO] [stdout] 
[INFO] [stdout] 
[INFO] [stdout] error: error communicating with the server: Cannot assign requested address (os error 99)
[INFO] [stdout]   --> src/polling/run_repository/postgres_run_repository.rs:68:19
[INFO] [stdout]    |
[INFO] [stdout] 68 |           let row = sqlx::query!(
[INFO] [stdout]    |  ___________________^
[INFO] [stdout] 69 | |             r#"
[INFO] [stdout] 70 | |             select r.status_id,
[INFO] [stdout] 71 | |                    r.run_successful_responses,
[INFO] [stdout] ...  |
[INFO] [stdout] 76 | |             run_id
[INFO] [stdout] 77 | |         )
[INFO] [stdout]    | |_________^
[INFO] [stdout]    |
[INFO] [stdout]    = note: this error originates in the macro `$crate::sqlx_macros::expand_query` (in Nightly builds, run with -Z macro-backtrace for more info)
[INFO] [stdout] 
[INFO] [stdout] 
[INFO] [stdout] error: Compilation failed, aborting rustdoc
[INFO] [stdout] 
[INFO] [stdout] 
[INFO] [stdout] error: aborting due to 4 previous errors
[INFO] [stdout] 
[INFO] [stdout] 
[INFO] [stderr] error: could not document `faulty-server-poller`
[INFO] [stderr] 
[INFO] [stderr] Caused by:
[INFO] [stderr]   process didn't exit successfully: `rustdoc --edition=2018 --crate-type lib --crate-name faulty_server_poller src/lib.rs -o /opt/rustwide/target/doc --error-format=json --json=diagnostic-rendered-ansi --document-private-items -L dependency=/opt/rustwide/target/debug/deps --extern actix_web=/opt/rustwide/target/debug/deps/libactix_web-c32a522cb41716ef.rmeta --extern anyhow=/opt/rustwide/target/debug/deps/libanyhow-0f10df8acf815383.rmeta --extern async_channel=/opt/rustwide/target/debug/deps/libasync_channel-4f4fcbd938b60db6.rmeta --extern async_trait=/opt/rustwide/target/debug/deps/libasync_trait-0db6d970a52dd14e.so --extern config=/opt/rustwide/target/debug/deps/libconfig-b00e9b2f3dfd4512.rmeta --extern futures=/opt/rustwide/target/debug/deps/libfutures-382548a69e981c93.rmeta --extern log=/opt/rustwide/target/debug/deps/liblog-702331622bd2d3b4.rmeta --extern pretty_env_logger=/opt/rustwide/target/debug/deps/libpretty_env_logger-af455ecb581e3ea6.rmeta --extern reqwest=/opt/rustwide/target/debug/deps/libreqwest-45a71575ac14f1bd.rmeta --extern serde=/opt/rustwide/target/debug/deps/libserde-076db399f4740678.rmeta --extern serde_aux=/opt/rustwide/target/debug/deps/libserde_aux-e6a0e80f71243000.rmeta --extern sqlx=/opt/rustwide/target/debug/deps/libsqlx-a151c8f736994ec6.rmeta --extern thiserror=/opt/rustwide/target/debug/deps/libthiserror-d9bb9e4c5aa949a2.rmeta --extern tokio=/opt/rustwide/target/debug/deps/libtokio-c58022d04153c881.rmeta --extern uuid=/opt/rustwide/target/debug/deps/libuuid-0066b18ba33cf77d.rmeta --cap-lints=warn --crate-version 0.1.0` (exit status: 1)
[INFO] running `Command { std: "docker" "inspect" "dbe6bed8b45050d67972ebc1e86209bcf1ec6c1cb333ca2912732aba96be83bd", kill_on_drop: false }`
[INFO] running `Command { std: "docker" "rm" "-f" "dbe6bed8b45050d67972ebc1e86209bcf1ec6c1cb333ca2912732aba96be83bd", kill_on_drop: false }`
[INFO] [stdout] dbe6bed8b45050d67972ebc1e86209bcf1ec6c1cb333ca2912732aba96be83bd
