[INFO] cloning repository https://github.com/pranitwk/Openetherium
[INFO] running `Command { std: "git" "-c" "credential.helper=" "-c" "credential.helper=/workspace/cargo-home/bin/git-credential-null" "clone" "--bare" "https://github.com/pranitwk/Openetherium" "/workspace/cache/git-repos/https%3A%2F%2Fgithub.com%2Fpranitwk%2FOpenetherium", kill_on_drop: false }`
[INFO] [stderr] Cloning into bare repository '/workspace/cache/git-repos/https%3A%2F%2Fgithub.com%2Fpranitwk%2FOpenetherium'...
[INFO] running `Command { std: "git" "rev-parse" "HEAD", kill_on_drop: false }`
[INFO] [stdout] a92e5e761b5446f8a8df097fe2a8b90f9464b7c0
[INFO] documenting pranitwk/Openetherium against beta-2021-08-01 for beta-1.55-rustdoc-1
[INFO] running `Command { std: "git" "clone" "/workspace/cache/git-repos/https%3A%2F%2Fgithub.com%2Fpranitwk%2FOpenetherium" "/workspace/builds/worker-7/source", kill_on_drop: false }`
[INFO] [stderr] Cloning into '/workspace/builds/worker-7/source'...
[INFO] [stderr] done.
[INFO] validating manifest of git repo https://github.com/pranitwk/Openetherium on toolchain beta-2021-08-01
[INFO] running `Command { std: "/workspace/cargo-home/bin/cargo" "+beta-2021-08-01" "metadata" "--manifest-path" "Cargo.toml" "--no-deps", kill_on_drop: false }`
[INFO] removed /workspace/builds/worker-7/source/.cargo/config
[INFO] started tweaking git repo https://github.com/pranitwk/Openetherium
[INFO] finished tweaking git repo https://github.com/pranitwk/Openetherium
[INFO] tweaked toml for git repo https://github.com/pranitwk/Openetherium written to /workspace/builds/worker-7/source/Cargo.toml
[INFO] crate git repo https://github.com/pranitwk/Openetherium already has a lockfile, it will not be regenerated
[INFO] running `Command { std: "/workspace/cargo-home/bin/cargo" "+beta-2021-08-01" "fetch" "--manifest-path" "Cargo.toml", kill_on_drop: false }`
[INFO] [stderr]     Updating git repository `https://github.com/gnosis/reth.git`
[INFO] [stderr]  Downloading crates ...
[INFO] [stderr]   Downloaded keccak-hasher v0.15.3
[INFO] [stderr]   Downloaded keccak-hash v0.5.1
[INFO] [stderr]   Downloaded ethabi-contract v11.0.0
[INFO] [stderr]   Downloaded ethabi-derive v12.0.0
[INFO] [stderr]   Downloaded ethbloom v0.7.0
[INFO] [stderr]   Downloaded ethereum-types v0.7.0
[INFO] [stderr]   Downloaded parity-crypto v0.6.2
[INFO] [stderr]   Downloaded primitive-types v0.5.1
[INFO] [stderr]   Downloaded triehash v0.5.0
[INFO] running `Command { std: "docker" "create" "-v" "/var/lib/crater-agent-workspace/builds/worker-7/target:/opt/rustwide/target:rw,Z" "-v" "/var/lib/crater-agent-workspace/builds/worker-7/source:/opt/rustwide/workdir:ro,Z" "-v" "/var/lib/crater-agent-workspace/cargo-home:/opt/rustwide/cargo-home:ro,Z" "-v" "/var/lib/crater-agent-workspace/rustup-home:/opt/rustwide/rustup-home:ro,Z" "-e" "SOURCE_DIR=/opt/rustwide/workdir" "-e" "CARGO_TARGET_DIR=/opt/rustwide/target" "-e" "CARGO_HOME=/opt/rustwide/cargo-home" "-e" "RUSTUP_HOME=/opt/rustwide/rustup-home" "-w" "/opt/rustwide/workdir" "-m" "1610612736" "--user" "0:0" "--network" "none" "ghcr.io/rust-lang/crates-build-env/linux@sha256:34b6a614d2c27851fe6cbf88fbd1137609cefab8b10d0615aaeb6fd47975d74e" "/opt/rustwide/cargo-home/bin/cargo" "+beta-2021-08-01" "metadata" "--no-deps" "--format-version=1", kill_on_drop: false }`
[INFO] [stderr] WARNING: Your kernel does not support swap limit capabilities or the cgroup is not mounted. Memory limited without swap.
[INFO] [stdout] 9dec9d55cb77c81004d13fb4ed49f317129b3062ccf2b4441183e47d631f16cd
[INFO] running `Command { std: "docker" "start" "-a" "9dec9d55cb77c81004d13fb4ed49f317129b3062ccf2b4441183e47d631f16cd", kill_on_drop: false }`
[INFO] running `Command { std: "docker" "inspect" "9dec9d55cb77c81004d13fb4ed49f317129b3062ccf2b4441183e47d631f16cd", kill_on_drop: false }`
[INFO] running `Command { std: "docker" "rm" "-f" "9dec9d55cb77c81004d13fb4ed49f317129b3062ccf2b4441183e47d631f16cd", kill_on_drop: false }`
[INFO] [stdout] 9dec9d55cb77c81004d13fb4ed49f317129b3062ccf2b4441183e47d631f16cd
[INFO] running `Command { std: "docker" "create" "-v" "/var/lib/crater-agent-workspace/builds/worker-7/target:/opt/rustwide/target:rw,Z" "-v" "/var/lib/crater-agent-workspace/builds/worker-7/source:/opt/rustwide/workdir:ro,Z" "-v" "/var/lib/crater-agent-workspace/cargo-home:/opt/rustwide/cargo-home:ro,Z" "-v" "/var/lib/crater-agent-workspace/rustup-home:/opt/rustwide/rustup-home:ro,Z" "-e" "SOURCE_DIR=/opt/rustwide/workdir" "-e" "CARGO_TARGET_DIR=/opt/rustwide/target" "-e" "CARGO_INCREMENTAL=0" "-e" "RUST_BACKTRACE=full" "-e" "RUSTDOCFLAGS=--cap-lints=warn" "-e" "CARGO_HOME=/opt/rustwide/cargo-home" "-e" "RUSTUP_HOME=/opt/rustwide/rustup-home" "-w" "/opt/rustwide/workdir" "-m" "1610612736" "--user" "0:0" "--network" "none" "ghcr.io/rust-lang/crates-build-env/linux@sha256:34b6a614d2c27851fe6cbf88fbd1137609cefab8b10d0615aaeb6fd47975d74e" "/opt/rustwide/cargo-home/bin/cargo" "+beta-2021-08-01" "doc" "--frozen" "--no-deps" "--document-private-items" "--message-format=json", kill_on_drop: false }`
[INFO] [stderr] WARNING: Your kernel does not support swap limit capabilities or the cgroup is not mounted. Memory limited without swap.
[INFO] [stdout] 278b229f9b7d5bdf2a2681624ed27008ba75e541e4c9064937ddb27814f05d85
[INFO] running `Command { std: "docker" "start" "-a" "278b229f9b7d5bdf2a2681624ed27008ba75e541e4c9064937ddb27814f05d85", kill_on_drop: false }`
[INFO] [stderr]    Compiling syn v1.0.40
[INFO] [stderr]    Compiling serde v1.0.102
[INFO] [stderr]    Compiling crunchy v0.2.2
[INFO] [stderr]    Compiling cc v1.0.41
[INFO] [stderr]     Checking rustc-hex v2.1.0
[INFO] [stderr]    Compiling arrayvec v0.4.12
[INFO] [stderr]    Compiling tiny-keccak v2.0.2
[INFO] [stderr]     Checking arrayvec v0.5.1
[INFO] [stderr]    Compiling getrandom v0.2.2
[INFO] [stderr]     Checking parity-bytes v0.1.1
[INFO] [stderr]     Checking subtle v2.3.0
[INFO] [stderr]     Checking zeroize v1.2.0
[INFO] [stderr]    Compiling parity-util-mem v0.7.0
[INFO] [stderr]     Checking memzero v0.1.0 (/opt/rustwide/workdir/crates/util/memzero)
[INFO] [stderr]     Checking edit-distance v2.1.0
[INFO] [stderr]    Compiling remove_dir_all v0.5.2
[INFO] [stderr]     Checking unexpected v0.1.0 (/opt/rustwide/workdir/crates/util/unexpected)
[INFO] [stderr]     Checking hash-db v0.11.0
[INFO] [stderr]    Compiling ppv-lite86 v0.2.6
[INFO] [stderr]     Checking scopeguard v0.3.3
[INFO] [stderr]    Compiling radium v0.3.0
[INFO] [stderr]    Compiling either v1.5.3
[INFO] [stderr]    Compiling prometheus v0.9.0
[INFO] [stderr]    Compiling byte-slice-cast v0.3.5
[INFO] [stderr]     Checking primal-estimate v0.2.1
[INFO] [stderr]    Compiling unicode-segmentation v1.5.0
[INFO] [stderr]     Checking try-lock v0.1.0
[INFO] [stderr]     Checking ucd-util v0.1.8
[INFO] [stderr]     Checking macros v0.1.0 (/opt/rustwide/workdir/crates/util/macros)
[INFO] [stderr]     Checking utf8-ranges v1.0.4
[INFO] [stderr]     Checking nan-preserving-float v0.1.0
[INFO] [stderr]     Checking home v0.5.1
[INFO] [stderr]    Compiling winapi v0.3.8
[INFO] [stderr]     Checking ethabi-contract v11.0.0
[INFO] [stderr]     Checking ipnetwork v0.12.8
[INFO] [stderr]     Checking siphasher v0.1.3
[INFO] [stderr]     Checking using_queue v0.1.0 (/opt/rustwide/workdir/crates/concensus/miner/using-queue)
[INFO] [stderr]     Checking time-utils v0.1.0 (/opt/rustwide/workdir/crates/util/time-utils)
[INFO] [stderr]     Checking slab v0.2.0
[INFO] [stderr]     Checking reth-util v0.1.0 (https://github.com/gnosis/reth.git?rev=573e128#573e1284)
[INFO] [stderr]     Checking mio-named-pipes v0.1.6
[INFO] [stderr]     Checking order-stat v0.1.3
[INFO] [stderr]     Checking transient-hashmap v0.4.1
[INFO] [stderr]     Checking rprompt v1.0.3
[INFO] [stderr]     Checking home v0.3.4
[INFO] [stderr]     Checking strsim v0.9.2
[INFO] [stderr]     Checking lock_api v0.3.4
[INFO] [stderr]    Compiling hashbrown v0.8.2
[INFO] [stderr]     Checking lock_api v0.4.3
[INFO] [stderr]    Compiling miniz_oxide v0.4.4
[INFO] [stderr]    Compiling num-iter v0.1.39
[INFO] [stderr]     Checking itertools v0.5.10
[INFO] [stderr]     Checking itertools v0.7.11
[INFO] [stderr]     Checking bitvec v0.17.4
[INFO] [stderr]     Checking relay v0.1.1
[INFO] [stderr]    Compiling getopts v0.2.21
[INFO] [stderr]     Checking rlp v0.4.6
[INFO] [stderr]     Checking eip-152 v0.1.0 (/opt/rustwide/workdir/crates/util/EIP-152)
[INFO] [stderr]     Checking primal-bit v0.2.4
[INFO] [stderr]     Checking tokio-timer v0.1.2
[INFO] [stderr]     Checking walkdir v2.3.1
[INFO] [stderr]    Compiling cmake v0.1.42
[INFO] [stderr]    Compiling c2-chacha v0.2.3
[INFO] [stderr]     Checking regex-syntax v0.5.6
[INFO] [stderr]     Checking parity-path v0.1.2
[INFO] [stderr]     Checking textwrap v0.9.0
[INFO] [stderr]     Checking app_dirs v1.2.1 (https://github.com/openethereum/app-dirs-rs#0b37f948)
[INFO] [stderr]    Compiling libc v0.2.89
[INFO] [stderr]    Compiling proc-macro2 v1.0.20
[INFO] [stderr]    Compiling heck v0.3.1
[INFO] [stderr]     Checking ethcore-bloom-journal v0.1.0 (/opt/rustwide/workdir/crates/db/bloom)
[INFO] [stderr]     Checking lock_api v0.1.5
[INFO] [stderr]    Compiling pulldown-cmark v0.0.3
[INFO] [stderr]     Checking impl-rlp v0.2.1
[INFO] [stderr]     Checking triehash v0.5.0
[INFO] [stderr]     Checking getrandom v0.1.13
[INFO] [stderr]     Checking iovec v0.1.4
[INFO] [stderr]     Checking num_cpus v1.11.0
[INFO] [stderr]     Checking net2 v0.2.33
[INFO] [stderr]     Checking rand v0.5.6
[INFO] [stderr]     Checking parking_lot_core v0.7.2
[INFO] [stderr]     Checking rand_os v0.1.3
[INFO] [stderr]     Checking parking_lot_core v0.8.3
[INFO] [stderr]     Checking time v0.1.42
[INFO] [stderr]     Checking fs-swap v0.2.4
[INFO] [stderr]     Checking memmap v0.6.2
[INFO] [stderr]     Checking socket2 v0.3.11
[INFO] [stderr]     Checking atty v0.2.13
[INFO] [stderr]     Checking rpassword v1.0.2
[INFO] [stderr]     Checking term_size v0.3.1
[INFO] [stderr]     Checking fdlimit v0.1.1
[INFO] [stderr]     Checking base64 v0.9.3
[INFO] [stderr]     Checking fxhash v0.2.1
[INFO] [stderr]     Checking trace-time v0.1.2
[INFO] [stderr]     Checking want v0.0.4
[INFO] [stderr]     Checking aho-corasick v0.6.10
[INFO] [stderr]     Checking xml-rs v0.7.0
[INFO] [stderr]     Checking uint v0.8.5
[INFO] [stderr]     Checking tiny-keccak v1.5.0
[INFO] [stderr]     Checking plain_hasher v0.2.2
[INFO] [stderr]     Checking simple_uint v0.1.0 (https://github.com/matter-labs/eip1962.git?rev=ece6cbabc41948db4200e41f0bfdab7ab94c7af8#ece6cbab)
[INFO] [stderr]    Compiling secp256k1-sys v0.1.2
[INFO] [stderr]    Compiling eth-secp256k1 v0.5.7 (https://github.com/paritytech/rust-secp256k1?rev=9791e79f21a5309dcb6e0bd254b1ef88fca2f1f4#9791e79f)
[INFO] [stderr]    Compiling parity-snappy-sys v0.1.2
[INFO] [stderr]    Compiling ring v0.14.6
[INFO] [stderr]    Compiling parity-rocksdb-sys v0.5.6
[INFO] [stderr]    Compiling quote v1.0.7
[INFO] [stderr]     Checking bytes v0.4.12
[INFO] [stderr]     Checking futures-cpupool v0.1.8
[INFO] [stderr]     Checking rand_core v0.5.1
[INFO] [stderr]     Checking tempdir v0.3.7
[INFO] [stderr]    Compiling rand v0.4.6
[INFO] [stderr]     Checking parking_lot v0.10.2
[INFO] [stderr]     Checking mio v0.6.22
[INFO] [stderr]     Checking wasmi v0.3.0
[INFO] [stderr]     Checking pwasm-utils v0.6.2
[INFO] [stderr]     Checking parking_lot v0.11.1
[INFO] [stderr]     Checking unicode-normalization v0.1.8
[INFO] [stderr]     Checking primal-sieve v0.2.9
[INFO] [stderr]     Checking tokio-executor v0.1.10
[INFO] [stderr]     Checking rand v0.6.5
[INFO] [stderr]     Checking num-integer v0.1.41
[INFO] [stderr]     Checking number_prefix v0.2.8
[INFO] [stderr]     Checking block-buffer v0.7.3
[INFO] [stderr]     Checking regex v1.3.9
[INFO] [stderr]    Compiling syn v0.15.26
[INFO] [stderr]     Checking kvdb v0.1.1
[INFO] [stderr]     Checking rlp_compress v0.1.0 (/opt/rustwide/workdir/crates/util/rlp-compress)
[INFO] [stderr]     Checking clap v2.33.0
[INFO] [stderr]     Checking toolshed v0.6.3
[INFO] [stderr]     Checking txpool v1.0.0-alpha (/opt/rustwide/workdir/crates/transaction-pool)
[INFO] [stderr]     Checking ctrlc v1.1.1 (https://github.com/paritytech/rust-ctrlc.git#b5230171)
[INFO] [stderr]     Checking fixed_width_field v0.1.0 (https://github.com/matter-labs/eip1962.git?rev=ece6cbabc41948db4200e41f0bfdab7ab94c7af8#ece6cbab)
[INFO] [stderr]     Checking fixed_width_group_and_loop v0.1.0 (https://github.com/matter-labs/eip1962.git?rev=ece6cbabc41948db4200e41f0bfdab7ab94c7af8#ece6cbab)
[INFO] [stderr]     Checking miow v0.3.3
[INFO] [stderr]     Checking bn v0.4.4 (https://github.com/paritytech/bn#6079255e)
[INFO] [stderr]     Checking rust-crypto v0.2.36
[INFO] [stderr]     Checking xmltree v0.7.0
[INFO] [stderr]     Checking rand_chacha v0.2.1
[INFO] [stderr]     Checking rand_xorshift v0.2.0
[INFO] [stderr]    Compiling const-random-macro v0.1.13
[INFO] [stderr]     Checking tokio-io v0.1.12
[INFO] [stderr]     Checking http v0.1.21
[INFO] [stderr]     Checking string v0.2.1
[INFO] [stderr]     Checking tokio-buf v0.1.1
[INFO] [stderr]     Checking enum_primitive v0.1.1
[INFO] [stderr]     Checking regex v0.2.11
[INFO] [stderr]     Checking backtrace v0.3.56
[INFO] [stderr]     Checking block-modes v0.3.3
[INFO] [stderr]     Checking len-caching-lock v0.1.1 (/opt/rustwide/workdir/crates/util/len-caching-lock)
[INFO] [stderr]     Checking sha2 v0.8.0
[INFO] [stderr]     Checking ripemd160 v0.8.0
[INFO] [stderr]     Checking sha-1 v0.8.1
[INFO] [stderr]     Checking tokio-timer v0.2.13
[INFO] [stderr]     Checking tokio-current-thread v0.1.6
[INFO] [stderr]    Compiling vergen v0.1.1
[INFO] [stderr]     Checking chrono v0.4.9
[INFO] [stderr]     Checking num-bigint v0.2.3
[INFO] [stderr]     Checking primal-check v0.2.3
[INFO] [stderr]     Checking num-bigint v0.1.44
[INFO] [stderr]     Checking mio-uds v0.6.7
[INFO] [stderr]     Checking mio-extras v2.0.5
[INFO] [stderr]     Checking idna v0.2.0
[INFO] [stderr]     Checking idna v0.1.5
[INFO] [stderr]     Checking rand v0.7.3
[INFO] [stderr]     Checking parity-wordlist v1.3.0
[INFO] [stderr]     Checking trie-db v0.11.0
[INFO] [stderr]     Checking globset v0.4.5
[INFO] [stderr]     Checking env_logger v0.5.13
[INFO] [stderr]     Checking aes v0.3.2
[INFO] [stderr]     Checking tokio-codec v0.1.1
[INFO] [stderr]     Checking pbkdf2 v0.3.0
[INFO] [stderr]     Checking error-chain v0.12.1
[INFO] [stderr]     Checking panic_hook v0.1.0 (/opt/rustwide/workdir/crates/util/panic-hook)
[INFO] [stderr]     Checking const-random v0.1.13
[INFO] [stderr]    Compiling skeptic v0.4.0
[INFO] [stderr]     Checking primal v0.2.3
[INFO] [stderr]     Checking url v2.1.0
[INFO] [stderr]     Checking num v0.1.42
[INFO] [stderr]     Checking timer v0.2.0
[INFO] [stderr]     Checking ethcore-logger v1.12.0 (/opt/rustwide/workdir/bin/oe/logger)
[INFO] [stderr]     Checking url v1.7.2
[INFO] [stderr]     Checking secp256k1 v0.17.2
[INFO] [stderr]     Checking ahash v0.2.19
[INFO] [stderr]     Checking scrypt v0.2.0
[INFO] [stderr]     Checking http-body v0.1.0
[INFO] [stderr]     Checking h2 v0.1.26
[INFO] [stderr]     Checking fixed-hash v0.6.1
[INFO] [stderr]     Checking tempfile v3.1.0
[INFO] [stderr]    Compiling local-encoding v0.2.0
[INFO] [stderr]     Checking hashbrown v0.6.3
[INFO] [stderr]     Checking parity-ws v0.10.0
[INFO] [stderr]     Checking sct v0.5.0
[INFO] [stderr]     Checking webpki v0.19.1
[INFO] [stderr]     Checking lru v0.5.3
[INFO] [stderr]     Checking ct-logs v0.5.1
[INFO] [stderr]     Checking parity-snappy v0.1.0
[INFO] [stderr]     Checking rustls v0.15.2
[INFO] [stderr]     Checking webpki-roots v0.16.0
[INFO] [stderr]    Compiling rlp_derive v0.1.0 (/opt/rustwide/workdir/crates/util/rlp-derive)
[INFO] [stderr]    Compiling logos-derive v0.7.7
[INFO] [stdout] error[E0061]: this function takes 1 argument but 2 arguments were supplied
[INFO] [stdout]     --> /opt/rustwide/cargo-home/registry/src/github.com-1ecc6299db9ec823/logos-derive-0.7.7/src/lib.rs:55:20
[INFO] [stdout]      |
[INFO] [stdout] 55   |             extras.insert(util::ident(&ext), |_| panic!("Only one #[extras] attribute can be declared."));
[INFO] [stdout]      |                    ^^^^^^ -----------------  ----------------------------------------------------------- supplied 2 arguments
[INFO] [stdout]      |                    |
[INFO] [stdout]      |                    expected 1 argument
[INFO] [stdout]      |
[INFO] [stdout] note: associated function defined here
[INFO] [stdout] 
[INFO] [stdout] 
[INFO] [stdout] error[E0061]: this function takes 1 argument but 2 arguments were supplied
[INFO] [stdout]     --> /opt/rustwide/cargo-home/registry/src/github.com-1ecc6299db9ec823/logos-derive-0.7.7/src/lib.rs:89:23
[INFO] [stdout]      |
[INFO] [stdout] 89   |                 error.insert(variant, |_| panic!("Only one #[error] variant can be declared."));
[INFO] [stdout]      |                       ^^^^^^ -------  -------------------------------------------------------- supplied 2 arguments
[INFO] [stdout]      |                       |
[INFO] [stdout]      |                       expected 1 argument
[INFO] [stdout]      |
[INFO] [stdout] note: associated function defined here
[INFO] [stdout] 
[INFO] [stdout] 
[INFO] [stdout] error[E0061]: this function takes 1 argument but 2 arguments were supplied
[INFO] [stdout]     --> /opt/rustwide/cargo-home/registry/src/github.com-1ecc6299db9ec823/logos-derive-0.7.7/src/lib.rs:93:21
[INFO] [stdout]      |
[INFO] [stdout] 93   |                 end.insert(variant, |_| panic!("Only one #[end] variant can be declared."));
[INFO] [stdout]      |                     ^^^^^^ -------  ------------------------------------------------------ supplied 2 arguments
[INFO] [stdout]      |                     |
[INFO] [stdout]      |                     expected 1 argument
[INFO] [stdout]      |
[INFO] [stdout] note: associated function defined here
[INFO] [stdout] 
[INFO] [stdout] 
[INFO] [stderr]    Compiling synstructure v0.12.2
[INFO] [stdout] error: aborting due to 3 previous errors
[INFO] [stdout] 
[INFO] [stdout] 
[INFO] [stdout] For more information about this error, try `rustc --explain E0061`.
[INFO] [stdout] 
[INFO] [stderr] error: could not compile `logos-derive` due to 4 previous errors
[INFO] [stderr] warning: build failed, waiting for other jobs to finish...
[INFO] [stderr] error: build failed
[INFO] running `Command { std: "docker" "inspect" "278b229f9b7d5bdf2a2681624ed27008ba75e541e4c9064937ddb27814f05d85", kill_on_drop: false }`
[INFO] running `Command { std: "docker" "rm" "-f" "278b229f9b7d5bdf2a2681624ed27008ba75e541e4c9064937ddb27814f05d85", kill_on_drop: false }`
[INFO] [stdout] 278b229f9b7d5bdf2a2681624ed27008ba75e541e4c9064937ddb27814f05d85
