[INFO] cloning repository https://github.com/pranaysaha-ps/rust-web-app
[INFO] running `Command { std: "git" "-c" "credential.helper=" "-c" "credential.helper=/workspace/cargo-home/bin/git-credential-null" "clone" "--bare" "https://github.com/pranaysaha-ps/rust-web-app" "/workspace/cache/git-repos/https%3A%2F%2Fgithub.com%2Fpranaysaha-ps%2Frust-web-app", kill_on_drop: false }`
[INFO] [stderr] Cloning into bare repository '/workspace/cache/git-repos/https%3A%2F%2Fgithub.com%2Fpranaysaha-ps%2Frust-web-app'...
[INFO] running `Command { std: "git" "rev-parse" "HEAD", kill_on_drop: false }`
[INFO] [stdout] 894ed234a74164584b3edfc3fd8140195cc64331
[INFO] documenting pranaysaha-ps/rust-web-app against 1.54.0 for beta-1.55-rustdoc-1
[INFO] running `Command { std: "git" "clone" "/workspace/cache/git-repos/https%3A%2F%2Fgithub.com%2Fpranaysaha-ps%2Frust-web-app" "/workspace/builds/worker-2/source", kill_on_drop: false }`
[INFO] [stderr] Cloning into '/workspace/builds/worker-2/source'...
[INFO] [stderr] done.
[INFO] validating manifest of git repo https://github.com/pranaysaha-ps/rust-web-app on toolchain 1.54.0
[INFO] running `Command { std: "/workspace/cargo-home/bin/cargo" "+1.54.0" "metadata" "--manifest-path" "Cargo.toml" "--no-deps", kill_on_drop: false }`
[INFO] started tweaking git repo https://github.com/pranaysaha-ps/rust-web-app
[INFO] finished tweaking git repo https://github.com/pranaysaha-ps/rust-web-app
[INFO] tweaked toml for git repo https://github.com/pranaysaha-ps/rust-web-app written to /workspace/builds/worker-2/source/Cargo.toml
[INFO] crate git repo https://github.com/pranaysaha-ps/rust-web-app already has a lockfile, it will not be regenerated
[INFO] running `Command { std: "/workspace/cargo-home/bin/cargo" "+1.54.0" "fetch" "--manifest-path" "Cargo.toml", kill_on_drop: false }`
[INFO] running `Command { std: "docker" "create" "-v" "/var/lib/crater-agent-workspace/builds/worker-2/target:/opt/rustwide/target:rw,Z" "-v" "/var/lib/crater-agent-workspace/builds/worker-2/source:/opt/rustwide/workdir:ro,Z" "-v" "/var/lib/crater-agent-workspace/cargo-home:/opt/rustwide/cargo-home:ro,Z" "-v" "/var/lib/crater-agent-workspace/rustup-home:/opt/rustwide/rustup-home:ro,Z" "-e" "SOURCE_DIR=/opt/rustwide/workdir" "-e" "CARGO_TARGET_DIR=/opt/rustwide/target" "-e" "CARGO_HOME=/opt/rustwide/cargo-home" "-e" "RUSTUP_HOME=/opt/rustwide/rustup-home" "-w" "/opt/rustwide/workdir" "-m" "1610612736" "--user" "0:0" "--network" "none" "ghcr.io/rust-lang/crates-build-env/linux@sha256:34b6a614d2c27851fe6cbf88fbd1137609cefab8b10d0615aaeb6fd47975d74e" "/opt/rustwide/cargo-home/bin/cargo" "+1.54.0" "metadata" "--no-deps" "--format-version=1", kill_on_drop: false }`
[INFO] [stderr] WARNING: Your kernel does not support swap limit capabilities or the cgroup is not mounted. Memory limited without swap.
[INFO] [stdout] 3d134d3cfd935122ac3c9236fd02b7a714ec928f8b6a39c73bc5624c68bca8a9
[INFO] running `Command { std: "docker" "start" "-a" "3d134d3cfd935122ac3c9236fd02b7a714ec928f8b6a39c73bc5624c68bca8a9", kill_on_drop: false }`
[INFO] running `Command { std: "docker" "inspect" "3d134d3cfd935122ac3c9236fd02b7a714ec928f8b6a39c73bc5624c68bca8a9", kill_on_drop: false }`
[INFO] running `Command { std: "docker" "rm" "-f" "3d134d3cfd935122ac3c9236fd02b7a714ec928f8b6a39c73bc5624c68bca8a9", kill_on_drop: false }`
[INFO] [stdout] 3d134d3cfd935122ac3c9236fd02b7a714ec928f8b6a39c73bc5624c68bca8a9
[INFO] running `Command { std: "docker" "create" "-v" "/var/lib/crater-agent-workspace/builds/worker-2/target:/opt/rustwide/target:rw,Z" "-v" "/var/lib/crater-agent-workspace/builds/worker-2/source:/opt/rustwide/workdir:ro,Z" "-v" "/var/lib/crater-agent-workspace/cargo-home:/opt/rustwide/cargo-home:ro,Z" "-v" "/var/lib/crater-agent-workspace/rustup-home:/opt/rustwide/rustup-home:ro,Z" "-e" "SOURCE_DIR=/opt/rustwide/workdir" "-e" "CARGO_TARGET_DIR=/opt/rustwide/target" "-e" "CARGO_INCREMENTAL=0" "-e" "RUST_BACKTRACE=full" "-e" "RUSTDOCFLAGS=--cap-lints=warn" "-e" "CARGO_HOME=/opt/rustwide/cargo-home" "-e" "RUSTUP_HOME=/opt/rustwide/rustup-home" "-w" "/opt/rustwide/workdir" "-m" "1610612736" "--user" "0:0" "--network" "none" "ghcr.io/rust-lang/crates-build-env/linux@sha256:34b6a614d2c27851fe6cbf88fbd1137609cefab8b10d0615aaeb6fd47975d74e" "/opt/rustwide/cargo-home/bin/cargo" "+1.54.0" "doc" "--frozen" "--no-deps" "--document-private-items" "--message-format=json", kill_on_drop: false }`
[INFO] [stdout] 82108a1e8f66cf6fb449335ed6edea6c1be76f8c5fc2cbf1bd48851e4401eb50
[INFO] [stderr] WARNING: Your kernel does not support swap limit capabilities or the cgroup is not mounted. Memory limited without swap.
[INFO] running `Command { std: "docker" "start" "-a" "82108a1e8f66cf6fb449335ed6edea6c1be76f8c5fc2cbf1bd48851e4401eb50", kill_on_drop: false }`
[INFO] [stderr]     Checking futures-core-preview v0.3.0-alpha.19
[INFO] [stderr]     Checking futures-sink-preview v0.3.0-alpha.19
[INFO] [stderr]     Checking futures-io-preview v0.3.0-alpha.19
[INFO] [stderr]    Compiling slog v2.5.2
[INFO] [stderr]    Compiling syn v1.0.38
[INFO] [stderr]    Compiling hashbrown v0.8.2
[INFO] [stderr]    Compiling indexmap v1.5.1
[INFO] [stderr]    Compiling libc v0.2.74
[INFO] [stderr]     Checking iovec v0.1.4
[INFO] [stderr]     Checking net2 v0.2.34
[INFO] [stderr]     Checking time v0.1.43
[INFO] [stderr]     Checking want v0.2.0
[INFO] [stderr]     Checking atty v0.2.14
[INFO] [stderr]     Checking futures-cpupool v0.1.8
[INFO] [stderr]     Checking crossbeam-channel v0.4.3
[INFO] [stderr]     Checking serde_json v1.0.57
[INFO] [stderr]     Checking dirs v2.0.2
[INFO] [stderr]     Checking mime v0.2.6
[INFO] [stderr]     Checking error-chain v0.12.4
[INFO] [stderr]     Checking parking_lot_core v0.6.2
[INFO] [stderr]     Checking bytes v0.4.12
[INFO] [stderr]     Checking tokio-threadpool v0.1.18
[INFO] [stderr]     Checking mio v0.6.22
[INFO] [stderr]     Checking futures-channel-preview v0.3.0-alpha.19
[INFO] [stderr]     Checking chrono v0.4.13
[INFO] [stderr]     Checking cookie v0.11.3
[INFO] [stderr]     Checking term v0.6.1
[INFO] [stderr]     Checking parking_lot v0.9.0
[INFO] [stderr]     Checking serde_qs v0.4.6
[INFO] [stderr]     Checking futures-util-preview v0.3.0-alpha.19
[INFO] [stderr]    Compiling rand_os v0.1.3
[INFO] [stderr]     Checking tokio-io v0.1.13
[INFO] [stderr]     Checking http v0.1.21
[INFO] [stderr]     Checking tokio-buf v0.1.1
[INFO] [stderr]     Checking string v0.2.1
[INFO] [stderr]     Checking slog-async v2.5.0
[INFO] [stderr]    Compiling rand v0.6.5
[INFO] [stderr]     Checking tokio-reactor v0.1.12
[INFO] [stderr]     Checking slog-term v2.6.0
[INFO] [stderr]     Checking tokio v0.1.22
[INFO] [stderr]     Checking tokio-tcp v0.1.4
[INFO] [stderr]    Compiling phf_generator v0.7.24
[INFO] [stderr]    Compiling phf_codegen v0.7.24
[INFO] [stderr]    Compiling mime_guess v1.8.8
[INFO] [stderr]     Checking http-body v0.1.0
[INFO] [stderr]     Checking h2 v0.1.26
[INFO] [stderr]     Checking futures-executor-preview v0.3.0-alpha.19
[INFO] [stderr]     Checking futures-preview v0.3.0-alpha.19
[INFO] [stderr]     Checking http-service v0.1.5
[INFO] [stdout] error: incorrect use of `await`
[INFO] [stdout]   --> /opt/rustwide/cargo-home/registry/src/github.com-1ecc6299db9ec823/http-service-0.1.5/src/lib.rs:51:33
[INFO] [stdout]    |
[INFO] [stdout] 51 |         while let Some(chunk) = await!(self.next()) {
[INFO] [stdout]    |                                 ^^^^^^^^^^^^^^^^^^^ help: `await` is a postfix operation: `self.next().await`
[INFO] [stdout] 
[INFO] [stdout] 
[INFO] [stdout] error[E0557]: feature has been removed
[INFO] [stdout]  --> /opt/rustwide/cargo-home/registry/src/github.com-1ecc6299db9ec823/http-service-0.1.5/src/lib.rs:8:38
[INFO] [stdout]   |
[INFO] [stdout] 8 | #![feature(futures_api, async_await, await_macro, arbitrary_self_types)]
[INFO] [stdout]   |                                      ^^^^^^^^^^^ feature has been removed
[INFO] [stdout]   |
[INFO] [stdout]   = note: subsumed by `.await` syntax
[INFO] [stdout] 
[INFO] [stdout] 
[INFO] [stdout] error[E0432]: unresolved import `futures::stream::StreamObj`
[INFO] [stdout]   --> /opt/rustwide/cargo-home/registry/src/github.com-1ecc6299db9ec823/http-service-0.1.5/src/lib.rs:14:20
[INFO] [stdout]    |
[INFO] [stdout] 14 |     stream::{self, StreamObj},
[INFO] [stdout]    |                    ^^^^^^^^^
[INFO] [stdout]    |                    |
[INFO] [stdout]    |                    no `StreamObj` in `stream`
[INFO] [stdout]    |                    help: a similar name exists in the module: `Stream`
[INFO] [stdout] 
[INFO] [stdout] 
[INFO] [stdout] error[E0554]: `#![feature]` may not be used on the stable release channel
[INFO] [stdout]  --> /opt/rustwide/cargo-home/registry/src/github.com-1ecc6299db9ec823/http-service-0.1.5/src/lib.rs:8:1
[INFO] [stdout]   |
[INFO] [stdout] 8 | #![feature(futures_api, async_await, await_macro, arbitrary_self_types)]
[INFO] [stdout]   | ^^^^^^^^^^^^^^^^^^^^^^^^^^^^^^^^^^^^^^^^^^^^^^^^^^^^^^^^^^^^^^^^^^^^^^^^
[INFO] [stdout]   |
[INFO] [stdout]   = help: the feature `async_await` has been stable since 1.39.0 and no longer requires an attribute to enable
[INFO] [stdout] 
[INFO] [stdout] 
[INFO] [stdout] error[E0599]: no method named `poll_next` found for struct `Pin<_>` in the current scope
[INFO] [stdout]   --> /opt/rustwide/cargo-home/registry/src/github.com-1ecc6299db9ec823/http-service-0.1.5/src/lib.rs:69:36
[INFO] [stdout]    |
[INFO] [stdout] 69 |         Pin::new(&mut self.stream).poll_next(cx)
[INFO] [stdout]    |                                    ^^^^^^^^^ method not found in `Pin<_>`
[INFO] [stdout]    |
[INFO] [stdout]    = note: `Pin::new(&mut self.stream)` is a function, perhaps you wish to call it
[INFO] [stdout] 
[INFO] [stdout] 
[INFO] [stdout] error: aborting due to 5 previous errors
[INFO] [stdout] 
[INFO] [stdout] 
[INFO] [stdout] Some errors have detailed explanations: E0432, E0554, E0557, E0599.
[INFO] [stdout] 
[INFO] [stdout] For more information about an error, try `rustc --explain E0432`.
[INFO] [stdout] 
[INFO] [stderr] error: could not compile `http-service`
[INFO] [stderr] 
[INFO] [stderr] To learn more, run the command again with --verbose.
[INFO] [stderr] warning: build failed, waiting for other jobs to finish...
[INFO] [stderr] error: build failed
[INFO] running `Command { std: "docker" "inspect" "82108a1e8f66cf6fb449335ed6edea6c1be76f8c5fc2cbf1bd48851e4401eb50", kill_on_drop: false }`
[INFO] running `Command { std: "docker" "rm" "-f" "82108a1e8f66cf6fb449335ed6edea6c1be76f8c5fc2cbf1bd48851e4401eb50", kill_on_drop: false }`
[INFO] [stdout] 82108a1e8f66cf6fb449335ed6edea6c1be76f8c5fc2cbf1bd48851e4401eb50
