[INFO] cloning repository https://github.com/post-rex/doit
[INFO] running `Command { std: "git" "-c" "credential.helper=" "-c" "credential.helper=/workspace/cargo-home/bin/git-credential-null" "clone" "--bare" "https://github.com/post-rex/doit" "/workspace/cache/git-repos/https%3A%2F%2Fgithub.com%2Fpost-rex%2Fdoit", kill_on_drop: false }`
[INFO] [stderr] Cloning into bare repository '/workspace/cache/git-repos/https%3A%2F%2Fgithub.com%2Fpost-rex%2Fdoit'...
[INFO] running `Command { std: "git" "rev-parse" "HEAD", kill_on_drop: false }`
[INFO] [stdout] 0147a149228116fe0cc6a17bdb185d0d75dd7e36
[INFO] documenting post-rex/doit against 1.54.0 for beta-1.55-rustdoc-1
[INFO] running `Command { std: "git" "clone" "/workspace/cache/git-repos/https%3A%2F%2Fgithub.com%2Fpost-rex%2Fdoit" "/workspace/builds/worker-3/source", kill_on_drop: false }`
[INFO] [stderr] Cloning into '/workspace/builds/worker-3/source'...
[INFO] [stderr] done.
[INFO] validating manifest of git repo https://github.com/post-rex/doit on toolchain 1.54.0
[INFO] running `Command { std: "/workspace/cargo-home/bin/cargo" "+1.54.0" "metadata" "--manifest-path" "Cargo.toml" "--no-deps", kill_on_drop: false }`
[INFO] started tweaking git repo https://github.com/post-rex/doit
[INFO] finished tweaking git repo https://github.com/post-rex/doit
[INFO] tweaked toml for git repo https://github.com/post-rex/doit written to /workspace/builds/worker-3/source/Cargo.toml
[INFO] crate git repo https://github.com/post-rex/doit already has a lockfile, it will not be regenerated
[INFO] running `Command { std: "/workspace/cargo-home/bin/cargo" "+1.54.0" "fetch" "--manifest-path" "Cargo.toml", kill_on_drop: false }`
[INFO] [stderr]     Blocking waiting for file lock on package cache
[INFO] running `Command { std: "docker" "create" "-v" "/var/lib/crater-agent-workspace/builds/worker-3/target:/opt/rustwide/target:rw,Z" "-v" "/var/lib/crater-agent-workspace/builds/worker-3/source:/opt/rustwide/workdir:ro,Z" "-v" "/var/lib/crater-agent-workspace/cargo-home:/opt/rustwide/cargo-home:ro,Z" "-v" "/var/lib/crater-agent-workspace/rustup-home:/opt/rustwide/rustup-home:ro,Z" "-e" "SOURCE_DIR=/opt/rustwide/workdir" "-e" "CARGO_TARGET_DIR=/opt/rustwide/target" "-e" "CARGO_HOME=/opt/rustwide/cargo-home" "-e" "RUSTUP_HOME=/opt/rustwide/rustup-home" "-w" "/opt/rustwide/workdir" "-m" "1610612736" "--user" "0:0" "--network" "none" "ghcr.io/rust-lang/crates-build-env/linux@sha256:34b6a614d2c27851fe6cbf88fbd1137609cefab8b10d0615aaeb6fd47975d74e" "/opt/rustwide/cargo-home/bin/cargo" "+1.54.0" "metadata" "--no-deps" "--format-version=1", kill_on_drop: false }`
[INFO] [stdout] 4177202dd28811edf47e3baea690fa1813245eb4baf3b1459e4411c144d91d3d
[INFO] [stderr] WARNING: Your kernel does not support swap limit capabilities or the cgroup is not mounted. Memory limited without swap.
[INFO] running `Command { std: "docker" "start" "-a" "4177202dd28811edf47e3baea690fa1813245eb4baf3b1459e4411c144d91d3d", kill_on_drop: false }`
[INFO] running `Command { std: "docker" "inspect" "4177202dd28811edf47e3baea690fa1813245eb4baf3b1459e4411c144d91d3d", kill_on_drop: false }`
[INFO] running `Command { std: "docker" "rm" "-f" "4177202dd28811edf47e3baea690fa1813245eb4baf3b1459e4411c144d91d3d", kill_on_drop: false }`
[INFO] [stdout] 4177202dd28811edf47e3baea690fa1813245eb4baf3b1459e4411c144d91d3d
[INFO] running `Command { std: "docker" "create" "-v" "/var/lib/crater-agent-workspace/builds/worker-3/target:/opt/rustwide/target:rw,Z" "-v" "/var/lib/crater-agent-workspace/builds/worker-3/source:/opt/rustwide/workdir:ro,Z" "-v" "/var/lib/crater-agent-workspace/cargo-home:/opt/rustwide/cargo-home:ro,Z" "-v" "/var/lib/crater-agent-workspace/rustup-home:/opt/rustwide/rustup-home:ro,Z" "-e" "SOURCE_DIR=/opt/rustwide/workdir" "-e" "CARGO_TARGET_DIR=/opt/rustwide/target" "-e" "CARGO_INCREMENTAL=0" "-e" "RUST_BACKTRACE=full" "-e" "RUSTDOCFLAGS=--cap-lints=warn" "-e" "CARGO_HOME=/opt/rustwide/cargo-home" "-e" "RUSTUP_HOME=/opt/rustwide/rustup-home" "-w" "/opt/rustwide/workdir" "-m" "1610612736" "--user" "0:0" "--network" "none" "ghcr.io/rust-lang/crates-build-env/linux@sha256:34b6a614d2c27851fe6cbf88fbd1137609cefab8b10d0615aaeb6fd47975d74e" "/opt/rustwide/cargo-home/bin/cargo" "+1.54.0" "doc" "--frozen" "--no-deps" "--document-private-items" "--message-format=json", kill_on_drop: false }`
[INFO] [stdout] bc98e5c305d93795c7840b05f60850678e7c5410ed57e5275637187f3aba3c74
[INFO] [stderr] WARNING: Your kernel does not support swap limit capabilities or the cgroup is not mounted. Memory limited without swap.
[INFO] running `Command { std: "docker" "start" "-a" "bc98e5c305d93795c7840b05f60850678e7c5410ed57e5275637187f3aba3c74", kill_on_drop: false }`
[INFO] [stderr]     Blocking waiting for file lock on package cache
[INFO] [stderr]     Blocking waiting for file lock on package cache
[INFO] [stderr]    Compiling syn v1.0.58
[INFO] [stderr]    Compiling serde_derive v1.0.120
[INFO] [stderr]    Compiling pam-sys v0.5.6
[INFO] [stderr]    Compiling serde v1.0.120
[INFO] [stderr]     Checking users v0.8.1
[INFO] [stderr]     Checking regex v1.4.3
[INFO] [stderr]     Checking term v0.7.0
[INFO] [stderr]     Checking pam v0.7.0
[INFO] [stderr]     Checking fancy-regex v0.4.1
[INFO] [stderr]    Compiling proc-macro-error v1.0.4
[INFO] [stderr]    Compiling structopt-derive v0.4.14
[INFO] [stderr]     Checking structopt v0.3.21
[INFO] [stderr]     Checking ron v0.6.4
[INFO] [stderr]  Documenting doit v0.1.0 (/opt/rustwide/workdir)
[INFO] [stdout] error[E0585]: found a documentation comment that doesn't document anything
[INFO] [stdout]   --> src/config/file.rs:47:5
[INFO] [stdout]    |
[INFO] [stdout] 47 |     /// Format string with dynamic values
[INFO] [stdout]    |     ^^^^^^^^^^^^^^^^^^^^^^^^^^^^^^^^^^^^^
[INFO] [stdout]    |
[INFO] [stdout]    = help: doc comments must come before what they document, maybe a comment was intended with `//`?
[INFO] [stdout] 
[INFO] [stdout] 
[INFO] [stdout] error[E0432]: unresolved import `crate::config::file::FileBoundConfig`
[INFO] [stdout]  --> src/config/mod.rs:8:5
[INFO] [stdout]   |
[INFO] [stdout] 8 | use crate::config::file::FileBoundConfig;
[INFO] [stdout]   |     ^^^^^^^^^^^^^^^^^^^^^^^^^^^^^^^^^^^^ no `FileBoundConfig` in `config::file`
[INFO] [stdout] 
[INFO] [stdout] 
[INFO] [stdout] error[E0432]: unresolved imports `crate::config::Command`, `crate::config::ExecRight`, `crate::config::UserMode`
[INFO] [stdout]  --> src/user.rs:2:21
[INFO] [stdout]   |
[INFO] [stdout] 2 | use crate::config::{Command, ExecRight, UserMode};
[INFO] [stdout]   |                     ^^^^^^^  ^^^^^^^^^  ^^^^^^^^ no `UserMode` in `config`
[INFO] [stdout]   |                     |        |
[INFO] [stdout]   |                     |        no `ExecRight` in `config`
[INFO] [stdout]   |                     no `Command` in `config`
[INFO] [stdout] 
[INFO] [stdout] 
[INFO] [stdout] error: Compilation failed, aborting rustdoc
[INFO] [stdout] 
[INFO] [stdout] 
[INFO] [stdout] error: aborting due to 4 previous errors
[INFO] [stdout] 
[INFO] [stdout] 
[INFO] [stdout] Some errors have detailed explanations: E0432, E0585.
[INFO] [stdout] 
[INFO] [stdout] For more information about an error, try `rustc --explain E0432`.
[INFO] [stdout] 
[INFO] [stderr] error: could not document `doit`
[INFO] [stderr] 
[INFO] [stderr] Caused by:
[INFO] [stderr]   process didn't exit successfully: `rustdoc --edition=2018 --crate-type bin --crate-name doit src/main.rs -o /opt/rustwide/target/doc --error-format=json --json=diagnostic-rendered-ansi --document-private-items -L dependency=/opt/rustwide/target/debug/deps --extern fancy_regex=/opt/rustwide/target/debug/deps/libfancy_regex-62b116aee8e43184.rmeta --extern libc=/opt/rustwide/target/debug/deps/liblibc-be8824abcec2c4cf.rmeta --extern pam=/opt/rustwide/target/debug/deps/libpam-28efc1cc60f3efcc.rmeta --extern ron=/opt/rustwide/target/debug/deps/libron-32a58f73210c4392.rmeta --extern serde=/opt/rustwide/target/debug/deps/libserde-cafdb8cc14fc570b.rmeta --extern strfmt=/opt/rustwide/target/debug/deps/libstrfmt-1d1ef755dc18784f.rmeta --extern structopt=/opt/rustwide/target/debug/deps/libstructopt-141b0099a0c3be23.rmeta --extern term=/opt/rustwide/target/debug/deps/libterm-aa183abe7284202a.rmeta --cap-lints=warn --crate-version 0.1.0` (exit status: 1)
[INFO] running `Command { std: "docker" "inspect" "bc98e5c305d93795c7840b05f60850678e7c5410ed57e5275637187f3aba3c74", kill_on_drop: false }`
[INFO] running `Command { std: "docker" "rm" "-f" "bc98e5c305d93795c7840b05f60850678e7c5410ed57e5275637187f3aba3c74", kill_on_drop: false }`
[INFO] [stdout] bc98e5c305d93795c7840b05f60850678e7c5410ed57e5275637187f3aba3c74
