[INFO] cloning repository https://github.com/popeJeong/Openethereum
[INFO] running `Command { std: "git" "-c" "credential.helper=" "-c" "credential.helper=/workspace/cargo-home/bin/git-credential-null" "clone" "--bare" "https://github.com/popeJeong/Openethereum" "/workspace/cache/git-repos/https%3A%2F%2Fgithub.com%2FpopeJeong%2FOpenethereum", kill_on_drop: false }`
[INFO] [stderr] Cloning into bare repository '/workspace/cache/git-repos/https%3A%2F%2Fgithub.com%2FpopeJeong%2FOpenethereum'...
[INFO] running `Command { std: "git" "rev-parse" "HEAD", kill_on_drop: false }`
[INFO] [stdout] 3fce5107fb720ef2a8eeda9bf64ca0f78c11d74f
[INFO] documenting popeJeong/Openethereum against beta-2021-08-01 for beta-1.55-rustdoc-1
[INFO] running `Command { std: "git" "clone" "/workspace/cache/git-repos/https%3A%2F%2Fgithub.com%2FpopeJeong%2FOpenethereum" "/workspace/builds/worker-7/source", kill_on_drop: false }`
[INFO] [stderr] Cloning into '/workspace/builds/worker-7/source'...
[INFO] [stderr] done.
[INFO] validating manifest of git repo https://github.com/popeJeong/Openethereum on toolchain beta-2021-08-01
[INFO] running `Command { std: "/workspace/cargo-home/bin/cargo" "+beta-2021-08-01" "metadata" "--manifest-path" "Cargo.toml" "--no-deps", kill_on_drop: false }`
[INFO] started tweaking git repo https://github.com/popeJeong/Openethereum
[INFO] finished tweaking git repo https://github.com/popeJeong/Openethereum
[INFO] tweaked toml for git repo https://github.com/popeJeong/Openethereum written to /workspace/builds/worker-7/source/Cargo.toml
[INFO] crate git repo https://github.com/popeJeong/Openethereum already has a lockfile, it will not be regenerated
[INFO] running `Command { std: "/workspace/cargo-home/bin/cargo" "+beta-2021-08-01" "fetch" "--manifest-path" "Cargo.toml", kill_on_drop: false }`
[INFO] [stderr]     Updating git repository `https://github.com/paritytech/secret-store`
[INFO] [stderr]     Blocking waiting for file lock on package cache
[INFO] running `Command { std: "docker" "create" "-v" "/var/lib/crater-agent-workspace/builds/worker-7/target:/opt/rustwide/target:rw,Z" "-v" "/var/lib/crater-agent-workspace/builds/worker-7/source:/opt/rustwide/workdir:ro,Z" "-v" "/var/lib/crater-agent-workspace/cargo-home:/opt/rustwide/cargo-home:ro,Z" "-v" "/var/lib/crater-agent-workspace/rustup-home:/opt/rustwide/rustup-home:ro,Z" "-e" "SOURCE_DIR=/opt/rustwide/workdir" "-e" "CARGO_TARGET_DIR=/opt/rustwide/target" "-e" "CARGO_HOME=/opt/rustwide/cargo-home" "-e" "RUSTUP_HOME=/opt/rustwide/rustup-home" "-w" "/opt/rustwide/workdir" "-m" "1610612736" "--user" "0:0" "--network" "none" "ghcr.io/rust-lang/crates-build-env/linux@sha256:34b6a614d2c27851fe6cbf88fbd1137609cefab8b10d0615aaeb6fd47975d74e" "/opt/rustwide/cargo-home/bin/cargo" "+beta-2021-08-01" "metadata" "--no-deps" "--format-version=1", kill_on_drop: false }`
[INFO] [stderr] WARNING: Your kernel does not support swap limit capabilities or the cgroup is not mounted. Memory limited without swap.
[INFO] [stdout] 2302e75634809517a115db00d856a58884397b760d06c04b9320da68b2b7ea2c
[INFO] running `Command { std: "docker" "start" "-a" "2302e75634809517a115db00d856a58884397b760d06c04b9320da68b2b7ea2c", kill_on_drop: false }`
[INFO] running `Command { std: "docker" "inspect" "2302e75634809517a115db00d856a58884397b760d06c04b9320da68b2b7ea2c", kill_on_drop: false }`
[INFO] running `Command { std: "docker" "rm" "-f" "2302e75634809517a115db00d856a58884397b760d06c04b9320da68b2b7ea2c", kill_on_drop: false }`
[INFO] [stdout] 2302e75634809517a115db00d856a58884397b760d06c04b9320da68b2b7ea2c
[INFO] running `Command { std: "docker" "create" "-v" "/var/lib/crater-agent-workspace/builds/worker-7/target:/opt/rustwide/target:rw,Z" "-v" "/var/lib/crater-agent-workspace/builds/worker-7/source:/opt/rustwide/workdir:ro,Z" "-v" "/var/lib/crater-agent-workspace/cargo-home:/opt/rustwide/cargo-home:ro,Z" "-v" "/var/lib/crater-agent-workspace/rustup-home:/opt/rustwide/rustup-home:ro,Z" "-e" "SOURCE_DIR=/opt/rustwide/workdir" "-e" "CARGO_TARGET_DIR=/opt/rustwide/target" "-e" "CARGO_INCREMENTAL=0" "-e" "RUST_BACKTRACE=full" "-e" "RUSTDOCFLAGS=--cap-lints=warn" "-e" "CARGO_HOME=/opt/rustwide/cargo-home" "-e" "RUSTUP_HOME=/opt/rustwide/rustup-home" "-w" "/opt/rustwide/workdir" "-m" "1610612736" "--user" "0:0" "--network" "none" "ghcr.io/rust-lang/crates-build-env/linux@sha256:34b6a614d2c27851fe6cbf88fbd1137609cefab8b10d0615aaeb6fd47975d74e" "/opt/rustwide/cargo-home/bin/cargo" "+beta-2021-08-01" "doc" "--frozen" "--no-deps" "--document-private-items" "--message-format=json", kill_on_drop: false }`
[INFO] [stdout] 879aa9cbc11c01148e490c2ca513d52a856415e022ef0675188e17329961bc16
[INFO] [stderr] WARNING: Your kernel does not support swap limit capabilities or the cgroup is not mounted. Memory limited without swap.
[INFO] running `Command { std: "docker" "start" "-a" "879aa9cbc11c01148e490c2ca513d52a856415e022ef0675188e17329961bc16", kill_on_drop: false }`
[INFO] [stderr]    Compiling libc v0.2.68
[INFO] [stderr]    Compiling syn v1.0.17
[INFO] [stderr]    Compiling serde v1.0.105
[INFO] [stderr]    Compiling rayon-core v1.7.0
[INFO] [stderr]     Checking bitvec v0.15.2
[INFO] [stderr]    Compiling proc-macro-hack v0.5.14
[INFO] [stderr]    Compiling fs_extra v1.1.0
[INFO] [stderr]    Compiling parity-util-mem v0.7.0
[INFO] [stderr]     Checking parity-bytes v0.1.2
[INFO] [stderr]    Compiling snap v1.0.0
[INFO] [stderr]     Checking unexpected v0.1.0 (/opt/rustwide/workdir/util/unexpected)
[INFO] [stderr]    Compiling arrayvec v0.5.1
[INFO] [stderr]     Checking once_cell v1.3.1
[INFO] [stderr]    Compiling regex-syntax v0.6.17
[INFO] [stderr]     Checking time-utils v0.1.0 (/opt/rustwide/workdir/util/time-utils)
[INFO] [stderr]     Checking home v0.5.3
[INFO] [stderr]     Checking using_queue v0.1.0 (/opt/rustwide/workdir/miner/using-queue)
[INFO] [stderr]    Compiling smallvec v1.2.0
[INFO] [stderr]     Checking base64 v0.12.0
[INFO] [stderr]    Compiling bindgen v0.53.2
[INFO] [stderr]    Compiling failure_derive v0.1.7
[INFO] [stderr]    Compiling winapi v0.3.8
[INFO] [stderr]     Checking strsim v0.9.3
[INFO] [stderr]    Compiling memoffset v0.5.4
[INFO] [stderr]    Compiling lazy_static v1.4.0
[INFO] [stderr]    Compiling hashbrown v0.8.0
[INFO] [stderr]    Compiling num-bigint v0.2.6
[INFO] [stderr]    Compiling num-rational v0.2.4
[INFO] [stderr]    Compiling num-iter v0.1.40
[INFO] [stderr]    Compiling num-complex v0.2.4
[INFO] [stderr]     Checking lock_api v0.3.3
[INFO] [stderr]     Checking rlp v0.4.5
[INFO] [stderr]    Compiling rand v0.6.5
[INFO] [stderr]     Checking itertools v0.8.2
[INFO] [stderr]     Checking tokio-sync v0.1.8
[INFO] [stderr]    Compiling nom v5.1.1
[INFO] [stderr]     Checking eip-152 v0.1.0 (/opt/rustwide/workdir/util/EIP-152)
[INFO] [stderr]    Compiling clang-sys v0.29.2
[INFO] [stderr]     Checking parity-path v0.1.3
[INFO] [stderr]     Checking app_dirs v1.2.1 (https://github.com/paritytech/app-dirs-rs#0b37f948)
[INFO] [stderr]    Compiling byteorder v1.3.4
[INFO] [stderr]    Compiling unicode-normalization v0.1.12
[INFO] [stderr]     Checking thread_local v1.0.1
[INFO] [stderr]     Checking lock_api v0.1.5
[INFO] [stderr]     Checking impl-rlp v0.2.1
[INFO] [stderr]     Checking triehash v0.8.3
[INFO] [stderr]     Checking base64 v0.9.3
[INFO] [stderr]     Checking base64 v0.10.1
[INFO] [stderr]     Checking parity-wasm v0.31.3
[INFO] [stderr]     Checking fxhash v0.2.1
[INFO] [stderr]    Compiling crossbeam-utils v0.7.2
[INFO] [stderr]     Checking trace-time v0.1.3
[INFO] [stderr]     Checking stats v0.1.0 (/opt/rustwide/workdir/util/stats)
[INFO] [stderr]     Checking tiny-keccak v2.0.2
[INFO] [stderr]     Checking uint v0.8.3
[INFO] [stderr]     Checking plain_hasher v0.2.3
[INFO] [stderr]     Checking simple_uint v0.1.0 (https://github.com/matter-labs/eip1962.git?rev=ece6cbabc41948db4200e41f0bfdab7ab94c7af8#ece6cbab)
[INFO] [stderr]     Checking elastic-array v0.10.3
[INFO] [stderr]     Checking bstr v0.2.12
[INFO] [stderr]     Checking number_prefix v0.2.8
[INFO] [stderr]    Compiling num-integer v0.1.42
[INFO] [stderr]     Checking toolshed v0.6.3
[INFO] [stderr]     Checking transaction-pool v2.0.3
[INFO] [stderr]     Checking block-buffer v0.7.3
[INFO] [stderr]     Checking regex v1.3.5
[INFO] [stderr]    Compiling crossbeam-queue v0.2.1
[INFO] [stderr]     Checking tokio-executor v0.1.10
[INFO] [stderr]     Checking xmltree v0.8.0
[INFO] [stderr]     Checking fixed_width_field v0.1.0 (https://github.com/matter-labs/eip1962.git?rev=ece6cbabc41948db4200e41f0bfdab7ab94c7af8#ece6cbab)
[INFO] [stderr]     Checking fixed_width_group_and_loop v0.1.0 (https://github.com/matter-labs/eip1962.git?rev=ece6cbabc41948db4200e41f0bfdab7ab94c7af8#ece6cbab)
[INFO] [stderr]     Checking primal-check v0.2.3
[INFO] [stderr]    Compiling crossbeam-epoch v0.8.2
[INFO] [stderr]    Compiling idna v0.1.5
[INFO] [stderr]     Checking rlp_compress v0.1.0 (/opt/rustwide/workdir/util/rlp-compress)
[INFO] [stderr]     Checking aes-soft v0.3.3
[INFO] [stderr]     Checking block-modes v0.3.3
[INFO] [stderr]     Checking sha2 v0.8.1
[INFO] [stderr]     Checking ripemd160 v0.8.0
[INFO] [stderr]     Checking sha-1 v0.8.2
[INFO] [stderr]     Checking tokio-current-thread v0.1.7
[INFO] [stderr]     Checking tokio-timer v0.2.13
[INFO] [stderr]     Checking primal v0.2.3
[INFO] [stderr]     Checking pwasm-utils v0.6.2
[INFO] [stderr]     Checking wasmi v0.3.0
[INFO] [stderr]    Compiling crossbeam-deque v0.7.3
[INFO] [stderr]     Checking getrandom v0.1.14
[INFO] [stderr]     Checking iovec v0.1.4
[INFO] [stderr]     Checking parking_lot_core v0.7.0
[INFO] [stderr]     Checking num_cpus v1.12.0
[INFO] [stderr]     Checking net2 v0.2.33
[INFO] [stderr]     Checking time v0.1.42
[INFO] [stderr]     Checking rand v0.5.6
[INFO] [stderr]     Checking rand_os v0.1.3
[INFO] [stderr]     Checking memmap v0.6.2
[INFO] [stderr]     Checking rand v0.4.6
[INFO] [stderr]     Checking atty v0.2.14
[INFO] [stderr]     Checking socket2 v0.3.11
[INFO] [stderr]     Checking fs-swap v0.2.4
[INFO] [stderr]     Checking nix v0.17.0
[INFO] [stderr]     Checking rpassword v1.0.2
[INFO] [stderr]     Checking fdlimit v0.1.4
[INFO] [stderr]     Checking term_size v0.3.1
[INFO] [stderr]     Checking aes-ctr v0.3.0
[INFO] [stderr]     Checking aes v0.3.2
[INFO] [stderr]    Compiling which v3.1.1
[INFO] [stderr]     Checking globset v0.4.5
[INFO] [stderr]     Checking bytes v0.4.12
[INFO] [stderr]    Compiling url v1.7.2
[INFO] [stderr]     Checking rand_core v0.5.1
[INFO] [stderr]     Checking futures-cpupool v0.1.8
[INFO] [stderr]     Checking parking_lot v0.10.0
[INFO] [stderr]     Checking env_logger v0.5.13
[INFO] [stderr]     Checking clap v2.33.0
[INFO] [stderr]     Checking mio v0.6.21
[INFO] [stderr]     Checking chrono v0.4.11
[INFO] [stderr]     Checking miow v0.3.3
[INFO] [stderr]     Checking tokio-threadpool v0.1.18
[INFO] [stderr]    Compiling const-random-macro v0.1.8
[INFO] [stderr]    Compiling env_logger v0.7.1
[INFO] [stderr]     Checking tokio-io v0.1.13
[INFO] [stderr]     Checking http v0.1.21
[INFO] [stderr]     Checking tokio-buf v0.1.1
[INFO] [stderr]     Checking string v0.2.1
[INFO] [stderr]     Checking rand_chacha v0.2.2
[INFO] [stderr]     Checking rand_xorshift v0.2.0
[INFO] [stderr]     Checking len-caching-lock v0.1.1 (/opt/rustwide/workdir/util/len-caching-lock)
[INFO] [stderr]     Checking pbkdf2 v0.3.0
[INFO] [stderr]     Checking bn v0.4.4 (https://github.com/paritytech/bn#635c4cdd)
[INFO] [stderr]     Checking num v0.2.1
[INFO] [stderr]    Compiling cexpr v0.4.0
[INFO] [stderr]     Checking ethcore-logger v1.12.0 (/opt/rustwide/workdir/parity/logger)
[INFO] [stderr]    Compiling rayon v1.3.0
[INFO] [stderr]     Checking mio-uds v0.6.7
[INFO] [stderr]     Checking mio-extras v2.0.6
[INFO] [stderr]     Checking timer v0.2.0
[INFO] [stderr]    Compiling logos-derive v0.7.7
[INFO] [stderr]     Checking const-random v0.1.8
[INFO] [stderr]     Checking tokio-codec v0.1.2
[INFO] [stderr]     Checking tokio-fs v0.1.7
[INFO] [stderr]     Checking rand v0.7.3
[INFO] [stderr]     Checking scrypt v0.2.0
[INFO] [stdout] error[E0061]: this function takes 1 argument but 2 arguments were supplied
[INFO] [stdout]     --> /opt/rustwide/cargo-home/registry/src/github.com-1ecc6299db9ec823/logos-derive-0.7.7/src/lib.rs:55:20
[INFO] [stdout]      |
[INFO] [stdout] 55   |             extras.insert(util::ident(&ext), |_| panic!("Only one #[extras] attribute can be declared."));
[INFO] [stdout]      |                    ^^^^^^ -----------------  ----------------------------------------------------------- supplied 2 arguments
[INFO] [stdout]      |                    |
[INFO] [stdout]      |                    expected 1 argument
[INFO] [stdout]      |
[INFO] [stdout] note: associated function defined here
[INFO] [stdout] 
[INFO] [stdout] 
[INFO] [stdout] error[E0061]: this function takes 1 argument but 2 arguments were supplied
[INFO] [stdout]     --> /opt/rustwide/cargo-home/registry/src/github.com-1ecc6299db9ec823/logos-derive-0.7.7/src/lib.rs:89:23
[INFO] [stdout]      |
[INFO] [stdout] 89   |                 error.insert(variant, |_| panic!("Only one #[error] variant can be declared."));
[INFO] [stdout]      |                       ^^^^^^ -------  -------------------------------------------------------- supplied 2 arguments
[INFO] [stdout]      |                       |
[INFO] [stdout]      |                       expected 1 argument
[INFO] [stdout]      |
[INFO] [stdout] note: associated function defined here
[INFO] [stdout] 
[INFO] [stdout] 
[INFO] [stdout] error[E0061]: this function takes 1 argument but 2 arguments were supplied
[INFO] [stdout]     --> /opt/rustwide/cargo-home/registry/src/github.com-1ecc6299db9ec823/logos-derive-0.7.7/src/lib.rs:93:21
[INFO] [stdout]      |
[INFO] [stdout] 93   |                 end.insert(variant, |_| panic!("Only one #[end] variant can be declared."));
[INFO] [stdout]      |                     ^^^^^^ -------  ------------------------------------------------------ supplied 2 arguments
[INFO] [stdout]      |                     |
[INFO] [stdout]      |                     expected 1 argument
[INFO] [stdout]      |
[INFO] [stdout] note: associated function defined here
[INFO] [stdout] 
[INFO] [stdout] 
[INFO] [stderr]     Checking ahash v0.2.18
[INFO] [stdout] error: aborting due to 3 previous errors
[INFO] [stdout] 
[INFO] [stdout] 
[INFO] [stdout] For more information about this error, try `rustc --explain E0061`.
[INFO] [stdout] 
[INFO] [stderr] error: could not compile `logos-derive` due to 4 previous errors
[INFO] [stderr] warning: build failed, waiting for other jobs to finish...
[INFO] [stderr] error: build failed
[INFO] running `Command { std: "docker" "inspect" "879aa9cbc11c01148e490c2ca513d52a856415e022ef0675188e17329961bc16", kill_on_drop: false }`
[INFO] running `Command { std: "docker" "rm" "-f" "879aa9cbc11c01148e490c2ca513d52a856415e022ef0675188e17329961bc16", kill_on_drop: false }`
[INFO] [stdout] 879aa9cbc11c01148e490c2ca513d52a856415e022ef0675188e17329961bc16
