[INFO] cloning repository https://github.com/planet0104/oracle-cmd
[INFO] running `Command { std: "git" "-c" "credential.helper=" "-c" "credential.helper=/workspace/cargo-home/bin/git-credential-null" "clone" "--bare" "https://github.com/planet0104/oracle-cmd" "/workspace/cache/git-repos/https%3A%2F%2Fgithub.com%2Fplanet0104%2Foracle-cmd", kill_on_drop: false }`
[INFO] [stderr] Cloning into bare repository '/workspace/cache/git-repos/https%3A%2F%2Fgithub.com%2Fplanet0104%2Foracle-cmd'...
[INFO] running `Command { std: "git" "rev-parse" "HEAD", kill_on_drop: false }`
[INFO] [stdout] 2e36b860eade07c7187d194123f44ef1e826e5ee
[INFO] documenting planet0104/oracle-cmd against 1.54.0 for beta-1.55-rustdoc-1
[INFO] running `Command { std: "git" "clone" "/workspace/cache/git-repos/https%3A%2F%2Fgithub.com%2Fplanet0104%2Foracle-cmd" "/workspace/builds/worker-12/source", kill_on_drop: false }`
[INFO] [stderr] Cloning into '/workspace/builds/worker-12/source'...
[INFO] [stderr] done.
[INFO] [stderr] Updating files:  88% (8/9)
Updating files: 100% (9/9)
Updating files: 100% (9/9), done.
[INFO] validating manifest of git repo https://github.com/planet0104/oracle-cmd on toolchain 1.54.0
[INFO] running `Command { std: "/workspace/cargo-home/bin/cargo" "+1.54.0" "metadata" "--manifest-path" "Cargo.toml" "--no-deps", kill_on_drop: false }`
[INFO] started tweaking git repo https://github.com/planet0104/oracle-cmd
[INFO] finished tweaking git repo https://github.com/planet0104/oracle-cmd
[INFO] tweaked toml for git repo https://github.com/planet0104/oracle-cmd written to /workspace/builds/worker-12/source/Cargo.toml
[INFO] crate git repo https://github.com/planet0104/oracle-cmd already has a lockfile, it will not be regenerated
[INFO] running `Command { std: "/workspace/cargo-home/bin/cargo" "+1.54.0" "fetch" "--manifest-path" "Cargo.toml", kill_on_drop: false }`
[INFO] [stderr]     Blocking waiting for file lock on package cache
[INFO] running `Command { std: "docker" "create" "-v" "/var/lib/crater-agent-workspace/builds/worker-12/target:/opt/rustwide/target:rw,Z" "-v" "/var/lib/crater-agent-workspace/builds/worker-12/source:/opt/rustwide/workdir:ro,Z" "-v" "/var/lib/crater-agent-workspace/cargo-home:/opt/rustwide/cargo-home:ro,Z" "-v" "/var/lib/crater-agent-workspace/rustup-home:/opt/rustwide/rustup-home:ro,Z" "-e" "SOURCE_DIR=/opt/rustwide/workdir" "-e" "CARGO_TARGET_DIR=/opt/rustwide/target" "-e" "CARGO_HOME=/opt/rustwide/cargo-home" "-e" "RUSTUP_HOME=/opt/rustwide/rustup-home" "-w" "/opt/rustwide/workdir" "-m" "1610612736" "--user" "0:0" "--network" "none" "ghcr.io/rust-lang/crates-build-env/linux@sha256:34b6a614d2c27851fe6cbf88fbd1137609cefab8b10d0615aaeb6fd47975d74e" "/opt/rustwide/cargo-home/bin/cargo" "+1.54.0" "metadata" "--no-deps" "--format-version=1", kill_on_drop: false }`
[INFO] [stderr] WARNING: Your kernel does not support swap limit capabilities or the cgroup is not mounted. Memory limited without swap.
[INFO] [stdout] 45e9510ba828be81019be47ac6e69a1f813032ede96fc5f9a56813f2e1d9fcd9
[INFO] running `Command { std: "docker" "start" "-a" "45e9510ba828be81019be47ac6e69a1f813032ede96fc5f9a56813f2e1d9fcd9", kill_on_drop: false }`
[INFO] running `Command { std: "docker" "inspect" "45e9510ba828be81019be47ac6e69a1f813032ede96fc5f9a56813f2e1d9fcd9", kill_on_drop: false }`
[INFO] running `Command { std: "docker" "rm" "-f" "45e9510ba828be81019be47ac6e69a1f813032ede96fc5f9a56813f2e1d9fcd9", kill_on_drop: false }`
[INFO] [stdout] 45e9510ba828be81019be47ac6e69a1f813032ede96fc5f9a56813f2e1d9fcd9
[INFO] running `Command { std: "docker" "create" "-v" "/var/lib/crater-agent-workspace/builds/worker-12/target:/opt/rustwide/target:rw,Z" "-v" "/var/lib/crater-agent-workspace/builds/worker-12/source:/opt/rustwide/workdir:ro,Z" "-v" "/var/lib/crater-agent-workspace/cargo-home:/opt/rustwide/cargo-home:ro,Z" "-v" "/var/lib/crater-agent-workspace/rustup-home:/opt/rustwide/rustup-home:ro,Z" "-e" "SOURCE_DIR=/opt/rustwide/workdir" "-e" "CARGO_TARGET_DIR=/opt/rustwide/target" "-e" "CARGO_INCREMENTAL=0" "-e" "RUST_BACKTRACE=full" "-e" "RUSTDOCFLAGS=--cap-lints=warn" "-e" "CARGO_HOME=/opt/rustwide/cargo-home" "-e" "RUSTUP_HOME=/opt/rustwide/rustup-home" "-w" "/opt/rustwide/workdir" "-m" "1610612736" "--user" "0:0" "--network" "none" "ghcr.io/rust-lang/crates-build-env/linux@sha256:34b6a614d2c27851fe6cbf88fbd1137609cefab8b10d0615aaeb6fd47975d74e" "/opt/rustwide/cargo-home/bin/cargo" "+1.54.0" "doc" "--frozen" "--no-deps" "--document-private-items" "--message-format=json", kill_on_drop: false }`
[INFO] [stderr] WARNING: Your kernel does not support swap limit capabilities or the cgroup is not mounted. Memory limited without swap.
[INFO] [stdout] 9611156302e736dbe92810cd89ace5560bf7ed85ce2d00fe2c46db81d788a257
[INFO] running `Command { std: "docker" "start" "-a" "9611156302e736dbe92810cd89ace5560bf7ed85ce2d00fe2c46db81d788a257", kill_on_drop: false }`
[INFO] [stderr]    Compiling memchr v2.2.0
[INFO] [stderr]    Compiling winapi v0.3.6
[INFO] [stderr]     Checking try_from v0.2.2
[INFO] [stderr]     Checking encode_unicode v0.3.5
[INFO] [stderr]    Compiling oracle v0.3.0-dev (https://github.com/kubo/rust-oracle#090bde7a)
[INFO] [stderr]     Checking csv-core v0.1.5
[INFO] [stderr]     Checking csv v1.0.5
[INFO] [stderr]     Checking prettytable-rs v0.8.0
[INFO] [stderr]  Documenting oraclecmd v1.0.0 (/opt/rustwide/workdir)
[INFO] [stdout] error[E0433]: failed to resolve: could not find `um` in `winapi`
[INFO] [stdout]  --> src/main.rs:7:13
[INFO] [stdout]   |
[INFO] [stdout] 7 | use winapi::um::processenv::GetStdHandle;
[INFO] [stdout]   |             ^^ could not find `um` in `winapi`
[INFO] [stdout] 
[INFO] [stdout] 
[INFO] [stdout] error[E0433]: failed to resolve: could not find `um` in `winapi`
[INFO] [stdout]  --> src/main.rs:8:13
[INFO] [stdout]   |
[INFO] [stdout] 8 | use winapi::um::winbase::STD_OUTPUT_HANDLE;
[INFO] [stdout]   |             ^^ could not find `um` in `winapi`
[INFO] [stdout] 
[INFO] [stdout] 
[INFO] [stdout] error[E0433]: failed to resolve: could not find `um` in `winapi`
[INFO] [stdout]  --> src/main.rs:9:13
[INFO] [stdout]   |
[INFO] [stdout] 9 | use winapi::um::wincon::SetConsoleScreenBufferSize;
[INFO] [stdout]   |             ^^ could not find `um` in `winapi`
[INFO] [stdout] 
[INFO] [stdout] 
[INFO] [stdout] error[E0433]: failed to resolve: could not find `um` in `winapi`
[INFO] [stdout]   --> src/main.rs:10:13
[INFO] [stdout]    |
[INFO] [stdout] 10 | use winapi::um::wincon::COORD;
[INFO] [stdout]    |             ^^ could not find `um` in `winapi`
[INFO] [stdout] 
[INFO] [stdout] 
[INFO] [stdout] error: Compilation failed, aborting rustdoc
[INFO] [stdout] 
[INFO] [stdout] 
[INFO] [stdout] error: aborting due to 5 previous errors
[INFO] [stdout] 
[INFO] [stdout] 
[INFO] [stdout] For more information about this error, try `rustc --explain E0433`.
[INFO] [stdout] 
[INFO] [stderr] error: could not document `oraclecmd`
[INFO] [stderr] 
[INFO] [stderr] Caused by:
[INFO] [stderr]   process didn't exit successfully: `rustdoc --edition=2018 --crate-type bin --crate-name oraclecmd src/main.rs -o /opt/rustwide/target/doc --error-format=json --json=diagnostic-rendered-ansi --document-private-items -L dependency=/opt/rustwide/target/debug/deps --extern oracle=/opt/rustwide/target/debug/deps/liboracle-af2af036bcc0bcb1.rmeta --extern prettytable=/opt/rustwide/target/debug/deps/libprettytable-4eb0e624fc2bfb2d.rmeta --extern ini=/opt/rustwide/target/debug/deps/libini-a60695c476742031.rmeta --extern winapi=/opt/rustwide/target/debug/deps/libwinapi-be8ef3d79f2337c5.rmeta --cap-lints=warn --crate-version 1.0.0` (exit status: 1)
[INFO] running `Command { std: "docker" "inspect" "9611156302e736dbe92810cd89ace5560bf7ed85ce2d00fe2c46db81d788a257", kill_on_drop: false }`
[INFO] running `Command { std: "docker" "rm" "-f" "9611156302e736dbe92810cd89ace5560bf7ed85ce2d00fe2c46db81d788a257", kill_on_drop: false }`
[INFO] [stdout] 9611156302e736dbe92810cd89ace5560bf7ed85ce2d00fe2c46db81d788a257
