[INFO] cloning repository https://github.com/piscisaureus/ums
[INFO] running `Command { std: "git" "-c" "credential.helper=" "-c" "credential.helper=/workspace/cargo-home/bin/git-credential-null" "clone" "--bare" "https://github.com/piscisaureus/ums" "/workspace/cache/git-repos/https%3A%2F%2Fgithub.com%2Fpiscisaureus%2Fums", kill_on_drop: false }`
[INFO] [stderr] Cloning into bare repository '/workspace/cache/git-repos/https%3A%2F%2Fgithub.com%2Fpiscisaureus%2Fums'...
[INFO] running `Command { std: "git" "rev-parse" "HEAD", kill_on_drop: false }`
[INFO] [stdout] c41e96f685d39a3098b9548fa7b85d32b1e64f34
[INFO] documenting piscisaureus/ums against beta-2021-08-01 for beta-1.55-rustdoc-1
[INFO] running `Command { std: "git" "clone" "/workspace/cache/git-repos/https%3A%2F%2Fgithub.com%2Fpiscisaureus%2Fums" "/workspace/builds/worker-6/source", kill_on_drop: false }`
[INFO] [stderr] Cloning into '/workspace/builds/worker-6/source'...
[INFO] [stderr] done.
[INFO] validating manifest of git repo https://github.com/piscisaureus/ums on toolchain beta-2021-08-01
[INFO] running `Command { std: "/workspace/cargo-home/bin/cargo" "+beta-2021-08-01" "metadata" "--manifest-path" "Cargo.toml" "--no-deps", kill_on_drop: false }`
[INFO] removed /workspace/builds/worker-6/source/.cargo/config
[INFO] started tweaking git repo https://github.com/piscisaureus/ums
[INFO] finished tweaking git repo https://github.com/piscisaureus/ums
[INFO] tweaked toml for git repo https://github.com/piscisaureus/ums written to /workspace/builds/worker-6/source/Cargo.toml
[INFO] crate git repo https://github.com/piscisaureus/ums already has a lockfile, it will not be regenerated
[INFO] running `Command { std: "/workspace/cargo-home/bin/cargo" "+beta-2021-08-01" "fetch" "--manifest-path" "Cargo.toml", kill_on_drop: false }`
[INFO] [stderr]  Downloading crates ...
[INFO] [stderr]   Downloaded derive_deref v1.1.0
[INFO] running `Command { std: "docker" "create" "-v" "/var/lib/crater-agent-workspace/builds/worker-6/target:/opt/rustwide/target:rw,Z" "-v" "/var/lib/crater-agent-workspace/builds/worker-6/source:/opt/rustwide/workdir:ro,Z" "-v" "/var/lib/crater-agent-workspace/cargo-home:/opt/rustwide/cargo-home:ro,Z" "-v" "/var/lib/crater-agent-workspace/rustup-home:/opt/rustwide/rustup-home:ro,Z" "-e" "SOURCE_DIR=/opt/rustwide/workdir" "-e" "CARGO_TARGET_DIR=/opt/rustwide/target" "-e" "CARGO_HOME=/opt/rustwide/cargo-home" "-e" "RUSTUP_HOME=/opt/rustwide/rustup-home" "-w" "/opt/rustwide/workdir" "-m" "1610612736" "--user" "0:0" "--network" "none" "ghcr.io/rust-lang/crates-build-env/linux@sha256:34b6a614d2c27851fe6cbf88fbd1137609cefab8b10d0615aaeb6fd47975d74e" "/opt/rustwide/cargo-home/bin/cargo" "+beta-2021-08-01" "metadata" "--no-deps" "--format-version=1", kill_on_drop: false }`
[INFO] [stdout] 52a8940d69f99732c53367aeeac0ac0d6739424f01362aef5a17ee751917a8f3
[INFO] [stderr] WARNING: Your kernel does not support swap limit capabilities or the cgroup is not mounted. Memory limited without swap.
[INFO] running `Command { std: "docker" "start" "-a" "52a8940d69f99732c53367aeeac0ac0d6739424f01362aef5a17ee751917a8f3", kill_on_drop: false }`
[INFO] running `Command { std: "docker" "inspect" "52a8940d69f99732c53367aeeac0ac0d6739424f01362aef5a17ee751917a8f3", kill_on_drop: false }`
[INFO] running `Command { std: "docker" "rm" "-f" "52a8940d69f99732c53367aeeac0ac0d6739424f01362aef5a17ee751917a8f3", kill_on_drop: false }`
[INFO] [stdout] 52a8940d69f99732c53367aeeac0ac0d6739424f01362aef5a17ee751917a8f3
[INFO] running `Command { std: "docker" "create" "-v" "/var/lib/crater-agent-workspace/builds/worker-6/target:/opt/rustwide/target:rw,Z" "-v" "/var/lib/crater-agent-workspace/builds/worker-6/source:/opt/rustwide/workdir:ro,Z" "-v" "/var/lib/crater-agent-workspace/cargo-home:/opt/rustwide/cargo-home:ro,Z" "-v" "/var/lib/crater-agent-workspace/rustup-home:/opt/rustwide/rustup-home:ro,Z" "-e" "SOURCE_DIR=/opt/rustwide/workdir" "-e" "CARGO_TARGET_DIR=/opt/rustwide/target" "-e" "CARGO_INCREMENTAL=0" "-e" "RUST_BACKTRACE=full" "-e" "RUSTDOCFLAGS=--cap-lints=warn" "-e" "CARGO_HOME=/opt/rustwide/cargo-home" "-e" "RUSTUP_HOME=/opt/rustwide/rustup-home" "-w" "/opt/rustwide/workdir" "-m" "1610612736" "--user" "0:0" "--network" "none" "ghcr.io/rust-lang/crates-build-env/linux@sha256:34b6a614d2c27851fe6cbf88fbd1137609cefab8b10d0615aaeb6fd47975d74e" "/opt/rustwide/cargo-home/bin/cargo" "+beta-2021-08-01" "doc" "--frozen" "--no-deps" "--document-private-items" "--message-format=json", kill_on_drop: false }`
[INFO] [stdout] b5a979f81e29681e13db6f3674347c059685613958d0bfdae2ea8adb671fc1a2
[INFO] [stderr] WARNING: Your kernel does not support swap limit capabilities or the cgroup is not mounted. Memory limited without swap.
[INFO] running `Command { std: "docker" "start" "-a" "b5a979f81e29681e13db6f3674347c059685613958d0bfdae2ea8adb671fc1a2", kill_on_drop: false }`
[INFO] [stderr]    Compiling winapi v0.3.8
[INFO] [stderr]    Compiling ntapi v0.3.4
[INFO] [stderr]    Compiling derive_deref v1.1.0
[INFO] [stderr]  Documenting ums v0.1.0 (/opt/rustwide/workdir)
[INFO] [stdout] error[E0433]: failed to resolve: could not find `shared` in `winapi`
[INFO] [stdout]  --> src/win_result.rs:4:13
[INFO] [stdout]   |
[INFO] [stdout] 4 | use winapi::shared::minwindef::BOOL;
[INFO] [stdout]   |             ^^^^^^ could not find `shared` in `winapi`
[INFO] [stdout] 
[INFO] [stdout] 
[INFO] [stdout] error[E0433]: failed to resolve: could not find `shared` in `winapi`
[INFO] [stdout]  --> src/win_result.rs:5:13
[INFO] [stdout]   |
[INFO] [stdout] 5 | use winapi::shared::minwindef::DWORD;
[INFO] [stdout]   |             ^^^^^^ could not find `shared` in `winapi`
[INFO] [stdout] 
[INFO] [stdout] 
[INFO] [stdout] error[E0433]: failed to resolve: could not find `shared` in `winapi`
[INFO] [stdout]  --> src/win_result.rs:6:13
[INFO] [stdout]   |
[INFO] [stdout] 6 | use winapi::shared::minwindef::FALSE;
[INFO] [stdout]   |             ^^^^^^ could not find `shared` in `winapi`
[INFO] [stdout] 
[INFO] [stdout] 
[INFO] [stdout] error[E0433]: failed to resolve: could not find `shared` in `winapi`
[INFO] [stdout]  --> src/win_result.rs:7:13
[INFO] [stdout]   |
[INFO] [stdout] 7 | use winapi::shared::minwindef::TRUE;
[INFO] [stdout]   |             ^^^^^^ could not find `shared` in `winapi`
[INFO] [stdout] 
[INFO] [stdout] 
[INFO] [stdout] error[E0433]: failed to resolve: could not find `shared` in `winapi`
[INFO] [stdout]  --> src/win_result.rs:8:13
[INFO] [stdout]   |
[INFO] [stdout] 8 | use winapi::shared::ntdef::HANDLE;
[INFO] [stdout]   |             ^^^^^^ could not find `shared` in `winapi`
[INFO] [stdout] 
[INFO] [stdout] 
[INFO] [stdout] error[E0433]: failed to resolve: could not find `shared` in `winapi`
[INFO] [stdout]  --> src/win_result.rs:9:13
[INFO] [stdout]   |
[INFO] [stdout] 9 | use winapi::shared::ntdef::NULL;
[INFO] [stdout]   |             ^^^^^^ could not find `shared` in `winapi`
[INFO] [stdout] 
[INFO] [stdout] 
[INFO] [stdout] error[E0433]: failed to resolve: could not find `um` in `winapi`
[INFO] [stdout]   --> src/win_result.rs:10:13
[INFO] [stdout]    |
[INFO] [stdout] 10 | use winapi::um::errhandlingapi::GetLastError;
[INFO] [stdout]    |             ^^ could not find `um` in `winapi`
[INFO] [stdout] 
[INFO] [stdout] 
[INFO] [stdout] error[E0433]: failed to resolve: could not find `um` in `winapi`
[INFO] [stdout]   --> src/win_result.rs:11:13
[INFO] [stdout]    |
[INFO] [stdout] 11 | use winapi::um::handleapi::INVALID_HANDLE_VALUE;
[INFO] [stdout]    |             ^^ could not find `um` in `winapi`
[INFO] [stdout] 
[INFO] [stdout] 
[INFO] [stdout] error[E0433]: failed to resolve: could not find `shared` in `winapi`
[INFO] [stdout]  --> src/winapi_extra.rs:7:13
[INFO] [stdout]   |
[INFO] [stdout] 7 | use winapi::shared::basetsd::DWORD_PTR;
[INFO] [stdout]   |             ^^^^^^ could not find `shared` in `winapi`
[INFO] [stdout] 
[INFO] [stdout] 
[INFO] [stdout] error[E0433]: failed to resolve: could not find `shared` in `winapi`
[INFO] [stdout]  --> src/winapi_extra.rs:8:13
[INFO] [stdout]   |
[INFO] [stdout] 8 | use winapi::shared::minwindef::DWORD;
[INFO] [stdout]   |             ^^^^^^ could not find `shared` in `winapi`
[INFO] [stdout] 
[INFO] [stdout] 
[INFO] [stdout] error[E0433]: failed to resolve: could not find `um` in `winapi`
[INFO] [stdout]  --> src/winapi_extra.rs:9:13
[INFO] [stdout]   |
[INFO] [stdout] 9 | use winapi::um::winnt::RTL_UMS_SCHEDULER_REASON;
[INFO] [stdout]   |             ^^ could not find `um` in `winapi`
[INFO] [stdout] 
[INFO] [stdout] 
[INFO] [stdout] error[E0433]: failed to resolve: could not find `um` in `winapi`
[INFO] [stdout]   --> src/winapi_extra.rs:10:13
[INFO] [stdout]    |
[INFO] [stdout] 10 | use winapi::um::winnt::RTL_UMS_VERSION;
[INFO] [stdout]    |             ^^ could not find `um` in `winapi`
[INFO] [stdout] 
[INFO] [stdout] 
[INFO] [stdout] error[E0433]: failed to resolve: could not find `shared` in `winapi`
[INFO] [stdout]   --> src/lib.rs:27:13
[INFO] [stdout]    |
[INFO] [stdout] 27 | use winapi::shared::basetsd::*;
[INFO] [stdout]    |             ^^^^^^ could not find `shared` in `winapi`
[INFO] [stdout] 
[INFO] [stdout] 
[INFO] [stdout] error[E0433]: failed to resolve: could not find `shared` in `winapi`
[INFO] [stdout]   --> src/lib.rs:28:13
[INFO] [stdout]    |
[INFO] [stdout] 28 | use winapi::shared::minwindef::*;
[INFO] [stdout]    |             ^^^^^^ could not find `shared` in `winapi`
[INFO] [stdout] 
[INFO] [stdout] 
[INFO] [stdout] error[E0433]: failed to resolve: could not find `shared` in `winapi`
[INFO] [stdout]   --> src/lib.rs:29:13
[INFO] [stdout]    |
[INFO] [stdout] 29 | use winapi::shared::winerror::*;
[INFO] [stdout]    |             ^^^^^^ could not find `shared` in `winapi`
[INFO] [stdout] 
[INFO] [stdout] 
[INFO] [stdout] error[E0433]: failed to resolve: could not find `um` in `winapi`
[INFO] [stdout]   --> src/lib.rs:30:13
[INFO] [stdout]    |
[INFO] [stdout] 30 | use winapi::um::handleapi::*;
[INFO] [stdout]    |             ^^ could not find `um` in `winapi`
[INFO] [stdout] 
[INFO] [stdout] 
[INFO] [stdout] error[E0433]: failed to resolve: could not find `um` in `winapi`
[INFO] [stdout]   --> src/lib.rs:31:13
[INFO] [stdout]    |
[INFO] [stdout] 31 | use winapi::um::processthreadsapi::*;
[INFO] [stdout]    |             ^^ could not find `um` in `winapi`
[INFO] [stdout] 
[INFO] [stdout] 
[INFO] [stdout] error[E0433]: failed to resolve: could not find `um` in `winapi`
[INFO] [stdout]   --> src/lib.rs:32:13
[INFO] [stdout]    |
[INFO] [stdout] 32 | use winapi::um::synchapi::*;
[INFO] [stdout]    |             ^^ could not find `um` in `winapi`
[INFO] [stdout] 
[INFO] [stdout] 
[INFO] [stdout] error[E0433]: failed to resolve: could not find `um` in `winapi`
[INFO] [stdout]   --> src/lib.rs:33:13
[INFO] [stdout]    |
[INFO] [stdout] 33 | use winapi::um::winbase::*;
[INFO] [stdout]    |             ^^ could not find `um` in `winapi`
[INFO] [stdout] 
[INFO] [stdout] 
[INFO] [stdout] error[E0433]: failed to resolve: could not find `um` in `winapi`
[INFO] [stdout]   --> src/lib.rs:34:13
[INFO] [stdout]    |
[INFO] [stdout] 34 | use winapi::um::winnt::*;
[INFO] [stdout]    |             ^^ could not find `um` in `winapi`
[INFO] [stdout] 
[INFO] [stdout] 
[INFO] [stdout] error[E0432]: unresolved imports `winapi::ctypes`, `TopLevelJobState`, `BlockingJobState`
[INFO] [stdout]    --> src/lib.rs:89:9
[INFO] [stdout]     |
[INFO] [stdout] 89  |     use TopLevelJobState as S;
[INFO] [stdout]     |         ^^^^^^^^^^^^^^^^^^^^^
[INFO] [stdout] ...
[INFO] [stdout] 149 |     use BlockingJobState as S;
[INFO] [stdout]     |         ^^^^^^^^^^^^^^^^^^^^^
[INFO] [stdout]     | 
[INFO] [stdout]    ::: src/winapi_extra.rs:6:13
[INFO] [stdout]     |
[INFO] [stdout] 6   | use winapi::ctypes::c_void;
[INFO] [stdout]     |             ^^^^^^ could not find `ctypes` in `winapi`
[INFO] [stdout] 
[INFO] [stdout] 
[INFO] [stdout] error[E0412]: cannot find type `BOOL` in this scope
[INFO] [stdout]   --> src/win_result.rs:41:20
[INFO] [stdout]    |
[INFO] [stdout] 41 | impl WinResult for BOOL {
[INFO] [stdout]    |                    ^^^^ not found in this scope
[INFO] [stdout] 
[INFO] [stdout] 
[INFO] [stdout] error[E0412]: cannot find type `HANDLE` in this scope
[INFO] [stdout]   --> src/win_result.rs:52:20
[INFO] [stdout]    |
[INFO] [stdout] 52 | impl WinResult for HANDLE {
[INFO] [stdout]    |                    ^^^^^^ not found in this scope
[INFO] [stdout] 
[INFO] [stdout] 
[INFO] [stdout] error[E0412]: cannot find type `DWORD` in this scope
[INFO] [stdout]   --> src/win_result.rs:70:19
[INFO] [stdout]    |
[INFO] [stdout] 70 | impl WinError for DWORD {
[INFO] [stdout]    |                   ^^^^^ not found in this scope
[INFO] [stdout] 
[INFO] [stdout] 
[INFO] [stdout] error[E0412]: cannot find type `RTL_UMS_SCHEDULER_REASON` in this scope
[INFO] [stdout]   --> src/winapi_extra.rs:14:33
[INFO] [stdout]    |
[INFO] [stdout] 14 | pub type UMS_SCHEDULER_REASON = RTL_UMS_SCHEDULER_REASON;
[INFO] [stdout]    |                                 ^^^^^^^^^^^^^^^^^^^^^^^^ not found in this scope
[INFO] [stdout] 
[INFO] [stdout] 
[INFO] [stdout] error[E0412]: cannot find type `DWORD` in this scope
[INFO] [stdout]   --> src/winapi_extra.rs:16:24
[INFO] [stdout]    |
[INFO] [stdout] 16 | pub const UMS_VERSION: DWORD = RTL_UMS_VERSION;
[INFO] [stdout]    |                        ^^^^^ not found in this scope
[INFO] [stdout] 
[INFO] [stdout] 
[INFO] [stdout] error[E0425]: cannot find value `RTL_UMS_VERSION` in this scope
[INFO] [stdout]   --> src/winapi_extra.rs:16:32
[INFO] [stdout]    |
[INFO] [stdout] 16 | pub const UMS_VERSION: DWORD = RTL_UMS_VERSION;
[INFO] [stdout]    |                                ^^^^^^^^^^^^^^^ not found in this scope
[INFO] [stdout] 
[INFO] [stdout] 
[INFO] [stdout] error[E0412]: cannot find type `DWORD_PTR` in this scope
[INFO] [stdout]   --> src/winapi_extra.rs:17:45
[INFO] [stdout]    |
[INFO] [stdout] 17 | pub const PROC_THREAD_ATTRIBUTE_UMS_THREAD: DWORD_PTR = 0x0003_0006;
[INFO] [stdout]    |                                             ^^^^^^^^^ not found in this scope
[INFO] [stdout] 
[INFO] [stdout] 
[INFO] [stdout] error[E0412]: cannot find type `DWORD` in this scope
[INFO] [stdout]   --> src/winapi_extra.rs:18:46
[INFO] [stdout]    |
[INFO] [stdout] 18 | pub const STACK_SIZE_PARAM_IS_A_RESERVATION: DWORD = 0x0001_0000;
[INFO] [stdout]    |                                              ^^^^^ not found in this scope
[INFO] [stdout] 
[INFO] [stdout] 
[INFO] [stdout] error[E0412]: cannot find type `VOID` in this scope
[INFO] [stdout]    --> src/lib.rs:238:47
[INFO] [stdout]     |
[INFO] [stdout] 238 | unsafe extern "system" fn thread_main(_: *mut VOID) -> DWORD {
[INFO] [stdout]     |                                               ^^^^ not found in this scope
[INFO] [stdout] 
[INFO] [stdout] 
[INFO] [stdout] error[E0412]: cannot find type `DWORD` in this scope
[INFO] [stdout]    --> src/lib.rs:238:56
[INFO] [stdout]     |
[INFO] [stdout] 238 | unsafe extern "system" fn thread_main(_: *mut VOID) -> DWORD {
[INFO] [stdout]     |                                                        ^^^^^ not found in this scope
[INFO] [stdout] 
[INFO] [stdout] 
[INFO] [stdout] error[E0412]: cannot find type `BYTE` in this scope
[INFO] [stdout]    --> src/lib.rs:387:14
[INFO] [stdout]     |
[INFO] [stdout] 387 |     cpu_num: BYTE,
[INFO] [stdout]     |              ^^^^ not found in this scope
[INFO] [stdout] 
[INFO] [stdout] 
[INFO] [stdout] error[E0412]: cannot find type `DWORD_PTR` in this scope
[INFO] [stdout]    --> src/lib.rs:388:20
[INFO] [stdout]     |
[INFO] [stdout] 388 |     original_mask: DWORD_PTR,
[INFO] [stdout]     |                    ^^^^^^^^^ not found in this scope
[INFO] [stdout] 
[INFO] [stdout] 
[INFO] [stdout] error[E0412]: cannot find type `DWORD_PTR` in this scope
[INFO] [stdout]    --> src/lib.rs:401:15
[INFO] [stdout]     |
[INFO] [stdout] 401 |     new_mask: DWORD_PTR,
[INFO] [stdout]     |               ^^^^^^^^^ not found in this scope
[INFO] [stdout] 
[INFO] [stdout] 
[INFO] [stdout] error[E0412]: cannot find type `DWORD_PTR` in this scope
[INFO] [stdout]    --> src/lib.rs:402:19
[INFO] [stdout]     |
[INFO] [stdout] 398 | impl ThreadAffinity {
[INFO] [stdout]     |     - help: you might be missing a type parameter: `<DWORD_PTR>`
[INFO] [stdout] ...
[INFO] [stdout] 402 |   ) -> io::Result<DWORD_PTR> {
[INFO] [stdout]     |                   ^^^^^^^^^ not found in this scope
[INFO] [stdout] 
[INFO] [stdout] 
[INFO] [stdout] error[E0412]: cannot find type `BYTE` in this scope
[INFO] [stdout]    --> src/lib.rs:421:46
[INFO] [stdout]     |
[INFO] [stdout] 421 |   pub fn bind_to_cpu(&mut self, new_cpu_num: BYTE) -> io::Result<()> {
[INFO] [stdout]     |                                              ^^^^ not found in this scope
[INFO] [stdout] 
[INFO] [stdout] 
[INFO] [stdout] error[E0412]: cannot find type `VOID` in this scope
[INFO] [stdout]    --> src/lib.rs:493:23
[INFO] [stdout]     |
[INFO] [stdout] 493 |   Yield { param: *mut VOID },
[INFO] [stdout]     |                       ^^^^ not found in this scope
[INFO] [stdout] 
[INFO] [stdout] 
[INFO] [stdout] error[E0412]: cannot find type `VOID` in this scope
[INFO] [stdout]    --> src/lib.rs:504:17
[INFO] [stdout]     |
[INFO] [stdout] 504 |     param: *mut VOID,
[INFO] [stdout]     |                 ^^^^ not found in this scope
[INFO] [stdout] 
[INFO] [stdout] 
[INFO] [stdout] error[E0412]: cannot find type `ULONG_PTR` in this scope
[INFO] [stdout]    --> src/lib.rs:518:25
[INFO] [stdout]     |
[INFO] [stdout] 518 |     activation_payload: ULONG_PTR,
[INFO] [stdout]     |                         ^^^^^^^^^ not found in this scope
[INFO] [stdout] 
[INFO] [stdout] 
[INFO] [stdout] error[E0412]: cannot find type `VOID` in this scope
[INFO] [stdout]    --> src/lib.rs:519:27
[INFO] [stdout]     |
[INFO] [stdout] 519 |     scheduler_param: *mut VOID,
[INFO] [stdout]     |                           ^^^^ not found in this scope
[INFO] [stdout] 
[INFO] [stdout] 
[INFO] [stdout] error[E0412]: cannot find type `DWORD` in this scope
[INFO] [stdout]    --> src/lib.rs:548:12
[INFO] [stdout]     |
[INFO] [stdout] 548 |     error: DWORD,
[INFO] [stdout]     |            ^^^^^ not found in this scope
[INFO] [stdout] 
[INFO] [stdout] 
[INFO] [stdout] error[E0412]: cannot find type `UMS_THREAD_INFO_CLASS` in this scope
[INFO] [stdout]    --> src/lib.rs:580:28
[INFO] [stdout]     |
[INFO] [stdout] 580 |     ums_thread_info_class: UMS_THREAD_INFO_CLASS,
[INFO] [stdout]     |                            ^^^^^^^^^^^^^^^^^^^^^ not found in this scope
[INFO] [stdout] 
[INFO] [stdout] 
[INFO] [stdout] error[E0412]: cannot find type `ULONG_PTR` in this scope
[INFO] [stdout]    --> src/lib.rs:593:23
[INFO] [stdout]     |
[INFO] [stdout] 593 |   activation_payload: ULONG_PTR,
[INFO] [stdout]     |                       ^^^^^^^^^ not found in this scope
[INFO] [stdout] 
[INFO] [stdout] 
[INFO] [stdout] error[E0412]: cannot find type `VOID` in this scope
[INFO] [stdout]    --> src/lib.rs:594:25
[INFO] [stdout]     |
[INFO] [stdout] 594 |   scheduler_param: *mut VOID,
[INFO] [stdout]     |                         ^^^^ not found in this scope
[INFO] [stdout] 
[INFO] [stdout] 
[INFO] [stdout] error[E0412]: cannot find type `DWORD` in this scope
[INFO] [stdout]    --> src/lib.rs:756:19
[INFO] [stdout]     |
[INFO] [stdout] 754 | fn poll_ums_completion_list(
[INFO] [stdout]     |                            - help: you might be missing a type parameter: `<DWORD>`
[INFO] [stdout] 755 |   state: &mut SchedulerState,
[INFO] [stdout] 756 |   timeout: Option<DWORD>,
[INFO] [stdout]     |                   ^^^^^ not found in this scope
[INFO] [stdout] 
[INFO] [stdout] 
[INFO] [stdout] error[E0412]: cannot find type `UMS_THREAD_INFO_CLASS` in this scope
[INFO] [stdout]    --> src/lib.rs:879:26
[INFO] [stdout]     |
[INFO] [stdout] 879 |   ums_thread_info_class: UMS_THREAD_INFO_CLASS,
[INFO] [stdout]     |                          ^^^^^^^^^^^^^^^^^^^^^ not found in this scope
[INFO] [stdout] 
[INFO] [stdout] 
[INFO] [stdout] error[E0412]: cannot find type `UMS_THREAD_INFO_CLASS` in this scope
[INFO] [stdout]    --> src/lib.rs:900:26
[INFO] [stdout]     |
[INFO] [stdout] 900 |   ums_thread_info_class: UMS_THREAD_INFO_CLASS,
[INFO] [stdout]     |                          ^^^^^^^^^^^^^^^^^^^^^ not found in this scope
[INFO] [stdout] 
[INFO] [stdout] 
[INFO] [stdout] error[E0412]: cannot find type `VOID` in this scope
[INFO] [stdout]    --> src/lib.rs:922:42
[INFO] [stdout]     |
[INFO] [stdout] 922 | fn cast_mut_void<T>(p: *const T) -> *mut VOID {
[INFO] [stdout]     |                                          ^^^^ not found in this scope
[INFO] [stdout] 
[INFO] [stdout] 
[INFO] [stdout] error: Compilation failed, aborting rustdoc
[INFO] [stdout] 
[INFO] [stdout] 
[INFO] [stdout] error: aborting due to 49 previous errors
[INFO] [stdout] 
[INFO] [stdout] 
[INFO] [stdout] Some errors have detailed explanations: E0412, E0425, E0432, E0433.
[INFO] [stdout] 
[INFO] [stdout] For more information about an error, try `rustc --explain E0412`.
[INFO] [stdout] 
[INFO] [stderr] error: could not document `ums`
[INFO] [stderr] 
[INFO] [stderr] Caused by:
[INFO] [stderr]   process didn't exit successfully: `rustdoc --edition=2018 --crate-type lib --crate-name ums src/lib.rs -o /opt/rustwide/target/doc --error-format=json --json=diagnostic-rendered-ansi --document-private-items -L dependency=/opt/rustwide/target/debug/deps --extern derive_deref=/opt/rustwide/target/debug/deps/libderive_deref-9510eb0c52e675e8.so --extern ntapi=/opt/rustwide/target/debug/deps/libntapi-6d8ba43ab4aa4400.rmeta --extern scopeguard=/opt/rustwide/target/debug/deps/libscopeguard-9a84f78841606340.rmeta --extern winapi=/opt/rustwide/target/debug/deps/libwinapi-f1538250effe7326.rmeta --cap-lints=warn --crate-version 0.1.0` (exit status: 1)
[INFO] running `Command { std: "docker" "inspect" "b5a979f81e29681e13db6f3674347c059685613958d0bfdae2ea8adb671fc1a2", kill_on_drop: false }`
[INFO] running `Command { std: "docker" "rm" "-f" "b5a979f81e29681e13db6f3674347c059685613958d0bfdae2ea8adb671fc1a2", kill_on_drop: false }`
[INFO] [stdout] b5a979f81e29681e13db6f3674347c059685613958d0bfdae2ea8adb671fc1a2
