[INFO] cloning repository https://github.com/phucvin/tl_sync
[INFO] running `Command { std: "git" "-c" "credential.helper=" "-c" "credential.helper=/workspace/cargo-home/bin/git-credential-null" "clone" "--bare" "https://github.com/phucvin/tl_sync" "/workspace/cache/git-repos/https%3A%2F%2Fgithub.com%2Fphucvin%2Ftl_sync", kill_on_drop: false }`
[INFO] [stderr] Cloning into bare repository '/workspace/cache/git-repos/https%3A%2F%2Fgithub.com%2Fphucvin%2Ftl_sync'...
[INFO] running `Command { std: "git" "rev-parse" "HEAD", kill_on_drop: false }`
[INFO] [stdout] da8c76a6b47ca678d9991a2cfc56122d7f758a10
[INFO] documenting phucvin/tl_sync against beta-2021-08-01 for beta-1.55-rustdoc-1
[INFO] running `Command { std: "git" "clone" "/workspace/cache/git-repos/https%3A%2F%2Fgithub.com%2Fphucvin%2Ftl_sync" "/workspace/builds/worker-0/source", kill_on_drop: false }`
[INFO] [stderr] Cloning into '/workspace/builds/worker-0/source'...
[INFO] [stderr] done.
[INFO] validating manifest of git repo https://github.com/phucvin/tl_sync on toolchain beta-2021-08-01
[INFO] running `Command { std: "/workspace/cargo-home/bin/cargo" "+beta-2021-08-01" "metadata" "--manifest-path" "Cargo.toml" "--no-deps", kill_on_drop: false }`
[INFO] started tweaking git repo https://github.com/phucvin/tl_sync
[INFO] finished tweaking git repo https://github.com/phucvin/tl_sync
[INFO] tweaked toml for git repo https://github.com/phucvin/tl_sync written to /workspace/builds/worker-0/source/Cargo.toml
[INFO] crate git repo https://github.com/phucvin/tl_sync already has a lockfile, it will not be regenerated
[INFO] running `Command { std: "/workspace/cargo-home/bin/cargo" "+beta-2021-08-01" "fetch" "--manifest-path" "Cargo.toml", kill_on_drop: false }`
[INFO] [stderr]     Blocking waiting for file lock on package cache
[INFO] [stderr]     Blocking waiting for file lock on package cache
[INFO] running `Command { std: "docker" "create" "-v" "/var/lib/crater-agent-workspace/builds/worker-0/target:/opt/rustwide/target:rw,Z" "-v" "/var/lib/crater-agent-workspace/builds/worker-0/source:/opt/rustwide/workdir:ro,Z" "-v" "/var/lib/crater-agent-workspace/cargo-home:/opt/rustwide/cargo-home:ro,Z" "-v" "/var/lib/crater-agent-workspace/rustup-home:/opt/rustwide/rustup-home:ro,Z" "-e" "SOURCE_DIR=/opt/rustwide/workdir" "-e" "CARGO_TARGET_DIR=/opt/rustwide/target" "-e" "CARGO_HOME=/opt/rustwide/cargo-home" "-e" "RUSTUP_HOME=/opt/rustwide/rustup-home" "-w" "/opt/rustwide/workdir" "-m" "1610612736" "--user" "0:0" "--network" "none" "ghcr.io/rust-lang/crates-build-env/linux@sha256:34b6a614d2c27851fe6cbf88fbd1137609cefab8b10d0615aaeb6fd47975d74e" "/opt/rustwide/cargo-home/bin/cargo" "+beta-2021-08-01" "metadata" "--no-deps" "--format-version=1", kill_on_drop: false }`
[INFO] [stderr] WARNING: Your kernel does not support swap limit capabilities or the cgroup is not mounted. Memory limited without swap.
[INFO] [stdout] 8278627c7fbc4a15ea8a0440028462f1b77fadb1153dacc7e53f1343d6d485ae
[INFO] running `Command { std: "docker" "start" "-a" "8278627c7fbc4a15ea8a0440028462f1b77fadb1153dacc7e53f1343d6d485ae", kill_on_drop: false }`
[INFO] running `Command { std: "docker" "inspect" "8278627c7fbc4a15ea8a0440028462f1b77fadb1153dacc7e53f1343d6d485ae", kill_on_drop: false }`
[INFO] running `Command { std: "docker" "rm" "-f" "8278627c7fbc4a15ea8a0440028462f1b77fadb1153dacc7e53f1343d6d485ae", kill_on_drop: false }`
[INFO] [stdout] 8278627c7fbc4a15ea8a0440028462f1b77fadb1153dacc7e53f1343d6d485ae
[INFO] running `Command { std: "docker" "create" "-v" "/var/lib/crater-agent-workspace/builds/worker-0/target:/opt/rustwide/target:rw,Z" "-v" "/var/lib/crater-agent-workspace/builds/worker-0/source:/opt/rustwide/workdir:ro,Z" "-v" "/var/lib/crater-agent-workspace/cargo-home:/opt/rustwide/cargo-home:ro,Z" "-v" "/var/lib/crater-agent-workspace/rustup-home:/opt/rustwide/rustup-home:ro,Z" "-e" "SOURCE_DIR=/opt/rustwide/workdir" "-e" "CARGO_TARGET_DIR=/opt/rustwide/target" "-e" "CARGO_INCREMENTAL=0" "-e" "RUST_BACKTRACE=full" "-e" "RUSTDOCFLAGS=--cap-lints=warn" "-e" "CARGO_HOME=/opt/rustwide/cargo-home" "-e" "RUSTUP_HOME=/opt/rustwide/rustup-home" "-w" "/opt/rustwide/workdir" "-m" "1610612736" "--user" "0:0" "--network" "none" "ghcr.io/rust-lang/crates-build-env/linux@sha256:34b6a614d2c27851fe6cbf88fbd1137609cefab8b10d0615aaeb6fd47975d74e" "/opt/rustwide/cargo-home/bin/cargo" "+beta-2021-08-01" "doc" "--frozen" "--no-deps" "--document-private-items" "--message-format=json", kill_on_drop: false }`
[INFO] [stderr] WARNING: Your kernel does not support swap limit capabilities or the cgroup is not mounted. Memory limited without swap.
[INFO] [stdout] 0fff64ea685c5e9b96837a26bc9ca5025bfb468ef9444d876551e464d87a3770
[INFO] running `Command { std: "docker" "start" "-a" "0fff64ea685c5e9b96837a26bc9ca5025bfb468ef9444d876551e464d87a3770", kill_on_drop: false }`
[INFO] [stderr]     Checking rand v0.4.2
[INFO] [stderr]    Compiling backtrace-sys v0.1.23
[INFO] [stderr]    Compiling cmake v0.1.32
[INFO] [stderr]     Checking crossbeam-utils v0.2.2
[INFO] [stderr]    Compiling syn v0.14.7
[INFO] [stderr]     Checking crossbeam-epoch v0.3.1
[INFO] [stderr]    Compiling ui-sys v0.1.3
[INFO] [stderr]     Checking crossbeam-deque v0.2.0
[INFO] [stderr]     Checking uuid v0.6.5
[INFO] [stderr]     Checking rayon-core v1.4.1
[INFO] [stderr]     Checking backtrace v0.3.9
[INFO] [stderr]     Checking rayon v1.0.2
[INFO] [stderr]    Compiling synstructure v0.9.0
[INFO] [stderr]    Compiling failure_derive v0.1.2
[INFO] [stderr]     Checking failure v0.1.2
[INFO] [stderr]     Checking iui v0.3.0 (https://github.com/th0rex/libui-rs#04c62b4d)
[INFO] [stderr]  Documenting tl_sync v0.1.0 (/opt/rustwide/workdir)
[INFO] [stdout] error[E0432]: unresolved import `std::boxed::FnBox`
[INFO] [stdout]  --> src/runner.rs:2:5
[INFO] [stdout]   |
[INFO] [stdout] 2 | use std::boxed::FnBox;
[INFO] [stdout]   |     ^^^^^^^^^^^^^^^^^ no `FnBox` in `boxed`
[INFO] [stdout] 
[INFO] [stdout] 
[INFO] [stdout] error[E0554]: `#![feature]` may not be used on the beta release channel
[INFO] [stdout]  --> src/lib.rs:1:1
[INFO] [stdout]   |
[INFO] [stdout] 1 | #![feature(box_into_raw_non_null)]
[INFO] [stdout]   | ^^^^^^^^^^^^^^^^^^^^^^^^^^^^^^^^^^
[INFO] [stdout] 
[INFO] [stdout] 
[INFO] [stdout] error[E0554]: `#![feature]` may not be used on the beta release channel
[INFO] [stdout]  --> src/lib.rs:2:1
[INFO] [stdout]   |
[INFO] [stdout] 2 | #![feature(fnbox)]
[INFO] [stdout]   | ^^^^^^^^^^^^^^^^^^
[INFO] [stdout] 
[INFO] [stdout] 
[INFO] [stdout] error[E0554]: `#![feature]` may not be used on the beta release channel
[INFO] [stdout]  --> src/lib.rs:3:1
[INFO] [stdout]   |
[INFO] [stdout] 3 | #![feature(drain_filter)]
[INFO] [stdout]   | ^^^^^^^^^^^^^^^^^^^^^^^^^
[INFO] [stdout] 
[INFO] [stdout] 
[INFO] [stdout] error: Compilation failed, aborting rustdoc
[INFO] [stdout] 
[INFO] [stdout] 
[INFO] [stdout] error: aborting due to 5 previous errors
[INFO] [stdout] 
[INFO] [stdout] 
[INFO] [stdout] Some errors have detailed explanations: E0432, E0554.
[INFO] [stdout] 
[INFO] [stdout] For more information about an error, try `rustc --explain E0432`.
[INFO] [stdout] 
[INFO] [stderr] error: could not document `tl_sync`
[INFO] [stderr] 
[INFO] [stderr] Caused by:
[INFO] [stderr]   process didn't exit successfully: `rustdoc --crate-type lib --crate-name tl_sync src/lib.rs -o /opt/rustwide/target/doc --error-format=json --json=diagnostic-rendered-ansi --document-private-items -L dependency=/opt/rustwide/target/debug/deps --extern iui=/opt/rustwide/target/debug/deps/libiui-fbd0050e6b2609b3.rmeta --extern rayon=/opt/rustwide/target/debug/deps/librayon-c5eb1a749d1dcae2.rmeta --extern uuid=/opt/rustwide/target/debug/deps/libuuid-4c8c97f57d71c69c.rmeta --cap-lints=warn --crate-version 0.1.0` (exit status: 1)
[INFO] running `Command { std: "docker" "inspect" "0fff64ea685c5e9b96837a26bc9ca5025bfb468ef9444d876551e464d87a3770", kill_on_drop: false }`
[INFO] running `Command { std: "docker" "rm" "-f" "0fff64ea685c5e9b96837a26bc9ca5025bfb468ef9444d876551e464d87a3770", kill_on_drop: false }`
[INFO] [stdout] 0fff64ea685c5e9b96837a26bc9ca5025bfb468ef9444d876551e464d87a3770
