[INFO] cloning repository https://github.com/phase/pokerus
[INFO] running `Command { std: "git" "-c" "credential.helper=" "-c" "credential.helper=/workspace/cargo-home/bin/git-credential-null" "clone" "--bare" "https://github.com/phase/pokerus" "/workspace/cache/git-repos/https%3A%2F%2Fgithub.com%2Fphase%2Fpokerus", kill_on_drop: false }`
[INFO] [stderr] Cloning into bare repository '/workspace/cache/git-repos/https%3A%2F%2Fgithub.com%2Fphase%2Fpokerus'...
[INFO] running `Command { std: "git" "rev-parse" "HEAD", kill_on_drop: false }`
[INFO] [stdout] 27742d188930d62e76a2c7125692f32090acfbaf
[INFO] documenting phase/pokerus against beta-2021-08-01 for beta-1.55-rustdoc-1
[INFO] running `Command { std: "git" "clone" "/workspace/cache/git-repos/https%3A%2F%2Fgithub.com%2Fphase%2Fpokerus" "/workspace/builds/worker-1/source", kill_on_drop: false }`
[INFO] [stderr] Cloning into '/workspace/builds/worker-1/source'...
[INFO] [stderr] done.
[INFO] validating manifest of git repo https://github.com/phase/pokerus on toolchain beta-2021-08-01
[INFO] running `Command { std: "/workspace/cargo-home/bin/cargo" "+beta-2021-08-01" "metadata" "--manifest-path" "Cargo.toml" "--no-deps", kill_on_drop: false }`
[INFO] started tweaking git repo https://github.com/phase/pokerus
[INFO] finished tweaking git repo https://github.com/phase/pokerus
[INFO] tweaked toml for git repo https://github.com/phase/pokerus written to /workspace/builds/worker-1/source/Cargo.toml
[INFO] crate git repo https://github.com/phase/pokerus already has a lockfile, it will not be regenerated
[INFO] running `Command { std: "/workspace/cargo-home/bin/cargo" "+beta-2021-08-01" "fetch" "--manifest-path" "Cargo.toml", kill_on_drop: false }`
[INFO] [stderr]     Updating git repository `https://github.com/phase/image-png`
[INFO] [stderr]  Downloading crates ...
[INFO] [stderr]   Downloaded bitbit v0.2.0
[INFO] running `Command { std: "docker" "create" "-v" "/var/lib/crater-agent-workspace/builds/worker-1/target:/opt/rustwide/target:rw,Z" "-v" "/var/lib/crater-agent-workspace/builds/worker-1/source:/opt/rustwide/workdir:ro,Z" "-v" "/var/lib/crater-agent-workspace/cargo-home:/opt/rustwide/cargo-home:ro,Z" "-v" "/var/lib/crater-agent-workspace/rustup-home:/opt/rustwide/rustup-home:ro,Z" "-e" "SOURCE_DIR=/opt/rustwide/workdir" "-e" "CARGO_TARGET_DIR=/opt/rustwide/target" "-e" "CARGO_HOME=/opt/rustwide/cargo-home" "-e" "RUSTUP_HOME=/opt/rustwide/rustup-home" "-w" "/opt/rustwide/workdir" "-m" "1610612736" "--user" "0:0" "--network" "none" "ghcr.io/rust-lang/crates-build-env/linux@sha256:34b6a614d2c27851fe6cbf88fbd1137609cefab8b10d0615aaeb6fd47975d74e" "/opt/rustwide/cargo-home/bin/cargo" "+beta-2021-08-01" "metadata" "--no-deps" "--format-version=1", kill_on_drop: false }`
[INFO] [stdout] da8d61887fa6f764101a39fee1bf6925cf6a1ae5505c1eefdc5765bb72dfd197
[INFO] [stderr] WARNING: Your kernel does not support swap limit capabilities or the cgroup is not mounted. Memory limited without swap.
[INFO] running `Command { std: "docker" "start" "-a" "da8d61887fa6f764101a39fee1bf6925cf6a1ae5505c1eefdc5765bb72dfd197", kill_on_drop: false }`
[INFO] running `Command { std: "docker" "inspect" "da8d61887fa6f764101a39fee1bf6925cf6a1ae5505c1eefdc5765bb72dfd197", kill_on_drop: false }`
[INFO] running `Command { std: "docker" "rm" "-f" "da8d61887fa6f764101a39fee1bf6925cf6a1ae5505c1eefdc5765bb72dfd197", kill_on_drop: false }`
[INFO] [stdout] da8d61887fa6f764101a39fee1bf6925cf6a1ae5505c1eefdc5765bb72dfd197
[INFO] running `Command { std: "docker" "create" "-v" "/var/lib/crater-agent-workspace/builds/worker-1/target:/opt/rustwide/target:rw,Z" "-v" "/var/lib/crater-agent-workspace/builds/worker-1/source:/opt/rustwide/workdir:ro,Z" "-v" "/var/lib/crater-agent-workspace/cargo-home:/opt/rustwide/cargo-home:ro,Z" "-v" "/var/lib/crater-agent-workspace/rustup-home:/opt/rustwide/rustup-home:ro,Z" "-e" "SOURCE_DIR=/opt/rustwide/workdir" "-e" "CARGO_TARGET_DIR=/opt/rustwide/target" "-e" "CARGO_INCREMENTAL=0" "-e" "RUST_BACKTRACE=full" "-e" "RUSTDOCFLAGS=--cap-lints=warn" "-e" "CARGO_HOME=/opt/rustwide/cargo-home" "-e" "RUSTUP_HOME=/opt/rustwide/rustup-home" "-w" "/opt/rustwide/workdir" "-m" "1610612736" "--user" "0:0" "--network" "none" "ghcr.io/rust-lang/crates-build-env/linux@sha256:34b6a614d2c27851fe6cbf88fbd1137609cefab8b10d0615aaeb6fd47975d74e" "/opt/rustwide/cargo-home/bin/cargo" "+beta-2021-08-01" "doc" "--frozen" "--no-deps" "--document-private-items" "--message-format=json", kill_on_drop: false }`
[INFO] [stdout] df7a1c95330b9439c4b6a6435e436aa05afcd4181902d85f3c39d38c9c4bd602
[INFO] [stderr] WARNING: Your kernel does not support swap limit capabilities or the cgroup is not mounted. Memory limited without swap.
[INFO] running `Command { std: "docker" "start" "-a" "df7a1c95330b9439c4b6a6435e436aa05afcd4181902d85f3c39d38c9c4bd602", kill_on_drop: false }`
[INFO] [stderr]     Checking bitbit v0.2.0
[INFO] [stderr]     Checking num-integer v0.1.42
[INFO] [stderr]     Checking deflate v0.7.20
[INFO] [stderr]    Compiling logos-derive v0.9.7
[INFO] [stderr]     Checking num-iter v0.1.40
[INFO] [stdout] error[E0061]: this function takes 1 argument but 2 arguments were supplied
[INFO] [stdout]     --> /opt/rustwide/cargo-home/registry/src/github.com-1ecc6299db9ec823/logos-derive-0.9.7/src/lib.rs:50:20
[INFO] [stdout]      |
[INFO] [stdout] 50   |             extras.insert(ext, |_| panic!("Only one #[extras] attribute can be declared."));
[INFO] [stdout]      |                    ^^^^^^ ---  ----------------------------------------------------------- supplied 2 arguments
[INFO] [stdout]      |                    |
[INFO] [stdout]      |                    expected 1 argument
[INFO] [stdout]      |
[INFO] [stdout] note: associated function defined here
[INFO] [stdout] 
[INFO] [stdout] 
[INFO] [stdout] error[E0061]: this function takes 1 argument but 2 arguments were supplied
[INFO] [stdout]     --> /opt/rustwide/cargo-home/registry/src/github.com-1ecc6299db9ec823/logos-derive-0.9.7/src/lib.rs:84:23
[INFO] [stdout]      |
[INFO] [stdout] 84   |                 error.insert(variant, |_| panic!("Only one #[error] variant can be declared."));
[INFO] [stdout]      |                       ^^^^^^ -------  -------------------------------------------------------- supplied 2 arguments
[INFO] [stdout]      |                       |
[INFO] [stdout]      |                       expected 1 argument
[INFO] [stdout]      |
[INFO] [stdout] note: associated function defined here
[INFO] [stdout] 
[INFO] [stdout] 
[INFO] [stdout] error[E0061]: this function takes 1 argument but 2 arguments were supplied
[INFO] [stdout]     --> /opt/rustwide/cargo-home/registry/src/github.com-1ecc6299db9ec823/logos-derive-0.9.7/src/lib.rs:88:21
[INFO] [stdout]      |
[INFO] [stdout] 88   |                 end.insert(variant, |_| panic!("Only one #[end] variant can be declared."));
[INFO] [stdout]      |                     ^^^^^^ -------  ------------------------------------------------------ supplied 2 arguments
[INFO] [stdout]      |                     |
[INFO] [stdout]      |                     expected 1 argument
[INFO] [stdout]      |
[INFO] [stdout] note: associated function defined here
[INFO] [stdout] 
[INFO] [stdout] 
[INFO] [stdout] error[E0061]: this function takes 1 argument but 2 arguments were supplied
[INFO] [stdout]     --> /opt/rustwide/cargo-home/registry/src/github.com-1ecc6299db9ec823/logos-derive-0.9.7/src/util.rs:59:31
[INFO] [stdout]      |
[INFO] [stdout] 59   |                 self.callback.insert(callback, |_| panic!("Only one callback can be defined per variant definition!"));
[INFO] [stdout]      |                               ^^^^^^ --------  ---------------------------------------------------------------------- supplied 2 arguments
[INFO] [stdout]      |                               |
[INFO] [stdout]      |                               expected 1 argument
[INFO] [stdout]      |
[INFO] [stdout] note: associated function defined here
[INFO] [stdout] 
[INFO] [stdout] 
[INFO] [stderr]     Checking png v0.14.1 (https://github.com/phase/image-png?branch=set-palette-for-encoding#eb69f838)
[INFO] [stdout] error: aborting due to 4 previous errors
[INFO] [stdout] 
[INFO] [stdout] 
[INFO] [stdout] For more information about this error, try `rustc --explain E0061`.
[INFO] [stdout] 
[INFO] [stderr] error: could not compile `logos-derive` due to 5 previous errors
[INFO] [stderr] warning: build failed, waiting for other jobs to finish...
[INFO] [stderr] error: build failed
[INFO] running `Command { std: "docker" "inspect" "df7a1c95330b9439c4b6a6435e436aa05afcd4181902d85f3c39d38c9c4bd602", kill_on_drop: false }`
[INFO] running `Command { std: "docker" "rm" "-f" "df7a1c95330b9439c4b6a6435e436aa05afcd4181902d85f3c39d38c9c4bd602", kill_on_drop: false }`
[INFO] [stdout] df7a1c95330b9439c4b6a6435e436aa05afcd4181902d85f3c39d38c9c4bd602
