[INFO] cloning repository https://github.com/peterfillmore/stm32f0xx-hal
[INFO] running `Command { std: "git" "-c" "credential.helper=" "-c" "credential.helper=/workspace/cargo-home/bin/git-credential-null" "clone" "--bare" "https://github.com/peterfillmore/stm32f0xx-hal" "/workspace/cache/git-repos/https%3A%2F%2Fgithub.com%2Fpeterfillmore%2Fstm32f0xx-hal", kill_on_drop: false }`
[INFO] [stderr] Cloning into bare repository '/workspace/cache/git-repos/https%3A%2F%2Fgithub.com%2Fpeterfillmore%2Fstm32f0xx-hal'...
[INFO] running `Command { std: "git" "rev-parse" "HEAD", kill_on_drop: false }`
[INFO] [stdout] b8d9993680611b2a1ade34e43a83bb3c5d1c2c26
[INFO] documenting peterfillmore/stm32f0xx-hal against beta-2021-08-01 for beta-1.55-rustdoc-1
[INFO] running `Command { std: "git" "clone" "/workspace/cache/git-repos/https%3A%2F%2Fgithub.com%2Fpeterfillmore%2Fstm32f0xx-hal" "/workspace/builds/worker-3/source", kill_on_drop: false }`
[INFO] [stderr] Cloning into '/workspace/builds/worker-3/source'...
[INFO] [stderr] done.
[INFO] validating manifest of git repo https://github.com/peterfillmore/stm32f0xx-hal on toolchain beta-2021-08-01
[INFO] running `Command { std: "/workspace/cargo-home/bin/cargo" "+beta-2021-08-01" "metadata" "--manifest-path" "Cargo.toml" "--no-deps", kill_on_drop: false }`
[INFO] removed /workspace/builds/worker-3/source/.cargo/config
[INFO] started tweaking git repo https://github.com/peterfillmore/stm32f0xx-hal
[INFO] removed 0 missing examples
[INFO] finished tweaking git repo https://github.com/peterfillmore/stm32f0xx-hal
[INFO] tweaked toml for git repo https://github.com/peterfillmore/stm32f0xx-hal written to /workspace/builds/worker-3/source/Cargo.toml
[INFO] crate git repo https://github.com/peterfillmore/stm32f0xx-hal already has a lockfile, it will not be regenerated
[INFO] running `Command { std: "/workspace/cargo-home/bin/cargo" "+beta-2021-08-01" "fetch" "--manifest-path" "Cargo.toml", kill_on_drop: false }`
[INFO] [stderr]     Blocking waiting for file lock on package cache
[INFO] [stderr]  Downloading crates ...
[INFO] [stderr]   Downloaded stm32f0 v0.5.0
[INFO] running `Command { std: "docker" "create" "-v" "/var/lib/crater-agent-workspace/builds/worker-3/target:/opt/rustwide/target:rw,Z" "-v" "/var/lib/crater-agent-workspace/builds/worker-3/source:/opt/rustwide/workdir:ro,Z" "-v" "/var/lib/crater-agent-workspace/cargo-home:/opt/rustwide/cargo-home:ro,Z" "-v" "/var/lib/crater-agent-workspace/rustup-home:/opt/rustwide/rustup-home:ro,Z" "-e" "SOURCE_DIR=/opt/rustwide/workdir" "-e" "CARGO_TARGET_DIR=/opt/rustwide/target" "-e" "CARGO_HOME=/opt/rustwide/cargo-home" "-e" "RUSTUP_HOME=/opt/rustwide/rustup-home" "-w" "/opt/rustwide/workdir" "-m" "1610612736" "--user" "0:0" "--network" "none" "ghcr.io/rust-lang/crates-build-env/linux@sha256:34b6a614d2c27851fe6cbf88fbd1137609cefab8b10d0615aaeb6fd47975d74e" "/opt/rustwide/cargo-home/bin/cargo" "+beta-2021-08-01" "metadata" "--no-deps" "--format-version=1", kill_on_drop: false }`
[INFO] [stderr] WARNING: Your kernel does not support swap limit capabilities or the cgroup is not mounted. Memory limited without swap.
[INFO] [stdout] 134f6759b104525ecf3d90c7798849f142c786f7abc3500b8bf269d59af8d47d
[INFO] running `Command { std: "docker" "start" "-a" "134f6759b104525ecf3d90c7798849f142c786f7abc3500b8bf269d59af8d47d", kill_on_drop: false }`
[INFO] running `Command { std: "docker" "inspect" "134f6759b104525ecf3d90c7798849f142c786f7abc3500b8bf269d59af8d47d", kill_on_drop: false }`
[INFO] running `Command { std: "docker" "rm" "-f" "134f6759b104525ecf3d90c7798849f142c786f7abc3500b8bf269d59af8d47d", kill_on_drop: false }`
[INFO] [stdout] 134f6759b104525ecf3d90c7798849f142c786f7abc3500b8bf269d59af8d47d
[INFO] running `Command { std: "docker" "create" "-v" "/var/lib/crater-agent-workspace/builds/worker-3/target:/opt/rustwide/target:rw,Z" "-v" "/var/lib/crater-agent-workspace/builds/worker-3/source:/opt/rustwide/workdir:ro,Z" "-v" "/var/lib/crater-agent-workspace/cargo-home:/opt/rustwide/cargo-home:ro,Z" "-v" "/var/lib/crater-agent-workspace/rustup-home:/opt/rustwide/rustup-home:ro,Z" "-e" "SOURCE_DIR=/opt/rustwide/workdir" "-e" "CARGO_TARGET_DIR=/opt/rustwide/target" "-e" "CARGO_INCREMENTAL=0" "-e" "RUST_BACKTRACE=full" "-e" "RUSTDOCFLAGS=--cap-lints=warn" "-e" "CARGO_HOME=/opt/rustwide/cargo-home" "-e" "RUSTUP_HOME=/opt/rustwide/rustup-home" "-w" "/opt/rustwide/workdir" "-m" "1610612736" "--user" "0:0" "--network" "none" "ghcr.io/rust-lang/crates-build-env/linux@sha256:34b6a614d2c27851fe6cbf88fbd1137609cefab8b10d0615aaeb6fd47975d74e" "/opt/rustwide/cargo-home/bin/cargo" "+beta-2021-08-01" "doc" "--frozen" "--no-deps" "--document-private-items" "--message-format=json", kill_on_drop: false }`
[INFO] [stdout] a922ff24d53719e9575de5327193e1a6c6726b2b1f32d45a1a8aec5fdb220acd
[INFO] [stderr] WARNING: Your kernel does not support swap limit capabilities or the cgroup is not mounted. Memory limited without swap.
[INFO] running `Command { std: "docker" "start" "-a" "a922ff24d53719e9575de5327193e1a6c6726b2b1f32d45a1a8aec5fdb220acd", kill_on_drop: false }`
[INFO] [stderr]    Compiling rand_core v0.4.0
[INFO] [stderr]     Checking vcell v0.1.0
[INFO] [stderr]    Compiling cortex-m v0.5.8
[INFO] [stderr]     Checking aligned v0.2.0
[INFO] [stderr]    Compiling cortex-m-rt v0.6.7
[INFO] [stderr]    Compiling stm32f0 v0.5.0
[INFO] [stderr]    Compiling cortex-m-semihosting v0.3.2
[INFO] [stderr]     Checking nb v0.1.1
[INFO] [stderr]    Compiling bare-metal v0.2.4
[INFO] [stderr]    Compiling syn v0.15.26
[INFO] [stderr]     Checking volatile-register v0.2.0
[INFO] [stderr]    Compiling rand_core v0.3.1
[INFO] [stderr]     Checking embedded-hal v0.2.2
[INFO] [stderr]    Compiling rand_core v0.2.2
[INFO] [stderr]    Compiling rand v0.5.5
[INFO] [stderr]    Compiling cortex-m-rt-macros v0.1.5
[INFO] [stderr]  Documenting stm32f0xx-hal v0.10.1 (/opt/rustwide/workdir)
[INFO] [stdout] error[E0432]: unresolved import `crate::stm32`
[INFO] [stdout]   --> src/pwm.rs:11:12
[INFO] [stdout]    |
[INFO] [stdout] 11 | use crate::stm32::{TIM1, TIM2, TIM3};
[INFO] [stdout]    |            ^^^^^ could not find `stm32` in the crate root
[INFO] [stdout] 
[INFO] [stdout] 
[INFO] [stdout] error[E0432]: unresolved import `crate::gpio::gpioa`
[INFO] [stdout]   --> src/pwm.rs:16:18
[INFO] [stdout]    |
[INFO] [stdout] 16 | use crate::gpio::gpioa::{PA8, PA9, PA10, PA11, PA15};
[INFO] [stdout]    |                  ^^^^^ could not find `gpioa` in `gpio`
[INFO] [stdout] 
[INFO] [stdout] 
[INFO] [stdout] error[E0432]: unresolved import `crate::gpio::gpiob`
[INFO] [stdout]   --> src/pwm.rs:17:18
[INFO] [stdout]    |
[INFO] [stdout] 17 | use crate::gpio::gpiob::{PB3, PB10};
[INFO] [stdout]    |                  ^^^^^ could not find `gpiob` in `gpio`
[INFO] [stdout] 
[INFO] [stdout] 
[INFO] [stdout] error: Compilation failed, aborting rustdoc
[INFO] [stdout] 
[INFO] [stdout] 
[INFO] [stdout] error: aborting due to 4 previous errors
[INFO] [stdout] 
[INFO] [stdout] 
[INFO] [stdout] For more information about this error, try `rustc --explain E0432`.
[INFO] [stdout] 
[INFO] [stderr] error: could not document `stm32f0xx-hal`
[INFO] [stderr] 
[INFO] [stderr] Caused by:
[INFO] [stderr]   process didn't exit successfully: `rustdoc --edition=2018 --crate-type lib --crate-name stm32f0xx_hal src/lib.rs -o /opt/rustwide/target/doc --error-format=json --json=diagnostic-rendered-ansi --document-private-items -L dependency=/opt/rustwide/target/debug/deps --extern bare_metal=/opt/rustwide/target/debug/deps/libbare_metal-280faa77abace40c.rmeta --extern cast=/opt/rustwide/target/debug/deps/libcast-92c2ca2f29d38723.rmeta --extern cortex_m=/opt/rustwide/target/debug/deps/libcortex_m-2c62be77bb19f938.rmeta --extern cortex_m_rt=/opt/rustwide/target/debug/deps/libcortex_m_rt-bfa4126de493e126.rmeta --extern cortex_m_semihosting=/opt/rustwide/target/debug/deps/libcortex_m_semihosting-4c53242b06307973.rmeta --extern embedded_hal=/opt/rustwide/target/debug/deps/libembedded_hal-7f6282c8ac2d1d9e.rmeta --extern nb=/opt/rustwide/target/debug/deps/libnb-6b2c8ef84d1a8673.rmeta --extern stm32f0=/opt/rustwide/target/debug/deps/libstm32f0-16f8978c669d1f7f.rmeta --extern void=/opt/rustwide/target/debug/deps/libvoid-c4c57f6d5e44654e.rmeta --cap-lints=warn --crate-version 0.10.1` (exit status: 1)
[INFO] running `Command { std: "docker" "inspect" "a922ff24d53719e9575de5327193e1a6c6726b2b1f32d45a1a8aec5fdb220acd", kill_on_drop: false }`
[INFO] running `Command { std: "docker" "rm" "-f" "a922ff24d53719e9575de5327193e1a6c6726b2b1f32d45a1a8aec5fdb220acd", kill_on_drop: false }`
[INFO] [stdout] a922ff24d53719e9575de5327193e1a6c6726b2b1f32d45a1a8aec5fdb220acd
