[INFO] cloning repository https://github.com/performance/GetOptsTalk
[INFO] running `Command { std: "git" "-c" "credential.helper=" "-c" "credential.helper=/workspace/cargo-home/bin/git-credential-null" "clone" "--bare" "https://github.com/performance/GetOptsTalk" "/workspace/cache/git-repos/https%3A%2F%2Fgithub.com%2Fperformance%2FGetOptsTalk", kill_on_drop: false }`
[INFO] [stderr] Cloning into bare repository '/workspace/cache/git-repos/https%3A%2F%2Fgithub.com%2Fperformance%2FGetOptsTalk'...
[INFO] running `Command { std: "git" "rev-parse" "HEAD", kill_on_drop: false }`
[INFO] [stdout] 5015954304beb49a9d530bc8df14937cc8da689a
[INFO] documenting performance/GetOptsTalk against beta-2021-08-01 for beta-1.55-rustdoc-1
[INFO] running `Command { std: "git" "clone" "/workspace/cache/git-repos/https%3A%2F%2Fgithub.com%2Fperformance%2FGetOptsTalk" "/workspace/builds/worker-7/source", kill_on_drop: false }`
[INFO] [stderr] Cloning into '/workspace/builds/worker-7/source'...
[INFO] [stderr] done.
[INFO] validating manifest of git repo https://github.com/performance/GetOptsTalk on toolchain beta-2021-08-01
[INFO] running `Command { std: "/workspace/cargo-home/bin/cargo" "+beta-2021-08-01" "metadata" "--manifest-path" "Cargo.toml" "--no-deps", kill_on_drop: false }`
[INFO] started tweaking git repo https://github.com/performance/GetOptsTalk
[INFO] finished tweaking git repo https://github.com/performance/GetOptsTalk
[INFO] tweaked toml for git repo https://github.com/performance/GetOptsTalk written to /workspace/builds/worker-7/source/Cargo.toml
[INFO] crate git repo https://github.com/performance/GetOptsTalk already has a lockfile, it will not be regenerated
[INFO] running `Command { std: "/workspace/cargo-home/bin/cargo" "+beta-2021-08-01" "fetch" "--manifest-path" "Cargo.toml", kill_on_drop: false }`
[INFO] running `Command { std: "docker" "create" "-v" "/var/lib/crater-agent-workspace/builds/worker-7/target:/opt/rustwide/target:rw,Z" "-v" "/var/lib/crater-agent-workspace/builds/worker-7/source:/opt/rustwide/workdir:ro,Z" "-v" "/var/lib/crater-agent-workspace/cargo-home:/opt/rustwide/cargo-home:ro,Z" "-v" "/var/lib/crater-agent-workspace/rustup-home:/opt/rustwide/rustup-home:ro,Z" "-e" "SOURCE_DIR=/opt/rustwide/workdir" "-e" "CARGO_TARGET_DIR=/opt/rustwide/target" "-e" "CARGO_HOME=/opt/rustwide/cargo-home" "-e" "RUSTUP_HOME=/opt/rustwide/rustup-home" "-w" "/opt/rustwide/workdir" "-m" "1610612736" "--user" "0:0" "--network" "none" "ghcr.io/rust-lang/crates-build-env/linux@sha256:34b6a614d2c27851fe6cbf88fbd1137609cefab8b10d0615aaeb6fd47975d74e" "/opt/rustwide/cargo-home/bin/cargo" "+beta-2021-08-01" "metadata" "--no-deps" "--format-version=1", kill_on_drop: false }`
[INFO] [stderr] WARNING: Your kernel does not support swap limit capabilities or the cgroup is not mounted. Memory limited without swap.
[INFO] [stdout] d466e4719991b1996cd3b2469a8b0857498d8bc826153fd36d433e3e25259c38
[INFO] running `Command { std: "docker" "start" "-a" "d466e4719991b1996cd3b2469a8b0857498d8bc826153fd36d433e3e25259c38", kill_on_drop: false }`
[INFO] running `Command { std: "docker" "inspect" "d466e4719991b1996cd3b2469a8b0857498d8bc826153fd36d433e3e25259c38", kill_on_drop: false }`
[INFO] running `Command { std: "docker" "rm" "-f" "d466e4719991b1996cd3b2469a8b0857498d8bc826153fd36d433e3e25259c38", kill_on_drop: false }`
[INFO] [stdout] d466e4719991b1996cd3b2469a8b0857498d8bc826153fd36d433e3e25259c38
[INFO] running `Command { std: "docker" "create" "-v" "/var/lib/crater-agent-workspace/builds/worker-7/target:/opt/rustwide/target:rw,Z" "-v" "/var/lib/crater-agent-workspace/builds/worker-7/source:/opt/rustwide/workdir:ro,Z" "-v" "/var/lib/crater-agent-workspace/cargo-home:/opt/rustwide/cargo-home:ro,Z" "-v" "/var/lib/crater-agent-workspace/rustup-home:/opt/rustwide/rustup-home:ro,Z" "-e" "SOURCE_DIR=/opt/rustwide/workdir" "-e" "CARGO_TARGET_DIR=/opt/rustwide/target" "-e" "CARGO_INCREMENTAL=0" "-e" "RUST_BACKTRACE=full" "-e" "RUSTDOCFLAGS=--cap-lints=warn" "-e" "CARGO_HOME=/opt/rustwide/cargo-home" "-e" "RUSTUP_HOME=/opt/rustwide/rustup-home" "-w" "/opt/rustwide/workdir" "-m" "1610612736" "--user" "0:0" "--network" "none" "ghcr.io/rust-lang/crates-build-env/linux@sha256:34b6a614d2c27851fe6cbf88fbd1137609cefab8b10d0615aaeb6fd47975d74e" "/opt/rustwide/cargo-home/bin/cargo" "+beta-2021-08-01" "doc" "--frozen" "--no-deps" "--document-private-items" "--message-format=json", kill_on_drop: false }`
[INFO] [stderr] WARNING: Your kernel does not support swap limit capabilities or the cgroup is not mounted. Memory limited without swap.
[INFO] [stdout] d00e3da480c16ec3aed22a7a9185259052968d03ba110ba3c668861683335150
[INFO] running `Command { std: "docker" "start" "-a" "d00e3da480c16ec3aed22a7a9185259052968d03ba110ba3c668861683335150", kill_on_drop: false }`
[INFO] [stderr]     Checking log v0.3.1
[INFO] [stderr]     Checking rand v0.3.8
[INFO] [stderr]     Checking getopts v0.2.11
[INFO] [stdout] error[E0277]: the size for values of type `Self` cannot be known at compilation time
[INFO] [stdout]   --> /opt/rustwide/cargo-home/registry/src/github.com-1ecc6299db9ec823/rand-0.3.8/src/distributions/range.rs:83:50
[INFO] [stdout]    |
[INFO] [stdout] 50 | pub struct Range<X> {
[INFO] [stdout]    |                  - required by this bound in `range::Range`
[INFO] [stdout] ...
[INFO] [stdout] 83 |     fn construct_range(low: Self, high: Self) -> Range<Self>;
[INFO] [stdout]    |                                                  ^^^^^^^^^^^ doesn't have a size known at compile-time
[INFO] [stdout]    |
[INFO] [stdout] help: you could relax the implicit `Sized` bound on `X` if it were used through indirection like `&X` or `Box<X>`
[INFO] [stdout]   --> /opt/rustwide/cargo-home/registry/src/github.com-1ecc6299db9ec823/rand-0.3.8/src/distributions/range.rs:50:18
[INFO] [stdout]    |
[INFO] [stdout] 50 | pub struct Range<X> {
[INFO] [stdout]    |                  ^ this could be changed to `X: ?Sized`...
[INFO] [stdout] 51 |     low: X,
[INFO] [stdout]    |          - ...if indirection were used here: `Box<X>`
[INFO] [stdout] 52 |     range: X,
[INFO] [stdout]    |            - ...if indirection were used here: `Box<X>`
[INFO] [stdout] 53 |     accept_zone: X
[INFO] [stdout]    |                  - ...if indirection were used here: `Box<X>`
[INFO] [stdout] help: consider further restricting `Self`
[INFO] [stdout]    |
[INFO] [stdout] 83 |     fn construct_range(low: Self, high: Self) -> Range<Self> where Self: Sized;
[INFO] [stdout]    |                                                              ^^^^^^^^^^^^^^^^^
[INFO] [stdout] 
[INFO] [stdout] 
[INFO] [stdout] error[E0277]: the size for values of type `Self` cannot be known at compilation time
[INFO] [stdout]   --> /opt/rustwide/cargo-home/registry/src/github.com-1ecc6299db9ec823/rand-0.3.8/src/distributions/range.rs:87:33
[INFO] [stdout]    |
[INFO] [stdout] 50 | pub struct Range<X> {
[INFO] [stdout]    |                  - required by this bound in `range::Range`
[INFO] [stdout] ...
[INFO] [stdout] 87 |     fn sample_range<R: Rng>(r: &Range<Self>, rng: &mut R) -> Self;
[INFO] [stdout]    |                                 ^^^^^^^^^^^ doesn't have a size known at compile-time
[INFO] [stdout]    |
[INFO] [stdout] help: you could relax the implicit `Sized` bound on `X` if it were used through indirection like `&X` or `Box<X>`
[INFO] [stdout]   --> /opt/rustwide/cargo-home/registry/src/github.com-1ecc6299db9ec823/rand-0.3.8/src/distributions/range.rs:50:18
[INFO] [stdout]    |
[INFO] [stdout] 50 | pub struct Range<X> {
[INFO] [stdout]    |                  ^ this could be changed to `X: ?Sized`...
[INFO] [stdout] 51 |     low: X,
[INFO] [stdout]    |          - ...if indirection were used here: `Box<X>`
[INFO] [stdout] 52 |     range: X,
[INFO] [stdout]    |            - ...if indirection were used here: `Box<X>`
[INFO] [stdout] 53 |     accept_zone: X
[INFO] [stdout]    |                  - ...if indirection were used here: `Box<X>`
[INFO] [stdout] help: consider further restricting `Self`
[INFO] [stdout]    |
[INFO] [stdout] 87 |     fn sample_range<R: Rng>(r: &Range<Self>, rng: &mut R) -> Self where Self: Sized;
[INFO] [stdout]    |                                                                   ^^^^^^^^^^^^^^^^^
[INFO] [stdout] 
[INFO] [stdout] 
[INFO] [stdout] error: aborting due to 2 previous errors
[INFO] [stdout] 
[INFO] [stdout] 
[INFO] [stdout] For more information about this error, try `rustc --explain E0277`.
[INFO] [stdout] 
[INFO] [stderr] error: could not compile `rand` due to 3 previous errors
[INFO] [stderr] warning: build failed, waiting for other jobs to finish...
[INFO] [stdout] error[E0503]: cannot use `state` because it was mutably borrowed
[INFO] [stdout]    --> /opt/rustwide/cargo-home/registry/src/github.com-1ecc6299db9ec823/getopts-0.2.11/src/lib.rs:974:33
[INFO] [stdout]     |
[INFO] [stdout] 921 |     let mut machine = |cont: &mut bool, (i, c): (usize, char)| {
[INFO] [stdout]     |                       ---------------------------------------- borrow of `state` occurs here
[INFO] [stdout] ...
[INFO] [stdout] 925 |         state = match (state, whitespace, limit) {
[INFO] [stdout]     |         ----- borrow occurs due to use of `state` in closure
[INFO] [stdout] ...
[INFO] [stdout] 974 |     while cont && match state { B | C => true, A => false } {
[INFO] [stdout]     |                                 ^ use of borrowed `state`
[INFO] [stdout] 975 |         machine(&mut cont, (fake_i, ' '));
[INFO] [stdout]     |         ------- borrow later used here
[INFO] [stdout] 
[INFO] [stdout] 
[INFO] [stdout] error: aborting due to previous error
[INFO] [stdout] 
[INFO] [stdout] 
[INFO] [stdout] For more information about this error, try `rustc --explain E0503`.
[INFO] [stdout] 
[INFO] [stderr] error: build failed
[INFO] running `Command { std: "docker" "inspect" "d00e3da480c16ec3aed22a7a9185259052968d03ba110ba3c668861683335150", kill_on_drop: false }`
[INFO] running `Command { std: "docker" "rm" "-f" "d00e3da480c16ec3aed22a7a9185259052968d03ba110ba3c668861683335150", kill_on_drop: false }`
[INFO] [stdout] d00e3da480c16ec3aed22a7a9185259052968d03ba110ba3c668861683335150
