[INFO] cloning repository https://github.com/paulotten/r_small_snake
[INFO] running `Command { std: "git" "-c" "credential.helper=" "-c" "credential.helper=/workspace/cargo-home/bin/git-credential-null" "clone" "--bare" "https://github.com/paulotten/r_small_snake" "/workspace/cache/git-repos/https%3A%2F%2Fgithub.com%2Fpaulotten%2Fr_small_snake", kill_on_drop: false }`
[INFO] [stderr] Cloning into bare repository '/workspace/cache/git-repos/https%3A%2F%2Fgithub.com%2Fpaulotten%2Fr_small_snake'...
[INFO] running `Command { std: "git" "rev-parse" "HEAD", kill_on_drop: false }`
[INFO] [stdout] c29b55645308031b18a0340796ed6fbc41bb8e01
[INFO] documenting paulotten/r_small_snake against 1.54.0 for beta-1.55-rustdoc-1
[INFO] running `Command { std: "git" "clone" "/workspace/cache/git-repos/https%3A%2F%2Fgithub.com%2Fpaulotten%2Fr_small_snake" "/workspace/builds/worker-12/source", kill_on_drop: false }`
[INFO] [stderr] Cloning into '/workspace/builds/worker-12/source'...
[INFO] [stderr] done.
[INFO] validating manifest of git repo https://github.com/paulotten/r_small_snake on toolchain 1.54.0
[INFO] running `Command { std: "/workspace/cargo-home/bin/cargo" "+1.54.0" "metadata" "--manifest-path" "Cargo.toml" "--no-deps", kill_on_drop: false }`
[INFO] started tweaking git repo https://github.com/paulotten/r_small_snake
[INFO] finished tweaking git repo https://github.com/paulotten/r_small_snake
[INFO] tweaked toml for git repo https://github.com/paulotten/r_small_snake written to /workspace/builds/worker-12/source/Cargo.toml
[INFO] crate git repo https://github.com/paulotten/r_small_snake already has a lockfile, it will not be regenerated
[INFO] running `Command { std: "/workspace/cargo-home/bin/cargo" "+1.54.0" "fetch" "--manifest-path" "Cargo.toml", kill_on_drop: false }`
[INFO] running `Command { std: "docker" "create" "-v" "/var/lib/crater-agent-workspace/builds/worker-12/target:/opt/rustwide/target:rw,Z" "-v" "/var/lib/crater-agent-workspace/builds/worker-12/source:/opt/rustwide/workdir:ro,Z" "-v" "/var/lib/crater-agent-workspace/cargo-home:/opt/rustwide/cargo-home:ro,Z" "-v" "/var/lib/crater-agent-workspace/rustup-home:/opt/rustwide/rustup-home:ro,Z" "-e" "SOURCE_DIR=/opt/rustwide/workdir" "-e" "CARGO_TARGET_DIR=/opt/rustwide/target" "-e" "CARGO_HOME=/opt/rustwide/cargo-home" "-e" "RUSTUP_HOME=/opt/rustwide/rustup-home" "-w" "/opt/rustwide/workdir" "-m" "1610612736" "--user" "0:0" "--network" "none" "ghcr.io/rust-lang/crates-build-env/linux@sha256:34b6a614d2c27851fe6cbf88fbd1137609cefab8b10d0615aaeb6fd47975d74e" "/opt/rustwide/cargo-home/bin/cargo" "+1.54.0" "metadata" "--no-deps" "--format-version=1", kill_on_drop: false }`
[INFO] [stdout] 1d22a6260b6b79555e20e6eb6f09f69855eff3e4565a3f61dcb66139dd1c5668
[INFO] running `Command { std: "docker" "start" "-a" "1d22a6260b6b79555e20e6eb6f09f69855eff3e4565a3f61dcb66139dd1c5668", kill_on_drop: false }`
[INFO] running `Command { std: "docker" "inspect" "1d22a6260b6b79555e20e6eb6f09f69855eff3e4565a3f61dcb66139dd1c5668", kill_on_drop: false }`
[INFO] running `Command { std: "docker" "rm" "-f" "1d22a6260b6b79555e20e6eb6f09f69855eff3e4565a3f61dcb66139dd1c5668", kill_on_drop: false }`
[INFO] [stdout] 1d22a6260b6b79555e20e6eb6f09f69855eff3e4565a3f61dcb66139dd1c5668
[INFO] running `Command { std: "docker" "create" "-v" "/var/lib/crater-agent-workspace/builds/worker-12/target:/opt/rustwide/target:rw,Z" "-v" "/var/lib/crater-agent-workspace/builds/worker-12/source:/opt/rustwide/workdir:ro,Z" "-v" "/var/lib/crater-agent-workspace/cargo-home:/opt/rustwide/cargo-home:ro,Z" "-v" "/var/lib/crater-agent-workspace/rustup-home:/opt/rustwide/rustup-home:ro,Z" "-e" "SOURCE_DIR=/opt/rustwide/workdir" "-e" "CARGO_TARGET_DIR=/opt/rustwide/target" "-e" "CARGO_INCREMENTAL=0" "-e" "RUST_BACKTRACE=full" "-e" "RUSTDOCFLAGS=--cap-lints=warn" "-e" "CARGO_HOME=/opt/rustwide/cargo-home" "-e" "RUSTUP_HOME=/opt/rustwide/rustup-home" "-w" "/opt/rustwide/workdir" "-m" "1610612736" "--user" "0:0" "--network" "none" "ghcr.io/rust-lang/crates-build-env/linux@sha256:34b6a614d2c27851fe6cbf88fbd1137609cefab8b10d0615aaeb6fd47975d74e" "/opt/rustwide/cargo-home/bin/cargo" "+1.54.0" "doc" "--frozen" "--no-deps" "--document-private-items" "--message-format=json", kill_on_drop: false }`
[INFO] [stdout] 1796360e4e77a2979eb3c6eb27ef7ec251517f968d308560d915eb743d312b72
[INFO] running `Command { std: "docker" "start" "-a" "1796360e4e77a2979eb3c6eb27ef7ec251517f968d308560d915eb743d312b72", kill_on_drop: false }`
[INFO] [stderr]     Blocking waiting for file lock on package cache
[INFO] [stderr]    Compiling libc v0.2.80
[INFO] [stderr]    Compiling winapi v0.3.9
[INFO] [stderr]    Compiling getrandom v0.2.0
[INFO] [stderr]     Checking cfg-if v0.1.10
[INFO] [stderr]  Documenting r_small_snake v0.1.0 (/opt/rustwide/workdir)
[INFO] [stdout] error[E0433]: failed to resolve: could not find `shared` in `winapi`
[INFO] [stdout]  --> src/console.rs:3:13
[INFO] [stdout]   |
[INFO] [stdout] 3 | use winapi::shared::minwindef::DWORD;
[INFO] [stdout]   |             ^^^^^^ could not find `shared` in `winapi`
[INFO] [stdout] 
[INFO] [stdout] 
[INFO] [stdout] error[E0433]: failed to resolve: could not find `shared` in `winapi`
[INFO] [stdout]  --> src/console.rs:4:13
[INFO] [stdout]   |
[INFO] [stdout] 4 | use winapi::shared::ntdef::VOID;
[INFO] [stdout]   |             ^^^^^^ could not find `shared` in `winapi`
[INFO] [stdout] 
[INFO] [stdout] 
[INFO] [stdout] error[E0433]: failed to resolve: could not find `um` in `winapi`
[INFO] [stdout]  --> src/console.rs:5:13
[INFO] [stdout]   |
[INFO] [stdout] 5 | use winapi::um::wincontypes::INPUT_RECORD;
[INFO] [stdout]   |             ^^ could not find `um` in `winapi`
[INFO] [stdout] 
[INFO] [stdout] 
[INFO] [stdout] error[E0433]: failed to resolve: could not find `um` in `winapi`
[INFO] [stdout]  --> src/console.rs:6:13
[INFO] [stdout]   |
[INFO] [stdout] 6 | use winapi::um::wincontypes::KEY_EVENT;
[INFO] [stdout]   |             ^^ could not find `um` in `winapi`
[INFO] [stdout] 
[INFO] [stdout] 
[INFO] [stdout] error[E0433]: failed to resolve: could not find `um` in `winapi`
[INFO] [stdout]  --> src/console.rs:7:13
[INFO] [stdout]   |
[INFO] [stdout] 7 | use winapi::um::wincontypes::KEY_EVENT_RECORD;
[INFO] [stdout]   |             ^^ could not find `um` in `winapi`
[INFO] [stdout] 
[INFO] [stdout] 
[INFO] [stdout] error[E0433]: failed to resolve: could not find `um` in `winapi`
[INFO] [stdout]  --> src/console.rs:8:13
[INFO] [stdout]   |
[INFO] [stdout] 8 | use winapi::um::wincontypes::INPUT_RECORD_Event;
[INFO] [stdout]   |             ^^ could not find `um` in `winapi`
[INFO] [stdout] 
[INFO] [stdout] 
[INFO] [stdout] error[E0433]: failed to resolve: could not find `shared` in `winapi`
[INFO] [stdout]  --> src/thread.rs:3:13
[INFO] [stdout]   |
[INFO] [stdout] 3 | use winapi::shared::minwindef::DWORD;
[INFO] [stdout]   |             ^^^^^^ could not find `shared` in `winapi`
[INFO] [stdout] 
[INFO] [stdout] 
[INFO] [stdout] error[E0412]: cannot find type `VOID` in this scope
[INFO] [stdout]   --> src/console.rs:11:17
[INFO] [stdout]    |
[INFO] [stdout] 11 |     stdin: *mut VOID
[INFO] [stdout]    |                 ^^^^ not found in this scope
[INFO] [stdout] 
[INFO] [stdout] 
[INFO] [stdout] error[E0412]: cannot find type `VOID` in this scope
[INFO] [stdout]   --> src/console.rs:15:18
[INFO] [stdout]    |
[INFO] [stdout] 15 |     stdout: *mut VOID
[INFO] [stdout]    |                  ^^^^ not found in this scope
[INFO] [stdout] 
[INFO] [stdout] 
[INFO] [stdout] error: Compilation failed, aborting rustdoc
[INFO] [stdout] 
[INFO] [stdout] 
[INFO] [stdout] error: aborting due to 10 previous errors
[INFO] [stdout] 
[INFO] [stdout] 
[INFO] [stdout] Some errors have detailed explanations: E0412, E0433.
[INFO] [stdout] 
[INFO] [stdout] For more information about an error, try `rustc --explain E0412`.
[INFO] [stdout] 
[INFO] [stderr] error: could not document `r_small_snake`
[INFO] [stderr] 
[INFO] [stderr] Caused by:
[INFO] [stderr]   process didn't exit successfully: `rustdoc --edition=2018 --crate-type bin --crate-name r_small_snake src/main.rs -o /opt/rustwide/target/doc --error-format=json --json=diagnostic-rendered-ansi --document-private-items -L dependency=/opt/rustwide/target/debug/deps --extern getrandom=/opt/rustwide/target/debug/deps/libgetrandom-19bc07fc2fd98ef8.rmeta --extern winapi=/opt/rustwide/target/debug/deps/libwinapi-4d19b62d874629c7.rmeta --cap-lints=warn --crate-version 0.1.0` (exit status: 1)
[INFO] running `Command { std: "docker" "inspect" "1796360e4e77a2979eb3c6eb27ef7ec251517f968d308560d915eb743d312b72", kill_on_drop: false }`
[INFO] running `Command { std: "docker" "rm" "-f" "1796360e4e77a2979eb3c6eb27ef7ec251517f968d308560d915eb743d312b72", kill_on_drop: false }`
[INFO] [stdout] 1796360e4e77a2979eb3c6eb27ef7ec251517f968d308560d915eb743d312b72
