[INFO] cloning repository https://github.com/paritytech/sol-rs
[INFO] running `Command { std: "git" "-c" "credential.helper=" "-c" "credential.helper=/workspace/cargo-home/bin/git-credential-null" "clone" "--bare" "https://github.com/paritytech/sol-rs" "/workspace/cache/git-repos/https%3A%2F%2Fgithub.com%2Fparitytech%2Fsol-rs", kill_on_drop: false }`
[INFO] [stderr] Cloning into bare repository '/workspace/cache/git-repos/https%3A%2F%2Fgithub.com%2Fparitytech%2Fsol-rs'...
[INFO] running `Command { std: "git" "rev-parse" "HEAD", kill_on_drop: false }`
[INFO] [stdout] e38e92548214449b6dfe26defe5e32b9d772daa8
[INFO] documenting paritytech/sol-rs against beta-2021-08-01 for beta-1.55-rustdoc-1
[INFO] running `Command { std: "git" "clone" "/workspace/cache/git-repos/https%3A%2F%2Fgithub.com%2Fparitytech%2Fsol-rs" "/workspace/builds/worker-2/source", kill_on_drop: false }`
[INFO] [stderr] Cloning into '/workspace/builds/worker-2/source'...
[INFO] [stderr] done.
[INFO] validating manifest of git repo https://github.com/paritytech/sol-rs on toolchain beta-2021-08-01
[INFO] running `Command { std: "/workspace/cargo-home/bin/cargo" "+beta-2021-08-01" "metadata" "--manifest-path" "Cargo.toml" "--no-deps", kill_on_drop: false }`
[INFO] started tweaking git repo https://github.com/paritytech/sol-rs
[INFO] finished tweaking git repo https://github.com/paritytech/sol-rs
[INFO] tweaked toml for git repo https://github.com/paritytech/sol-rs written to /workspace/builds/worker-2/source/Cargo.toml
[INFO] crate git repo https://github.com/paritytech/sol-rs already has a lockfile, it will not be regenerated
[INFO] running `Command { std: "/workspace/cargo-home/bin/cargo" "+beta-2021-08-01" "fetch" "--manifest-path" "Cargo.toml", kill_on_drop: false }`
[INFO] [stderr]     Blocking waiting for file lock on package cache
[INFO] [stderr]     Updating git repository `https://github.com/paritytech/ethabi.git`
[INFO] [stderr]     Updating git submodule `https://github.com/ethereum/tests.git`
[INFO] [stderr]     Updating git submodule `https://github.com/paritytech/wasm-tests`
[INFO] [stderr]     Updating git repository `https://github.com/paritytech/rust-snappy`
[INFO] [stderr]     Updating git submodule `https://github.com/signal11/hidapi.git`
[INFO] [stderr]     Updating git repository `https://github.com/paritytech/app-dirs-rs`
[INFO] [stderr]     Blocking waiting for file lock on package cache
[INFO] [stderr]  Downloading crates ...
[INFO] [stderr]   Downloaded serde_derive v1.0.64
[INFO] [stderr]   Downloaded syn v0.14.1
[INFO] [stderr]   Downloaded primal-check v0.2.3
[INFO] [stderr]   Downloaded primal-bit v0.2.4
[INFO] [stderr]   Downloaded siphasher v0.1.3
[INFO] [stderr]   Downloaded primal-estimate v0.2.1
[INFO] [stderr]   Downloaded primal v0.2.3
[INFO] [stderr]   Downloaded globset v0.2.1
[INFO] [stderr]   Downloaded nan-preserving-float v0.1.0
[INFO] [stderr]   Downloaded rustc_version v0.2.2
[INFO] [stderr]   Downloaded edit-distance v2.0.1
[INFO] [stderr]   Downloaded ethabi-contract v5.1.0
[INFO] [stderr]   Downloaded proc-macro2 v0.4.4
[INFO] [stderr]   Downloaded fixed-hash v0.2.1
[INFO] [stderr]   Downloaded ethabi-derive v5.1.2
[INFO] [stderr]   Downloaded uint v0.2.1
[INFO] [stderr]   Downloaded parity-wordlist v1.2.0
[INFO] [stderr]   Downloaded ethereum-types-serialize v0.2.1
[INFO] [stderr]   Downloaded pwasm-utils v0.1.5
[INFO] [stderr]   Downloaded parity-wasm v0.27.6
[INFO] [stderr]   Downloaded crunchy v0.2.1
[INFO] [stderr]   Downloaded serde_json v1.0.19
[INFO] [stderr]   Downloaded ethereum-types v0.3.2
[INFO] [stderr]   Downloaded primal-sieve v0.2.8
[INFO] [stderr]   Downloaded protobuf v1.7.3
[INFO] [stderr]   Downloaded ethabi v5.1.1
[INFO] [stderr]   Downloaded crunchy v0.1.6
[INFO] [stderr]   Downloaded wasmi v0.2.0
[INFO] [stderr]   Downloaded tiny-keccak v1.4.2
[INFO] [stderr]   Downloaded elastic-array v0.10.0
[INFO] [stderr]   Downloaded futures-timer v0.1.1
[INFO] [stderr]   Downloaded serde v1.0.64
[INFO] [stderr]   Downloaded ethbloom v0.5.0
[INFO] running `Command { std: "docker" "create" "-v" "/var/lib/crater-agent-workspace/builds/worker-2/target:/opt/rustwide/target:rw,Z" "-v" "/var/lib/crater-agent-workspace/builds/worker-2/source:/opt/rustwide/workdir:ro,Z" "-v" "/var/lib/crater-agent-workspace/cargo-home:/opt/rustwide/cargo-home:ro,Z" "-v" "/var/lib/crater-agent-workspace/rustup-home:/opt/rustwide/rustup-home:ro,Z" "-e" "SOURCE_DIR=/opt/rustwide/workdir" "-e" "CARGO_TARGET_DIR=/opt/rustwide/target" "-e" "CARGO_HOME=/opt/rustwide/cargo-home" "-e" "RUSTUP_HOME=/opt/rustwide/rustup-home" "-w" "/opt/rustwide/workdir" "-m" "1610612736" "--user" "0:0" "--network" "none" "ghcr.io/rust-lang/crates-build-env/linux@sha256:34b6a614d2c27851fe6cbf88fbd1137609cefab8b10d0615aaeb6fd47975d74e" "/opt/rustwide/cargo-home/bin/cargo" "+beta-2021-08-01" "metadata" "--no-deps" "--format-version=1", kill_on_drop: false }`
[INFO] [stdout] 551b9626fabd5adb2f6b0f926680f745fd3ccf4f7bfaf8833eb11abbfc65e42c
[INFO] running `Command { std: "docker" "start" "-a" "551b9626fabd5adb2f6b0f926680f745fd3ccf4f7bfaf8833eb11abbfc65e42c", kill_on_drop: false }`
[INFO] running `Command { std: "docker" "inspect" "551b9626fabd5adb2f6b0f926680f745fd3ccf4f7bfaf8833eb11abbfc65e42c", kill_on_drop: false }`
[INFO] running `Command { std: "docker" "rm" "-f" "551b9626fabd5adb2f6b0f926680f745fd3ccf4f7bfaf8833eb11abbfc65e42c", kill_on_drop: false }`
[INFO] [stdout] 551b9626fabd5adb2f6b0f926680f745fd3ccf4f7bfaf8833eb11abbfc65e42c
[INFO] running `Command { std: "docker" "create" "-v" "/var/lib/crater-agent-workspace/builds/worker-2/target:/opt/rustwide/target:rw,Z" "-v" "/var/lib/crater-agent-workspace/builds/worker-2/source:/opt/rustwide/workdir:ro,Z" "-v" "/var/lib/crater-agent-workspace/cargo-home:/opt/rustwide/cargo-home:ro,Z" "-v" "/var/lib/crater-agent-workspace/rustup-home:/opt/rustwide/rustup-home:ro,Z" "-e" "SOURCE_DIR=/opt/rustwide/workdir" "-e" "CARGO_TARGET_DIR=/opt/rustwide/target" "-e" "CARGO_INCREMENTAL=0" "-e" "RUST_BACKTRACE=full" "-e" "RUSTDOCFLAGS=--cap-lints=warn" "-e" "CARGO_HOME=/opt/rustwide/cargo-home" "-e" "RUSTUP_HOME=/opt/rustwide/rustup-home" "-w" "/opt/rustwide/workdir" "-m" "1610612736" "--user" "0:0" "--network" "none" "ghcr.io/rust-lang/crates-build-env/linux@sha256:34b6a614d2c27851fe6cbf88fbd1137609cefab8b10d0615aaeb6fd47975d74e" "/opt/rustwide/cargo-home/bin/cargo" "+beta-2021-08-01" "doc" "--frozen" "--no-deps" "--document-private-items" "--message-format=json", kill_on_drop: false }`
[INFO] [stdout] eab078b2c41467e38535461756fdc65b1d47354f3c0a2a17abffa20c05be7e26
[INFO] running `Command { std: "docker" "start" "-a" "eab078b2c41467e38535461756fdc65b1d47354f3c0a2a17abffa20c05be7e26", kill_on_drop: false }`
[INFO] [stderr]     Blocking waiting for file lock on package cache
[INFO] [stderr]     Checking libc v0.2.41
[INFO] [stderr]     Checking cfg-if v0.1.3
[INFO] [stderr]    Compiling nodrop v0.1.12
[INFO] [stderr]    Compiling rayon-core v1.4.0
[INFO] [stderr]    Compiling scopeguard v0.3.3
[INFO] [stderr]    Compiling lazy_static v1.0.1
[INFO] [stderr]    Compiling memoffset v0.2.1
[INFO] [stderr]     Checking byteorder v1.2.3
[INFO] [stderr]    Compiling serde v1.0.64
[INFO] [stderr]    Compiling heapsize v0.4.2
[INFO] [stderr]    Compiling crunchy v0.1.6
[INFO] [stderr]    Compiling either v1.5.0
[INFO] [stderr]     Checking rustc-hex v1.0.0
[INFO] [stderr]     Checking futures v0.1.21
[INFO] [stderr]     Checking stable_deref_trait v1.0.0
[INFO] [stderr]     Checking smallvec v0.6.1
[INFO] [stderr]    Compiling gcc v0.3.54
[INFO] [stderr]     Checking slab v0.4.0
[INFO] [stderr]     Checking dtoa v0.4.2
[INFO] [stderr]     Checking itoa v0.4.1
[INFO] [stderr]     Checking lazycell v0.6.0
[INFO] [stderr]     Checking untrusted v0.5.1
[INFO] [stderr]    Compiling regex v0.2.11
[INFO] [stderr]     Checking utf8-ranges v1.0.0
[INFO] [stderr]    Compiling num-traits v0.2.4
[INFO] [stderr]     Checking ethcore-bytes v0.1.0 (https://github.com/paritytech/parity.git#00b209a2)
[INFO] [stderr]    Compiling num-integer v0.1.38
[INFO] [stderr]     Checking scoped-tls v0.1.2
[INFO] [stderr]     Checking rustc-demangle v0.1.8
[INFO] [stderr]    Compiling version_check v0.1.3
[INFO] [stderr]     Checking slab v0.3.0
[INFO] [stderr]     Checking ansi_term v0.10.2
[INFO] [stderr]     Checking smallvec v0.2.1
[INFO] [stderr]     Checking take v0.1.0
[INFO] [stderr]     Checking matches v0.1.6
[INFO] [stderr]     Checking smallvec v0.4.4
[INFO] [stderr]     Checking try-lock v0.1.0
[INFO] [stderr]     Checking bit-vec v0.4.4
[INFO] [stderr]     Checking httparse v1.2.4
[INFO] [stderr]     Checking linked-hash-map v0.4.2
[INFO] [stderr]     Checking hamming v0.1.3
[INFO] [stderr]     Checking mem v0.1.0 (https://github.com/paritytech/parity.git#00b209a2)
[INFO] [stderr]     Checking edit-distance v2.0.1
[INFO] [stderr]    Compiling protobuf v1.7.3
[INFO] [stderr]     Checking primal-estimate v0.2.1
[INFO] [stderr]     Checking xdg v2.1.0
[INFO] [stderr]    Compiling crunchy v0.2.1
[INFO] [stderr]     Checking bitflags v1.0.3
[INFO] [stderr]     Checking nan-preserving-float v0.1.0
[INFO] [stderr]     Checking unexpected v0.1.0 (https://github.com/paritytech/parity.git#00b209a2)
[INFO] [stderr]     Checking memory_units v0.3.0
[INFO] [stderr]     Checking crossbeam v0.3.2
[INFO] [stderr]     Checking linked-hash-map v0.5.1
[INFO] [stderr]     Checking siphasher v0.1.3
[INFO] [stderr]     Checking macros v0.1.0 (https://github.com/paritytech/parity.git#00b209a2)
[INFO] [stderr]     Checking stop-guard v0.1.0 (https://github.com/paritytech/parity.git#00b209a2)
[INFO] [stderr]     Checking ethabi-contract v5.1.0
[INFO] [stderr]     Checking using_queue v0.1.0 (https://github.com/paritytech/parity.git#00b209a2)
[INFO] [stderr]    Compiling solc v0.1.0 (/opt/rustwide/workdir/solc)
[INFO] [stderr]     Checking ethabi-contract v6.0.0 (https://github.com/paritytech/ethabi.git#dfb6128c)
[INFO] [stderr]  Documenting solc v0.1.0 (/opt/rustwide/workdir/solc)
[INFO] [stderr]     Checking arrayvec v0.4.7
[INFO] [stderr]    Compiling proc-macro2 v0.4.4
[INFO] [stderr]    Compiling proc-macro2 v0.3.8
[INFO] [stderr]     Checking regex-syntax v0.5.6
[INFO] [stderr]    Compiling crossbeam-utils v0.2.2
[INFO] [stderr]     Checking log v0.4.1
[INFO] [stderr]     Checking crossbeam-utils v0.3.2
[INFO] [stderr]     Checking owning_ref v0.3.3
[INFO] [stderr]     Checking base64 v0.6.0
[INFO] [stderr]     Checking base64 v0.9.2
[INFO] [stderr]     Checking itertools v0.5.10
[INFO] [stderr]     Checking textwrap v0.9.0
[INFO] [stderr]     Checking unicode-bidi v0.3.4
[INFO] [stderr]    Compiling heck v0.3.0
[INFO] [stderr]     Checking bit-set v0.4.0
[INFO] [stderr]     Checking primal-bit v0.2.4
[INFO] [stderr]    Compiling rustc_version v0.2.2
[INFO] [stderr]     Checking thread_local v0.3.5
[INFO] [stderr]     Checking app_dirs v1.2.1 (https://github.com/paritytech/app-dirs-rs#0b37f948)
[INFO] [stderr]     Checking lru-cache v0.1.1
[INFO] [stderr]    Compiling rand v0.4.2
[INFO] [stderr]    Compiling num_cpus v1.8.0
[INFO] [stderr]    Compiling solaris-example v0.1.0 (/opt/rustwide/workdir/example)
[INFO] [stderr]     Checking iovec v0.1.2
[INFO] [stderr]     Checking time v0.1.40
[INFO] [stderr]     Checking net2 v0.2.32
[INFO] [stderr]     Checking memchr v2.0.1
[INFO] [stderr]     Checking atty v0.2.10
[INFO] [stderr]     Checking memmap v0.6.2
[INFO] [stderr]     Checking ethcore-bloom-journal v0.1.0 (https://github.com/paritytech/parity.git#00b209a2)
[INFO] [stderr]     Checking log v0.3.9
[INFO] [stderr]    Compiling quote v0.5.2
[INFO] [stderr]     Checking bytes v0.4.8
[INFO] [stderr]    Compiling unicase v2.1.0
[INFO] [stderr]     Checking primal-sieve v0.2.8
[INFO] [stderr]     Checking crossbeam-epoch v0.4.1
[INFO] [stderr]     Checking crossbeam-epoch v0.3.1
[INFO] [stderr]     Checking aho-corasick v0.6.4
[INFO] [stderr]     Checking idna v0.1.4
[INFO] [stderr]     Checking clap v2.31.2
[INFO] [stderr]     Checking tiny-keccak v1.4.2
[INFO] [stderr]    Compiling syn v0.13.11
[INFO] [stderr]    Compiling uint v0.2.1
[INFO] [stderr]    Compiling ethereum-types v0.3.2
[INFO] [stderr]    Compiling quote v0.6.3
[INFO] [stderr]     Checking mio v0.6.14
[INFO] [stderr]     Checking trace-time v0.1.0 (https://github.com/paritytech/parity.git#00b209a2)
[INFO] [stderr]     Checking stats v0.1.0 (https://github.com/paritytech/parity.git#00b209a2)
[INFO] [stderr]     Checking elastic-array v0.10.0
[INFO] [stderr]     Checking memory-cache v0.1.0 (https://github.com/paritytech/parity.git#00b209a2)
[INFO] [stderr]     Checking crossbeam-deque v0.3.1
[INFO] [stderr]     Checking tokio-executor v0.1.2
[INFO] [stderr]     Checking tokio-service v0.1.0
[INFO] [stderr]     Checking futures-cpupool v0.1.8
[INFO] [stderr]     Checking want v0.0.4
[INFO] [stderr]     Checking relay v0.1.1
[INFO] [stderr]     Checking futures-timer v0.1.1
[INFO] [stderr]     Checking crossbeam-deque v0.2.0
[INFO] [stderr]    Compiling syn v0.14.1
[INFO] [stderr]    Compiling rand v0.3.22
[INFO] [stderr]    Compiling fixed-hash v0.2.1
[INFO] [stderr] error: failed to run custom build command for `solaris-example v0.1.0 (/opt/rustwide/workdir/example)`
[INFO] [stderr] 
[INFO] [stderr] Caused by:
[INFO] [stderr]   process didn't exit successfully: `/opt/rustwide/target/debug/build/solaris-example-b895a866cb6b19be/build-script-build` (exit status: 101)
[INFO] [stderr]   --- stderr
[INFO] [stderr]   thread 'main' panicked at 'Error compiling solidity contracts: No such file or directory (os error 2)', /opt/rustwide/workdir/solc/src/lib.rs:60:29
[INFO] [stderr]   stack backtrace:
[INFO] [stderr]      0:     0x55b424e39520 - std::backtrace_rs::backtrace::libunwind::trace::hff4d1766e93f64f1
[INFO] [stderr]                                  at /rustc/53fd98ca776cb875bc9e5514f56b52eb74f9e7a9/library/std/src/../../backtrace/src/backtrace/libunwind.rs:90:5
[INFO] [stderr]      1:     0x55b424e39520 - std::backtrace_rs::backtrace::trace_unsynchronized::h56bbc8eb78770bcb
[INFO] [stderr]                                  at /rustc/53fd98ca776cb875bc9e5514f56b52eb74f9e7a9/library/std/src/../../backtrace/src/backtrace/mod.rs:66:5
[INFO] [stderr]      2:     0x55b424e39520 - std::sys_common::backtrace::_print_fmt::h5c8e75464faca780
[INFO] [stderr]                                  at /rustc/53fd98ca776cb875bc9e5514f56b52eb74f9e7a9/library/std/src/sys_common/backtrace.rs:67:5
[INFO] [stderr]      3:     0x55b424e39520 - <std::sys_common::backtrace::_print::DisplayBacktrace as core::fmt::Display>::fmt::h48b88277def8b362
[INFO] [stderr]                                  at /rustc/53fd98ca776cb875bc9e5514f56b52eb74f9e7a9/library/std/src/sys_common/backtrace.rs:46:22
[INFO] [stderr]      4:     0x55b424e5628c - core::fmt::write::h3381b3176fe2b3d3
[INFO] [stderr]                                  at /rustc/53fd98ca776cb875bc9e5514f56b52eb74f9e7a9/library/core/src/fmt/mod.rs:1115:17
[INFO] [stderr]      5:     0x55b424e37815 - std::io::Write::write_fmt::hd42607e5d8e44db0
[INFO] [stderr]                                  at /rustc/53fd98ca776cb875bc9e5514f56b52eb74f9e7a9/library/std/src/io/mod.rs:1665:15
[INFO] [stderr]      6:     0x55b424e3b18b - std::sys_common::backtrace::_print::ha537687d6c17dd0d
[INFO] [stderr]                                  at /rustc/53fd98ca776cb875bc9e5514f56b52eb74f9e7a9/library/std/src/sys_common/backtrace.rs:49:5
[INFO] [stderr]      7:     0x55b424e3b18b - std::sys_common::backtrace::print::h61376ae57d131d72
[INFO] [stderr]                                  at /rustc/53fd98ca776cb875bc9e5514f56b52eb74f9e7a9/library/std/src/sys_common/backtrace.rs:36:9
[INFO] [stderr]      8:     0x55b424e3b18b - std::panicking::default_hook::{{closure}}::h0f7208c0b9644a54
[INFO] [stderr]                                  at /rustc/53fd98ca776cb875bc9e5514f56b52eb74f9e7a9/library/std/src/panicking.rs:208:50
[INFO] [stderr]      9:     0x55b424e3ac61 - std::panicking::default_hook::hdac7fc06578c14ce
[INFO] [stderr]                                  at /rustc/53fd98ca776cb875bc9e5514f56b52eb74f9e7a9/library/std/src/panicking.rs:225:9
[INFO] [stderr]     10:     0x55b424e3b854 - std::panicking::rust_panic_with_hook::h72b21c283da3d1ef
[INFO] [stderr]                                  at /rustc/53fd98ca776cb875bc9e5514f56b52eb74f9e7a9/library/std/src/panicking.rs:622:17
[INFO] [stderr]     11:     0x55b424e3b337 - std::panicking::begin_panic_handler::{{closure}}::he5778f1729cff84a
[INFO] [stderr]                                  at /rustc/53fd98ca776cb875bc9e5514f56b52eb74f9e7a9/library/std/src/panicking.rs:519:13
[INFO] [stderr]     12:     0x55b424e399fc - std::sys_common::backtrace::__rust_end_short_backtrace::h2d11ca8b453b4b1d
[INFO] [stderr]                                  at /rustc/53fd98ca776cb875bc9e5514f56b52eb74f9e7a9/library/std/src/sys_common/backtrace.rs:141:18
[INFO] [stderr]     13:     0x55b424e3b299 - rust_begin_unwind
[INFO] [stderr]                                  at /rustc/53fd98ca776cb875bc9e5514f56b52eb74f9e7a9/library/std/src/panicking.rs:515:5
[INFO] [stderr]     14:     0x55b424e1a9fb - std::panicking::begin_panic_fmt::h746518bde832d259
[INFO] [stderr]                                  at /rustc/53fd98ca776cb875bc9e5514f56b52eb74f9e7a9/library/std/src/panicking.rs:457:5
[INFO] [stderr]     15:     0x55b424e1f41a - solc::compile::{{closure}}::hcb7544f4cb802234
[INFO] [stderr]                                  at /opt/rustwide/workdir/solc/src/lib.rs:60:29
[INFO] [stderr]     16:     0x55b424e22fc5 - core::result::Result<T,E>::unwrap_or_else::hb1cab677429039f3
[INFO] [stderr]                                  at /rustc/53fd98ca776cb875bc9e5514f56b52eb74f9e7a9/library/core/src/result.rs:1065:23
[INFO] [stderr]     17:     0x55b424e1f2e1 - solc::compile::h79ff92a517d7e2e8
[INFO] [stderr]                                  at /opt/rustwide/workdir/solc/src/lib.rs:57:17
[INFO] [stderr]     18:     0x55b424e1e5b2 - build_script_build::main::h9c4466ad82b72b2d
[INFO] [stderr]                                  at /opt/rustwide/workdir/example/build.rs:20:5
[INFO] [stderr]     19:     0x55b424e2031b - core::ops::function::FnOnce::call_once::h19c7c8b33d86ceac
[INFO] [stderr]                                  at /rustc/53fd98ca776cb875bc9e5514f56b52eb74f9e7a9/library/core/src/ops/function.rs:227:5
[INFO] [stderr]     20:     0x55b424e2491e - std::sys_common::backtrace::__rust_begin_short_backtrace::he4cc60c25bae0bcb
[INFO] [stderr]                                  at /rustc/53fd98ca776cb875bc9e5514f56b52eb74f9e7a9/library/std/src/sys_common/backtrace.rs:125:18
[INFO] [stderr]     21:     0x55b424e23b21 - std::rt::lang_start::{{closure}}::ha42b46ad57adf67b
[INFO] [stderr]                                  at /rustc/53fd98ca776cb875bc9e5514f56b52eb74f9e7a9/library/std/src/rt.rs:63:18
[INFO] [stderr]     22:     0x55b424e3bd5a - core::ops::function::impls::<impl core::ops::function::FnOnce<A> for &F>::call_once::ha88a7d1a4d24e549
[INFO] [stderr]                                  at /rustc/53fd98ca776cb875bc9e5514f56b52eb74f9e7a9/library/core/src/ops/function.rs:259:13
[INFO] [stderr]     23:     0x55b424e3bd5a - std::panicking::try::do_call::hd3b1d7740607ccc7
[INFO] [stderr]                                  at /rustc/53fd98ca776cb875bc9e5514f56b52eb74f9e7a9/library/std/src/panicking.rs:401:40
[INFO] [stderr]     24:     0x55b424e3bd5a - std::panicking::try::h0ee8c65ac7461507
[INFO] [stderr]                                  at /rustc/53fd98ca776cb875bc9e5514f56b52eb74f9e7a9/library/std/src/panicking.rs:365:19
[INFO] [stderr]     25:     0x55b424e3bd5a - std::panic::catch_unwind::head47f0de4ccd838
[INFO] [stderr]                                  at /rustc/53fd98ca776cb875bc9e5514f56b52eb74f9e7a9/library/std/src/panic.rs:434:14
[INFO] [stderr]     26:     0x55b424e3bd5a - std::rt::lang_start_internal::{{closure}}::hbc7de8ec820ac085
[INFO] [stderr]                                  at /rustc/53fd98ca776cb875bc9e5514f56b52eb74f9e7a9/library/std/src/rt.rs:45:48
[INFO] [stderr]     27:     0x55b424e3bd5a - std::panicking::try::do_call::h2609e52e8bad4a7b
[INFO] [stderr]                                  at /rustc/53fd98ca776cb875bc9e5514f56b52eb74f9e7a9/library/std/src/panicking.rs:401:40
[INFO] [stderr]     28:     0x55b424e3bd5a - std::panicking::try::hd0929f0b603e0389
[INFO] [stderr]                                  at /rustc/53fd98ca776cb875bc9e5514f56b52eb74f9e7a9/library/std/src/panicking.rs:365:19
[INFO] [stderr]     29:     0x55b424e3bd5a - std::panic::catch_unwind::h27902b81c3e47571
[INFO] [stderr]                                  at /rustc/53fd98ca776cb875bc9e5514f56b52eb74f9e7a9/library/std/src/panic.rs:434:14
[INFO] [stderr]     30:     0x55b424e3bd5a - std::rt::lang_start_internal::h3fb2d794dd391e3e
[INFO] [stderr]                                  at /rustc/53fd98ca776cb875bc9e5514f56b52eb74f9e7a9/library/std/src/rt.rs:45:20
[INFO] [stderr]     31:     0x55b424e23af0 - std::rt::lang_start::hc0891c55e860f392
[INFO] [stderr]                                  at /rustc/53fd98ca776cb875bc9e5514f56b52eb74f9e7a9/library/std/src/rt.rs:62:5
[INFO] [stderr]     32:     0x55b424e1e5dc - main
[INFO] [stderr]     33:     0x7f2f7a2010b3 - __libc_start_main
[INFO] [stderr]     34:     0x55b424e1b79e - _start
[INFO] [stderr]     35:                0x0 - <unknown>
[INFO] [stderr] warning: build failed, waiting for other jobs to finish...
[INFO] [stdout] error[E0428]: the name `impl_heapsize_for_hash` is defined multiple times
[INFO] [stdout]    --> /opt/rustwide/cargo-home/registry/src/github.com-1ecc6299db9ec823/fixed-hash-0.2.1/src/hash.rs:431:1
[INFO] [stdout]     |
[INFO] [stdout] 325 | macro_rules! impl_heapsize_for_hash {
[INFO] [stdout]     | ----------------------------------- previous definition of the macro `impl_heapsize_for_hash` here
[INFO] [stdout] ...
[INFO] [stdout] 431 | macro_rules! impl_heapsize_for_hash {
[INFO] [stdout]     | ^^^^^^^^^^^^^^^^^^^^^^^^^^^^^^^^^^^ `impl_heapsize_for_hash` redefined here
[INFO] [stdout]     |
[INFO] [stdout]     = note: `impl_heapsize_for_hash` must be defined only once in the macro namespace of this module
[INFO] [stdout] 
[INFO] [stdout] 
[INFO] [stdout] error: aborting due to previous error
[INFO] [stdout] 
[INFO] [stdout] 
[INFO] [stdout] For more information about this error, try `rustc --explain E0428`.
[INFO] [stdout] 
[INFO] [stdout] error[E0428]: the name `impl_heapsize_for_hash` is defined multiple times
[INFO] [stdout]    --> /opt/rustwide/cargo-home/registry/src/github.com-1ecc6299db9ec823/fixed-hash-0.2.1/src/hash.rs:431:1
[INFO] [stdout]     |
[INFO] [stdout] 325 | macro_rules! impl_heapsize_for_hash {
[INFO] [stdout]     | ----------------------------------- previous definition of the macro `impl_heapsize_for_hash` here
[INFO] [stdout] ...
[INFO] [stdout] 431 | macro_rules! impl_heapsize_for_hash {
[INFO] [stdout]     | ^^^^^^^^^^^^^^^^^^^^^^^^^^^^^^^^^^^ `impl_heapsize_for_hash` redefined here
[INFO] [stdout]     |
[INFO] [stdout]     = note: `impl_heapsize_for_hash` must be defined only once in the macro namespace of this module
[INFO] [stdout] 
[INFO] [stdout] 
[INFO] [stdout] error: aborting due to previous error
[INFO] [stdout] 
[INFO] [stdout] 
[INFO] [stdout] For more information about this error, try `rustc --explain E0428`.
[INFO] [stdout] 
[INFO] [stderr] error: build failed
[INFO] running `Command { std: "docker" "inspect" "eab078b2c41467e38535461756fdc65b1d47354f3c0a2a17abffa20c05be7e26", kill_on_drop: false }`
[INFO] running `Command { std: "docker" "rm" "-f" "eab078b2c41467e38535461756fdc65b1d47354f3c0a2a17abffa20c05be7e26", kill_on_drop: false }`
[INFO] [stdout] eab078b2c41467e38535461756fdc65b1d47354f3c0a2a17abffa20c05be7e26
