[INFO] cloning repository https://github.com/palliums-developers/Newnet
[INFO] running `Command { std: "git" "-c" "credential.helper=" "-c" "credential.helper=/workspace/cargo-home/bin/git-credential-null" "clone" "--bare" "https://github.com/palliums-developers/Newnet" "/workspace/cache/git-repos/https%3A%2F%2Fgithub.com%2Fpalliums-developers%2FNewnet", kill_on_drop: false }`
[INFO] [stderr] Cloning into bare repository '/workspace/cache/git-repos/https%3A%2F%2Fgithub.com%2Fpalliums-developers%2FNewnet'...
[INFO] running `Command { std: "git" "rev-parse" "HEAD", kill_on_drop: false }`
[INFO] [stdout] 0e89522a6e6ed3a29ebc8d907ef1d9c463cdefad
[INFO] documenting palliums-developers/Newnet against beta-2021-08-01 for beta-1.55-rustdoc-1
[INFO] running `Command { std: "git" "clone" "/workspace/cache/git-repos/https%3A%2F%2Fgithub.com%2Fpalliums-developers%2FNewnet" "/workspace/builds/worker-4/source", kill_on_drop: false }`
[INFO] [stderr] Cloning into '/workspace/builds/worker-4/source'...
[INFO] [stderr] done.
[INFO] validating manifest of git repo https://github.com/palliums-developers/Newnet on toolchain beta-2021-08-01
[INFO] running `Command { std: "/workspace/cargo-home/bin/cargo" "+beta-2021-08-01" "metadata" "--manifest-path" "Cargo.toml" "--no-deps", kill_on_drop: false }`
[INFO] removed /workspace/builds/worker-4/source/.cargo/config
[INFO] removed /workspace/builds/worker-4/source/rust-toolchain
[INFO] started tweaking git repo https://github.com/palliums-developers/Newnet
[INFO] finished tweaking git repo https://github.com/palliums-developers/Newnet
[INFO] tweaked toml for git repo https://github.com/palliums-developers/Newnet written to /workspace/builds/worker-4/source/Cargo.toml
[INFO] crate git repo https://github.com/palliums-developers/Newnet already has a lockfile, it will not be regenerated
[INFO] running `Command { std: "/workspace/cargo-home/bin/cargo" "+beta-2021-08-01" "fetch" "--manifest-path" "Cargo.toml", kill_on_drop: false }`
[INFO] [stderr]     Updating git repository `https://github.com/novifinancial/curve25519-dalek.git`
[INFO] [stderr]     Updating git repository `https://github.com/novifinancial/ed25519-dalek.git`
[INFO] [stderr]     Updating git repository `https://github.com/novifinancial/x25519-dalek.git`
[INFO] [stderr]     Updating git repository `https://github.com/novifinancial/ed25519-dalek.git`
[INFO] [stderr]     Updating git repository `https://github.com/novifinancial/curve25519-dalek.git`
[INFO] [stderr]  Downloading crates ...
[INFO] [stderr]   Downloaded nested v0.1.1
[INFO] [stderr]   Downloaded diffus v0.9.1
[INFO] [stderr]   Downloaded proptest v0.10.1
[INFO] [stderr]   Downloaded bindgen v0.54.1
[INFO] [stderr]   Downloaded rustls-native-certs v0.3.0
[INFO] [stderr]   Downloaded colored-diff v0.2.2
[INFO] [stderr]   Downloaded codespan-reporting v0.8.0
[INFO] [stderr]   Downloaded rust_decimal v1.7.0
[INFO] [stderr]   Downloaded supercow v0.1.0
[INFO] [stderr]   Downloaded libfuzzer-sys v0.3.2
[INFO] [stderr]   Downloaded num-derive v0.3.1
[INFO] [stderr]   Downloaded rusoto_autoscaling v0.45.0
[INFO] [stderr]   Downloaded guppy-summaries v0.2.0
[INFO] [stderr]   Downloaded handlebars v3.3.0
[INFO] [stderr]   Downloaded indoc v1.0.2
[INFO] [stderr]   Downloaded cfg-expr v0.4.1
[INFO] [stderr]   Downloaded enum_dispatch v0.3.2
[INFO] [stderr]   Downloaded guppy v0.5.0
[INFO] [stderr]   Downloaded rusoto_s3 v0.45.0
[INFO] [stderr]   Downloaded rustyline v6.2.0
[INFO] [stderr]   Downloaded arbitrary v0.4.5
[INFO] [stderr]   Downloaded pretty v0.10.0
[INFO] [stderr]   Downloaded pbkdf2 v0.5.0
[INFO] [stderr]   Downloaded rusoto_sts v0.45.0
[INFO] [stderr]   Downloaded radix_trie v0.2.0
[INFO] [stderr]   Downloaded target-spec v0.4.0
[INFO] [stderr]   Downloaded trybuild v1.0.31
[INFO] [stderr]   Downloaded serde-generate v0.11.0
[INFO] [stderr]   Downloaded fiat-crypto v0.1.5
[INFO] [stderr]   Downloaded mirai-annotations v1.10.1
[INFO] [stderr]   Downloaded serde-name v0.1.0
[INFO] [stderr]   Downloaded tokio-retry v0.2.0
[INFO] [stderr]   Downloaded ureq v1.3.0
[INFO] [stderr]   Downloaded proptest-derive v0.2.0
[INFO] [stderr]   Downloaded prometheus v0.9.0
[INFO] [stderr]   Downloaded codespan v0.8.0
[INFO] [stderr]   Downloaded serde-reflection v0.3.1
[INFO] running `Command { std: "docker" "create" "-v" "/var/lib/crater-agent-workspace/builds/worker-4/target:/opt/rustwide/target:rw,Z" "-v" "/var/lib/crater-agent-workspace/builds/worker-4/source:/opt/rustwide/workdir:ro,Z" "-v" "/var/lib/crater-agent-workspace/cargo-home:/opt/rustwide/cargo-home:ro,Z" "-v" "/var/lib/crater-agent-workspace/rustup-home:/opt/rustwide/rustup-home:ro,Z" "-e" "SOURCE_DIR=/opt/rustwide/workdir" "-e" "CARGO_TARGET_DIR=/opt/rustwide/target" "-e" "CARGO_HOME=/opt/rustwide/cargo-home" "-e" "RUSTUP_HOME=/opt/rustwide/rustup-home" "-w" "/opt/rustwide/workdir" "-m" "1610612736" "--user" "0:0" "--network" "none" "ghcr.io/rust-lang/crates-build-env/linux@sha256:34b6a614d2c27851fe6cbf88fbd1137609cefab8b10d0615aaeb6fd47975d74e" "/opt/rustwide/cargo-home/bin/cargo" "+beta-2021-08-01" "metadata" "--no-deps" "--format-version=1", kill_on_drop: false }`
[INFO] [stdout] 56c571517cabf5e117765453a1582aa72c9c9c09914461cd7648693d7dd99fbc
[INFO] running `Command { std: "docker" "start" "-a" "56c571517cabf5e117765453a1582aa72c9c9c09914461cd7648693d7dd99fbc", kill_on_drop: false }`
[INFO] running `Command { std: "docker" "inspect" "56c571517cabf5e117765453a1582aa72c9c9c09914461cd7648693d7dd99fbc", kill_on_drop: false }`
[INFO] running `Command { std: "docker" "rm" "-f" "56c571517cabf5e117765453a1582aa72c9c9c09914461cd7648693d7dd99fbc", kill_on_drop: false }`
[INFO] [stdout] 56c571517cabf5e117765453a1582aa72c9c9c09914461cd7648693d7dd99fbc
[INFO] running `Command { std: "docker" "create" "-v" "/var/lib/crater-agent-workspace/builds/worker-4/target:/opt/rustwide/target:rw,Z" "-v" "/var/lib/crater-agent-workspace/builds/worker-4/source:/opt/rustwide/workdir:ro,Z" "-v" "/var/lib/crater-agent-workspace/cargo-home:/opt/rustwide/cargo-home:ro,Z" "-v" "/var/lib/crater-agent-workspace/rustup-home:/opt/rustwide/rustup-home:ro,Z" "-e" "SOURCE_DIR=/opt/rustwide/workdir" "-e" "CARGO_TARGET_DIR=/opt/rustwide/target" "-e" "CARGO_INCREMENTAL=0" "-e" "RUST_BACKTRACE=full" "-e" "RUSTDOCFLAGS=--cap-lints=warn" "-e" "CARGO_HOME=/opt/rustwide/cargo-home" "-e" "RUSTUP_HOME=/opt/rustwide/rustup-home" "-w" "/opt/rustwide/workdir" "-m" "1610612736" "--user" "0:0" "--network" "none" "ghcr.io/rust-lang/crates-build-env/linux@sha256:34b6a614d2c27851fe6cbf88fbd1137609cefab8b10d0615aaeb6fd47975d74e" "/opt/rustwide/cargo-home/bin/cargo" "+beta-2021-08-01" "doc" "--frozen" "--no-deps" "--document-private-items" "--message-format=json", kill_on_drop: false }`
[INFO] [stdout] 1ff12097fb02cd64187e004ea2ca4dc189657f0c3a685588e2de116172a5c9e8
[INFO] running `Command { std: "docker" "start" "-a" "1ff12097fb02cd64187e004ea2ca4dc189657f0c3a685588e2de116172a5c9e8", kill_on_drop: false }`
[INFO] [stderr]     Blocking waiting for file lock on package cache
[INFO] [stderr]    Compiling libc v0.2.74
[INFO] [stderr]    Compiling syn v1.0.37
[INFO] [stderr]    Compiling serde v1.0.117
[INFO] [stderr]    Compiling log v0.4.11
[INFO] [stderr]     Checking subtle v2.2.3
[INFO] [stderr]     Checking once_cell v1.4.0
[INFO] [stderr]     Checking unicode-xid v0.2.1
[INFO] [stderr]     Checking ppv-lite86 v0.2.8
[INFO] [stderr]     Checking fixedbitset v0.2.0
[INFO] [stderr]    Compiling byteorder v1.3.4
[INFO] [stderr]    Compiling anyhow v1.0.34
[INFO] [stderr]    Compiling cpuid-bool v0.1.2
[INFO] [stderr]     Checking fiat-crypto v0.1.5
[INFO] [stderr]     Checking bit-vec v0.6.2
[INFO] [stderr]     Checking signature v1.2.2
[INFO] [stderr]     Checking mirai-annotations v1.10.1
[INFO] [stderr]     Checking scopeguard v1.1.0
[INFO] [stderr]     Checking endian-type v0.1.2
[INFO] [stderr]    Compiling proc-macro-hack v0.5.18
[INFO] [stderr]     Checking spin v0.5.2
[INFO] [stderr]    Compiling prometheus v0.9.0
[INFO] [stderr]     Checking unicode-segmentation v1.6.0
[INFO] [stderr]    Compiling proc-macro-nested v0.1.6
[INFO] [stderr]     Checking futures-io v0.3.5
[INFO] [stderr]     Checking base64 v0.12.3
[INFO] [stderr]     Checking untrusted v0.7.1
[INFO] [stderr]    Compiling libra-metrics v0.1.0 (/opt/rustwide/workdir/common/metrics)
[INFO] [stderr]     Checking difference v2.0.0
[INFO] [stderr]     Checking chunked_transfer v1.2.0
[INFO] [stderr]    Compiling quick-error v1.2.3
[INFO] [stderr]    Compiling regex-syntax v0.6.18
[INFO] [stderr]     Checking maplit v1.0.2
[INFO] [stderr]     Checking arrayvec v0.5.1
[INFO] [stderr]    Compiling termcolor v1.1.0
[INFO] [stderr]     Checking typed-arena v2.0.1
[INFO] [stderr]     Checking libra-secure-time v0.1.0 (/opt/rustwide/workdir/secure/time)
[INFO] [stderr]    Compiling lazycell v1.2.1
[INFO] [stderr]    Compiling shlex v0.1.1
[INFO] [stderr]     Checking libra-global-constants v0.1.0 (/opt/rustwide/workdir/config/global-constants)
[INFO] [stderr]     Checking c_linked_list v1.1.1
[INFO] [stderr]    Compiling bindgen v0.53.3
[INFO] [stderr]    Compiling rand_core v0.4.2
[INFO] [stderr]     Checking utf-8 v0.7.5
[INFO] [stderr]     Checking gimli v0.22.0
[INFO] [stderr]     Checking adler v0.2.3
[INFO] [stderr]     Checking object v0.20.0
[INFO] [stderr]     Checking urlencoding v1.1.1
[INFO] [stderr]    Compiling bindgen v0.54.1
[INFO] [stderr]     Checking scoped-tls v1.0.0
[INFO] [stderr]    Compiling nix v0.17.0
[INFO] [stderr]     Checking utf8parse v0.2.0
[INFO] [stderr]    Compiling generic-array v0.14.3
[INFO] [stderr]    Compiling num-traits v0.2.12
[INFO] [stderr]    Compiling num-integer v0.1.43
[INFO] [stderr]     Checking humantime v1.3.0
[INFO] [stderr]     Checking tracing-core v0.1.12
[INFO] [stderr]    Compiling standback v0.2.9
[INFO] [stderr]    Compiling num-bigint v0.3.0
[INFO] [stderr]    Compiling num-iter v0.1.41
[INFO] [stderr]    Compiling num-rational v0.3.0
[INFO] [stderr]    Compiling time v0.2.16
[INFO] [stderr]    Compiling nom v5.1.2
[INFO] [stderr]     Checking nibble_vec v0.1.0
[INFO] [stderr]     Checking itertools v0.9.0
[INFO] [stderr]     Checking futures-channel v0.3.5
[INFO] [stderr]     Checking qstring v0.7.2
[INFO] [stderr]     Checking yaml-rust v0.4.4
[INFO] [stderr]    Compiling clang-sys v0.29.3
[INFO] [stderr]    Compiling thread_local v1.0.1
[INFO] [stderr]     Checking futures-task v0.3.5
[INFO] [stderr]     Checking bit-set v0.5.2
[INFO] [stderr]     Checking heck v0.3.1
[INFO] [stderr]     Checking proc-macro2 v1.0.19
[INFO] [stderr]    Compiling memchr v2.3.3
[INFO] [stderr]     Checking miniz_oxide v0.4.0
[INFO] [stderr]     Checking pretty v0.10.0
[INFO] [stderr]     Checking crunchy v0.2.2
[INFO] [stderr]    Compiling rand_core v0.3.1
[INFO] [stderr]    Compiling rand_jitter v0.1.4
[INFO] [stderr]    Compiling pest_meta v2.1.3
[INFO] [stderr]     Checking twoway v0.1.8
[INFO] [stderr]     Checking buf_redux v0.8.4
[INFO] [stderr]    Compiling hashbrown v0.8.1
[INFO] [stderr]     Checking radix_trie v0.2.0
[INFO] [stderr]    Compiling rand_pcg v0.1.2
[INFO] [stderr]    Compiling proc-macro-error-attr v1.0.4
[INFO] [stderr]    Compiling rand_isaac v0.1.1
[INFO] [stderr]    Compiling rand_chacha v0.1.1
[INFO] [stderr]    Compiling rand_hc v0.1.0
[INFO] [stderr]    Compiling rand_xorshift v0.1.1
[INFO] [stderr]    Compiling aho-corasick v0.7.13
[INFO] [stderr]     Checking tiny-keccak v2.0.2
[INFO] [stderr]     Checking crossbeam-channel v0.4.3
[INFO] [stderr]     Checking tokio-executor v0.1.10
[INFO] [stderr]     Checking crossbeam-epoch v0.8.2
[INFO] [stderr]     Checking quote v1.0.7
[INFO] [stderr]     Checking petgraph v0.5.1
[INFO] [stderr]    Compiling proptest-derive v0.2.0
[INFO] [stderr]    Compiling phf v0.7.24
[INFO] [stderr]     Checking tokio-timer v0.2.13
[INFO] [stderr]     Checking crossbeam-deque v0.7.3
[INFO] [stderr]    Compiling indexmap v1.5.0
[INFO] [stderr]     Checking block-buffer v0.7.3
[INFO] [stderr]     Checking sha2 v0.8.2
[INFO] [stderr]     Checking sha-1 v0.8.2
[INFO] [stderr]     Checking crossbeam v0.7.3
[INFO] [stderr]     Checking digest v0.9.0
[INFO] [stderr]     Checking block-buffer v0.9.0
[INFO] [stderr]     Checking universal-hash v0.4.0
[INFO] [stderr]     Checking block-cipher v0.7.1
[INFO] [stderr]     Checking crypto-mac v0.8.0
[INFO] [stderr]     Checking aead v0.3.2
[INFO] [stderr]     Checking crypto-mac v0.9.1
[INFO] [stderr]     Checking aes-soft v0.4.0
[INFO] [stderr]     Checking sha-1 v0.9.1
[INFO] [stderr]     Checking sha2 v0.9.1
[INFO] [stderr]     Checking hmac v0.9.0
[INFO] [stderr]     Checking polyval v0.4.0
[INFO] [stderr]     Checking hmac v0.8.1
[INFO] [stderr]     Checking ghash v0.3.0
[INFO] [stderr]     Checking hkdf v0.9.0
[INFO] [stderr]     Checking num-complex v0.3.0
[INFO] [stderr]    Compiling jobserver v0.1.21
[INFO] [stderr]    Compiling atty v0.2.14
[INFO] [stderr]    Compiling which v3.1.1
[INFO] [stderr]    Compiling rand_os v0.1.3
[INFO] [stderr]    Compiling getrandom v0.1.14
[INFO] [stderr]     Checking aes v0.4.0
[INFO] [stderr]     Checking time v0.1.43
[INFO] [stderr]     Checking wait-timeout v0.2.0
[INFO] [stderr]     Checking num_cpus v1.13.0
[INFO] [stderr]     Checking net2 v0.2.34
[INFO] [stderr]     Checking iovec v0.1.4
[INFO] [stderr]     Checking signal-hook-registry v1.2.0
[INFO] [stderr]     Checking socket2 v0.3.12
[INFO] [stderr]     Checking get_if_addrs v0.5.3
[INFO] [stderr]     Checking rand v0.4.6
[INFO] [stderr]     Checking dirs-sys v0.3.5
[INFO] [stderr]     Checking dirs-sys-next v0.1.0
[INFO] [stderr]     Checking termion v1.5.5
[INFO] [stderr]    Compiling cc v1.0.58
[INFO] [stderr]    Compiling clap v2.33.1
[INFO] [stderr]    Compiling regex v1.3.9
[INFO] [stderr]     Checking aes-gcm v0.6.0
[INFO] [stderr]     Checking rand_core v0.5.1
[INFO] [stderr]    Compiling rand v0.6.5
[INFO] [stderr]     Checking colored v2.0.0
[INFO] [stderr]     Checking dirs-next v1.0.1
[INFO] [stderr]     Checking dirs v3.0.1
[INFO] [stderr]     Checking rayon-core v1.7.1
[INFO] [stderr]     Checking chrono v0.4.13
[INFO] [stderr]     Checking rand_chacha v0.2.2
[INFO] [stderr]     Checking rand_pcg v0.2.1
[INFO] [stderr]     Checking rand_xorshift v0.2.0
[INFO] [stderr]     Checking addr2line v0.13.0
[INFO] [stderr]     Checking rand v0.7.3
[INFO] [stderr]     Checking backtrace v0.3.50
[INFO] [stderr]     Checking rayon v1.3.1
[INFO] [stderr]    Compiling cexpr v0.4.0
[INFO] [stderr]    Compiling phf_generator v0.7.24
[INFO] [stderr]     Checking tempfile v3.1.0
[INFO] [stderr]     Checking pbkdf2 v0.5.0
[INFO] [stderr]    Compiling ring v0.16.15
[INFO] [stderr]    Compiling libloading v0.5.2
[INFO] [stderr]    Compiling jemalloc-sys v0.3.2
[INFO] [stderr]     Checking tokio-retry v0.2.0
[INFO] [stderr]    Compiling phf_codegen v0.7.24
[INFO] [stderr]     Checking rusty-fork v0.3.0
[INFO] [stderr]    Compiling mime_guess v1.8.8
[INFO] [stderr]     Checking proptest v0.10.1
[INFO] [stderr]     Checking num v0.3.0
[INFO] [stderr]     Checking webpki v0.21.3
[INFO] [stderr]     Checking sct v0.6.0
[INFO] [stderr]    Compiling synstructure v0.12.4
[INFO] [stderr]    Compiling proc-macro-error v1.0.4
[INFO] [stderr]    Compiling pest_generator v2.1.3
[INFO] [stderr]     Checking webpki-roots v0.19.0
[INFO] [stderr]    Compiling serde_derive v1.0.117
[INFO] [stderr]    Compiling thiserror-impl v1.0.21
[INFO] [stderr]    Compiling zeroize_derive v1.0.0
[INFO] [stderr]    Compiling ref-cast-impl v1.0.2
[INFO] [stderr]    Compiling structopt-derive v0.4.8
[INFO] [stderr]    Compiling pin-project-internal v0.4.23
[INFO] [stderr]    Compiling tokio-macros v0.2.5
[INFO] [stderr]    Compiling futures-macro v0.3.5
[INFO] [stderr]    Compiling time-macros-impl v0.1.1
[INFO] [stderr]    Compiling include_dir_impl v0.6.0
[INFO] [stderr]    Compiling pest_derive v2.1.0
[INFO] [stderr]    Compiling enum_dispatch v0.3.2
[INFO] [stderr]    Compiling num-derive v0.3.1
[INFO] [stderr]    Compiling async-trait v0.1.36
[INFO] [stderr]     Checking include_dir v0.6.0
[INFO] [stderr]     Checking zeroize v1.1.0
[INFO] [stderr]     Checking curve25519-dalek v2.1.0 (https://github.com/novifinancial/curve25519-dalek.git?branch=fiat2#45307baa)
[INFO] [stderr]     Checking curve25519-dalek v3.0.0 (https://github.com/novifinancial/curve25519-dalek.git?branch=fiat3#2940429e)
[INFO] [stderr]     Checking ref-cast v1.0.2
[INFO] [stderr]     Checking time-macros v0.1.0
[INFO] [stderr]     Checking thiserror v1.0.21
[INFO] [stderr]     Checking x25519-dalek v0.6.0 (https://github.com/novifinancial/x25519-dalek.git?branch=fiat2#459bb04b)
[INFO] [stderr]     Checking structopt v0.3.15
[INFO] [stderr]     Checking pin-project v0.4.23
[INFO] [stderr]     Checking futures-util v0.3.5
[INFO] [stderr]     Checking cookie v0.13.3
[INFO] [stderr]     Checking futures-executor v0.3.5
[INFO] [stderr]     Checking futures v0.3.5
[INFO] [stderr]     Checking bytes v0.5.6
[INFO] [stderr]     Checking serde_bytes v0.11.5
[INFO] [stderr]     Checking ed25519 v1.0.1
[INFO] [stderr]     Checking serde-name v0.1.0
[INFO] [stderr]     Checking serde_json v1.0.57
[INFO] [stderr]     Checking codespan v0.8.0
[INFO] [stderr]     Checking serde_yaml v0.8.13
[INFO] [stderr]     Checking toml v0.5.6
[INFO] [stderr]     Checking serde_urlencoded v0.6.1
[INFO] [stderr]     Checking serde-reflection v0.3.1
[INFO] [stderr]     Checking rust_decimal v1.7.0
[INFO] [stderr]     Checking ed25519-dalek v1.0.0-pre.4 (https://github.com/novifinancial/ed25519-dalek.git?branch=fiat3#b46e8332)
[INFO] [stderr]     Checking ed25519-dalek v1.0.0 (https://github.com/novifinancial/ed25519-dalek.git?branch=fiat4#44d1191b)
[INFO] [stderr]     Checking env_logger v0.7.1
[INFO] [stderr]     Checking mio v0.6.22
[INFO] [stderr]     Checking tracing v0.1.18
[INFO] [stderr]     Checking want v0.3.0
[INFO] [stderr]     Checking rustls v0.17.0
[INFO] [stderr]     Checking rustls v0.18.1
[INFO] [stderr]     Checking simplelog v0.8.0
[INFO] [stderr]     Checking log v0.3.9
[INFO] [stderr]     Checking rustyline v6.2.0
[INFO] [stderr]     Checking tracing-futures v0.2.4
[INFO] [stderr]     Checking libra-workspace-hack v0.1.0 (/opt/rustwide/workdir/common/workspace-hack)
[INFO] [stderr]     Checking http v0.2.1
[INFO] [stderr]     Checking input_buffer v0.3.1
[INFO] [stderr]     Checking mime v0.2.6
[INFO] [stderr]     Checking handlebars v3.3.0
[INFO] [stderr]     Checking mio-uds v0.6.8
[INFO] [stderr]     Checking libra-canonical-serialization v0.1.0 (/opt/rustwide/workdir/common/lcs)
[INFO] [stderr]     Checking libra-nibble v0.1.0 (/opt/rustwide/workdir/common/nibble)
[INFO] [stderr]     Checking libra-proptest-helpers v0.1.0 (/opt/rustwide/workdir/common/proptest-helpers)
[INFO] [stderr]     Checking borrow-graph v0.0.1 (/opt/rustwide/workdir/language/borrow-graph)
[INFO] [stderr]     Checking libra-temppath v0.1.0 (/opt/rustwide/workdir/common/temppath)
[INFO] [stderr]     Checking datatest-stable v0.1.0 (/opt/rustwide/workdir/common/datatest-stable)
[INFO] [stderr]     Checking libra-bitvec v0.1.0 (/opt/rustwide/workdir/common/bitvec)
[INFO] [stderr]  Documenting inject-error v0.1.0 (/opt/rustwide/workdir/common/inject-error)
[INFO] [stderr]  Documenting diagen v0.1.0 (/opt/rustwide/workdir/language/move-prover/diagen)
[INFO] [stderr]     Checking serde-generate v0.11.0
[INFO] [stderr]     Checking libra-logger v0.1.0 (/opt/rustwide/workdir/common/logger)
[INFO] [stderr]     Checking codespan-reporting v0.8.0
[INFO] [stdout] warning: use of deprecated associated function `std::sync::atomic::AtomicUsize::compare_and_swap`: Use `compare_exchange` or `compare_exchange_weak` instead
[INFO] [stdout]    --> common/logger/src/struct_log.rs:278:35
[INFO] [stdout]     |
[INFO] [stdout] 278 |         match STRUCT_LOGGER_STATE.compare_and_swap(UNINITIALIZED, INITIALIZING, Ordering::SeqCst) {
[INFO] [stdout]     |                                   ^^^^^^^^^^^^^^^^
[INFO] [stdout]     |
[INFO] [stdout]     = note: `#[warn(deprecated)]` on by default
[INFO] [stdout] 
[INFO] [stdout] 
[INFO] [stdout] warning: 1 warning emitted
[INFO] [stdout] 
[INFO] [stdout] 
[INFO] [stderr]     Checking libra-secure-net v0.1.0 (/opt/rustwide/workdir/secure/net)
[INFO] [stderr]     Checking crash-handler v0.1.0 (/opt/rustwide/workdir/common/crash-handler)
[INFO] [stderr]     Checking tokio v0.2.22
[INFO] [stderr]     Checking multipart v0.16.1
[INFO] [stderr]    Compiling libra-crypto-derive v0.1.0 (/opt/rustwide/workdir/crypto/crypto-derive)
[INFO] [stderr]    Compiling num-variants v0.1.0 (/opt/rustwide/workdir/common/num-variants)
[INFO] [stderr]    Compiling inject-error v0.1.0 (/opt/rustwide/workdir/common/inject-error)
[INFO] [stderr]     Checking ureq v1.3.0
[INFO] [stderr]     Checking libra-secure-push-metrics v0.1.0 (/opt/rustwide/workdir/secure/push-metrics)
[INFO] [stderr]     Checking http-body v0.3.1
[INFO] [stderr]     Checking headers-core v0.2.0
[INFO] [stderr]     Checking tungstenite v0.10.1
[INFO] [stderr]     Checking headers v0.3.2
[INFO] [stderr]     Checking libra-crypto v0.1.0 (/opt/rustwide/workdir/crypto/crypto)
[INFO] [stderr]     Checking tokio-util v0.3.1
[INFO] [stderr]     Checking tokio-rustls v0.14.0
[INFO] [stderr]     Checking futures-semaphore v0.1.0 (/opt/rustwide/workdir/common/futures-semaphore)
[INFO] [stderr]     Checking tokio-tungstenite v0.10.1
[INFO] [stderr]     Checking move-core-types v0.1.0 (/opt/rustwide/workdir/language/move-core/types)
[INFO] [stderr]     Checking libra-github-client v0.1.0 (/opt/rustwide/workdir/secure/storage/github)
[INFO] [stderr]     Checking libra-vault-client v0.1.0 (/opt/rustwide/workdir/secure/storage/vault)
[INFO] [stderr]     Checking generate-key v0.1.0 (/opt/rustwide/workdir/config/generate-key)
[INFO] [stderr]  Documenting generate-key v0.1.0 (/opt/rustwide/workdir/config/generate-key)
[INFO] [stderr]     Checking stream-ratelimiter v0.1.0 (/opt/rustwide/workdir/common/stream-ratelimiter)
[INFO] [stderr]     Checking bounded-executor v0.1.0 (/opt/rustwide/workdir/common/bounded-executor)
[INFO] [stderr]     Checking h2 v0.2.6
[INFO] [stdout] warning: unused borrow that must be used
[INFO] [stdout]   --> common/stream-ratelimiter/src/lib.rs:44:1
[INFO] [stdout]    |
[INFO] [stdout] 44 | #[pin_project]
[INFO] [stdout]    | ^^^^^^^^^^^^^^
[INFO] [stdout]    |
[INFO] [stdout]    = note: `#[warn(unused_must_use)]` on by default
[INFO] [stdout]    = note: this warning originates in the derive macro `::pin_project::__private::__PinProjectInternalDerive` (in Nightly builds, run with -Z macro-backtrace for more info)
[INFO] [stdout] 
[INFO] [stdout] 
[INFO] [stdout] warning: unused borrow that must be used
[INFO] [stdout]   --> common/stream-ratelimiter/src/lib.rs:44:1
[INFO] [stdout]    |
[INFO] [stdout] 44 | #[pin_project]
[INFO] [stdout]    | ^^^^^^^^^^^^^^
[INFO] [stdout]    |
[INFO] [stdout]    = note: this warning originates in the derive macro `::pin_project::__private::__PinProjectInternalDerive` (in Nightly builds, run with -Z macro-backtrace for more info)
[INFO] [stdout] 
[INFO] [stdout] 
[INFO] [stdout] warning: unused return value of `ManuallyDrop::<T>::new` that must be used
[INFO] [stdout]   --> common/stream-ratelimiter/src/lib.rs:93:25
[INFO] [stdout]    |
[INFO] [stdout] 93 |                         ManuallyDrop::new(permit);
[INFO] [stdout]    |                         ^^^^^^^^^^^^^^^^^^^^^^^^^^
[INFO] [stdout]    |
[INFO] [stdout]    = note: if you don't need the wrapper, you can use `mem::forget` instead
[INFO] [stdout] 
[INFO] [stdout] 
[INFO] [stdout] warning: 3 warnings emitted
[INFO] [stdout] 
[INFO] [stdout] 
[INFO] [stderr] error: failed to run custom build command for `jemalloc-sys v0.3.2`
[INFO] [stderr] 
[INFO] [stderr] Caused by:
[INFO] [stderr]   process didn't exit successfully: `/opt/rustwide/target/debug/build/jemalloc-sys-7a6070f16ff82c5d/build-script-build` (exit status: 101)
[INFO] [stderr]   --- stdout
[INFO] [stderr]   TARGET=x86_64-unknown-linux-gnu
[INFO] [stderr]   HOST=x86_64-unknown-linux-gnu
[INFO] [stderr]   NUM_JOBS=32
[INFO] [stderr]   OUT_DIR="/opt/rustwide/target/debug/build/jemalloc-sys-763c2094aa0dad47/out"
[INFO] [stderr]   BUILD_DIR="/opt/rustwide/target/debug/build/jemalloc-sys-763c2094aa0dad47/out/build"
[INFO] [stderr]   SRC_DIR="/opt/rustwide/cargo-home/registry/src/github.com-1ecc6299db9ec823/jemalloc-sys-0.3.2"
[INFO] [stderr]   OPT_LEVEL = Some("0")
[INFO] [stderr]   TARGET = Some("x86_64-unknown-linux-gnu")
[INFO] [stderr]   HOST = Some("x86_64-unknown-linux-gnu")
[INFO] [stderr]   CC_x86_64-unknown-linux-gnu = None
[INFO] [stderr]   CC_x86_64_unknown_linux_gnu = None
[INFO] [stderr]   HOST_CC = None
[INFO] [stderr]   CC = None
[INFO] [stderr]   CFLAGS_x86_64-unknown-linux-gnu = None
[INFO] [stderr]   CFLAGS_x86_64_unknown_linux_gnu = None
[INFO] [stderr]   HOST_CFLAGS = None
[INFO] [stderr]   CFLAGS = None
[INFO] [stderr]   CRATE_CC_NO_DEFAULTS = None
[INFO] [stderr]   DEBUG = Some("true")
[INFO] [stderr]   CARGO_CFG_TARGET_FEATURE = Some("fxsr,sse,sse2")
[INFO] [stderr]   CC="cc"
[INFO] [stderr]   CFLAGS="-O0 -ffunction-sections -fdata-sections -fPIC -g -fno-omit-frame-pointer -m64 -Wall"
[INFO] [stderr]   JEMALLOC_REPO_DIR="jemalloc"
[INFO] [stderr]   JEMALLOC_SRC_DIR="/opt/rustwide/target/debug/build/jemalloc-sys-763c2094aa0dad47/out/jemalloc"
[INFO] [stderr]   CARGO_FEATURE_PROFILING set
[INFO] [stderr]   running: "sh" "/opt/rustwide/target/debug/build/jemalloc-sys-763c2094aa0dad47/out/jemalloc/configure" "--disable-cxx" "--with-private-namespace=_rjem_" "--enable-prof" "--host=x86_64-unknown-linux-gnu" "--build=x86_64-unknown-linux-gnu" "--prefix=/opt/rustwide/target/debug/build/jemalloc-sys-763c2094aa0dad47/out"
[INFO] [stderr]   checking for xsltproc... false
[INFO] [stderr]   checking for x86_64-unknown-linux-gnu-gcc... cc
[INFO] [stderr]   checking whether the C compiler works... yes
[INFO] [stderr]   checking for C compiler default output file name... a.out
[INFO] [stderr]   checking for suffix of executables... 
[INFO] [stderr]   checking whether we are cross compiling... no
[INFO] [stderr]   checking for suffix of object files... o
[INFO] [stderr]   checking whether we are using the GNU C compiler... yes
[INFO] [stderr]   checking whether cc accepts -g... yes
[INFO] [stderr]   checking for cc option to accept ISO C89... none needed
[INFO] [stderr]   checking whether compiler is cray... no
[INFO] [stderr]   checking whether compiler supports -std=gnu11... yes
[INFO] [stderr]   checking whether compiler supports -Wall... yes
[INFO] [stderr]   checking whether compiler supports -Wshorten-64-to-32... no
[INFO] [stderr]   checking whether compiler supports -Wsign-compare... yes
[INFO] [stderr]   checking whether compiler supports -Wundef... yes
[INFO] [stderr]   checking whether compiler supports -Wno-format-zero-length... yes
[INFO] [stderr]   checking whether compiler supports -pipe... yes
[INFO] [stderr]   checking whether compiler supports -g3... yes
[INFO] [stderr]   checking how to run the C preprocessor... cc -E
[INFO] [stderr]   checking for grep that handles long lines and -e... /usr/bin/grep
[INFO] [stderr]   checking for egrep... /usr/bin/grep -E
[INFO] [stderr]   checking for ANSI C header files... yes
[INFO] [stderr]   checking for sys/types.h... yes
[INFO] [stderr]   checking for sys/stat.h... yes
[INFO] [stderr]   checking for stdlib.h... yes
[INFO] [stderr]   checking for string.h... yes
[INFO] [stderr]   checking for memory.h... yes
[INFO] [stderr]   checking for strings.h... yes
[INFO] [stderr]   checking for inttypes.h... yes
[INFO] [stderr]   checking for stdint.h... yes
[INFO] [stderr]   checking for unistd.h... yes
[INFO] [stderr]   checking whether byte ordering is bigendian... no
[INFO] [stderr]   checking size of void *... 8
[INFO] [stderr]   checking size of int... 4
[INFO] [stderr]   checking size of long... 8
[INFO] [stderr]   checking size of long long... 8
[INFO] [stderr]   checking size of intmax_t... 8
[INFO] [stderr]   checking build system type... x86_64-unknown-linux-gnu
[INFO] [stderr]   checking host system type... x86_64-unknown-linux-gnu
[INFO] [stderr]   checking whether pause instruction is compilable... yes
[INFO] [stderr]   checking number of significant virtual address bits... 48
[INFO] [stderr]   checking for x86_64-unknown-linux-gnu-ar... no
[INFO] [stderr]   checking for ar... ar
[INFO] [stderr]   checking for x86_64-unknown-linux-gnu-nm... no
[INFO] [stderr]   checking for nm... nm
[INFO] [stderr]   checking for gawk... no
[INFO] [stderr]   checking for mawk... mawk
[INFO] [stderr]   checking malloc.h usability... yes
[INFO] [stderr]   checking malloc.h presence... yes
[INFO] [stderr]   checking for malloc.h... yes
[INFO] [stderr]   checking whether malloc_usable_size definition can use const argument... no
[INFO] [stderr]   checking for library containing log... -lm
[INFO] [stderr]   checking whether __attribute__ syntax is compilable... yes
[INFO] [stderr]   checking whether compiler supports -fvisibility=hidden... yes
[INFO] [stderr]   checking whether compiler supports -fvisibility=hidden... no
[INFO] [stderr]   checking whether compiler supports -Werror... yes
[INFO] [stderr]   checking whether compiler supports -herror_on_warning... no
[INFO] [stderr]   checking whether tls_model attribute is compilable... yes
[INFO] [stderr]   checking whether compiler supports -Werror... yes
[INFO] [stderr]   checking whether compiler supports -herror_on_warning... no
[INFO] [stderr]   checking whether alloc_size attribute is compilable... yes
[INFO] [stderr]   checking whether compiler supports -Werror... yes
[INFO] [stderr]   checking whether compiler supports -herror_on_warning... no
[INFO] [stderr]   checking whether format(gnu_printf, ...) attribute is compilable... yes
[INFO] [stderr]   checking whether compiler supports -Werror... yes
[INFO] [stderr]   checking whether compiler supports -herror_on_warning... no
[INFO] [stderr]   checking whether format(printf, ...) attribute is compilable... yes
[INFO] [stderr]   checking for a BSD-compatible install... /usr/bin/install -c
[INFO] [stderr]   checking for x86_64-unknown-linux-gnu-ranlib... no
[INFO] [stderr]   checking for ranlib... ranlib
[INFO] [stderr]   checking for ld... /usr/bin/ld
[INFO] [stderr]   checking for autoconf... /usr/bin/autoconf
[INFO] [stderr]   checking for memalign... yes
[INFO] [stderr]   checking for valloc... yes
[INFO] [stderr]   checking for __libc_calloc... yes
[INFO] [stderr]   checking for __libc_free... yes
[INFO] [stderr]   checking for __libc_malloc... yes
[INFO] [stderr]   checking for __libc_memalign... yes
[INFO] [stderr]   checking for __libc_realloc... yes
[INFO] [stderr]   checking for __libc_valloc... yes
[INFO] [stderr]   checking for __posix_memalign... no
[INFO] [stderr]   checking whether compiler supports -O3... yes
[INFO] [stderr]   checking whether compiler supports -O3... no
[INFO] [stderr]   checking whether compiler supports -funroll-loops... yes
[INFO] [stderr]   checking unwind.h usability... yes
[INFO] [stderr]   checking unwind.h presence... yes
[INFO] [stderr]   checking for unwind.h... yes
[INFO] [stderr]   checking for _Unwind_Backtrace in -lgcc... yes
[INFO] [stderr]   checking configured backtracing method... libgcc
[INFO] [stderr]   checking for sbrk... yes
[INFO] [stderr]   checking whether utrace(2) is compilable... no
[INFO] [stderr]   checking whether a program using __builtin_unreachable is compilable... yes
[INFO] [stderr]   checking whether a program using __builtin_ffsl is compilable... yes
[INFO] [stderr]   checking LG_PAGE... 12
[INFO] [stderr]   Missing VERSION file, and unable to generate it; creating bogus VERSION
[INFO] [stderr]   checking pthread.h usability... yes
[INFO] [stderr]   checking pthread.h presence... yes
[INFO] [stderr]   checking for pthread.h... yes
[INFO] [stderr]   checking for pthread_create in -lpthread... yes
[INFO] [stderr]   checking dlfcn.h usability... yes
[INFO] [stderr]   checking dlfcn.h presence... yes
[INFO] [stderr]   checking for dlfcn.h... yes
[INFO] [stderr]   checking for dlsym... no
[INFO] [stderr]   checking for dlsym in -ldl... yes
[INFO] [stderr]   checking whether pthread_atfork(3) is compilable... yes
[INFO] [stderr]   checking whether pthread_setname_np(3) is compilable... yes
[INFO] [stderr]   checking for library containing clock_gettime... none required
[INFO] [stderr]   checking whether clock_gettime(CLOCK_MONOTONIC_COARSE, ...) is compilable... yes
[INFO] [stderr]   checking whether clock_gettime(CLOCK_MONOTONIC, ...) is compilable... yes
[INFO] [stderr]   checking whether mach_absolute_time() is compilable... no
[INFO] [stderr]   checking whether compiler supports -Werror... yes
[INFO] [stderr]   checking whether syscall(2) is compilable... yes
[INFO] [stderr]   checking for secure_getenv... yes
[INFO] [stderr]   checking for sched_getcpu... yes
[INFO] [stderr]   checking for sched_setaffinity... yes
[INFO] [stderr]   checking for issetugid... no
[INFO] [stderr]   checking for _malloc_thread_cleanup... no
[INFO] [stderr]   checking for _pthread_mutex_init_calloc_cb... no
[INFO] [stderr]   checking for TLS... yes
[INFO] [stderr]   checking whether C11 atomics is compilable... yes
[INFO] [stderr]   checking whether GCC __atomic atomics is compilable... yes
[INFO] [stderr]   checking whether GCC __sync atomics is compilable... yes
[INFO] [stderr]   checking whether Darwin OSAtomic*() is compilable... no
[INFO] [stderr]   checking whether madvise(2) is compilable... yes
[INFO] [stderr]   checking whether madvise(..., MADV_FREE) is compilable... yes
[INFO] [stderr]   checking whether madvise(..., MADV_DONTNEED) is compilable... yes
[INFO] [stderr]   checking whether madvise(..., MADV_DO[NT]DUMP) is compilable... yes
[INFO] [stderr]   checking whether madvise(..., MADV_[NO]HUGEPAGE) is compilable... yes
[INFO] [stderr]   checking whether to force 32-bit __sync_{add,sub}_and_fetch()... no
[INFO] [stderr]   checking whether to force 64-bit __sync_{add,sub}_and_fetch()... no
[INFO] [stderr]   checking for __builtin_clz... yes
[INFO] [stderr]   checking whether Darwin os_unfair_lock_*() is compilable... no
[INFO] [stderr]   checking whether Darwin OSSpin*() is compilable... no
[INFO] [stderr]   checking whether glibc malloc hook is compilable... yes
[INFO] [stderr]   checking whether glibc memalign hook is compilable... yes
[INFO] [stderr]   checking whether pthreads adaptive mutexes is compilable... yes
[INFO] [stderr]   checking whether compiler supports -D_GNU_SOURCE... yes
[INFO] [stderr]   checking whether compiler supports -Werror... yes
[INFO] [stderr]   checking whether compiler supports -herror_on_warning... no
[INFO] [stderr]   checking whether strerror_r returns char with gnu source is compilable... yes
[INFO] [stderr]   checking for stdbool.h that conforms to C99... yes
[INFO] [stderr]   checking for _Bool... yes
[INFO] [stderr]   configure: creating ./config.status
[INFO] [stderr]   config.status: creating Makefile
[INFO] [stderr]   config.status: creating jemalloc.pc
[INFO] [stderr]   config.status: creating doc/html.xsl
[INFO] [stderr]   config.status: creating doc/manpages.xsl
[INFO] [stderr]   config.status: creating doc/jemalloc.xml
[INFO] [stderr]   config.status: creating include/jemalloc/jemalloc_macros.h
[INFO] [stderr]   config.status: creating include/jemalloc/jemalloc_protos.h
[INFO] [stderr]   config.status: creating include/jemalloc/jemalloc_typedefs.h
[INFO] [stderr]   config.status: creating include/jemalloc/internal/jemalloc_preamble.h
[INFO] [stderr]   config.status: creating test/test.sh
[INFO] [stderr]   config.status: creating test/include/test/jemalloc_test.h
[INFO] [stderr]   config.status: creating config.stamp
[INFO] [stderr]   config.status: creating bin/jemalloc-config
[INFO] [stderr]   config.status: creating bin/jemalloc.sh
[INFO] [stderr]   config.status: creating bin/jeprof
[INFO] [stderr]   config.status: creating include/jemalloc/jemalloc_defs.h
[INFO] [stderr]   config.status: creating include/jemalloc/internal/jemalloc_internal_defs.h
[INFO] [stderr]   config.status: creating test/include/test/jemalloc_test_defs.h
[INFO] [stderr]   config.status: executing include/jemalloc/internal/public_symbols.txt commands
[INFO] [stderr]   config.status: executing include/jemalloc/internal/private_symbols.awk commands
[INFO] [stderr]   config.status: executing include/jemalloc/internal/private_symbols_jet.awk commands
[INFO] [stderr]   config.status: executing include/jemalloc/internal/public_namespace.h commands
[INFO] [stderr]   config.status: executing include/jemalloc/internal/public_unnamespace.h commands
[INFO] [stderr]   config.status: executing include/jemalloc/internal/size_classes.h commands
[INFO] [stderr]   config.status: executing include/jemalloc/jemalloc_protos_jet.h commands
[INFO] [stderr]   config.status: executing include/jemalloc/jemalloc_rename.h commands
[INFO] [stderr]   config.status: executing include/jemalloc/jemalloc_mangle.h commands
[INFO] [stderr]   config.status: executing include/jemalloc/jemalloc_mangle_jet.h commands
[INFO] [stderr]   config.status: executing include/jemalloc/jemalloc.h commands
[INFO] [stderr]   ===============================================================================
[INFO] [stderr]   jemalloc version   : 0.0.0-0-g0000000000000000000000000000000000000000
[INFO] [stderr]   library revision   : 2
[INFO] [stderr] 
[INFO] [stderr]   CONFIG             : --disable-cxx --with-private-namespace=_rjem_ --enable-prof --host=x86_64-unknown-linux-gnu --build=x86_64-unknown-linux-gnu --prefix=/opt/rustwide/target/debug/build/jemalloc-sys-763c2094aa0dad47/out build_alias=x86_64-unknown-linux-gnu host_alias=x86_64-unknown-linux-gnu CC=cc 'CFLAGS=-O0 -ffunction-sections -fdata-sections -fPIC -g -fno-omit-frame-pointer -m64 -Wall' 'LDFLAGS=-O0 -ffunction-sections -fdata-sections -fPIC -g -fno-omit-frame-pointer -m64 -Wall' 'CPPFLAGS=-O0 -ffunction-sections -fdata-sections -fPIC -g -fno-omit-frame-pointer -m64 -Wall'
[INFO] [stderr]   CC                 : cc
[INFO] [stderr]   CONFIGURE_CFLAGS   : -std=gnu11 -Wall -Wsign-compare -Wundef -Wno-format-zero-length -pipe -g3 -fvisibility=hidden -O3 -funroll-loops
[INFO] [stderr]   SPECIFIED_CFLAGS   : -O0 -ffunction-sections -fdata-sections -fPIC -g -fno-omit-frame-pointer -m64 -Wall
[INFO] [stderr]   EXTRA_CFLAGS       : 
[INFO] [stderr]   CPPFLAGS           : -O0 -ffunction-sections -fdata-sections -fPIC -g -fno-omit-frame-pointer -m64 -Wall -D_GNU_SOURCE -D_REENTRANT
[INFO] [stderr]   CXX                : 
[INFO] [stderr]   CONFIGURE_CXXFLAGS : 
[INFO] [stderr]   SPECIFIED_CXXFLAGS : 
[INFO] [stderr]   EXTRA_CXXFLAGS     : 
[INFO] [stderr]   LDFLAGS            : -O0 -ffunction-sections -fdata-sections -fPIC -g -fno-omit-frame-pointer -m64 -Wall
[INFO] [stderr]   EXTRA_LDFLAGS      : 
[INFO] [stderr]   DSO_LDFLAGS        : -shared -Wl,-soname,$(@F)
[INFO] [stderr]   LIBS               : -lm  -lgcc -lm -lpthread -ldl
[INFO] [stderr]   RPATH_EXTRA        : 
[INFO] [stderr] 
[INFO] [stderr]   XSLTPROC           : false
[INFO] [stderr]   XSLROOT            : 
[INFO] [stderr] 
[INFO] [stderr]   PREFIX             : /opt/rustwide/target/debug/build/jemalloc-sys-763c2094aa0dad47/out
[INFO] [stderr]   BINDIR             : /opt/rustwide/target/debug/build/jemalloc-sys-763c2094aa0dad47/out/bin
[INFO] [stderr]   DATADIR            : /opt/rustwide/target/debug/build/jemalloc-sys-763c2094aa0dad47/out/share
[INFO] [stderr]   INCLUDEDIR         : /opt/rustwide/target/debug/build/jemalloc-sys-763c2094aa0dad47/out/include
[INFO] [stderr]   LIBDIR             : /opt/rustwide/target/debug/build/jemalloc-sys-763c2094aa0dad47/out/lib
[INFO] [stderr]   MANDIR             : /opt/rustwide/target/debug/build/jemalloc-sys-763c2094aa0dad47/out/share/man
[INFO] [stderr] 
[INFO] [stderr]   srcroot            : /opt/rustwide/target/debug/build/jemalloc-sys-763c2094aa0dad47/out/jemalloc/
[INFO] [stderr]   abs_srcroot        : /opt/rustwide/target/debug/build/jemalloc-sys-763c2094aa0dad47/out/jemalloc/
[INFO] [stderr]   objroot            : 
[INFO] [stderr]   abs_objroot        : /opt/rustwide/target/debug/build/jemalloc-sys-763c2094aa0dad47/out/build/
[INFO] [stderr] 
[INFO] [stderr]   JEMALLOC_PREFIX    : 
[INFO] [stderr]   JEMALLOC_PRIVATE_NAMESPACE
[INFO] [stderr]                      : _rjem_je_
[INFO] [stderr]   install_suffix     : 
[INFO] [stderr]   malloc_conf        : 
[INFO] [stderr]   autogen            : 0
[INFO] [stderr]   debug              : 0
[INFO] [stderr]   stats              : 1
[INFO] [stderr]   prof               : 1
[INFO] [stderr]   prof-libunwind     : 0
[INFO] [stderr]   prof-libgcc        : 1
[INFO] [stderr]   prof-gcc           : 0
[INFO] [stderr]   fill               : 1
[INFO] [stderr]   utrace             : 0
[INFO] [stderr]   xmalloc            : 0
[INFO] [stderr]   log                : 0
[INFO] [stderr]   lazy_lock          : 0
[INFO] [stderr]   cache-oblivious    : 1
[INFO] [stderr]   cxx                : 0
[INFO] [stderr]   ===============================================================================
[INFO] [stderr]   running: "make" "srcroot=../jemalloc/" "-j" "32"
[INFO] [stderr]   cc -std=gnu11 -Wall -Wsign-compare -Wundef -Wno-format-zero-length -pipe -g3 -fvisibility=hidden -O3 -funroll-loops -O0 -ffunction-sections -fdata-sections -fPIC -g -fno-omit-frame-pointer -m64 -Wall -fPIC -DPIC -c -O0 -ffunction-sections -fdata-sections -fPIC -g -fno-omit-frame-pointer -m64 -Wall -D_GNU_SOURCE -D_REENTRANT -Iinclude -I../jemalloc/include -DJEMALLOC_NO_PRIVATE_NAMESPACE -o src/jemalloc.sym.o ../jemalloc/src/jemalloc.c
[INFO] [stderr]   cc -std=gnu11 -Wall -Wsign-compare -Wundef -Wno-format-zero-length -pipe -g3 -fvisibility=hidden -O3 -funroll-loops -O0 -ffunction-sections -fdata-sections -fPIC -g -fno-omit-frame-pointer -m64 -Wall -fPIC -DPIC -c -O0 -ffunction-sections -fdata-sections -fPIC -g -fno-omit-frame-pointer -m64 -Wall -D_GNU_SOURCE -D_REENTRANT -Iinclude -I../jemalloc/include -DJEMALLOC_NO_PRIVATE_NAMESPACE -o src/arena.sym.o ../jemalloc/src/arena.c
[INFO] [stderr]   cc -std=gnu11 -Wall -Wsign-compare -Wundef -Wno-format-zero-length -pipe -g3 -fvisibility=hidden -O3 -funroll-loops -O0 -ffunction-sections -fdata-sections -fPIC -g -fno-omit-frame-pointer -m64 -Wall -fPIC -DPIC -c -O0 -ffunction-sections -fdata-sections -fPIC -g -fno-omit-frame-pointer -m64 -Wall -D_GNU_SOURCE -D_REENTRANT -Iinclude -I../jemalloc/include -DJEMALLOC_NO_PRIVATE_NAMESPACE -o src/background_thread.sym.o ../jemalloc/src/background_thread.c
[INFO] [stderr]   cc -std=gnu11 -Wall -Wsign-compare -Wundef -Wno-format-zero-length -pipe -g3 -fvisibility=hidden -O3 -funroll-loops -O0 -ffunction-sections -fdata-sections -fPIC -g -fno-omit-frame-pointer -m64 -Wall -fPIC -DPIC -c -O0 -ffunction-sections -fdata-sections -fPIC -g -fno-omit-frame-pointer -m64 -Wall -D_GNU_SOURCE -D_REENTRANT -Iinclude -I../jemalloc/include -DJEMALLOC_NO_PRIVATE_NAMESPACE -o src/base.sym.o ../jemalloc/src/base.c
[INFO] [stderr]   cc -std=gnu11 -Wall -Wsign-compare -Wundef -Wno-format-zero-length -pipe -g3 -fvisibility=hidden -O3 -funroll-loops -O0 -ffunction-sections -fdata-sections -fPIC -g -fno-omit-frame-pointer -m64 -Wall -fPIC -DPIC -c -O0 -ffunction-sections -fdata-sections -fPIC -g -fno-omit-frame-pointer -m64 -Wall -D_GNU_SOURCE -D_REENTRANT -Iinclude -I../jemalloc/include -DJEMALLOC_NO_PRIVATE_NAMESPACE -o src/bin.sym.o ../jemalloc/src/bin.c
[INFO] [stderr]   cc -std=gnu11 -Wall -Wsign-compare -Wundef -Wno-format-zero-length -pipe -g3 -fvisibility=hidden -O3 -funroll-loops -O0 -ffunction-sections -fdata-sections -fPIC -g -fno-omit-frame-pointer -m64 -Wall -fPIC -DPIC -c -O0 -ffunction-sections -fdata-sections -fPIC -g -fno-omit-frame-pointer -m64 -Wall -D_GNU_SOURCE -D_REENTRANT -Iinclude -I../jemalloc/include -DJEMALLOC_NO_PRIVATE_NAMESPACE -o src/bitmap.sym.o ../jemalloc/src/bitmap.c
[INFO] [stderr]   cc -std=gnu11 -Wall -Wsign-compare -Wundef -Wno-format-zero-length -pipe -g3 -fvisibility=hidden -O3 -funroll-loops -O0 -ffunction-sections -fdata-sections -fPIC -g -fno-omit-frame-pointer -m64 -Wall -fPIC -DPIC -c -O0 -ffunction-sections -fdata-sections -fPIC -g -fno-omit-frame-pointer -m64 -Wall -D_GNU_SOURCE -D_REENTRANT -Iinclude -I../jemalloc/include -DJEMALLOC_NO_PRIVATE_NAMESPACE -o src/ckh.sym.o ../jemalloc/src/ckh.c
[INFO] [stderr]   cc -std=gnu11 -Wall -Wsign-compare -Wundef -Wno-format-zero-length -pipe -g3 -fvisibility=hidden -O3 -funroll-loops -O0 -ffunction-sections -fdata-sections -fPIC -g -fno-omit-frame-pointer -m64 -Wall -fPIC -DPIC -c -O0 -ffunction-sections -fdata-sections -fPIC -g -fno-omit-frame-pointer -m64 -Wall -D_GNU_SOURCE -D_REENTRANT -Iinclude -I../jemalloc/include -DJEMALLOC_NO_PRIVATE_NAMESPACE -o src/ctl.sym.o ../jemalloc/src/ctl.c
[INFO] [stderr]   cc -std=gnu11 -Wall -Wsign-compare -Wundef -Wno-format-zero-length -pipe -g3 -fvisibility=hidden -O3 -funroll-loops -O0 -ffunction-sections -fdata-sections -fPIC -g -fno-omit-frame-pointer -m64 -Wall -fPIC -DPIC -c -O0 -ffunction-sections -fdata-sections -fPIC -g -fno-omit-frame-pointer -m64 -Wall -D_GNU_SOURCE -D_REENTRANT -Iinclude -I../jemalloc/include -DJEMALLOC_NO_PRIVATE_NAMESPACE -o src/div.sym.o ../jemalloc/src/div.c
[INFO] [stderr]   cc -std=gnu11 -Wall -Wsign-compare -Wundef -Wno-format-zero-length -pipe -g3 -fvisibility=hidden -O3 -funroll-loops -O0 -ffunction-sections -fdata-sections -fPIC -g -fno-omit-frame-pointer -m64 -Wall -fPIC -DPIC -c -O0 -ffunction-sections -fdata-sections -fPIC -g -fno-omit-frame-pointer -m64 -Wall -D_GNU_SOURCE -D_REENTRANT -Iinclude -I../jemalloc/include -DJEMALLOC_NO_PRIVATE_NAMESPACE -o src/extent.sym.o ../jemalloc/src/extent.c
[INFO] [stderr]   cc -std=gnu11 -Wall -Wsign-compare -Wundef -Wno-format-zero-length -pipe -g3 -fvisibility=hidden -O3 -funroll-loops -O0 -ffunction-sections -fdata-sections -fPIC -g -fno-omit-frame-pointer -m64 -Wall -fPIC -DPIC -c -O0 -ffunction-sections -fdata-sections -fPIC -g -fno-omit-frame-pointer -m64 -Wall -D_GNU_SOURCE -D_REENTRANT -Iinclude -I../jemalloc/include -DJEMALLOC_NO_PRIVATE_NAMESPACE -o src/extent_dss.sym.o ../jemalloc/src/extent_dss.c
[INFO] [stderr]   cc -std=gnu11 -Wall -Wsign-compare -Wundef -Wno-format-zero-length -pipe -g3 -fvisibility=hidden -O3 -funroll-loops -O0 -ffunction-sections -fdata-sections -fPIC -g -fno-omit-frame-pointer -m64 -Wall -fPIC -DPIC -c -O0 -ffunction-sections -fdata-sections -fPIC -g -fno-omit-frame-pointer -m64 -Wall -D_GNU_SOURCE -D_REENTRANT -Iinclude -I../jemalloc/include -DJEMALLOC_NO_PRIVATE_NAMESPACE -o src/extent_mmap.sym.o ../jemalloc/src/extent_mmap.c
[INFO] [stderr]   cc -std=gnu11 -Wall -Wsign-compare -Wundef -Wno-format-zero-length -pipe -g3 -fvisibility=hidden -O3 -funroll-loops -O0 -ffunction-sections -fdata-sections -fPIC -g -fno-omit-frame-pointer -m64 -Wall -fPIC -DPIC -c -O0 -ffunction-sections -fdata-sections -fPIC -g -fno-omit-frame-pointer -m64 -Wall -D_GNU_SOURCE -D_REENTRANT -Iinclude -I../jemalloc/include -DJEMALLOC_NO_PRIVATE_NAMESPACE -o src/hash.sym.o ../jemalloc/src/hash.c
[INFO] [stderr]   cc -std=gnu11 -Wall -Wsign-compare -Wundef -Wno-format-zero-length -pipe -g3 -fvisibility=hidden -O3 -funroll-loops -O0 -ffunction-sections -fdata-sections -fPIC -g -fno-omit-frame-pointer -m64 -Wall -fPIC -DPIC -c -O0 -ffunction-sections -fdata-sections -fPIC -g -fno-omit-frame-pointer -m64 -Wall -D_GNU_SOURCE -D_REENTRANT -Iinclude -I../jemalloc/include -DJEMALLOC_NO_PRIVATE_NAMESPACE -o src/hooks.sym.o ../jemalloc/src/hooks.c
[INFO] [stderr]   cc -std=gnu11 -Wall -Wsign-compare -Wundef -Wno-format-zero-length -pipe -g3 -fvisibility=hidden -O3 -funroll-loops -O0 -ffunction-sections -fdata-sections -fPIC -g -fno-omit-frame-pointer -m64 -Wall -fPIC -DPIC -c -O0 -ffunction-sections -fdata-sections -fPIC -g -fno-omit-frame-pointer -m64 -Wall -D_GNU_SOURCE -D_REENTRANT -Iinclude -I../jemalloc/include -DJEMALLOC_NO_PRIVATE_NAMESPACE -o src/large.sym.o ../jemalloc/src/large.c
[INFO] [stderr]   cc -std=gnu11 -Wall -Wsign-compare -Wundef -Wno-format-zero-length -pipe -g3 -fvisibility=hidden -O3 -funroll-loops -O0 -ffunction-sections -fdata-sections -fPIC -g -fno-omit-frame-pointer -m64 -Wall -fPIC -DPIC -c -O0 -ffunction-sections -fdata-sections -fPIC -g -fno-omit-frame-pointer -m64 -Wall -D_GNU_SOURCE -D_REENTRANT -Iinclude -I../jemalloc/include -DJEMALLOC_NO_PRIVATE_NAMESPACE -o src/log.sym.o ../jemalloc/src/log.c
[INFO] [stderr]   cc -std=gnu11 -Wall -Wsign-compare -Wundef -Wno-format-zero-length -pipe -g3 -fvisibility=hidden -O3 -funroll-loops -O0 -ffunction-sections -fdata-sections -fPIC -g -fno-omit-frame-pointer -m64 -Wall -fPIC -DPIC -c -O0 -ffunction-sections -fdata-sections -fPIC -g -fno-omit-frame-pointer -m64 -Wall -D_GNU_SOURCE -D_REENTRANT -Iinclude -I../jemalloc/include -DJEMALLOC_NO_PRIVATE_NAMESPACE -o src/malloc_io.sym.o ../jemalloc/src/malloc_io.c
[INFO] [stderr]   cc -std=gnu11 -Wall -Wsign-compare -Wundef -Wno-format-zero-length -pipe -g3 -fvisibility=hidden -O3 -funroll-loops -O0 -ffunction-sections -fdata-sections -fPIC -g -fno-omit-frame-pointer -m64 -Wall -fPIC -DPIC -c -O0 -ffunction-sections -fdata-sections -fPIC -g -fno-omit-frame-pointer -m64 -Wall -D_GNU_SOURCE -D_REENTRANT -Iinclude -I../jemalloc/include -DJEMALLOC_NO_PRIVATE_NAMESPACE -o src/mutex.sym.o ../jemalloc/src/mutex.c
[INFO] [stderr]   cc -std=gnu11 -Wall -Wsign-compare -Wundef -Wno-format-zero-length -pipe -g3 -fvisibility=hidden -O3 -funroll-loops -O0 -ffunction-sections -fdata-sections -fPIC -g -fno-omit-frame-pointer -m64 -Wall -fPIC -DPIC -c -O0 -ffunction-sections -fdata-sections -fPIC -g -fno-omit-frame-pointer -m64 -Wall -D_GNU_SOURCE -D_REENTRANT -Iinclude -I../jemalloc/include -DJEMALLOC_NO_PRIVATE_NAMESPACE -o src/mutex_pool.sym.o ../jemalloc/src/mutex_pool.c
[INFO] [stderr]   cc -std=gnu11 -Wall -Wsign-compare -Wundef -Wno-format-zero-length -pipe -g3 -fvisibility=hidden -O3 -funroll-loops -O0 -ffunction-sections -fdata-sections -fPIC -g -fno-omit-frame-pointer -m64 -Wall -fPIC -DPIC -c -O0 -ffunction-sections -fdata-sections -fPIC -g -fno-omit-frame-pointer -m64 -Wall -D_GNU_SOURCE -D_REENTRANT -Iinclude -I../jemalloc/include -DJEMALLOC_NO_PRIVATE_NAMESPACE -o src/nstime.sym.o ../jemalloc/src/nstime.c
[INFO] [stderr]   cc -std=gnu11 -Wall -Wsign-compare -Wundef -Wno-format-zero-length -pipe -g3 -fvisibility=hidden -O3 -funroll-loops -O0 -ffunction-sections -fdata-sections -fPIC -g -fno-omit-frame-pointer -m64 -Wall -fPIC -DPIC -c -O0 -ffunction-sections -fdata-sections -fPIC -g -fno-omit-frame-pointer -m64 -Wall -D_GNU_SOURCE -D_REENTRANT -Iinclude -I../jemalloc/include -DJEMALLOC_NO_PRIVATE_NAMESPACE -o src/pages.sym.o ../jemalloc/src/pages.c
[INFO] [stderr]   cc -std=gnu11 -Wall -Wsign-compare -Wundef -Wno-format-zero-length -pipe -g3 -fvisibility=hidden -O3 -funroll-loops -O0 -ffunction-sections -fdata-sections -fPIC -g -fno-omit-frame-pointer -m64 -Wall -fPIC -DPIC -c -O0 -ffunction-sections -fdata-sections -fPIC -g -fno-omit-frame-pointer -m64 -Wall -D_GNU_SOURCE -D_REENTRANT -Iinclude -I../jemalloc/include -DJEMALLOC_NO_PRIVATE_NAMESPACE -o src/prng.sym.o ../jemalloc/src/prng.c
[INFO] [stderr]   cc -std=gnu11 -Wall -Wsign-compare -Wundef -Wno-format-zero-length -pipe -g3 -fvisibility=hidden -O3 -funroll-loops -O0 -ffunction-sections -fdata-sections -fPIC -g -fno-omit-frame-pointer -m64 -Wall -fPIC -DPIC -c -O0 -ffunction-sections -fdata-sections -fPIC -g -fno-omit-frame-pointer -m64 -Wall -D_GNU_SOURCE -D_REENTRANT -Iinclude -I../jemalloc/include -DJEMALLOC_NO_PRIVATE_NAMESPACE -o src/prof.sym.o ../jemalloc/src/prof.c
[INFO] [stderr]   cc -std=gnu11 -Wall -Wsign-compare -Wundef -Wno-format-zero-length -pipe -g3 -fvisibility=hidden -O3 -funroll-loops -O0 -ffunction-sections -fdata-sections -fPIC -g -fno-omit-frame-pointer -m64 -Wall -fPIC -DPIC -c -O0 -ffunction-sections -fdata-sections -fPIC -g -fno-omit-frame-pointer -m64 -Wall -D_GNU_SOURCE -D_REENTRANT -Iinclude -I../jemalloc/include -DJEMALLOC_NO_PRIVATE_NAMESPACE -o src/rtree.sym.o ../jemalloc/src/rtree.c
[INFO] [stderr]   cc -std=gnu11 -Wall -Wsign-compare -Wundef -Wno-format-zero-length -pipe -g3 -fvisibility=hidden -O3 -funroll-loops -O0 -ffunction-sections -fdata-sections -fPIC -g -fno-omit-frame-pointer -m64 -Wall -fPIC -DPIC -c -O0 -ffunction-sections -fdata-sections -fPIC -g -fno-omit-frame-pointer -m64 -Wall -D_GNU_SOURCE -D_REENTRANT -Iinclude -I../jemalloc/include -DJEMALLOC_NO_PRIVATE_NAMESPACE -o src/stats.sym.o ../jemalloc/src/stats.c
[INFO] [stderr]   cc -std=gnu11 -Wall -Wsign-compare -Wundef -Wno-format-zero-length -pipe -g3 -fvisibility=hidden -O3 -funroll-loops -O0 -ffunction-sections -fdata-sections -fPIC -g -fno-omit-frame-pointer -m64 -Wall -fPIC -DPIC -c -O0 -ffunction-sections -fdata-sections -fPIC -g -fno-omit-frame-pointer -m64 -Wall -D_GNU_SOURCE -D_REENTRANT -Iinclude -I../jemalloc/include -DJEMALLOC_NO_PRIVATE_NAMESPACE -o src/sz.sym.o ../jemalloc/src/sz.c
[INFO] [stderr]   cc -std=gnu11 -Wall -Wsign-compare -Wundef -Wno-format-zero-length -pipe -g3 -fvisibility=hidden -O3 -funroll-loops -O0 -ffunction-sections -fdata-sections -fPIC -g -fno-omit-frame-pointer -m64 -Wall -fPIC -DPIC -c -O0 -ffunction-sections -fdata-sections -fPIC -g -fno-omit-frame-pointer -m64 -Wall -D_GNU_SOURCE -D_REENTRANT -Iinclude -I../jemalloc/include -DJEMALLOC_NO_PRIVATE_NAMESPACE -o src/tcache.sym.o ../jemalloc/src/tcache.c
[INFO] [stderr]   cc -std=gnu11 -Wall -Wsign-compare -Wundef -Wno-format-zero-length -pipe -g3 -fvisibility=hidden -O3 -funroll-loops -O0 -ffunction-sections -fdata-sections -fPIC -g -fno-omit-frame-pointer -m64 -Wall -fPIC -DPIC -c -O0 -ffunction-sections -fdata-sections -fPIC -g -fno-omit-frame-pointer -m64 -Wall -D_GNU_SOURCE -D_REENTRANT -Iinclude -I../jemalloc/include -DJEMALLOC_NO_PRIVATE_NAMESPACE -o src/ticker.sym.o ../jemalloc/src/ticker.c
[INFO] [stderr]   cc -std=gnu11 -Wall -Wsign-compare -Wundef -Wno-format-zero-length -pipe -g3 -fvisibility=hidden -O3 -funroll-loops -O0 -ffunction-sections -fdata-sections -fPIC -g -fno-omit-frame-pointer -m64 -Wall -fPIC -DPIC -c -O0 -ffunction-sections -fdata-sections -fPIC -g -fno-omit-frame-pointer -m64 -Wall -D_GNU_SOURCE -D_REENTRANT -Iinclude -I../jemalloc/include -DJEMALLOC_NO_PRIVATE_NAMESPACE -o src/tsd.sym.o ../jemalloc/src/tsd.c
[INFO] [stderr]   cc -std=gnu11 -Wall -Wsign-compare -Wundef -Wno-format-zero-length -pipe -g3 -fvisibility=hidden -O3 -funroll-loops -O0 -ffunction-sections -fdata-sections -fPIC -g -fno-omit-frame-pointer -m64 -Wall -fPIC -DPIC -c -O0 -ffunction-sections -fdata-sections -fPIC -g -fno-omit-frame-pointer -m64 -Wall -D_GNU_SOURCE -D_REENTRANT -Iinclude -I../jemalloc/include -DJEMALLOC_NO_PRIVATE_NAMESPACE -o src/witness.sym.o ../jemalloc/src/witness.c
[INFO] [stderr]   nm -a src/background_thread.sym.o | mawk -f include/jemalloc/internal/private_symbols.awk > src/background_thread.sym
[INFO] [stderr]   nm -a src/div.sym.o | mawk -f include/jemalloc/internal/private_symbols.awk > src/div.sym
[INFO] [stderr]   nm -a src/extent_dss.sym.o | mawk -f include/jemalloc/internal/private_symbols.awk > src/extent_dss.sym
[INFO] [stderr]   nm -a src/hooks.sym.o | mawk -f include/jemalloc/internal/private_symbols.awk > src/hooks.sym
[INFO] [stderr]   nm -a src/bitmap.sym.o | mawk -f include/jemalloc/internal/private_symbols.awk > src/bitmap.sym
[INFO] [stderr]   nm -a src/mutex_pool.sym.o | mawk -f include/jemalloc/internal/private_symbols.awk > src/mutex_pool.sym
[INFO] [stderr]   nm -a src/extent_mmap.sym.o | mawk -f include/jemalloc/internal/private_symbols.awk > src/extent_mmap.sym
[INFO] [stderr]   nm -a src/sz.sym.o | mawk -f include/jemalloc/internal/private_symbols.awk > src/sz.sym
[INFO] [stderr]   nm -a src/bin.sym.o | mawk -f include/jemalloc/internal/private_symbols.awk > src/bin.sym
[INFO] [stderr]   nm -a src/hash.sym.o | mawk -f include/jemalloc/internal/private_symbols.awk > src/hash.sym
[INFO] [stderr]   nm -a src/log.sym.o | mawk -f include/jemalloc/internal/private_symbols.awk > src/log.sym
[INFO] [stderr]   nm -a src/ticker.sym.o | mawk -f include/jemalloc/internal/private_symbols.awk > src/ticker.sym
[INFO] [stderr]   nm -a src/mutex.sym.o | mawk -f include/jemalloc/internal/private_symbols.awk > src/mutex.sym
[INFO] [stderr]   nm -a src/nstime.sym.o | mawk -f include/jemalloc/internal/private_symbols.awk > src/nstime.sym
[INFO] [stderr]   nm -a src/prng.sym.o | mawk -f include/jemalloc/internal/private_symbols.awk > src/prng.sym
[INFO] [stderr]   nm -a src/malloc_io.sym.o | mawk -f include/jemalloc/internal/private_symbols.awk > src/malloc_io.sym
[INFO] [stderr]   nm -a src/pages.sym.o | mawk -f include/jemalloc/internal/private_symbols.awk > src/pages.sym
[INFO] [stderr]   nm -a src/rtree.sym.o | mawk -f include/jemalloc/internal/private_symbols.awk > src/rtree.sym
[INFO] [stderr]   nm -a src/tsd.sym.o | mawk -f include/jemalloc/internal/private_symbols.awk > src/tsd.sym
[INFO] [stderr]   nm -a src/stats.sym.o | mawk -f include/jemalloc/internal/private_symbols.awk > src/stats.sym
[INFO] [stderr]   nm -a src/large.sym.o | mawk -f include/jemalloc/internal/private_symbols.awk > src/large.sym
[INFO] [stderr]   nm -a src/witness.sym.o | mawk -f include/jemalloc/internal/private_symbols.awk > src/witness.sym
[INFO] [stderr]   nm -a src/base.sym.o | mawk -f include/jemalloc/internal/private_symbols.awk > src/base.sym
[INFO] [stderr]   nm -a src/ctl.sym.o | mawk -f include/jemalloc/internal/private_symbols.awk > src/ctl.sym
[INFO] [stderr]   nm -a src/arena.sym.o | mawk -f include/jemalloc/internal/private_symbols.awk > src/arena.sym
[INFO] [stderr]   nm -a src/extent.sym.o | mawk -f include/jemalloc/internal/private_symbols.awk > src/extent.sym
[INFO] [stderr]   nm -a src/ckh.sym.o | mawk -f include/jemalloc/internal/private_symbols.awk > src/ckh.sym
[INFO] [stderr]   nm -a src/tcache.sym.o | mawk -f include/jemalloc/internal/private_symbols.awk > src/tcache.sym
[INFO] [stderr]   nm -a src/prof.sym.o | mawk -f include/jemalloc/internal/private_symbols.awk > src/prof.sym
[INFO] [stderr] 
[INFO] [stderr]   --- stderr
[INFO] [stderr]   ../jemalloc/src/jemalloc.c:2513:7: warning: '__libc_calloc' specifies less restrictive attributes than its target 'calloc': 'alloc_size', 'leaf', 'malloc', 'nothrow' [-Wmissing-attributes]
[INFO] [stderr]    2513 | void *__libc_calloc(size_t n, size_t size) PREALIAS(je_calloc);
[INFO] [stderr]         |       ^~~~~~~~~~~~~
[INFO] [stderr]   In file included from ../jemalloc/include/jemalloc/internal/jemalloc_internal_decls.h:60,
[INFO] [stderr]                    from include/jemalloc/internal/jemalloc_preamble.h:5,
[INFO] [stderr]                    from ../jemalloc/src/jemalloc.c:2:
[INFO] [stderr]   /usr/include/stdlib.h:542:14: note: '__libc_calloc' target declared here
[INFO] [stderr]     542 | extern void *calloc (size_t __nmemb, size_t __size)
[INFO] [stderr]         |              ^~~~~~
[INFO] [stderr]   ../jemalloc/src/jemalloc.c:2528:7: warning: '__libc_valloc' specifies less restrictive attributes than its target 'valloc': 'alloc_size', 'leaf', 'malloc', 'nothrow' [-Wmissing-attributes]
[INFO] [stderr]    2528 | void *__libc_valloc(size_t size) PREALIAS(je_valloc);
[INFO] [stderr]         |       ^~~~~~~~~~~~~
[INFO] [stderr]   In file included from ../jemalloc/include/jemalloc/internal/jemalloc_internal_decls.h:60,
[INFO] [stderr]                    from include/jemalloc/internal/jemalloc_preamble.h:5,
[INFO] [stderr]                    from ../jemalloc/src/jemalloc.c:2:
[INFO] [stderr]   /usr/include/stdlib.h:574:14: note: '__libc_valloc' target declared here
[INFO] [stderr]     574 | extern void *valloc (size_t __size) __THROW __attribute_malloc__
[INFO] [stderr]         |              ^~~~~~
[INFO] [stderr]   ../jemalloc/src/jemalloc.c:2525:7: warning: '__libc_realloc' specifies less restrictive attributes than its target 'realloc': 'alloc_size', 'leaf', 'nothrow' [-Wmissing-attributes]
[INFO] [stderr]    2525 | void *__libc_realloc(void* ptr, size_t size) PREALIAS(je_realloc);
[INFO] [stderr]         |       ^~~~~~~~~~~~~~
[INFO] [stderr]   In file included from ../jemalloc/include/jemalloc/internal/jemalloc_internal_decls.h:60,
[INFO] [stderr]                    from include/jemalloc/internal/jemalloc_preamble.h:5,
[INFO] [stderr]                    from ../jemalloc/src/jemalloc.c:2:
[INFO] [stderr]   /usr/include/stdlib.h:550:14: note: '__libc_realloc' target declared here
[INFO] [stderr]     550 | extern void *realloc (void *__ptr, size_t __size)
[INFO] [stderr]         |              ^~~~~~~
[INFO] [stderr]   ../jemalloc/src/jemalloc.c:2522:7: warning: '__libc_memalign' specifies less restrictive attributes than its target 'memalign': 'malloc', 'nothrow' [-Wmissing-attributes]
[INFO] [stderr]    2522 | void *__libc_memalign(size_t align, size_t s) PREALIAS(je_memalign);
[INFO] [stderr]         |       ^~~~~~~~~~~~~~~
[INFO] [stderr]   In file included from include/jemalloc/internal/jemalloc_preamble.h:21,
[INFO] [stderr]                    from ../jemalloc/src/jemalloc.c:2:
[INFO] [stderr]   include/jemalloc/internal/../jemalloc.h:79:23: note: '__libc_memalign' target declared here
[INFO] [stderr]      79 | #  define je_memalign memalign
[INFO] [stderr]         |                       ^~~~~~~~
[INFO] [stderr]   ../jemalloc/src/jemalloc.c:2419:1: note: in expansion of macro 'je_memalign'
[INFO] [stderr]    2419 | je_memalign(size_t alignment, size_t size) {
[INFO] [stderr]         | ^~~~~~~~~~~
[INFO] [stderr]   ../jemalloc/src/jemalloc.c:2519:7: warning: '__libc_malloc' specifies less restrictive attributes than its target 'malloc': 'alloc_size', 'leaf', 'malloc', 'nothrow' [-Wmissing-attributes]
[INFO] [stderr]    2519 | void *__libc_malloc(size_t size) PREALIAS(je_malloc);
[INFO] [stderr]         |       ^~~~~~~~~~~~~
[INFO] [stderr]   In file included from ../jemalloc/include/jemalloc/internal/jemalloc_internal_decls.h:60,
[INFO] [stderr]                    from include/jemalloc/internal/jemalloc_preamble.h:5,
[INFO] [stderr]                    from ../jemalloc/src/jemalloc.c:2:
[INFO] [stderr]   /usr/include/stdlib.h:539:14: note: '__libc_malloc' target declared here
[INFO] [stderr]     539 | extern void *malloc (size_t __size) __THROW __attribute_malloc__
[INFO] [stderr]         |              ^~~~~~
[INFO] [stderr]   ../jemalloc/src/jemalloc.c:2516:6: warning: '__libc_free' specifies less restrictive attributes than its target 'free': 'leaf', 'nothrow' [-Wmissing-attributes]
[INFO] [stderr]    2516 | void __libc_free(void* ptr) PREALIAS(je_free);
[INFO] [stderr]         |      ^~~~~~~~~~~
[INFO] [stderr]   In file included from ../jemalloc/include/jemalloc/internal/jemalloc_internal_decls.h:60,
[INFO] [stderr]                    from include/jemalloc/internal/jemalloc_preamble.h:5,
[INFO] [stderr]                    from ../jemalloc/src/jemalloc.c:2:
[INFO] [stderr]   /usr/include/stdlib.h:565:13: note: '__libc_free' target declared here
[INFO] [stderr]     565 | extern void free (void *__ptr) __THROW;
[INFO] [stderr]         |             ^~~~
[INFO] [stderr]   ../jemalloc/src/malloc_io.c: In function 'malloc_vsnprintf':
[INFO] [stderr]   ../jemalloc/src/malloc_io.c:369:2: warning: case label value exceeds maximum value for type
[INFO] [stderr]     369 |  case '?' | 0x80:      \
[INFO] [stderr]         |  ^~~~
[INFO] [stderr]   ../jemalloc/src/malloc_io.c:581:5: note: in expansion of macro 'GET_ARG_NUMERIC'
[INFO] [stderr]     581 |     GET_ARG_NUMERIC(val, 'p');
[INFO] [stderr]         |     ^~~~~~~~~~~~~~~
[INFO] [stderr]   ../jemalloc/src/malloc_io.c:387:2: warning: case label value exceeds maximum value for type
[INFO] [stderr]     387 |  case 'j' | 0x80:      \
[INFO] [stderr]         |  ^~~~
[INFO] [stderr]   ../jemalloc/src/malloc_io.c:581:5: note: in expansion of macro 'GET_ARG_NUMERIC'
[INFO] [stderr]     581 |     GET_ARG_NUMERIC(val, 'p');
[INFO] [stderr]         |     ^~~~~~~~~~~~~~~
[INFO] [stderr]   ../jemalloc/src/malloc_io.c:375:2: warning: case label value exceeds maximum value for type
[INFO] [stderr]     375 |  case 'l' | 0x80:      \
[INFO] [stderr]         |  ^~~~
[INFO] [stderr]   ../jemalloc/src/malloc_io.c:581:5: note: in expansion of macro 'GET_ARG_NUMERIC'
[INFO] [stderr]     581 |     GET_ARG_NUMERIC(val, 'p');
[INFO] [stderr]         |     ^~~~~~~~~~~~~~~
[INFO] [stderr]   ../jemalloc/src/malloc_io.c:381:2: warning: case label value exceeds maximum value for type
[INFO] [stderr]     381 |  case 'q' | 0x80:      \
[INFO] [stderr]         |  ^~~~
[INFO] [stderr]   ../jemalloc/src/malloc_io.c:581:5: note: in expansion of macro 'GET_ARG_NUMERIC'
[INFO] [stderr]     581 |     GET_ARG_NUMERIC(val, 'p');
[INFO] [stderr]         |     ^~~~~~~~~~~~~~~
[INFO] [stderr]   ../jemalloc/src/malloc_io.c:396:2: warning: case label value exceeds maximum value for type
[INFO] [stderr]     396 |  case 'z' | 0x80:      \
[INFO] [stderr]         |  ^~~~
[INFO] [stderr]   ../jemalloc/src/malloc_io.c:581:5: note: in expansion of macro 'GET_ARG_NUMERIC'
[INFO] [stderr]     581 |     GET_ARG_NUMERIC(val, 'p');
[INFO] [stderr]         |     ^~~~~~~~~~~~~~~
[INFO] [stderr]   {standard input}: Assembler messages:
[INFO] [stderr]   {standard input}:771823: Warning: end of file not at end of a line; newline inserted
[INFO] [stderr]   {standard input}:773583: Warning: Unary operator - ignored because bad operand follows
[INFO] [stderr]   {standard input}:773583: Error: missing or invalid displacement expression `-'
[INFO] [stderr]   {standard input}: Error: open CFI at the end of file; missing .cfi_endproc directive
[INFO] [stderr]   cc: fatal error: Killed signal terminated program cc1
[INFO] [stderr]   compilation terminated.
[INFO] [stderr]   make: *** [Makefile:349: src/jemalloc.sym.o] Error 1
[INFO] [stderr]   thread 'main' panicked at 'command did not execute successfully: "make" "srcroot=../jemalloc/" "-j" "32"
[INFO] [stderr]   expected success, got: exit status: 2', /opt/rustwide/cargo-home/registry/src/github.com-1ecc6299db9ec823/jemalloc-sys-0.3.2/build.rs:392:9
[INFO] [stderr]   stack backtrace:
[INFO] [stderr]      0:     0x560d099f9db0 - std::backtrace_rs::backtrace::libunwind::trace::hff4d1766e93f64f1
[INFO] [stderr]                                  at /rustc/53fd98ca776cb875bc9e5514f56b52eb74f9e7a9/library/std/src/../../backtrace/src/backtrace/libunwind.rs:90:5
[INFO] [stderr]      1:     0x560d099f9db0 - std::backtrace_rs::backtrace::trace_unsynchronized::h56bbc8eb78770bcb
[INFO] [stderr]                                  at /rustc/53fd98ca776cb875bc9e5514f56b52eb74f9e7a9/library/std/src/../../backtrace/src/backtrace/mod.rs:66:5
[INFO] [stderr]      2:     0x560d099f9db0 - std::sys_common::backtrace::_print_fmt::h5c8e75464faca780
[INFO] [stderr]                                  at /rustc/53fd98ca776cb875bc9e5514f56b52eb74f9e7a9/library/std/src/sys_common/backtrace.rs:67:5
[INFO] [stderr]      3:     0x560d099f9db0 - <std::sys_common::backtrace::_print::DisplayBacktrace as core::fmt::Display>::fmt::h48b88277def8b362
[INFO] [stderr]                                  at /rustc/53fd98ca776cb875bc9e5514f56b52eb74f9e7a9/library/std/src/sys_common/backtrace.rs:46:22
[INFO] [stderr]      4:     0x560d09a1984c - core::fmt::write::h3381b3176fe2b3d3
[INFO] [stderr]                                  at /rustc/53fd98ca776cb875bc9e5514f56b52eb74f9e7a9/library/core/src/fmt/mod.rs:1115:17
[INFO] [stderr]      5:     0x560d099f6ef5 - std::io::Write::write_fmt::hd42607e5d8e44db0
[INFO] [stderr]                                  at /rustc/53fd98ca776cb875bc9e5514f56b52eb74f9e7a9/library/std/src/io/mod.rs:1665:15
[INFO] [stderr]      6:     0x560d099fc2fb - std::sys_common::backtrace::_print::ha537687d6c17dd0d
[INFO] [stderr]                                  at /rustc/53fd98ca776cb875bc9e5514f56b52eb74f9e7a9/library/std/src/sys_common/backtrace.rs:49:5
[INFO] [stderr]      7:     0x560d099fc2fb - std::sys_common::backtrace::print::h61376ae57d131d72
[INFO] [stderr]                                  at /rustc/53fd98ca776cb875bc9e5514f56b52eb74f9e7a9/library/std/src/sys_common/backtrace.rs:36:9
[INFO] [stderr]      8:     0x560d099fc2fb - std::panicking::default_hook::{{closure}}::h0f7208c0b9644a54
[INFO] [stderr]                                  at /rustc/53fd98ca776cb875bc9e5514f56b52eb74f9e7a9/library/std/src/panicking.rs:208:50
[INFO] [stderr]      9:     0x560d099fbdd1 - std::panicking::default_hook::hdac7fc06578c14ce
[INFO] [stderr]                                  at /rustc/53fd98ca776cb875bc9e5514f56b52eb74f9e7a9/library/std/src/panicking.rs:225:9
[INFO] [stderr]     10:     0x560d099fc9c4 - std::panicking::rust_panic_with_hook::h72b21c283da3d1ef
[INFO] [stderr]                                  at /rustc/53fd98ca776cb875bc9e5514f56b52eb74f9e7a9/library/std/src/panicking.rs:622:17
[INFO] [stderr]     11:     0x560d099fc4a7 - std::panicking::begin_panic_handler::{{closure}}::he5778f1729cff84a
[INFO] [stderr]                                  at /rustc/53fd98ca776cb875bc9e5514f56b52eb74f9e7a9/library/std/src/panicking.rs:519:13
[INFO] [stderr]     12:     0x560d099fa28c - std::sys_common::backtrace::__rust_end_short_backtrace::h2d11ca8b453b4b1d
[INFO] [stderr]                                  at /rustc/53fd98ca776cb875bc9e5514f56b52eb74f9e7a9/library/std/src/sys_common/backtrace.rs:141:18
[INFO] [stderr]     13:     0x560d099fc409 - rust_begin_unwind
[INFO] [stderr]                                  at /rustc/53fd98ca776cb875bc9e5514f56b52eb74f9e7a9/library/std/src/panicking.rs:515:5
[INFO] [stderr]     14:     0x560d09985c1b - std::panicking::begin_panic_fmt::h746518bde832d259
[INFO] [stderr]                                  at /rustc/53fd98ca776cb875bc9e5514f56b52eb74f9e7a9/library/std/src/panicking.rs:457:5
[INFO] [stderr]     15:     0x560d0998c664 - build_script_build::run::h1b76b0833e13ed55
[INFO] [stderr]                                  at /opt/rustwide/cargo-home/registry/src/github.com-1ecc6299db9ec823/jemalloc-sys-0.3.2/build.rs:392:9
[INFO] [stderr]     16:     0x560d0998ae01 - build_script_build::main::hf547029add1e204b
[INFO] [stderr]                                  at /opt/rustwide/cargo-home/registry/src/github.com-1ecc6299db9ec823/jemalloc-sys-0.3.2/build.rs:330:5
[INFO] [stderr]     17:     0x560d099955ab - core::ops::function::FnOnce::call_once::h66f348c1a6d355dc
[INFO] [stderr]                                  at /rustc/53fd98ca776cb875bc9e5514f56b52eb74f9e7a9/library/core/src/ops/function.rs:227:5
[INFO] [stderr]     18:     0x560d0999521e - std::sys_common::backtrace::__rust_begin_short_backtrace::h69286e689e87790a
[INFO] [stderr]                                  at /rustc/53fd98ca776cb875bc9e5514f56b52eb74f9e7a9/library/std/src/sys_common/backtrace.rs:125:18
[INFO] [stderr]     19:     0x560d09990831 - std::rt::lang_start::{{closure}}::h776795efb2a9af3a
[INFO] [stderr]                                  at /rustc/53fd98ca776cb875bc9e5514f56b52eb74f9e7a9/library/std/src/rt.rs:63:18
[INFO] [stderr]     20:     0x560d099fceca - core::ops::function::impls::<impl core::ops::function::FnOnce<A> for &F>::call_once::ha88a7d1a4d24e549
[INFO] [stderr]                                  at /rustc/53fd98ca776cb875bc9e5514f56b52eb74f9e7a9/library/core/src/ops/function.rs:259:13
[INFO] [stderr]     21:     0x560d099fceca - std::panicking::try::do_call::hd3b1d7740607ccc7
[INFO] [stderr]                                  at /rustc/53fd98ca776cb875bc9e5514f56b52eb74f9e7a9/library/std/src/panicking.rs:401:40
[INFO] [stderr]     22:     0x560d099fceca - std::panicking::try::h0ee8c65ac7461507
[INFO] [stderr]                                  at /rustc/53fd98ca776cb875bc9e5514f56b52eb74f9e7a9/library/std/src/panicking.rs:365:19
[INFO] [stderr]     23:     0x560d099fceca - std::panic::catch_unwind::head47f0de4ccd838
[INFO] [stderr]                                  at /rustc/53fd98ca776cb875bc9e5514f56b52eb74f9e7a9/library/std/src/panic.rs:434:14
[INFO] [stderr]     24:     0x560d099fceca - std::rt::lang_start_internal::{{closure}}::hbc7de8ec820ac085
[INFO] [stderr]                                  at /rustc/53fd98ca776cb875bc9e5514f56b52eb74f9e7a9/library/std/src/rt.rs:45:48
[INFO] [stderr]     25:     0x560d099fceca - std::panicking::try::do_call::h2609e52e8bad4a7b
[INFO] [stderr]                                  at /rustc/53fd98ca776cb875bc9e5514f56b52eb74f9e7a9/library/std/src/panicking.rs:401:40
[INFO] [stderr]     26:     0x560d099fceca - std::panicking::try::hd0929f0b603e0389
[INFO] [stderr]                                  at /rustc/53fd98ca776cb875bc9e5514f56b52eb74f9e7a9/library/std/src/panicking.rs:365:19
[INFO] [stderr]     27:     0x560d099fceca - std::panic::catch_unwind::h27902b81c3e47571
[INFO] [stderr]                                  at /rustc/53fd98ca776cb875bc9e5514f56b52eb74f9e7a9/library/std/src/panic.rs:434:14
[INFO] [stderr]     28:     0x560d099fceca - std::rt::lang_start_internal::h3fb2d794dd391e3e
[INFO] [stderr]                                  at /rustc/53fd98ca776cb875bc9e5514f56b52eb74f9e7a9/library/std/src/rt.rs:45:20
[INFO] [stderr]     29:     0x560d09990800 - std::rt::lang_start::h5145743512f79aaa
[INFO] [stderr]                                  at /rustc/53fd98ca776cb875bc9e5514f56b52eb74f9e7a9/library/std/src/rt.rs:62:5
[INFO] [stderr]     30:     0x560d0998cb8c - main
[INFO] [stderr]     31:     0x7fab0252b0b3 - __libc_start_main
[INFO] [stderr]     32:     0x560d09986a9e - _start
[INFO] [stderr]     33:                0x0 - <unknown>
[INFO] [stderr] warning: build failed, waiting for other jobs to finish...
[INFO] [stderr] error: build failed
[INFO] running `Command { std: "docker" "inspect" "1ff12097fb02cd64187e004ea2ca4dc189657f0c3a685588e2de116172a5c9e8", kill_on_drop: false }`
[INFO] running `Command { std: "docker" "rm" "-f" "1ff12097fb02cd64187e004ea2ca4dc189657f0c3a685588e2de116172a5c9e8", kill_on_drop: false }`
[INFO] [stdout] 1ff12097fb02cd64187e004ea2ca4dc189657f0c3a685588e2de116172a5c9e8
