[INFO] cloning repository https://github.com/ousttrue/frame_factory
[INFO] running `Command { std: "git" "-c" "credential.helper=" "-c" "credential.helper=/workspace/cargo-home/bin/git-credential-null" "clone" "--bare" "https://github.com/ousttrue/frame_factory" "/workspace/cache/git-repos/https%3A%2F%2Fgithub.com%2Fousttrue%2Fframe_factory", kill_on_drop: false }`
[INFO] [stderr] Cloning into bare repository '/workspace/cache/git-repos/https%3A%2F%2Fgithub.com%2Fousttrue%2Fframe_factory'...
[INFO] running `Command { std: "git" "rev-parse" "HEAD", kill_on_drop: false }`
[INFO] [stdout] 98e9d7d597388a565c437537ad12b96481c0ed82
[INFO] documenting ousttrue/frame_factory against beta-2021-08-01 for beta-1.55-rustdoc-1
[INFO] running `Command { std: "git" "clone" "/workspace/cache/git-repos/https%3A%2F%2Fgithub.com%2Fousttrue%2Fframe_factory" "/workspace/builds/worker-12/source", kill_on_drop: false }`
[INFO] [stderr] Cloning into '/workspace/builds/worker-12/source'...
[INFO] [stderr] done.
[INFO] validating manifest of git repo https://github.com/ousttrue/frame_factory on toolchain beta-2021-08-01
[INFO] running `Command { std: "/workspace/cargo-home/bin/cargo" "+beta-2021-08-01" "metadata" "--manifest-path" "Cargo.toml" "--no-deps", kill_on_drop: false }`
[INFO] started tweaking git repo https://github.com/ousttrue/frame_factory
[INFO] finished tweaking git repo https://github.com/ousttrue/frame_factory
[INFO] tweaked toml for git repo https://github.com/ousttrue/frame_factory written to /workspace/builds/worker-12/source/Cargo.toml
[INFO] crate git repo https://github.com/ousttrue/frame_factory already has a lockfile, it will not be regenerated
[INFO] running `Command { std: "/workspace/cargo-home/bin/cargo" "+beta-2021-08-01" "fetch" "--manifest-path" "Cargo.toml", kill_on_drop: false }`
[INFO] [stderr]     Blocking waiting for file lock on package cache
[INFO] [stderr]     Blocking waiting for file lock on package cache
[INFO] running `Command { std: "docker" "create" "-v" "/var/lib/crater-agent-workspace/builds/worker-12/target:/opt/rustwide/target:rw,Z" "-v" "/var/lib/crater-agent-workspace/builds/worker-12/source:/opt/rustwide/workdir:ro,Z" "-v" "/var/lib/crater-agent-workspace/cargo-home:/opt/rustwide/cargo-home:ro,Z" "-v" "/var/lib/crater-agent-workspace/rustup-home:/opt/rustwide/rustup-home:ro,Z" "-e" "SOURCE_DIR=/opt/rustwide/workdir" "-e" "CARGO_TARGET_DIR=/opt/rustwide/target" "-e" "CARGO_HOME=/opt/rustwide/cargo-home" "-e" "RUSTUP_HOME=/opt/rustwide/rustup-home" "-w" "/opt/rustwide/workdir" "-m" "1610612736" "--user" "0:0" "--network" "none" "ghcr.io/rust-lang/crates-build-env/linux@sha256:34b6a614d2c27851fe6cbf88fbd1137609cefab8b10d0615aaeb6fd47975d74e" "/opt/rustwide/cargo-home/bin/cargo" "+beta-2021-08-01" "metadata" "--no-deps" "--format-version=1", kill_on_drop: false }`
[INFO] [stdout] dd2fb3a7bba0be50fd4c637bea5a0b86b0554ac4a7a650e805c44eb5d417563b
[INFO] [stderr] WARNING: Your kernel does not support swap limit capabilities or the cgroup is not mounted. Memory limited without swap.
[INFO] running `Command { std: "docker" "start" "-a" "dd2fb3a7bba0be50fd4c637bea5a0b86b0554ac4a7a650e805c44eb5d417563b", kill_on_drop: false }`
[INFO] running `Command { std: "docker" "inspect" "dd2fb3a7bba0be50fd4c637bea5a0b86b0554ac4a7a650e805c44eb5d417563b", kill_on_drop: false }`
[INFO] running `Command { std: "docker" "rm" "-f" "dd2fb3a7bba0be50fd4c637bea5a0b86b0554ac4a7a650e805c44eb5d417563b", kill_on_drop: false }`
[INFO] [stdout] dd2fb3a7bba0be50fd4c637bea5a0b86b0554ac4a7a650e805c44eb5d417563b
[INFO] running `Command { std: "docker" "create" "-v" "/var/lib/crater-agent-workspace/builds/worker-12/target:/opt/rustwide/target:rw,Z" "-v" "/var/lib/crater-agent-workspace/builds/worker-12/source:/opt/rustwide/workdir:ro,Z" "-v" "/var/lib/crater-agent-workspace/cargo-home:/opt/rustwide/cargo-home:ro,Z" "-v" "/var/lib/crater-agent-workspace/rustup-home:/opt/rustwide/rustup-home:ro,Z" "-e" "SOURCE_DIR=/opt/rustwide/workdir" "-e" "CARGO_TARGET_DIR=/opt/rustwide/target" "-e" "CARGO_INCREMENTAL=0" "-e" "RUST_BACKTRACE=full" "-e" "RUSTDOCFLAGS=--cap-lints=warn" "-e" "CARGO_HOME=/opt/rustwide/cargo-home" "-e" "RUSTUP_HOME=/opt/rustwide/rustup-home" "-w" "/opt/rustwide/workdir" "-m" "1610612736" "--user" "0:0" "--network" "none" "ghcr.io/rust-lang/crates-build-env/linux@sha256:34b6a614d2c27851fe6cbf88fbd1137609cefab8b10d0615aaeb6fd47975d74e" "/opt/rustwide/cargo-home/bin/cargo" "+beta-2021-08-01" "doc" "--frozen" "--no-deps" "--document-private-items" "--message-format=json", kill_on_drop: false }`
[INFO] [stdout] 6fe1ca64c76d16dc3bae18935d71029d52ea6cc9a298ad00b7110a72f7bab259
[INFO] [stderr] WARNING: Your kernel does not support swap limit capabilities or the cgroup is not mounted. Memory limited without swap.
[INFO] running `Command { std: "docker" "start" "-a" "6fe1ca64c76d16dc3bae18935d71029d52ea6cc9a298ad00b7110a72f7bab259", kill_on_drop: false }`
[INFO] [stderr]    Compiling winapi v0.3.9
[INFO] [stderr]    Compiling cgmath v0.18.0
[INFO] [stderr]     Checking va_list v0.1.3
[INFO] [stderr]     Checking bytemuck v1.7.0
[INFO] [stderr]    Compiling clang-sys v1.2.0
[INFO] [stderr]    Compiling libc v0.2.97
[INFO] [stderr]     Checking unic-ucd-segment v0.9.0
[INFO] [stderr]     Checking memchr v0.1.11
[INFO] [stderr]     Checking bstr v0.2.16
[INFO] [stderr]     Checking approx v0.4.0
[INFO] [stderr]    Compiling pest_generator v2.1.3
[INFO] [stderr]     Checking thread-id v2.0.0
[INFO] [stderr]     Checking rayon-core v1.9.1
[INFO] [stderr]     Checking gltf2 v0.1.0 (/opt/rustwide/workdir/gltf2)
[INFO] [stderr]  Documenting gltf2 v0.1.0 (/opt/rustwide/workdir/gltf2)
[INFO] [stderr]  Documenting from_jsonschema v0.1.0 (/opt/rustwide/workdir/from_jsonschema)
[INFO] [stderr]     Checking thread_local v0.2.7
[INFO] [stderr]     Checking aho-corasick v0.5.3
[INFO] [stderr]     Checking regex v0.1.80
[INFO] [stderr]     Checking globset v0.4.8
[INFO] [stderr]     Checking rayon v1.5.1
[INFO] [stderr]     Checking unic-segment v0.9.0
[INFO] [stderr]    Compiling jobserver v0.1.22
[INFO] [stderr]     Checking com_ptr v0.2.1
[INFO] [stderr]    Compiling pest_derive v2.1.0
[INFO] [stderr]    Compiling cc v1.0.68
[INFO] [stderr]     Checking com_ptr_util v0.1.0 (/opt/rustwide/workdir/com_ptr_util)
[INFO] [stderr]  Documenting com_ptr_util v0.1.0 (/opt/rustwide/workdir/com_ptr_util)
[INFO] [stderr]     Checking ignore v0.4.18
[INFO] [stdout] error[E0433]: failed to resolve: could not find `shared` in `winapi`
[INFO] [stdout]  --> com_ptr_util/src/lib.rs:2:14
[INFO] [stdout]   |
[INFO] [stdout] 2 | use winapi::{shared::ntdef::HRESULT, Interface};
[INFO] [stdout]   |              ^^^^^^ could not find `shared` in `winapi`
[INFO] [stdout] 
[INFO] [stdout] 
[INFO] [stdout] error[E0432]: unresolved import `com_ptr::ComPtr`
[INFO] [stdout]  --> com_ptr_util/src/lib.rs:1:5
[INFO] [stdout]   |
[INFO] [stdout] 1 | use com_ptr::ComPtr;
[INFO] [stdout]   |     ^^^^^^^^^^^^^^^ no `ComPtr` in the root
[INFO] [stdout] 
[INFO] [stdout] 
[INFO] [stdout] error[E0432]: unresolved import `winapi::Interface`
[INFO] [stdout]  --> com_ptr_util/src/lib.rs:2:38
[INFO] [stdout]   |
[INFO] [stdout] 2 | use winapi::{shared::ntdef::HRESULT, Interface};
[INFO] [stdout]   |                                      ^^^^^^^^^ no `Interface` in the root
[INFO] [stdout] 
[INFO] [stdout] 
[INFO] [stdout] error[E0412]: cannot find type `HRESULT` in this scope
[INFO] [stdout]   --> com_ptr_util/src/lib.rs:15:44
[INFO] [stdout]    |
[INFO] [stdout] 15 |         F: FnOnce(*mut *mut Self::Item) -> HRESULT;
[INFO] [stdout]    |                                            ^^^^^^^ not found in this scope
[INFO] [stdout] 
[INFO] [stdout] 
[INFO] [stdout] error[E0412]: cannot find type `HRESULT` in this scope
[INFO] [stdout]   --> com_ptr_util/src/lib.rs:23:44
[INFO] [stdout]    |
[INFO] [stdout] 23 |         F: FnOnce(*mut *mut Self::Item) -> HRESULT,
[INFO] [stdout]    |                                            ^^^^^^^ not found in this scope
[INFO] [stdout] 
[INFO] [stdout] 
[INFO] [stdout] error: aborting due to 5 previous errors
[INFO] [stdout] 
[INFO] [stdout] 
[INFO] [stdout] Some errors have detailed explanations: E0412, E0432, E0433.
[INFO] [stdout] 
[INFO] [stdout] For more information about an error, try `rustc --explain E0412`.
[INFO] [stdout] 
[INFO] [stderr] error: could not compile `com_ptr_util` due to 6 previous errors
[INFO] [stderr] warning: build failed, waiting for other jobs to finish...
[INFO] [stdout] error[E0433]: failed to resolve: could not find `shared` in `winapi`
[INFO] [stdout]  --> com_ptr_util/src/lib.rs:2:14
[INFO] [stdout]   |
[INFO] [stdout] 2 | use winapi::{shared::ntdef::HRESULT, Interface};
[INFO] [stdout]   |              ^^^^^^ could not find `shared` in `winapi`
[INFO] [stdout] 
[INFO] [stdout] 
[INFO] [stdout] error[E0432]: unresolved import `com_ptr::ComPtr`
[INFO] [stdout]  --> com_ptr_util/src/lib.rs:1:5
[INFO] [stdout]   |
[INFO] [stdout] 1 | use com_ptr::ComPtr;
[INFO] [stdout]   |     ^^^^^^^^^^^^^^^ no `ComPtr` in the root
[INFO] [stdout] 
[INFO] [stdout] 
[INFO] [stdout] error[E0432]: unresolved import `winapi::Interface`
[INFO] [stdout]  --> com_ptr_util/src/lib.rs:2:38
[INFO] [stdout]   |
[INFO] [stdout] 2 | use winapi::{shared::ntdef::HRESULT, Interface};
[INFO] [stdout]   |                                      ^^^^^^^^^ no `Interface` in the root
[INFO] [stdout] 
[INFO] [stdout] 
[INFO] [stdout] error[E0412]: cannot find type `HRESULT` in this scope
[INFO] [stdout]   --> com_ptr_util/src/lib.rs:15:44
[INFO] [stdout]    |
[INFO] [stdout] 15 |         F: FnOnce(*mut *mut Self::Item) -> HRESULT;
[INFO] [stdout]    |                                            ^^^^^^^ not found in this scope
[INFO] [stdout] 
[INFO] [stdout] 
[INFO] [stdout] error[E0412]: cannot find type `HRESULT` in this scope
[INFO] [stdout]   --> com_ptr_util/src/lib.rs:23:44
[INFO] [stdout]    |
[INFO] [stdout] 23 |         F: FnOnce(*mut *mut Self::Item) -> HRESULT,
[INFO] [stdout]    |                                            ^^^^^^^ not found in this scope
[INFO] [stdout] 
[INFO] [stdout] 
[INFO] [stdout] error: Compilation failed, aborting rustdoc
[INFO] [stdout] 
[INFO] [stdout] 
[INFO] [stdout] error: aborting due to 6 previous errors
[INFO] [stdout] 
[INFO] [stdout] 
[INFO] [stdout] Some errors have detailed explanations: E0412, E0432, E0433.
[INFO] [stdout] 
[INFO] [stdout] For more information about an error, try `rustc --explain E0412`.
[INFO] [stdout] 
[INFO] [stderr] error: build failed
[INFO] running `Command { std: "docker" "inspect" "6fe1ca64c76d16dc3bae18935d71029d52ea6cc9a298ad00b7110a72f7bab259", kill_on_drop: false }`
[INFO] running `Command { std: "docker" "rm" "-f" "6fe1ca64c76d16dc3bae18935d71029d52ea6cc9a298ad00b7110a72f7bab259", kill_on_drop: false }`
[INFO] [stdout] 6fe1ca64c76d16dc3bae18935d71029d52ea6cc9a298ad00b7110a72f7bab259
