[INFO] cloning repository https://github.com/ordian/open-ethereum-ci-experiment
[INFO] running `Command { std: "git" "-c" "credential.helper=" "-c" "credential.helper=/workspace/cargo-home/bin/git-credential-null" "clone" "--bare" "https://github.com/ordian/open-ethereum-ci-experiment" "/workspace/cache/git-repos/https%3A%2F%2Fgithub.com%2Fordian%2Fopen-ethereum-ci-experiment", kill_on_drop: false }`
[INFO] [stderr] Cloning into bare repository '/workspace/cache/git-repos/https%3A%2F%2Fgithub.com%2Fordian%2Fopen-ethereum-ci-experiment'...
[INFO] running `Command { std: "git" "rev-parse" "HEAD", kill_on_drop: false }`
[INFO] [stdout] 853fa54ce07218995df732035ee0410e154f43d2
[INFO] documenting ordian/open-ethereum-ci-experiment against beta-2021-08-01 for beta-1.55-rustdoc-1
[INFO] running `Command { std: "git" "clone" "/workspace/cache/git-repos/https%3A%2F%2Fgithub.com%2Fordian%2Fopen-ethereum-ci-experiment" "/workspace/builds/worker-10/source", kill_on_drop: false }`
[INFO] [stderr] Cloning into '/workspace/builds/worker-10/source'...
[INFO] [stderr] done.
[INFO] validating manifest of git repo https://github.com/ordian/open-ethereum-ci-experiment on toolchain beta-2021-08-01
[INFO] running `Command { std: "/workspace/cargo-home/bin/cargo" "+beta-2021-08-01" "metadata" "--manifest-path" "Cargo.toml" "--no-deps", kill_on_drop: false }`
[INFO] removed /workspace/builds/worker-10/source/.cargo/config
[INFO] started tweaking git repo https://github.com/ordian/open-ethereum-ci-experiment
[INFO] finished tweaking git repo https://github.com/ordian/open-ethereum-ci-experiment
[INFO] tweaked toml for git repo https://github.com/ordian/open-ethereum-ci-experiment written to /workspace/builds/worker-10/source/Cargo.toml
[INFO] crate git repo https://github.com/ordian/open-ethereum-ci-experiment already has a lockfile, it will not be regenerated
[INFO] running `Command { std: "/workspace/cargo-home/bin/cargo" "+beta-2021-08-01" "fetch" "--manifest-path" "Cargo.toml", kill_on_drop: false }`
[INFO] [stderr]  Downloading crates ...
[INFO] [stderr]   Downloaded logos-derive v0.7.7
[INFO] [stderr]   Downloaded memory-db v0.18.0
[INFO] [stderr]   Downloaded jsonrpc-tcp-server v14.0.3
[INFO] [stderr]   Downloaded transaction-pool v2.0.1
[INFO] [stderr]   Downloaded logos v0.7.7
[INFO] [stderr]   Downloaded ethabi-derive v9.0.1
[INFO] [stderr]   Downloaded hyper-rustls v0.18.0
[INFO] [stderr]   Downloaded ethabi-contract v9.0.0
[INFO] [stderr]   Downloaded parity-util-mem v0.3.0
[INFO] [stderr]   Downloaded jsonrpc-ipc-server v14.0.6
[INFO] [stderr]   Downloaded triehash v0.8.2
[INFO] [stderr]   Downloaded jsonrpc-ws-server v14.0.5
[INFO] [stderr]   Downloaded keccak-hash v0.4.0
[INFO] [stderr]   Downloaded jobserver v0.1.16
[INFO] [stderr]   Downloaded subtle v2.1.0
[INFO] [stderr]   Downloaded parity-wordlist v1.3.0
[INFO] [stderr]   Downloaded kvdb v0.2.0
[INFO] [stderr]   Downloaded bindgen v0.49.2
[INFO] [stderr]   Downloaded trie-db v0.18.0
[INFO] [stderr]   Downloaded toolshed v0.6.3
[INFO] [stderr]   Downloaded lunarity-lexer v0.2.1
[INFO] [stderr]   Downloaded kvdb-memorydb v0.2.0
[INFO] [stderr]   Downloaded hash256-std-hasher v0.15.0
[INFO] [stderr]   Downloaded hex-literal-impl v0.2.0
[INFO] [stderr]   Downloaded natpmp v0.2.0
[INFO] [stderr]   Downloaded trie-standardmap v0.15.0
[INFO] [stderr]   Downloaded keccak-hasher v0.15.0
[INFO] [stderr]   Downloaded igd v0.9.0
[INFO] [stderr]   Downloaded attohttpc v0.4.1
[INFO] [stderr]   Downloaded kvdb-rocksdb v0.3.0
[INFO] running `Command { std: "docker" "create" "-v" "/var/lib/crater-agent-workspace/builds/worker-10/target:/opt/rustwide/target:rw,Z" "-v" "/var/lib/crater-agent-workspace/builds/worker-10/source:/opt/rustwide/workdir:ro,Z" "-v" "/var/lib/crater-agent-workspace/cargo-home:/opt/rustwide/cargo-home:ro,Z" "-v" "/var/lib/crater-agent-workspace/rustup-home:/opt/rustwide/rustup-home:ro,Z" "-e" "SOURCE_DIR=/opt/rustwide/workdir" "-e" "CARGO_TARGET_DIR=/opt/rustwide/target" "-e" "CARGO_HOME=/opt/rustwide/cargo-home" "-e" "RUSTUP_HOME=/opt/rustwide/rustup-home" "-w" "/opt/rustwide/workdir" "-m" "1610612736" "--user" "0:0" "--network" "none" "ghcr.io/rust-lang/crates-build-env/linux@sha256:34b6a614d2c27851fe6cbf88fbd1137609cefab8b10d0615aaeb6fd47975d74e" "/opt/rustwide/cargo-home/bin/cargo" "+beta-2021-08-01" "metadata" "--no-deps" "--format-version=1", kill_on_drop: false }`
[INFO] [stderr] WARNING: Your kernel does not support swap limit capabilities or the cgroup is not mounted. Memory limited without swap.
[INFO] [stdout] f5ad0b1d3c41ae1368c7b17c5e818abb96b2e55285c0495c6fddc6c15eb725b5
[INFO] running `Command { std: "docker" "start" "-a" "f5ad0b1d3c41ae1368c7b17c5e818abb96b2e55285c0495c6fddc6c15eb725b5", kill_on_drop: false }`
[INFO] running `Command { std: "docker" "inspect" "f5ad0b1d3c41ae1368c7b17c5e818abb96b2e55285c0495c6fddc6c15eb725b5", kill_on_drop: false }`
[INFO] running `Command { std: "docker" "rm" "-f" "f5ad0b1d3c41ae1368c7b17c5e818abb96b2e55285c0495c6fddc6c15eb725b5", kill_on_drop: false }`
[INFO] [stdout] f5ad0b1d3c41ae1368c7b17c5e818abb96b2e55285c0495c6fddc6c15eb725b5
[INFO] running `Command { std: "docker" "create" "-v" "/var/lib/crater-agent-workspace/builds/worker-10/target:/opt/rustwide/target:rw,Z" "-v" "/var/lib/crater-agent-workspace/builds/worker-10/source:/opt/rustwide/workdir:ro,Z" "-v" "/var/lib/crater-agent-workspace/cargo-home:/opt/rustwide/cargo-home:ro,Z" "-v" "/var/lib/crater-agent-workspace/rustup-home:/opt/rustwide/rustup-home:ro,Z" "-e" "SOURCE_DIR=/opt/rustwide/workdir" "-e" "CARGO_TARGET_DIR=/opt/rustwide/target" "-e" "CARGO_INCREMENTAL=0" "-e" "RUST_BACKTRACE=full" "-e" "RUSTDOCFLAGS=--cap-lints=warn" "-e" "CARGO_HOME=/opt/rustwide/cargo-home" "-e" "RUSTUP_HOME=/opt/rustwide/rustup-home" "-w" "/opt/rustwide/workdir" "-m" "1610612736" "--user" "0:0" "--network" "none" "ghcr.io/rust-lang/crates-build-env/linux@sha256:34b6a614d2c27851fe6cbf88fbd1137609cefab8b10d0615aaeb6fd47975d74e" "/opt/rustwide/cargo-home/bin/cargo" "+beta-2021-08-01" "doc" "--frozen" "--no-deps" "--document-private-items" "--message-format=json", kill_on_drop: false }`
[INFO] [stdout] e7a4192dcfd607c4d0873333f995558886ad5fa516fbecd0cdf997c0ae25c28d
[INFO] [stderr] WARNING: Your kernel does not support swap limit capabilities or the cgroup is not mounted. Memory limited without swap.
[INFO] running `Command { std: "docker" "start" "-a" "e7a4192dcfd607c4d0873333f995558886ad5fa516fbecd0cdf997c0ae25c28d", kill_on_drop: false }`
[INFO] [stderr]    Compiling proc-macro2 v1.0.1
[INFO] [stderr]    Compiling syn v1.0.5
[INFO] [stderr]    Compiling byteorder v1.3.2
[INFO] [stderr]    Compiling getrandom v0.1.11
[INFO] [stderr]    Compiling crunchy v0.2.2
[INFO] [stderr]     Checking scopeguard v1.0.0
[INFO] [stderr]     Checking rustc-hex v2.0.1
[INFO] [stderr]     Checking arrayvec v0.5.1
[INFO] [stderr]     Checking byte-slice-cast v0.3.4
[INFO] [stderr]     Checking bitvec v0.15.2
[INFO] [stderr]    Compiling ppv-lite86 v0.2.5
[INFO] [stderr]    Compiling crunchy v0.1.6
[INFO] [stderr]    Compiling regex-syntax v0.6.12
[INFO] [stderr]     Checking parity-bytes v0.1.0
[INFO] [stderr]     Checking hash-db v0.15.2
[INFO] [stderr]    Compiling fs_extra v1.1.0
[INFO] [stderr]    Compiling heapsize v0.4.2
[INFO] [stderr]     Checking rustc-hex v1.0.0
[INFO] [stderr]     Checking subtle v2.1.0
[INFO] [stderr]     Checking unexpected v0.1.0 (/opt/rustwide/workdir/util/unexpected)
[INFO] [stderr]     Checking untrusted v0.7.0
[INFO] [stderr]    Compiling error-chain v0.12.0
[INFO] [stderr]     Checking nan-preserving-float v0.1.0
[INFO] [stderr]     Checking memory_units v0.3.0
[INFO] [stderr]     Checking ethabi-contract v9.0.0
[INFO] [stderr]     Checking static_assertions v0.3.3
[INFO] [stderr]     Checking siphasher v0.3.0
[INFO] [stderr]     Checking macros v0.1.0 (/opt/rustwide/workdir/util/macros)
[INFO] [stderr]    Compiling rustc-demangle v0.1.9
[INFO] [stderr]     Checking time-utils v0.1.0 (/opt/rustwide/workdir/util/time-utils)
[INFO] [stderr]     Checking using_queue v0.1.0 (/opt/rustwide/workdir/miner/using-queue)
[INFO] [stderr]     Checking ipnetwork v0.12.8
[INFO] [stderr]    Compiling unicode-width v0.1.5
[INFO] [stderr]     Checking slab v0.2.0
[INFO] [stderr]     Checking parity-path v0.1.1
[INFO] [stderr]    Compiling winapi v0.3.8
[INFO] [stderr]    Compiling vec_map v0.8.1
[INFO] [stderr]    Compiling bindgen v0.49.2
[INFO] [stderr]     Checking edit-distance v2.0.1
[INFO] [stderr]     Checking base-x v0.2.3
[INFO] [stderr]     Checking mio-named-pipes v0.1.6
[INFO] [stderr]     Checking sha1 v0.5.0
[INFO] [stderr]     Checking home v0.3.3
[INFO] [stderr]     Checking integer-encoding v1.0.5
[INFO] [stderr]    Compiling if_chain v0.1.3
[INFO] [stderr]     Checking target_info v0.1.0
[INFO] [stderr]     Checking transient-hashmap v0.4.1
[INFO] [stderr]     Checking order-stat v0.1.3
[INFO] [stderr]     Checking interleaved-ordered v0.1.1
[INFO] [stderr]     Checking rprompt v1.0.3
[INFO] [stderr]     Checking itertools v0.5.10
[INFO] [stderr]     Checking itertools v0.8.0
[INFO] [stderr]     Checking tokio-service v0.1.0
[INFO] [stderr]     Checking itertools v0.7.8
[INFO] [stderr]    Compiling hashbrown v0.6.3
[INFO] [stderr]    Compiling bincode v1.1.4
[INFO] [stderr]     Checking tokio-sync v0.1.6
[INFO] [stderr]     Checking kvdb v0.2.0
[INFO] [stderr]     Checking lock_api v0.3.1
[INFO] [stderr]     Checking rlp v0.4.4
[INFO] [stderr]     Checking lru-cache v0.1.2
[INFO] [stderr]    Compiling heck v0.3.0
[INFO] [stderr]     Checking eip-152 v0.1.0 (/opt/rustwide/workdir/util/EIP-152)
[INFO] [stderr]    Compiling c2-chacha v0.2.2
[INFO] [stderr]    Compiling rand_core v0.3.1
[INFO] [stderr]     Checking xml-rs v0.7.0
[INFO] [stderr]    Compiling clang-sys v0.28.1
[INFO] [stderr]     Checking ethcore-bloom-journal v0.1.0 (/opt/rustwide/workdir/util/bloom)
[INFO] [stderr]    Compiling humantime v1.1.1
[INFO] [stderr]    Compiling textwrap v0.11.0
[INFO] [stderr]     Checking app_dirs v1.2.1 (https://github.com/paritytech/app-dirs-rs#0b37f948)
[INFO] [stderr]     Checking tokio-timer v0.1.2
[INFO] [stderr]     Checking textwrap v0.9.0
[INFO] [stderr]     Checking multibase v0.6.0
[INFO] [stderr]    Compiling libc v0.2.65
[INFO] [stderr]     Checking rand_core v0.2.2
[INFO] [stderr]     Checking arrayvec v0.4.11
[INFO] [stderr]     Checking lock_api v0.1.4
[INFO] [stderr]     Checking idna v0.2.0
[INFO] [stderr]     Checking primal-sieve v0.2.9
[INFO] [stderr]     Checking impl-rlp v0.2.1
[INFO] [stderr]     Checking triehash v0.8.2
[INFO] [stderr]     Checking iovec v0.1.2
[INFO] [stderr]     Checking num_cpus v1.10.1
[INFO] [stderr]     Checking net2 v0.2.33
[INFO] [stderr]     Checking time v0.1.40
[INFO] [stderr]     Checking rand v0.4.6
[INFO] [stderr]     Checking memmap v0.6.2
[INFO] [stderr]     Checking socket2 v0.3.8
[INFO] [stderr]     Checking atty v0.2.11
[INFO] [stderr]     Checking fs-swap v0.2.4
[INFO] [stderr]     Checking rpassword v1.0.2
[INFO] [stderr]     Checking term_size v0.3.1
[INFO] [stderr]     Checking fdlimit v0.1.1
[INFO] [stderr]     Checking trace-time v0.1.1
[INFO] [stderr]     Checking stats v0.1.0 (/opt/rustwide/workdir/util/stats)
[INFO] [stderr]     Checking tokio-timer v0.2.11
[INFO] [stderr]     Checking aho-corasick v0.6.8
[INFO] [stderr]     Checking number_prefix v0.2.8
[INFO] [stderr]    Compiling num-integer v0.1.39
[INFO] [stderr]    Compiling nom v4.2.3
[INFO] [stderr]     Checking url v1.7.1
[INFO] [stderr]     Checking rand v0.5.5
[INFO] [stderr]     Checking plain_hasher v0.2.0
[INFO] [stderr]     Checking tiny-keccak v1.5.0
[INFO] [stderr]     Checking xmltree v0.8.0
[INFO] [stderr]     Checking elastic-array v0.10.2
[INFO] [stderr]     Checking bytes v0.4.12
[INFO] [stderr]     Checking uint v0.8.2
[INFO] [stderr]     Checking base64 v0.9.3
[INFO] [stderr]     Checking base64 v0.10.1
[INFO] [stderr]     Checking parity-wasm v0.31.3
[INFO] [stderr]     Checking fxhash v0.2.1
[INFO] [stderr]    Compiling jobserver v0.1.16
[INFO] [stderr]     Checking rand_core v0.5.1
[INFO] [stderr]     Checking futures-cpupool v0.1.8
[INFO] [stderr]     Checking url v2.1.0
[INFO] [stderr]     Checking clap v2.33.0
[INFO] [stderr]     Checking mio v0.6.19
[INFO] [stderr]    Compiling syn v0.15.26
[INFO] [stderr]    Compiling regex v1.3.1
[INFO] [stderr]     Checking block-buffer v0.7.3
[INFO] [stderr]     Checking block-cipher-trait v0.6.2
[INFO] [stderr]     Checking crypto-mac v0.7.0
[INFO] [stderr]     Checking stream-cipher v0.3.0
[INFO] [stderr]     Checking enum_primitive v0.1.1
[INFO] [stderr]     Checking transaction-pool v2.0.1
[INFO] [stderr]     Checking chrono v0.4.6
[INFO] [stderr]    Compiling quote v1.0.2
[INFO] [stderr]     Checking ctrlc v1.1.1 (https://github.com/paritytech/rust-ctrlc.git#b5230171)
[INFO] [stderr]     Checking miow v0.3.3
[INFO] [stderr]     Checking num-bigint v0.1.44
[INFO] [stderr]     Checking tempdir v0.3.7
[INFO] [stderr]     Checking rlp_compress v0.1.0 (/opt/rustwide/workdir/util/rlp-compress)
[INFO] [stderr]     Checking toolshed v0.6.3
[INFO] [stderr]     Checking tokio-io v0.1.9
[INFO] [stderr]     Checking http v0.1.21
[INFO] [stderr]     Checking string v0.2.1
[INFO] [stderr]     Checking tokio-buf v0.1.1
[INFO] [stderr]    Compiling cc v1.0.46
[INFO] [stderr]     Checking rand_chacha v0.2.1
[INFO] [stderr]     Checking rand_xorshift v0.2.0
[INFO] [stderr]    Compiling cexpr v0.3.6
[INFO] [stderr]     Checking bn v0.4.4 (https://github.com/paritytech/bn#6beba2ed)
[INFO] [stderr]     Checking sha2 v0.8.0
[INFO] [stderr]     Checking ripemd160 v0.8.0
[INFO] [stderr]     Checking sha-1 v0.8.1
[INFO] [stderr]     Checking primal v0.2.3
[INFO] [stderr]     Checking aes-soft v0.3.3
[INFO] [stderr]     Checking block-modes v0.3.3
[INFO] [stderr]     Checking hmac v0.7.0
[INFO] [stderr]     Checking ctr v0.3.2
[INFO] [stderr]     Checking mio-uds v0.6.7
[INFO] [stderr]     Checking mio-extras v2.0.5
[INFO] [stderr]    Compiling phf_generator v0.7.23
[INFO] [stderr]     Checking pwasm-utils v0.6.1
[INFO] [stderr]     Checking wasmi v0.3.0
[INFO] [stderr]     Checking rand v0.7.2
[INFO] [stderr]     Checking tokio-codec v0.1.1
[INFO] [stderr]     Checking timer v0.2.0
[INFO] [stderr]    Compiling cmake v0.1.35
[INFO] [stderr]     Checking num v0.1.42
[INFO] [stderr]     Checking multihash v0.8.0
[INFO] [stderr]    Compiling env_logger v0.6.2
[INFO] [stderr]     Checking globset v0.4.2
[INFO] [stderr]     Checking env_logger v0.5.13
[INFO] [stderr]     Checking pbkdf2 v0.3.0
[INFO] [stderr]     Checking aes-ctr v0.3.0
[INFO] [stderr]     Checking aes v0.3.2
[INFO] [stderr]    Compiling phf_codegen v0.7.23
[INFO] [stderr]     Checking cid v0.3.0
[INFO] [stderr]    Compiling vergen v3.0.4
[INFO] [stderr]    Compiling jemalloc-sys v0.3.2
[INFO] [stderr]    Compiling parity-secp256k1 v0.7.0
[INFO] [stderr]    Compiling ring v0.16.9
[INFO] [stderr]    Compiling backtrace-sys v0.1.24
[INFO] [stderr]    Compiling natpmp v0.2.0
[INFO] [stderr]    Compiling libloading v0.5.0
[INFO] [stderr]     Checking scrypt v0.2.0
[INFO] [stderr]    Compiling parity-snappy-sys v0.1.2
[INFO] [stderr]    Compiling mime_guess v2.0.0-alpha.6
[INFO] [stderr]     Checking http-body v0.1.0
[INFO] [stderr]     Checking h2 v0.1.26
[INFO] [stderr]     Checking attohttpc v0.4.1
[INFO] [stderr]     Checking fixed-hash v0.5.2
[INFO] [stderr]     Checking igd v0.9.0
[INFO] [stderr]    Compiling backtrace v0.3.9
[INFO] [stderr]    Compiling synstructure v0.10.1
[INFO] [stderr]     Checking panic_hook v0.1.0 (/opt/rustwide/workdir/util/panic-hook)
[INFO] [stderr]     Checking sct v0.6.0
[INFO] [stderr]     Checking webpki v0.21.0
[INFO] [stderr]     Checking ct-logs v0.6.0
[INFO] [stderr]    Compiling zeroize_derive v0.9.3
[INFO] [stderr]    Compiling rlp_derive v0.1.0 (/opt/rustwide/workdir/util/rlp-derive)
[INFO] [stderr]    Compiling derive_more v0.15.0
[INFO] [stderr]    Compiling failure_derive v0.1.3
[INFO] [stderr]    Compiling derive_more v0.14.0
[INFO] [stderr]    Compiling logos-derive v0.7.7
[INFO] [stderr]     Checking rustls v0.16.0
[INFO] [stdout] error[E0061]: this function takes 1 argument but 2 arguments were supplied
[INFO] [stdout]     --> /opt/rustwide/cargo-home/registry/src/github.com-1ecc6299db9ec823/logos-derive-0.7.7/src/lib.rs:55:20
[INFO] [stdout]      |
[INFO] [stdout] 55   |             extras.insert(util::ident(&ext), |_| panic!("Only one #[extras] attribute can be declared."));
[INFO] [stdout]      |                    ^^^^^^ -----------------  ----------------------------------------------------------- supplied 2 arguments
[INFO] [stdout]      |                    |
[INFO] [stdout]      |                    expected 1 argument
[INFO] [stdout]      |
[INFO] [stdout] note: associated function defined here
[INFO] [stdout] 
[INFO] [stdout] 
[INFO] [stdout] error[E0061]: this function takes 1 argument but 2 arguments were supplied
[INFO] [stdout]     --> /opt/rustwide/cargo-home/registry/src/github.com-1ecc6299db9ec823/logos-derive-0.7.7/src/lib.rs:89:23
[INFO] [stdout]      |
[INFO] [stdout] 89   |                 error.insert(variant, |_| panic!("Only one #[error] variant can be declared."));
[INFO] [stdout]      |                       ^^^^^^ -------  -------------------------------------------------------- supplied 2 arguments
[INFO] [stdout]      |                       |
[INFO] [stdout]      |                       expected 1 argument
[INFO] [stdout]      |
[INFO] [stdout] note: associated function defined here
[INFO] [stdout] 
[INFO] [stdout] 
[INFO] [stdout] error[E0061]: this function takes 1 argument but 2 arguments were supplied
[INFO] [stdout]     --> /opt/rustwide/cargo-home/registry/src/github.com-1ecc6299db9ec823/logos-derive-0.7.7/src/lib.rs:93:21
[INFO] [stdout]      |
[INFO] [stdout] 93   |                 end.insert(variant, |_| panic!("Only one #[end] variant can be declared."));
[INFO] [stdout]      |                     ^^^^^^ -------  ------------------------------------------------------ supplied 2 arguments
[INFO] [stdout]      |                     |
[INFO] [stdout]      |                     expected 1 argument
[INFO] [stdout]      |
[INFO] [stdout] note: associated function defined here
[INFO] [stdout] 
[INFO] [stdout] 
[INFO] [stdout] error: aborting due to 3 previous errors
[INFO] [stdout] 
[INFO] [stdout] 
[INFO] [stdout] For more information about this error, try `rustc --explain E0061`.
[INFO] [stdout] 
[INFO] [stderr] error: could not compile `logos-derive` due to 4 previous errors
[INFO] [stderr] warning: build failed, waiting for other jobs to finish...
[INFO] [stderr] error: build failed
[INFO] running `Command { std: "docker" "inspect" "e7a4192dcfd607c4d0873333f995558886ad5fa516fbecd0cdf997c0ae25c28d", kill_on_drop: false }`
[INFO] running `Command { std: "docker" "rm" "-f" "e7a4192dcfd607c4d0873333f995558886ad5fa516fbecd0cdf997c0ae25c28d", kill_on_drop: false }`
[INFO] [stdout] e7a4192dcfd607c4d0873333f995558886ad5fa516fbecd0cdf997c0ae25c28d
