[INFO] cloning repository https://github.com/onah/ciana_rust
[INFO] running `Command { std: "git" "-c" "credential.helper=" "-c" "credential.helper=/workspace/cargo-home/bin/git-credential-null" "clone" "--bare" "https://github.com/onah/ciana_rust" "/workspace/cache/git-repos/https%3A%2F%2Fgithub.com%2Fonah%2Fciana_rust", kill_on_drop: false }`
[INFO] [stderr] Cloning into bare repository '/workspace/cache/git-repos/https%3A%2F%2Fgithub.com%2Fonah%2Fciana_rust'...
[INFO] running `Command { std: "git" "rev-parse" "HEAD", kill_on_drop: false }`
[INFO] [stdout] f713422d831b27f0f2a4007f53ceee8fdcc8e6ae
[INFO] documenting onah/ciana_rust against beta-2021-08-01 for beta-1.55-rustdoc-1
[INFO] running `Command { std: "git" "clone" "/workspace/cache/git-repos/https%3A%2F%2Fgithub.com%2Fonah%2Fciana_rust" "/workspace/builds/worker-5/source", kill_on_drop: false }`
[INFO] [stderr] Cloning into '/workspace/builds/worker-5/source'...
[INFO] [stderr] done.
[INFO] validating manifest of git repo https://github.com/onah/ciana_rust on toolchain beta-2021-08-01
[INFO] running `Command { std: "/workspace/cargo-home/bin/cargo" "+beta-2021-08-01" "metadata" "--manifest-path" "Cargo.toml" "--no-deps", kill_on_drop: false }`
[INFO] started tweaking git repo https://github.com/onah/ciana_rust
[INFO] finished tweaking git repo https://github.com/onah/ciana_rust
[INFO] tweaked toml for git repo https://github.com/onah/ciana_rust written to /workspace/builds/worker-5/source/Cargo.toml
[INFO] crate git repo https://github.com/onah/ciana_rust already has a lockfile, it will not be regenerated
[INFO] running `Command { std: "/workspace/cargo-home/bin/cargo" "+beta-2021-08-01" "fetch" "--manifest-path" "Cargo.toml", kill_on_drop: false }`
[INFO] running `Command { std: "docker" "create" "-v" "/var/lib/crater-agent-workspace/builds/worker-5/target:/opt/rustwide/target:rw,Z" "-v" "/var/lib/crater-agent-workspace/builds/worker-5/source:/opt/rustwide/workdir:ro,Z" "-v" "/var/lib/crater-agent-workspace/cargo-home:/opt/rustwide/cargo-home:ro,Z" "-v" "/var/lib/crater-agent-workspace/rustup-home:/opt/rustwide/rustup-home:ro,Z" "-e" "SOURCE_DIR=/opt/rustwide/workdir" "-e" "CARGO_TARGET_DIR=/opt/rustwide/target" "-e" "CARGO_HOME=/opt/rustwide/cargo-home" "-e" "RUSTUP_HOME=/opt/rustwide/rustup-home" "-w" "/opt/rustwide/workdir" "-m" "1610612736" "--user" "0:0" "--network" "none" "ghcr.io/rust-lang/crates-build-env/linux@sha256:34b6a614d2c27851fe6cbf88fbd1137609cefab8b10d0615aaeb6fd47975d74e" "/opt/rustwide/cargo-home/bin/cargo" "+beta-2021-08-01" "metadata" "--no-deps" "--format-version=1", kill_on_drop: false }`
[INFO] [stdout] 61d5b3366e41d4662ca3acd05e4ee2ad059dafeae378bf977cfdd98ed64f76b5
[INFO] [stderr] WARNING: Your kernel does not support swap limit capabilities or the cgroup is not mounted. Memory limited without swap.
[INFO] running `Command { std: "docker" "start" "-a" "61d5b3366e41d4662ca3acd05e4ee2ad059dafeae378bf977cfdd98ed64f76b5", kill_on_drop: false }`
[INFO] running `Command { std: "docker" "inspect" "61d5b3366e41d4662ca3acd05e4ee2ad059dafeae378bf977cfdd98ed64f76b5", kill_on_drop: false }`
[INFO] running `Command { std: "docker" "rm" "-f" "61d5b3366e41d4662ca3acd05e4ee2ad059dafeae378bf977cfdd98ed64f76b5", kill_on_drop: false }`
[INFO] [stdout] 61d5b3366e41d4662ca3acd05e4ee2ad059dafeae378bf977cfdd98ed64f76b5
[INFO] running `Command { std: "docker" "create" "-v" "/var/lib/crater-agent-workspace/builds/worker-5/target:/opt/rustwide/target:rw,Z" "-v" "/var/lib/crater-agent-workspace/builds/worker-5/source:/opt/rustwide/workdir:ro,Z" "-v" "/var/lib/crater-agent-workspace/cargo-home:/opt/rustwide/cargo-home:ro,Z" "-v" "/var/lib/crater-agent-workspace/rustup-home:/opt/rustwide/rustup-home:ro,Z" "-e" "SOURCE_DIR=/opt/rustwide/workdir" "-e" "CARGO_TARGET_DIR=/opt/rustwide/target" "-e" "CARGO_INCREMENTAL=0" "-e" "RUST_BACKTRACE=full" "-e" "RUSTDOCFLAGS=--cap-lints=warn" "-e" "CARGO_HOME=/opt/rustwide/cargo-home" "-e" "RUSTUP_HOME=/opt/rustwide/rustup-home" "-w" "/opt/rustwide/workdir" "-m" "1610612736" "--user" "0:0" "--network" "none" "ghcr.io/rust-lang/crates-build-env/linux@sha256:34b6a614d2c27851fe6cbf88fbd1137609cefab8b10d0615aaeb6fd47975d74e" "/opt/rustwide/cargo-home/bin/cargo" "+beta-2021-08-01" "doc" "--frozen" "--no-deps" "--document-private-items" "--message-format=json", kill_on_drop: false }`
[INFO] [stdout] c756a5404f203c38e4708a68ec24748225531d1dd84b67a0a903445dd1ee0cd6
[INFO] [stderr] WARNING: Your kernel does not support swap limit capabilities or the cgroup is not mounted. Memory limited without swap.
[INFO] running `Command { std: "docker" "start" "-a" "c756a5404f203c38e4708a68ec24748225531d1dd84b67a0a903445dd1ee0cd6", kill_on_drop: false }`
[INFO] [stderr]    Compiling clang-sys v0.28.1
[INFO] [stderr]     Checking clang v0.23.0
[INFO] [stderr]  Documenting ciana v0.1.0 (/opt/rustwide/workdir)
[INFO] [stdout] error[E0407]: method `is_global_variable` is not a member of trait `AstReader`
[INFO] [stdout]   --> src/ast_reader/libclang_ast_reader.rs:82:3
[INFO] [stdout]    |
[INFO] [stdout] 82 | /   fn is_global_variable(target: &SourceLocation) -> Result<bool, CianaError> {
[INFO] [stdout] 83 | |       let cl = clang::Clang::new()?;
[INFO] [stdout] 84 | |       let index = clang::Index::new(&cl, false, false);
[INFO] [stdout] 85 | |       let tu = index.parser(target.filename.clone()).parse()?;
[INFO] [stdout] ...  |
[INFO] [stdout] 88 | |       Ok(result)
[INFO] [stdout] 89 | |   }
[INFO] [stdout]    | |___^ not a member of trait `AstReader`
[INFO] [stdout] 
[INFO] [stdout] 
[INFO] [stdout] error[E0407]: method `visitor_children_for_global_variable` is not a member of trait `AstReader`
[INFO] [stdout]    --> src/ast_reader/libclang_ast_reader.rs:91:3
[INFO] [stdout]     |
[INFO] [stdout] 91  | /   fn visitor_children_for_global_variable(
[INFO] [stdout] 92  | |       entity: clang::Entity,
[INFO] [stdout] 93  | |       target: &SourceLocation,
[INFO] [stdout] 94  | |       mut is_found: bool,
[INFO] [stdout] ...   |
[INFO] [stdout] 110 | |       false
[INFO] [stdout] 111 | |   }
[INFO] [stdout]     | |___^ not a member of trait `AstReader`
[INFO] [stdout] 
[INFO] [stdout] 
[INFO] [stdout] error[E0407]: method `get_all_complie_source_file` is not a member of trait `AstReader`
[INFO] [stdout]    --> src/ast_reader/libclang_ast_reader.rs:113:3
[INFO] [stdout]     |
[INFO] [stdout] 113 | /   fn get_all_complie_source_file() -> Result<Vec<std::path::PathBuf>, CianaError> {
[INFO] [stdout] 114 | |       let mut results = Vec::new();
[INFO] [stdout] 115 | |   
[INFO] [stdout] 116 | |       let compilation_database_path = get_compilation_database_path()?;
[INFO] [stdout] ...   |
[INFO] [stdout] 132 | |       Ok(results)
[INFO] [stdout] 133 | |   }
[INFO] [stdout]     | |___^ not a member of trait `AstReader`
[INFO] [stdout] 
[INFO] [stdout] 
[INFO] [stdout] error[E0407]: method `visitor_children_for_variables` is not a member of trait `AstReader`
[INFO] [stdout]    --> src/ast_reader/libclang_ast_reader.rs:135:3
[INFO] [stdout]     |
[INFO] [stdout] 135 | /   fn visitor_children_for_variables(
[INFO] [stdout] 136 | |       entity: clang::Entity,
[INFO] [stdout] 137 | |       target: &SourceLocation,
[INFO] [stdout] 138 | |   ) -> Vec<SourceLocation> {
[INFO] [stdout] ...   |
[INFO] [stdout] 155 | |       results
[INFO] [stdout] 156 | |   }
[INFO] [stdout]     | |___^ not a member of trait `AstReader`
[INFO] [stdout] 
[INFO] [stdout] 
[INFO] [stdout] error[E0407]: method `is_same_target` is not a member of trait `AstReader`
[INFO] [stdout]    --> src/ast_reader/libclang_ast_reader.rs:158:3
[INFO] [stdout]     |
[INFO] [stdout] 158 | /   fn is_same_target(entity: &clang::Entity, target: &SourceLocation) -> bool {
[INFO] [stdout] 159 | |       //print_entiry_simple(&entity);
[INFO] [stdout] 160 | |       let comparison = match get_source_location_from_entity(entity) {
[INFO] [stdout] 161 | |           Some(v) => v,
[INFO] [stdout] ...   |
[INFO] [stdout] 165 | |       &comparison == target
[INFO] [stdout] 166 | |   }
[INFO] [stdout]     | |___^ not a member of trait `AstReader`
[INFO] [stdout] 
[INFO] [stdout] 
[INFO] [stdout] error[E0407]: method `get_source_location_from_entity` is not a member of trait `AstReader`
[INFO] [stdout]    --> src/ast_reader/libclang_ast_reader.rs:168:3
[INFO] [stdout]     |
[INFO] [stdout] 168 | /   fn get_source_location_from_entity(entity: &clang::Entity) -> Option<SourceLocation> {
[INFO] [stdout] 169 | |       let location = match entity.get_location() {
[INFO] [stdout] 170 | |           Some(v) => v,
[INFO] [stdout] 171 | |           None => return None,
[INFO] [stdout] ...   |
[INFO] [stdout] 184 | |       })
[INFO] [stdout] 185 | |   }
[INFO] [stdout]     | |___^ not a member of trait `AstReader`
[INFO] [stdout] 
[INFO] [stdout] 
[INFO] [stdout] error: Compilation failed, aborting rustdoc
[INFO] [stdout] 
[INFO] [stdout] 
[INFO] [stdout] error: aborting due to 7 previous errors
[INFO] [stdout] 
[INFO] [stdout] 
[INFO] [stdout] For more information about this error, try `rustc --explain E0407`.
[INFO] [stdout] 
[INFO] [stderr] error: could not document `ciana`
[INFO] [stderr] 
[INFO] [stderr] Caused by:
[INFO] [stderr]   process didn't exit successfully: `rustdoc --edition=2018 --crate-type lib --crate-name ciana src/lib.rs -o /opt/rustwide/target/doc --error-format=json --json=diagnostic-rendered-ansi --document-private-items -L dependency=/opt/rustwide/target/debug/deps --extern clang=/opt/rustwide/target/debug/deps/libclang-b7389174a98f1785.rmeta --cap-lints=warn --crate-version 0.1.0` (exit status: 1)
[INFO] running `Command { std: "docker" "inspect" "c756a5404f203c38e4708a68ec24748225531d1dd84b67a0a903445dd1ee0cd6", kill_on_drop: false }`
[INFO] running `Command { std: "docker" "rm" "-f" "c756a5404f203c38e4708a68ec24748225531d1dd84b67a0a903445dd1ee0cd6", kill_on_drop: false }`
[INFO] [stdout] c756a5404f203c38e4708a68ec24748225531d1dd84b67a0a903445dd1ee0cd6
