[INFO] cloning repository https://github.com/oli-obk/geschenke
[INFO] running `Command { std: "git" "-c" "credential.helper=" "-c" "credential.helper=/workspace/cargo-home/bin/git-credential-null" "clone" "--bare" "https://github.com/oli-obk/geschenke" "/workspace/cache/git-repos/https%3A%2F%2Fgithub.com%2Foli-obk%2Fgeschenke", kill_on_drop: false }`
[INFO] [stderr] Cloning into bare repository '/workspace/cache/git-repos/https%3A%2F%2Fgithub.com%2Foli-obk%2Fgeschenke'...
[INFO] running `Command { std: "git" "rev-parse" "HEAD", kill_on_drop: false }`
[INFO] [stdout] 807cf86936943f1737ecb6eace081b20c047f6a3
[INFO] documenting oli-obk/geschenke against 1.54.0 for beta-1.55-rustdoc-1
[INFO] running `Command { std: "git" "clone" "/workspace/cache/git-repos/https%3A%2F%2Fgithub.com%2Foli-obk%2Fgeschenke" "/workspace/builds/worker-2/source", kill_on_drop: false }`
[INFO] [stderr] Cloning into '/workspace/builds/worker-2/source'...
[INFO] [stderr] done.
[INFO] validating manifest of git repo https://github.com/oli-obk/geschenke on toolchain 1.54.0
[INFO] running `Command { std: "/workspace/cargo-home/bin/cargo" "+1.54.0" "metadata" "--manifest-path" "Cargo.toml" "--no-deps", kill_on_drop: false }`
[INFO] started tweaking git repo https://github.com/oli-obk/geschenke
[INFO] finished tweaking git repo https://github.com/oli-obk/geschenke
[INFO] tweaked toml for git repo https://github.com/oli-obk/geschenke written to /workspace/builds/worker-2/source/Cargo.toml
[INFO] crate git repo https://github.com/oli-obk/geschenke already has a lockfile, it will not be regenerated
[INFO] running `Command { std: "/workspace/cargo-home/bin/cargo" "+1.54.0" "fetch" "--manifest-path" "Cargo.toml", kill_on_drop: false }`
[INFO] [stderr]     Blocking waiting for file lock on package cache
[INFO] running `Command { std: "docker" "create" "-v" "/var/lib/crater-agent-workspace/builds/worker-2/target:/opt/rustwide/target:rw,Z" "-v" "/var/lib/crater-agent-workspace/builds/worker-2/source:/opt/rustwide/workdir:ro,Z" "-v" "/var/lib/crater-agent-workspace/cargo-home:/opt/rustwide/cargo-home:ro,Z" "-v" "/var/lib/crater-agent-workspace/rustup-home:/opt/rustwide/rustup-home:ro,Z" "-e" "SOURCE_DIR=/opt/rustwide/workdir" "-e" "CARGO_TARGET_DIR=/opt/rustwide/target" "-e" "CARGO_HOME=/opt/rustwide/cargo-home" "-e" "RUSTUP_HOME=/opt/rustwide/rustup-home" "-w" "/opt/rustwide/workdir" "-m" "1610612736" "--user" "0:0" "--network" "none" "ghcr.io/rust-lang/crates-build-env/linux@sha256:34b6a614d2c27851fe6cbf88fbd1137609cefab8b10d0615aaeb6fd47975d74e" "/opt/rustwide/cargo-home/bin/cargo" "+1.54.0" "metadata" "--no-deps" "--format-version=1", kill_on_drop: false }`
[INFO] [stderr] WARNING: Your kernel does not support swap limit capabilities or the cgroup is not mounted. Memory limited without swap.
[INFO] [stdout] f47ac75d586ad76d0adc03bdfc3e2453b65464689946902d1d8d3003237853ce
[INFO] running `Command { std: "docker" "start" "-a" "f47ac75d586ad76d0adc03bdfc3e2453b65464689946902d1d8d3003237853ce", kill_on_drop: false }`
[INFO] running `Command { std: "docker" "inspect" "f47ac75d586ad76d0adc03bdfc3e2453b65464689946902d1d8d3003237853ce", kill_on_drop: false }`
[INFO] running `Command { std: "docker" "rm" "-f" "f47ac75d586ad76d0adc03bdfc3e2453b65464689946902d1d8d3003237853ce", kill_on_drop: false }`
[INFO] [stdout] f47ac75d586ad76d0adc03bdfc3e2453b65464689946902d1d8d3003237853ce
[INFO] running `Command { std: "docker" "create" "-v" "/var/lib/crater-agent-workspace/builds/worker-2/target:/opt/rustwide/target:rw,Z" "-v" "/var/lib/crater-agent-workspace/builds/worker-2/source:/opt/rustwide/workdir:ro,Z" "-v" "/var/lib/crater-agent-workspace/cargo-home:/opt/rustwide/cargo-home:ro,Z" "-v" "/var/lib/crater-agent-workspace/rustup-home:/opt/rustwide/rustup-home:ro,Z" "-e" "SOURCE_DIR=/opt/rustwide/workdir" "-e" "CARGO_TARGET_DIR=/opt/rustwide/target" "-e" "CARGO_INCREMENTAL=0" "-e" "RUST_BACKTRACE=full" "-e" "RUSTDOCFLAGS=--cap-lints=warn" "-e" "CARGO_HOME=/opt/rustwide/cargo-home" "-e" "RUSTUP_HOME=/opt/rustwide/rustup-home" "-w" "/opt/rustwide/workdir" "-m" "1610612736" "--user" "0:0" "--network" "none" "ghcr.io/rust-lang/crates-build-env/linux@sha256:34b6a614d2c27851fe6cbf88fbd1137609cefab8b10d0615aaeb6fd47975d74e" "/opt/rustwide/cargo-home/bin/cargo" "+1.54.0" "doc" "--frozen" "--no-deps" "--document-private-items" "--message-format=json", kill_on_drop: false }`
[INFO] [stdout] 341838e954d747cf334a4df824318ee21e3b0456da2a0109d82df68f3d23e3e0
[INFO] [stderr] WARNING: Your kernel does not support swap limit capabilities or the cgroup is not mounted. Memory limited without swap.
[INFO] running `Command { std: "docker" "start" "-a" "341838e954d747cf334a4df824318ee21e3b0456da2a0109d82df68f3d23e3e0", kill_on_drop: false }`
[INFO] [stderr]    Compiling libc v0.2.40
[INFO] [stderr]    Compiling cc v1.0.10
[INFO] [stderr]    Compiling regex v0.2.10
[INFO] [stderr]     Checking serde v1.0.43
[INFO] [stderr]    Compiling ucd-util v0.1.1
[INFO] [stderr]    Compiling winapi v0.2.8
[INFO] [stderr]    Compiling utf8-ranges v1.0.0
[INFO] [stderr]    Compiling openssl v0.9.24
[INFO] [stderr]    Compiling ordermap v0.3.5
[INFO] [stderr]    Compiling strsim v0.6.0
[INFO] [stderr]    Compiling bit-vec v0.4.4
[INFO] [stderr]    Compiling fixedbitset v0.1.9
[INFO] [stderr]    Compiling lalrpop-intern v0.13.1
[INFO] [stderr]    Compiling matches v0.1.6
[INFO] [stderr]    Compiling diff v0.1.11
[INFO] [stderr]    Compiling lalrpop-util v0.13.1
[INFO] [stderr]    Compiling ena v0.5.0
[INFO] [stderr]    Compiling regex-syntax v0.4.2
[INFO] [stderr]    Compiling unicode-normalization v0.1.5
[INFO] [stderr]    Compiling byteorder v1.2.2
[INFO] [stderr]     Checking itoa v0.4.1
[INFO] [stderr]    Compiling pq-sys v0.4.4
[INFO] [stderr]    Compiling httparse v1.2.4
[INFO] [stderr]     Checking data-encoding v1.2.0
[INFO] [stderr]     Checking bufstream v0.1.3
[INFO] [stderr]     Checking pear v0.0.16
[INFO] [stderr]     Checking smallvec v0.4.4
[INFO] [stderr]     Checking buf-read-ext v0.3.0
[INFO] [stderr]    Compiling state v0.4.0
[INFO] [stderr]     Checking fluent-locale v0.3.1
[INFO] [stderr]     Checking ansi_term v0.10.2
[INFO] [stderr]     Checking horrorshow v0.6.3 (https://github.com/Stebalien/horrorshow-rs.git#62c95112)
[INFO] [stderr]     Checking asciifier v0.0.2
[INFO] [stderr]     Checking accept-language v1.1.0
[INFO] [stderr]     Checking memchr v2.0.1
[INFO] [stderr]     Checking memchr v1.0.2
[INFO] [stderr]     Checking isatty v0.1.7
[INFO] [stderr]    Compiling log v0.4.1
[INFO] [stderr]    Compiling proc-macro2 v0.3.7
[INFO] [stderr]    Compiling proc-macro2 v0.2.3
[INFO] [stderr]     Checking tokio-executor v0.1.2
[INFO] [stderr]     Checking base64 v0.6.0
[INFO] [stderr]    Compiling pear_codegen v0.0.16
[INFO] [stderr]    Compiling rocket v0.3.8
[INFO] [stderr]     Checking base64 v0.7.0
[INFO] [stderr]    Compiling rocket_codegen v0.3.8
[INFO] [stderr]    Compiling itertools v0.5.10
[INFO] [stderr]    Compiling ascii-canvas v1.0.0
[INFO] [stderr]    Compiling unicode-bidi v0.3.4
[INFO] [stderr]    Compiling regex-syntax v0.5.5
[INFO] [stderr]    Compiling bit-set v0.4.0
[INFO] [stderr]    Compiling num_cpus v1.8.0
[INFO] [stderr]    Compiling rand v0.4.2
[INFO] [stderr]    Compiling time v0.1.39
[INFO] [stderr]    Compiling petgraph v0.4.12
[INFO] [stderr]    Compiling crossbeam-epoch v0.3.1
[INFO] [stderr]    Compiling thread_local v0.3.5
[INFO] [stderr]     Checking fluent v0.2.0
[INFO] [stderr]     Checking aho-corasick v0.6.4
[INFO] [stderr]    Compiling log v0.3.9
[INFO] [stderr]     Checking tokio-timer v0.2.1
[INFO] [stderr]     Checking r2d2 v0.8.2
[INFO] [stderr]    Compiling quote v0.5.2
[INFO] [stderr]    Compiling quote v0.4.2
[INFO] [stderr]    Compiling idna v0.1.4
[INFO] [stderr]    Compiling openssl-sys v0.9.28
[INFO] [stdout] error[E0034]: multiple applicable items in scope
[INFO] [stdout]     --> /opt/rustwide/cargo-home/registry/src/github.com-1ecc6299db9ec823/petgraph-0.4.12/src/graph_impl/stable_graph/mod.rs:1171:19
[INFO] [stdout]      |
[INFO] [stdout] 1171 |         self.iter.find_map(|(i, node)| {
[INFO] [stdout]      |                   ^^^^^^^^ multiple `find_map` found
[INFO] [stdout]      |
[INFO] [stdout] note: candidate #1 is defined in an impl of the trait `IterUtilsExt` for the type `I`
[INFO] [stdout]     --> /opt/rustwide/cargo-home/registry/src/github.com-1ecc6299db9ec823/petgraph-0.4.12/src/iter_utils.rs:5:5
[INFO] [stdout]      |
[INFO] [stdout] 5    | /     fn find_map<F, R>(&mut self, mut f: F) -> Option<R>
[INFO] [stdout] 6    | |         where F: FnMut(Self::Item) -> Option<R>
[INFO] [stdout]      | |_______________________________________________^
[INFO] [stdout]      = note: candidate #2 is defined in an impl of the trait `Iterator` for the type `Enumerate<I>`
[INFO] [stdout] help: disambiguate the associated function for candidate #1
[INFO] [stdout]      |
[INFO] [stdout] 1171 |         IterUtilsExt::find_map(&mut self.iter, |(i, node)| {
[INFO] [stdout] 1172 |             node.weight.as_ref().map(move |w| (node_index(i), w))
[INFO] [stdout] 1173 |         })
[INFO] [stdout]      |
[INFO] [stdout] help: disambiguate the associated function for candidate #2
[INFO] [stdout]      |
[INFO] [stdout] 1171 |         Iterator::find_map(&mut self.iter, |(i, node)| {
[INFO] [stdout] 1172 |             node.weight.as_ref().map(move |w| (node_index(i), w))
[INFO] [stdout] 1173 |         })
[INFO] [stdout]      |
[INFO] [stdout] 
[INFO] [stdout] 
[INFO] [stdout] error[E0034]: multiple applicable items in scope
[INFO] [stdout]     --> /opt/rustwide/cargo-home/registry/src/github.com-1ecc6299db9ec823/petgraph-0.4.12/src/graph_impl/stable_graph/mod.rs:1363:19
[INFO] [stdout]      |
[INFO] [stdout] 1363 |         self.iter.find_map(|(i, edge)|
[INFO] [stdout]      |                   ^^^^^^^^ multiple `find_map` found
[INFO] [stdout]      |
[INFO] [stdout] note: candidate #1 is defined in an impl of the trait `IterUtilsExt` for the type `I`
[INFO] [stdout]     --> /opt/rustwide/cargo-home/registry/src/github.com-1ecc6299db9ec823/petgraph-0.4.12/src/iter_utils.rs:5:5
[INFO] [stdout]      |
[INFO] [stdout] 5    | /     fn find_map<F, R>(&mut self, mut f: F) -> Option<R>
[INFO] [stdout] 6    | |         where F: FnMut(Self::Item) -> Option<R>
[INFO] [stdout]      | |_______________________________________________^
[INFO] [stdout]      = note: candidate #2 is defined in an impl of the trait `Iterator` for the type `Enumerate<I>`
[INFO] [stdout] help: disambiguate the associated function for candidate #1
[INFO] [stdout]      |
[INFO] [stdout] 1363 |         IterUtilsExt::find_map(&mut self.iter, |(i, edge)|
[INFO] [stdout] 1364 |             edge.weight.as_ref().map(move |weight| {
[INFO] [stdout] 1365 |                 EdgeReference {
[INFO] [stdout] 1366 |                     index: edge_index(i),
[INFO] [stdout] 1367 |                     node: edge.node,
[INFO] [stdout] 1368 |                     weight: weight,
[INFO] [stdout]    ...
[INFO] [stdout] help: disambiguate the associated function for candidate #2
[INFO] [stdout]      |
[INFO] [stdout] 1363 |         Iterator::find_map(&mut self.iter, |(i, edge)|
[INFO] [stdout] 1364 |             edge.weight.as_ref().map(move |weight| {
[INFO] [stdout] 1365 |                 EdgeReference {
[INFO] [stdout] 1366 |                     index: edge_index(i),
[INFO] [stdout] 1367 |                     node: edge.node,
[INFO] [stdout] 1368 |                     weight: weight,
[INFO] [stdout]    ...
[INFO] [stdout] 
[INFO] [stdout] 
[INFO] [stderr]    Compiling backtrace-sys v0.1.16
[INFO] [stdout] error[E0034]: multiple applicable items in scope
[INFO] [stdout]     --> /opt/rustwide/cargo-home/registry/src/github.com-1ecc6299db9ec823/petgraph-0.4.12/src/graph_impl/stable_graph/mod.rs:1527:19
[INFO] [stdout]      |
[INFO] [stdout] 1527 |         self.iter.find_map(|(i, node)| {
[INFO] [stdout]      |                   ^^^^^^^^ multiple `find_map` found
[INFO] [stdout]      |
[INFO] [stdout] note: candidate #1 is defined in an impl of the trait `IterUtilsExt` for the type `I`
[INFO] [stdout]     --> /opt/rustwide/cargo-home/registry/src/github.com-1ecc6299db9ec823/petgraph-0.4.12/src/iter_utils.rs:5:5
[INFO] [stdout]      |
[INFO] [stdout] 5    | /     fn find_map<F, R>(&mut self, mut f: F) -> Option<R>
[INFO] [stdout] 6    | |         where F: FnMut(Self::Item) -> Option<R>
[INFO] [stdout]      | |_______________________________________________^
[INFO] [stdout]      = note: candidate #2 is defined in an impl of the trait `Iterator` for the type `Enumerate<I>`
[INFO] [stdout] help: disambiguate the associated function for candidate #1
[INFO] [stdout]      |
[INFO] [stdout] 1527 |         IterUtilsExt::find_map(&mut self.iter, |(i, node)| {
[INFO] [stdout] 1528 |             if node.weight.is_some() {
[INFO] [stdout] 1529 |                 Some(node_index(i))
[INFO] [stdout] 1530 |             } else { None }
[INFO] [stdout] 1531 |         })
[INFO] [stdout]      |
[INFO] [stdout] help: disambiguate the associated function for candidate #2
[INFO] [stdout]      |
[INFO] [stdout] 1527 |         Iterator::find_map(&mut self.iter, |(i, node)| {
[INFO] [stdout] 1528 |             if node.weight.is_some() {
[INFO] [stdout] 1529 |                 Some(node_index(i))
[INFO] [stdout] 1530 |             } else { None }
[INFO] [stdout] 1531 |         })
[INFO] [stdout]      |
[INFO] [stdout] 
[INFO] [stdout] 
[INFO] [stdout] error[E0034]: multiple applicable items in scope
[INFO] [stdout]     --> /opt/rustwide/cargo-home/registry/src/github.com-1ecc6299db9ec823/petgraph-0.4.12/src/graph_impl/stable_graph/mod.rs:1573:19
[INFO] [stdout]      |
[INFO] [stdout] 1573 |         self.iter.find_map(|(i, node)| {
[INFO] [stdout]      |                   ^^^^^^^^ multiple `find_map` found
[INFO] [stdout]      |
[INFO] [stdout] note: candidate #1 is defined in an impl of the trait `IterUtilsExt` for the type `I`
[INFO] [stdout]     --> /opt/rustwide/cargo-home/registry/src/github.com-1ecc6299db9ec823/petgraph-0.4.12/src/iter_utils.rs:5:5
[INFO] [stdout]      |
[INFO] [stdout] 5    | /     fn find_map<F, R>(&mut self, mut f: F) -> Option<R>
[INFO] [stdout] 6    | |         where F: FnMut(Self::Item) -> Option<R>
[INFO] [stdout]      | |_______________________________________________^
[INFO] [stdout]      = note: candidate #2 is defined in an impl of the trait `Iterator` for the type `Enumerate<I>`
[INFO] [stdout] help: disambiguate the associated function for candidate #1
[INFO] [stdout]      |
[INFO] [stdout] 1573 |         IterUtilsExt::find_map(&mut self.iter, |(i, node)| {
[INFO] [stdout] 1574 |             if node.weight.is_some() {
[INFO] [stdout] 1575 |                 Some(edge_index(i))
[INFO] [stdout] 1576 |             } else { None }
[INFO] [stdout] 1577 |         })
[INFO] [stdout]      |
[INFO] [stdout] help: disambiguate the associated function for candidate #2
[INFO] [stdout]      |
[INFO] [stdout] 1573 |         Iterator::find_map(&mut self.iter, |(i, node)| {
[INFO] [stdout] 1574 |             if node.weight.is_some() {
[INFO] [stdout] 1575 |                 Some(edge_index(i))
[INFO] [stdout] 1576 |             } else { None }
[INFO] [stdout] 1577 |         })
[INFO] [stdout]      |
[INFO] [stdout] 
[INFO] [stdout] 
[INFO] [stderr]     Checking uuid v0.4.0
[INFO] [stderr] error: failed to run custom build command for `rocket v0.3.8`
[INFO] [stderr] 
[INFO] [stderr] Caused by:
[INFO] [stderr]   process didn't exit successfully: `/opt/rustwide/target/debug/build/rocket-c38a9e2ec9b7cb64/build-script-build` (exit status: 101)
[INFO] [stderr]   --- stderr
[INFO] [stderr]   [1;31mError:[0m [37mRocket requires a nightly or dev version of Rust.[0m
[INFO] [stderr]   [37mInstalled version is:[0m [33m1.54.0 (2021-07-26)[0m. [37mMinimum required:[0m [33m1.27.0-nightly (2018-04-03)[0m.
[INFO] [stderr]   [34mSee the getting started guide ([0m[37mhttps://rocket.rs/guide/getting-started/[0m[34m) for more information.[0m
[INFO] [stderr]   thread 'main' panicked at 'Aborting compilation due to incompatible compiler.', /opt/rustwide/cargo-home/registry/src/github.com-1ecc6299db9ec823/rocket-0.3.8/build.rs:38:13
[INFO] [stderr]   stack backtrace:
[INFO] [stderr]      0:     0x55fc91a7ca50 - std::backtrace_rs::backtrace::libunwind::trace::h34055254b57d8e79
[INFO] [stderr]                                  at /rustc/a178d0322ce20e33eac124758e837cbd80a6f633/library/std/src/../../backtrace/src/backtrace/libunwind.rs:90:5
[INFO] [stderr]      1:     0x55fc91a7ca50 - std::backtrace_rs::backtrace::trace_unsynchronized::h8f1e3fbd9afff6ec
[INFO] [stderr]                                  at /rustc/a178d0322ce20e33eac124758e837cbd80a6f633/library/std/src/../../backtrace/src/backtrace/mod.rs:66:5
[INFO] [stderr]      2:     0x55fc91a7ca50 - std::sys_common::backtrace::_print_fmt::h3a99a796b770c360
[INFO] [stderr]                                  at /rustc/a178d0322ce20e33eac124758e837cbd80a6f633/library/std/src/sys_common/backtrace.rs:67:5
[INFO] [stderr]      3:     0x55fc91a7ca50 - <std::sys_common::backtrace::_print::DisplayBacktrace as core::fmt::Display>::fmt::h32d1f94a80615d18
[INFO] [stderr]                                  at /rustc/a178d0322ce20e33eac124758e837cbd80a6f633/library/std/src/sys_common/backtrace.rs:46:22
[INFO] [stderr]      4:     0x55fc91a99a6c - core::fmt::write::h306731c068f7162c
[INFO] [stderr]                                  at /rustc/a178d0322ce20e33eac124758e837cbd80a6f633/library/core/src/fmt/mod.rs:1110:17
[INFO] [stderr]      5:     0x55fc91a7a8d5 - std::io::Write::write_fmt::hd2fa90334eee2a21
[INFO] [stderr]                                  at /rustc/a178d0322ce20e33eac124758e837cbd80a6f633/library/std/src/io/mod.rs:1588:15
[INFO] [stderr]      6:     0x55fc91a7e67b - std::sys_common::backtrace::_print::h5abaa2601a852287
[INFO] [stderr]                                  at /rustc/a178d0322ce20e33eac124758e837cbd80a6f633/library/std/src/sys_common/backtrace.rs:49:5
[INFO] [stderr]      7:     0x55fc91a7e67b - std::sys_common::backtrace::print::h8d81445442bb638f
[INFO] [stderr]                                  at /rustc/a178d0322ce20e33eac124758e837cbd80a6f633/library/std/src/sys_common/backtrace.rs:36:9
[INFO] [stderr]      8:     0x55fc91a7e67b - std::panicking::default_hook::{{closure}}::hcfe804496a9fa747
[INFO] [stderr]                                  at /rustc/a178d0322ce20e33eac124758e837cbd80a6f633/library/std/src/panicking.rs:208:50
[INFO] [stderr]      9:     0x55fc91a7e151 - std::panicking::default_hook::hbea8e3ccf2ba8901
[INFO] [stderr]                                  at /rustc/a178d0322ce20e33eac124758e837cbd80a6f633/library/std/src/panicking.rs:225:9
[INFO] [stderr]     10:     0x55fc91a7ed44 - std::panicking::rust_panic_with_hook::h7ee9e1a2d0f8975a
[INFO] [stderr]                                  at /rustc/a178d0322ce20e33eac124758e837cbd80a6f633/library/std/src/panicking.rs:622:17
[INFO] [stderr]     11:     0x55fc91a51e0f - std::panicking::begin_panic::{{closure}}::h472953afc1affba2
[INFO] [stderr]                                  at /rustc/a178d0322ce20e33eac124758e837cbd80a6f633/library/std/src/panicking.rs:542:9
[INFO] [stderr]     12:     0x55fc91a517c8 - std::sys_common::backtrace::__rust_end_short_backtrace::h281a5d87e1e12ad0
[INFO] [stderr]                                  at /rustc/a178d0322ce20e33eac124758e837cbd80a6f633/library/std/src/sys_common/backtrace.rs:141:18
[INFO] [stderr]     13:     0x55fc91a51d55 - std::panicking::begin_panic::hf26730953f663921
[INFO] [stderr]                                  at /rustc/a178d0322ce20e33eac124758e837cbd80a6f633/library/std/src/panicking.rs:541:12
[INFO] [stderr]     14:     0x55fc91a503d5 - build_script_build::main::h30f3c28d13d58e77
[INFO] [stderr]                                  at /opt/rustwide/cargo-home/registry/src/github.com-1ecc6299db9ec823/rocket-0.3.8/build.rs:38:13
[INFO] [stderr]     15:     0x55fc91a518eb - core::ops::function::FnOnce::call_once::hb0b5c21d0db9a334
[INFO] [stderr]                                  at /rustc/a178d0322ce20e33eac124758e837cbd80a6f633/library/core/src/ops/function.rs:227:5
[INFO] [stderr]     16:     0x55fc91a5180e - std::sys_common::backtrace::__rust_begin_short_backtrace::hd1befe634f671fb7
[INFO] [stderr]                                  at /rustc/a178d0322ce20e33eac124758e837cbd80a6f633/library/std/src/sys_common/backtrace.rs:125:18
[INFO] [stderr]     17:     0x55fc91a52a51 - std::rt::lang_start::{{closure}}::he66056beb86c23ff
[INFO] [stderr]                                  at /rustc/a178d0322ce20e33eac124758e837cbd80a6f633/library/std/src/rt.rs:49:18
[INFO] [stderr]     18:     0x55fc91a7f249 - core::ops::function::impls::<impl core::ops::function::FnOnce<A> for &F>::call_once::h2aabc384aab89b7b
[INFO] [stderr]                                  at /rustc/a178d0322ce20e33eac124758e837cbd80a6f633/library/core/src/ops/function.rs:259:13
[INFO] [stderr]     19:     0x55fc91a7f249 - std::panicking::try::do_call::hc5fcacb7a85fc7b1
[INFO] [stderr]                                  at /rustc/a178d0322ce20e33eac124758e837cbd80a6f633/library/std/src/panicking.rs:401:40
[INFO] [stderr]     20:     0x55fc91a7f249 - std::panicking::try::hb5d9603af3abbe3a
[INFO] [stderr]                                  at /rustc/a178d0322ce20e33eac124758e837cbd80a6f633/library/std/src/panicking.rs:365:19
[INFO] [stderr]     21:     0x55fc91a7f249 - std::panic::catch_unwind::h98fe6ac3925e64b4
[INFO] [stderr]                                  at /rustc/a178d0322ce20e33eac124758e837cbd80a6f633/library/std/src/panic.rs:434:14
[INFO] [stderr]     22:     0x55fc91a7f249 - std::rt::lang_start_internal::h22ac7383c516f93e
[INFO] [stderr]                                  at /rustc/a178d0322ce20e33eac124758e837cbd80a6f633/library/std/src/rt.rs:34:21
[INFO] [stderr]     23:     0x55fc91a52a30 - std::rt::lang_start::h6a946759b70863bc
[INFO] [stderr]                                  at /rustc/a178d0322ce20e33eac124758e837cbd80a6f633/library/std/src/rt.rs:48:5
[INFO] [stderr]     24:     0x55fc91a5104c - main
[INFO] [stderr]     25:     0x7f2d35f190b3 - __libc_start_main
[INFO] [stderr]     26:     0x55fc91a4f96e - _start
[INFO] [stderr]     27:                0x0 - <unknown>
[INFO] [stderr] warning: build failed, waiting for other jobs to finish...
[INFO] [stdout] error: aborting due to 4 previous errors
[INFO] [stdout] 
[INFO] [stdout] 
[INFO] [stdout] For more information about this error, try `rustc --explain E0034`.
[INFO] [stdout] 
[INFO] [stderr] error: build failed
[INFO] running `Command { std: "docker" "inspect" "341838e954d747cf334a4df824318ee21e3b0456da2a0109d82df68f3d23e3e0", kill_on_drop: false }`
[INFO] running `Command { std: "docker" "rm" "-f" "341838e954d747cf334a4df824318ee21e3b0456da2a0109d82df68f3d23e3e0", kill_on_drop: false }`
[INFO] [stdout] 341838e954d747cf334a4df824318ee21e3b0456da2a0109d82df68f3d23e3e0
