[INFO] cloning repository https://github.com/offscale/offbin
[INFO] running `Command { std: "git" "-c" "credential.helper=" "-c" "credential.helper=/workspace/cargo-home/bin/git-credential-null" "clone" "--bare" "https://github.com/offscale/offbin" "/workspace/cache/git-repos/https%3A%2F%2Fgithub.com%2Foffscale%2Foffbin", kill_on_drop: false }`
[INFO] [stderr] Cloning into bare repository '/workspace/cache/git-repos/https%3A%2F%2Fgithub.com%2Foffscale%2Foffbin'...
[INFO] running `Command { std: "git" "rev-parse" "HEAD", kill_on_drop: false }`
[INFO] [stdout] 6ad47b47725939c0e788640e80142782fbf2ecf1
[INFO] documenting offscale/offbin against 1.54.0 for beta-1.55-rustdoc-1
[INFO] running `Command { std: "git" "clone" "/workspace/cache/git-repos/https%3A%2F%2Fgithub.com%2Foffscale%2Foffbin" "/workspace/builds/worker-7/source", kill_on_drop: false }`
[INFO] [stderr] Cloning into '/workspace/builds/worker-7/source'...
[INFO] [stderr] done.
[INFO] validating manifest of git repo https://github.com/offscale/offbin on toolchain 1.54.0
[INFO] running `Command { std: "/workspace/cargo-home/bin/cargo" "+1.54.0" "metadata" "--manifest-path" "Cargo.toml" "--no-deps", kill_on_drop: false }`
[INFO] started tweaking git repo https://github.com/offscale/offbin
[INFO] finished tweaking git repo https://github.com/offscale/offbin
[INFO] tweaked toml for git repo https://github.com/offscale/offbin written to /workspace/builds/worker-7/source/Cargo.toml
[INFO] crate git repo https://github.com/offscale/offbin already has a lockfile, it will not be regenerated
[INFO] running `Command { std: "/workspace/cargo-home/bin/cargo" "+1.54.0" "fetch" "--manifest-path" "Cargo.toml", kill_on_drop: false }`
[INFO] [stderr]     Blocking waiting for file lock on package cache
[INFO] [stderr]     Blocking waiting for file lock on package cache
[INFO] [stderr]  Downloading crates ...
[INFO] [stderr]   Downloaded arrayvec v0.4.9
[INFO] [stderr]   Downloaded autocfg v0.1.1
[INFO] [stderr]   Downloaded cc v1.0.26
[INFO] [stderr]   Downloaded backtrace-sys v0.1.26
[INFO] [stderr]   Downloaded structopt-derive v0.2.14
[INFO] [stderr]   Downloaded redox_syscall v0.1.44
[INFO] [stderr]   Downloaded proc-macro2 v0.4.24
[INFO] [stderr]   Downloaded memchr v2.1.2
[INFO] [stderr]   Downloaded rand_chacha v0.1.0
[INFO] [stderr]   Downloaded failure v0.1.3
[INFO] [stderr]   Downloaded dirs v1.0.4
[INFO] [stderr]   Downloaded rand_xorshift v0.1.0
[INFO] [stderr]   Downloaded rand v0.6.1
[INFO] [stderr]   Downloaded quote v0.6.10
[INFO] [stderr]   Downloaded syn v0.15.22
[INFO] [stderr]   Downloaded serde v1.0.82
[INFO] [stderr]   Downloaded regex v1.1.0
[INFO] [stderr]   Downloaded failure_derive v0.1.3
[INFO] [stderr]   Downloaded fern v0.5.7
[INFO] [stderr]   Downloaded serde_derive v1.0.82
[INFO] [stderr]   Downloaded ci_info v0.2.1
[INFO] [stderr]   Downloaded rustc-demangle v0.1.11
[INFO] [stderr]   Downloaded structopt v0.2.14
[INFO] [stderr]   Downloaded shell2batch v0.2.5
[INFO] [stderr]   Downloaded regex-syntax v0.6.4
[INFO] [stderr]   Downloaded redox_users v0.2.0
[INFO] [stderr]   Downloaded rust_info v0.2.1
[INFO] [stderr]   Downloaded libc v0.2.45
[INFO] [stderr]   Downloaded heck v0.3.0
[INFO] [stderr]   Downloaded winapi-util v0.1.1
[INFO] [stderr]   Downloaded run_script v0.2.3
[INFO] running `Command { std: "docker" "create" "-v" "/var/lib/crater-agent-workspace/builds/worker-7/target:/opt/rustwide/target:rw,Z" "-v" "/var/lib/crater-agent-workspace/builds/worker-7/source:/opt/rustwide/workdir:ro,Z" "-v" "/var/lib/crater-agent-workspace/cargo-home:/opt/rustwide/cargo-home:ro,Z" "-v" "/var/lib/crater-agent-workspace/rustup-home:/opt/rustwide/rustup-home:ro,Z" "-e" "SOURCE_DIR=/opt/rustwide/workdir" "-e" "CARGO_TARGET_DIR=/opt/rustwide/target" "-e" "CARGO_HOME=/opt/rustwide/cargo-home" "-e" "RUSTUP_HOME=/opt/rustwide/rustup-home" "-w" "/opt/rustwide/workdir" "-m" "1610612736" "--user" "0:0" "--network" "none" "ghcr.io/rust-lang/crates-build-env/linux@sha256:34b6a614d2c27851fe6cbf88fbd1137609cefab8b10d0615aaeb6fd47975d74e" "/opt/rustwide/cargo-home/bin/cargo" "+1.54.0" "metadata" "--no-deps" "--format-version=1", kill_on_drop: false }`
[INFO] [stdout] 388a32cc86ab8368dc2233ad3d49f8d05a50597479436d50f0baf469d2182ec6
[INFO] running `Command { std: "docker" "start" "-a" "388a32cc86ab8368dc2233ad3d49f8d05a50597479436d50f0baf469d2182ec6", kill_on_drop: false }`
[INFO] running `Command { std: "docker" "inspect" "388a32cc86ab8368dc2233ad3d49f8d05a50597479436d50f0baf469d2182ec6", kill_on_drop: false }`
[INFO] running `Command { std: "docker" "rm" "-f" "388a32cc86ab8368dc2233ad3d49f8d05a50597479436d50f0baf469d2182ec6", kill_on_drop: false }`
[INFO] [stdout] 388a32cc86ab8368dc2233ad3d49f8d05a50597479436d50f0baf469d2182ec6
[INFO] running `Command { std: "docker" "create" "-v" "/var/lib/crater-agent-workspace/builds/worker-7/target:/opt/rustwide/target:rw,Z" "-v" "/var/lib/crater-agent-workspace/builds/worker-7/source:/opt/rustwide/workdir:ro,Z" "-v" "/var/lib/crater-agent-workspace/cargo-home:/opt/rustwide/cargo-home:ro,Z" "-v" "/var/lib/crater-agent-workspace/rustup-home:/opt/rustwide/rustup-home:ro,Z" "-e" "SOURCE_DIR=/opt/rustwide/workdir" "-e" "CARGO_TARGET_DIR=/opt/rustwide/target" "-e" "CARGO_INCREMENTAL=0" "-e" "RUST_BACKTRACE=full" "-e" "RUSTDOCFLAGS=--cap-lints=warn" "-e" "CARGO_HOME=/opt/rustwide/cargo-home" "-e" "RUSTUP_HOME=/opt/rustwide/rustup-home" "-w" "/opt/rustwide/workdir" "-m" "1610612736" "--user" "0:0" "--network" "none" "ghcr.io/rust-lang/crates-build-env/linux@sha256:34b6a614d2c27851fe6cbf88fbd1137609cefab8b10d0615aaeb6fd47975d74e" "/opt/rustwide/cargo-home/bin/cargo" "+1.54.0" "doc" "--frozen" "--no-deps" "--document-private-items" "--message-format=json", kill_on_drop: false }`
[INFO] [stdout] 37dd4f5f2f5220f7a648bd1f92ea330182f3ca03a9bd7c63436b033db16d3ee0
[INFO] running `Command { std: "docker" "start" "-a" "37dd4f5f2f5220f7a648bd1f92ea330182f3ca03a9bd7c63436b033db16d3ee0", kill_on_drop: false }`
[INFO] [stderr]    Compiling libc v0.2.45
[INFO] [stderr]    Compiling proc-macro2 v0.4.24
[INFO] [stderr]    Compiling serde v1.0.82
[INFO] [stderr]     Checking rust_info v0.2.1
[INFO] [stderr]     Checking ci_info v0.2.1
[INFO] [stderr]    Compiling memchr v2.1.2
[INFO] [stderr]     Checking regex-syntax v0.6.4
[INFO] [stderr]     Checking fern v0.5.7
[INFO] [stderr]     Checking atty v0.2.11
[INFO] [stderr]     Checking rand v0.6.1
[INFO] [stderr]     Checking users v0.8.1
[INFO] [stderr]     Checking dirs v1.0.4
[INFO] [stderr]     Checking clap v2.32.0
[INFO] [stderr]    Compiling quote v0.6.10
[INFO] [stderr]     Checking aho-corasick v0.6.9
[INFO] [stderr]    Compiling syn v0.15.22
[INFO] [stderr]     Checking run_script v0.2.3
[INFO] [stderr]     Checking indexmap v1.0.2
[INFO] [stderr]     Checking toml v0.4.10
[INFO] [stderr]     Checking regex v1.1.0
[INFO] [stderr]     Checking shell2batch v0.2.5
[INFO] [stderr]    Compiling structopt-derive v0.2.14
[INFO] [stderr]    Compiling serde_derive v1.0.82
[INFO] [stderr]     Checking structopt v0.2.14
[INFO] [stderr]     Checking cargo-make v0.15.3 (https://github.com/offscale/cargo-make?branch=shebang-runner#340f828d)
[INFO] [stderr]  Documenting offbin v0.1.0 (/opt/rustwide/workdir)
[INFO] [stdout] error[E0433]: failed to resolve: use of undeclared crate or module `cargo_make`
[INFO] [stdout]  --> src/codegen.rs:2:5
[INFO] [stdout]   |
[INFO] [stdout] 2 | use cargo_make::types::Task;
[INFO] [stdout]   |     ^^^^^^^^^^ use of undeclared crate or module `cargo_make`
[INFO] [stdout] 
[INFO] [stdout] 
[INFO] [stdout] error[E0412]: cannot find type `Task` in this scope
[INFO] [stdout]   --> src/codegen.rs:44:61
[INFO] [stdout]    |
[INFO] [stdout] 44 | pub fn task_from_filename(filename: &str, path: PathBuf) -> Task {
[INFO] [stdout]    |                                                             ^^^^ not found in this scope
[INFO] [stdout]    |
[INFO] [stdout] help: consider importing one of these items
[INFO] [stdout]    |
[INFO] [stdout] 1  | use cli::types::Task;
[INFO] [stdout]    |
[INFO] [stdout] 1  | use crate::custom_config::Task;
[INFO] [stdout]    |
[INFO] [stdout] 
[INFO] [stdout] 
[INFO] [stdout] error[E0412]: cannot find type `Task` in this scope
[INFO] [stdout]   --> src/codegen.rs:81:34
[INFO] [stdout]    |
[INFO] [stdout] 81 | impl FormatRust<IndexMap<String, Task>> for IndexMap<String, Task> {
[INFO] [stdout]    |                                  ^^^^ not found in this scope
[INFO] [stdout]    |
[INFO] [stdout] help: consider importing one of these items
[INFO] [stdout]    |
[INFO] [stdout] 1  | use cli::types::Task;
[INFO] [stdout]    |
[INFO] [stdout] 1  | use crate::custom_config::Task;
[INFO] [stdout]    |
[INFO] [stdout] 
[INFO] [stdout] 
[INFO] [stdout] error[E0412]: cannot find type `Task` in this scope
[INFO] [stdout]   --> src/codegen.rs:81:62
[INFO] [stdout]    |
[INFO] [stdout] 81 | impl FormatRust<IndexMap<String, Task>> for IndexMap<String, Task> {
[INFO] [stdout]    |                                                              ^^^^ not found in this scope
[INFO] [stdout]    |
[INFO] [stdout] help: consider importing one of these items
[INFO] [stdout]    |
[INFO] [stdout] 1  | use cli::types::Task;
[INFO] [stdout]    |
[INFO] [stdout] 1  | use crate::custom_config::Task;
[INFO] [stdout]    |
[INFO] [stdout] 
[INFO] [stdout] 
[INFO] [stdout] error[E0412]: cannot find type `Task` in this scope
[INFO] [stdout]    --> src/codegen.rs:166:37
[INFO] [stdout]     |
[INFO] [stdout] 166 | fn all_code(tasks: IndexMap<String, Task>, filepack: &FilePack) -> String {
[INFO] [stdout]     |                                     ^^^^ not found in this scope
[INFO] [stdout]     |
[INFO] [stdout] help: consider importing one of these items
[INFO] [stdout]     |
[INFO] [stdout] 1   | use cli::types::Task;
[INFO] [stdout]     |
[INFO] [stdout] 1   | use crate::custom_config::Task;
[INFO] [stdout]     |
[INFO] [stdout] 
[INFO] [stdout] 
[INFO] [stdout] error[E0412]: cannot find type `Task` in this scope
[INFO] [stdout]    --> src/codegen.rs:226:66
[INFO] [stdout]     |
[INFO] [stdout] 226 | pub fn generate_rust_file(path: PathBuf, tasks: IndexMap<String, Task>, filepack: &FilePack) {
[INFO] [stdout]     |                                                                  ^^^^ not found in this scope
[INFO] [stdout]     |
[INFO] [stdout] help: consider importing one of these items
[INFO] [stdout]     |
[INFO] [stdout] 1   | use cli::types::Task;
[INFO] [stdout]     |
[INFO] [stdout] 1   | use crate::custom_config::Task;
[INFO] [stdout]     |
[INFO] [stdout] 
[INFO] [stdout] 
[INFO] [stdout] error: Compilation failed, aborting rustdoc
[INFO] [stdout] 
[INFO] [stdout] 
[INFO] [stdout] error: aborting due to 7 previous errors
[INFO] [stdout] 
[INFO] [stdout] 
[INFO] [stdout] Some errors have detailed explanations: E0412, E0433.
[INFO] [stdout] 
[INFO] [stdout] For more information about an error, try `rustc --explain E0412`.
[INFO] [stdout] 
[INFO] [stderr] error: could not document `offbin`
[INFO] [stderr] 
[INFO] [stderr] Caused by:
[INFO] [stderr]   process didn't exit successfully: `rustdoc --edition=2018 --crate-type lib --crate-name offbin src/lib.rs -o /opt/rustwide/target/doc --error-format=json --json=diagnostic-rendered-ansi --document-private-items -L dependency=/opt/rustwide/target/debug/deps --extern cli=/opt/rustwide/target/debug/deps/libcli-cbe22fbff0c01501.rmeta --extern indexmap=/opt/rustwide/target/debug/deps/libindexmap-7034903fbdbd427b.rmeta --extern rust_info=/opt/rustwide/target/debug/deps/librust_info-12f7ce3da9db0825.rmeta --extern serde=/opt/rustwide/target/debug/deps/libserde-7c6d747ec5fff89b.rmeta --extern serde_derive=/opt/rustwide/target/debug/deps/libserde_derive-15b73ad626e72acc.so --extern structopt=/opt/rustwide/target/debug/deps/libstructopt-3c9104c80f71e6d4.rmeta --extern toml=/opt/rustwide/target/debug/deps/libtoml-682c370b6c490820.rmeta --extern walkdir=/opt/rustwide/target/debug/deps/libwalkdir-b62ec0bd774bb295.rmeta --cap-lints=warn --crate-version 0.1.0` (exit status: 1)
[INFO] running `Command { std: "docker" "inspect" "37dd4f5f2f5220f7a648bd1f92ea330182f3ca03a9bd7c63436b033db16d3ee0", kill_on_drop: false }`
[INFO] running `Command { std: "docker" "rm" "-f" "37dd4f5f2f5220f7a648bd1f92ea330182f3ca03a9bd7c63436b033db16d3ee0", kill_on_drop: false }`
[INFO] [stdout] 37dd4f5f2f5220f7a648bd1f92ea330182f3ca03a9bd7c63436b033db16d3ee0
