[INFO] cloning repository https://github.com/nof1000/winit-direct2d
[INFO] running `Command { std: "git" "-c" "credential.helper=" "-c" "credential.helper=/workspace/cargo-home/bin/git-credential-null" "clone" "--bare" "https://github.com/nof1000/winit-direct2d" "/workspace/cache/git-repos/https%3A%2F%2Fgithub.com%2Fnof1000%2Fwinit-direct2d", kill_on_drop: false }`
[INFO] [stderr] Cloning into bare repository '/workspace/cache/git-repos/https%3A%2F%2Fgithub.com%2Fnof1000%2Fwinit-direct2d'...
[INFO] running `Command { std: "git" "rev-parse" "HEAD", kill_on_drop: false }`
[INFO] [stdout] 345e4a7c5f673f515e02ef911685f9bbf18e5737
[INFO] documenting nof1000/winit-direct2d against 1.54.0 for beta-1.55-rustdoc-1
[INFO] running `Command { std: "git" "clone" "/workspace/cache/git-repos/https%3A%2F%2Fgithub.com%2Fnof1000%2Fwinit-direct2d" "/workspace/builds/worker-6/source", kill_on_drop: false }`
[INFO] [stderr] Cloning into '/workspace/builds/worker-6/source'...
[INFO] [stderr] done.
[INFO] validating manifest of git repo https://github.com/nof1000/winit-direct2d on toolchain 1.54.0
[INFO] running `Command { std: "/workspace/cargo-home/bin/cargo" "+1.54.0" "metadata" "--manifest-path" "Cargo.toml" "--no-deps", kill_on_drop: false }`
[INFO] started tweaking git repo https://github.com/nof1000/winit-direct2d
[INFO] finished tweaking git repo https://github.com/nof1000/winit-direct2d
[INFO] tweaked toml for git repo https://github.com/nof1000/winit-direct2d written to /workspace/builds/worker-6/source/Cargo.toml
[INFO] crate git repo https://github.com/nof1000/winit-direct2d already has a lockfile, it will not be regenerated
[INFO] running `Command { std: "/workspace/cargo-home/bin/cargo" "+1.54.0" "fetch" "--manifest-path" "Cargo.toml", kill_on_drop: false }`
[INFO] [stderr]     Blocking waiting for file lock on package cache
[INFO] running `Command { std: "docker" "create" "-v" "/var/lib/crater-agent-workspace/builds/worker-6/target:/opt/rustwide/target:rw,Z" "-v" "/var/lib/crater-agent-workspace/builds/worker-6/source:/opt/rustwide/workdir:ro,Z" "-v" "/var/lib/crater-agent-workspace/cargo-home:/opt/rustwide/cargo-home:ro,Z" "-v" "/var/lib/crater-agent-workspace/rustup-home:/opt/rustwide/rustup-home:ro,Z" "-e" "SOURCE_DIR=/opt/rustwide/workdir" "-e" "CARGO_TARGET_DIR=/opt/rustwide/target" "-e" "CARGO_HOME=/opt/rustwide/cargo-home" "-e" "RUSTUP_HOME=/opt/rustwide/rustup-home" "-w" "/opt/rustwide/workdir" "-m" "1610612736" "--user" "0:0" "--network" "none" "ghcr.io/rust-lang/crates-build-env/linux@sha256:34b6a614d2c27851fe6cbf88fbd1137609cefab8b10d0615aaeb6fd47975d74e" "/opt/rustwide/cargo-home/bin/cargo" "+1.54.0" "metadata" "--no-deps" "--format-version=1", kill_on_drop: false }`
[INFO] [stderr] WARNING: Your kernel does not support swap limit capabilities or the cgroup is not mounted. Memory limited without swap.
[INFO] [stdout] 99fd184ee5a0eb4efa86483cd4af340f7973f4107c6e2492ca6e706c8c49069a
[INFO] running `Command { std: "docker" "start" "-a" "99fd184ee5a0eb4efa86483cd4af340f7973f4107c6e2492ca6e706c8c49069a", kill_on_drop: false }`
[INFO] running `Command { std: "docker" "inspect" "99fd184ee5a0eb4efa86483cd4af340f7973f4107c6e2492ca6e706c8c49069a", kill_on_drop: false }`
[INFO] running `Command { std: "docker" "rm" "-f" "99fd184ee5a0eb4efa86483cd4af340f7973f4107c6e2492ca6e706c8c49069a", kill_on_drop: false }`
[INFO] [stdout] 99fd184ee5a0eb4efa86483cd4af340f7973f4107c6e2492ca6e706c8c49069a
[INFO] running `Command { std: "docker" "create" "-v" "/var/lib/crater-agent-workspace/builds/worker-6/target:/opt/rustwide/target:rw,Z" "-v" "/var/lib/crater-agent-workspace/builds/worker-6/source:/opt/rustwide/workdir:ro,Z" "-v" "/var/lib/crater-agent-workspace/cargo-home:/opt/rustwide/cargo-home:ro,Z" "-v" "/var/lib/crater-agent-workspace/rustup-home:/opt/rustwide/rustup-home:ro,Z" "-e" "SOURCE_DIR=/opt/rustwide/workdir" "-e" "CARGO_TARGET_DIR=/opt/rustwide/target" "-e" "CARGO_INCREMENTAL=0" "-e" "RUST_BACKTRACE=full" "-e" "RUSTDOCFLAGS=--cap-lints=warn" "-e" "CARGO_HOME=/opt/rustwide/cargo-home" "-e" "RUSTUP_HOME=/opt/rustwide/rustup-home" "-w" "/opt/rustwide/workdir" "-m" "1610612736" "--user" "0:0" "--network" "none" "ghcr.io/rust-lang/crates-build-env/linux@sha256:34b6a614d2c27851fe6cbf88fbd1137609cefab8b10d0615aaeb6fd47975d74e" "/opt/rustwide/cargo-home/bin/cargo" "+1.54.0" "doc" "--frozen" "--no-deps" "--document-private-items" "--message-format=json", kill_on_drop: false }`
[INFO] [stdout] c9d68009294722bcefb585d7a2d1c1e021392556774e46950f14309d169c3bc7
[INFO] [stderr] WARNING: Your kernel does not support swap limit capabilities or the cgroup is not mounted. Memory limited without swap.
[INFO] running `Command { std: "docker" "start" "-a" "c9d68009294722bcefb585d7a2d1c1e021392556774e46950f14309d169c3bc7", kill_on_drop: false }`
[INFO] [stderr]    Compiling x11-dl v2.18.3
[INFO] [stderr]     Checking libloading v0.5.0
[INFO] [stderr]     Checking nix v0.12.0
[INFO] [stderr]     Checking ordered-float v1.0.1
[INFO] [stderr]     Checking approx v0.3.1
[INFO] [stderr]     Checking line_drawing v0.7.0
[INFO] [stderr]     Checking memmap v0.7.0
[INFO] [stderr]    Compiling wayland-scanner v0.21.11
[INFO] [stderr]     Checking stb_truetype v0.2.6
[INFO] [stderr]     Checking nix v0.13.0
[INFO] [stderr]     Checking dlib v0.4.1
[INFO] [stderr]     Checking wayland-sys v0.21.11
[INFO] [stderr]     Checking rusttype v0.7.5
[INFO] [stderr]     Checking andrew v0.2.0
[INFO] [stderr]    Compiling wayland-client v0.21.11
[INFO] [stderr]    Compiling wayland-protocols v0.21.11
[INFO] [stderr]     Checking wayland-commons v0.21.11
[INFO] [stderr]     Checking smithay-client-toolkit v0.4.5
[INFO] [stderr]     Checking winit v0.19.0
[INFO] [stderr]  Documenting winit-direct2d v0.1.0 (/opt/rustwide/workdir)
[INFO] [stdout] error[E0433]: failed to resolve: use of undeclared crate or module `winapi`
[INFO] [stdout]  --> src/app.rs:4:5
[INFO] [stdout]   |
[INFO] [stdout] 4 | use winapi::um::winuser::GetClientRect;
[INFO] [stdout]   |     ^^^^^^ use of undeclared crate or module `winapi`
[INFO] [stdout] 
[INFO] [stdout] 
[INFO] [stdout] error[E0433]: failed to resolve: use of undeclared crate or module `direct2d`
[INFO] [stdout]  --> src/app.rs:6:5
[INFO] [stdout]   |
[INFO] [stdout] 6 | use direct2d::render_target::hwnd::builder::HwndRenderTargetBuilder;
[INFO] [stdout]   |     ^^^^^^^^ use of undeclared crate or module `direct2d`
[INFO] [stdout] 
[INFO] [stdout] 
[INFO] [stdout] error[E0433]: failed to resolve: use of undeclared crate or module `direct2d`
[INFO] [stdout]  --> src/app.rs:7:5
[INFO] [stdout]   |
[INFO] [stdout] 7 | use direct2d::render_target::HwndRenderTarget;
[INFO] [stdout]   |     ^^^^^^^^ use of undeclared crate or module `direct2d`
[INFO] [stdout] 
[INFO] [stdout] 
[INFO] [stdout] error[E0433]: failed to resolve: use of undeclared crate or module `direct2d`
[INFO] [stdout]  --> src/app.rs:8:5
[INFO] [stdout]   |
[INFO] [stdout] 8 | use direct2d::brush::SolidColorBrush;
[INFO] [stdout]   |     ^^^^^^^^ use of undeclared crate or module `direct2d`
[INFO] [stdout] 
[INFO] [stdout] 
[INFO] [stdout] error[E0432]: unresolved import `direct2d`
[INFO] [stdout]  --> src/app.rs:9:5
[INFO] [stdout]   |
[INFO] [stdout] 9 | use direct2d::Factory;
[INFO] [stdout]   |     ^^^^^^^^ use of undeclared crate or module `direct2d`
[INFO] [stdout] 
[INFO] [stdout] 
[INFO] [stdout] error[E0412]: cannot find type `HwndRenderTarget` in this scope
[INFO] [stdout]   --> src/app.rs:39:13
[INFO] [stdout]    |
[INFO] [stdout] 39 |     render: HwndRenderTarget,
[INFO] [stdout]    |             ^^^^^^^^^^^^^^^^ not found in this scope
[INFO] [stdout] 
[INFO] [stdout] 
[INFO] [stdout] error[E0412]: cannot find type `HWND` in this scope
[INFO] [stdout]   --> src/app.rs:43:11
[INFO] [stdout]    |
[INFO] [stdout] 43 |     hwnd: HWND,
[INFO] [stdout]    |           ^^^^ not found in this scope
[INFO] [stdout] 
[INFO] [stdout] 
[INFO] [stdout] error[E0412]: cannot find type `HWND` in this scope
[INFO] [stdout]   --> src/app.rs:47:28
[INFO] [stdout]    |
[INFO] [stdout] 47 |     pub fn with_size(hwnd: HWND, width: u32, height: u32) -> App {
[INFO] [stdout]    |                            ^^^^ not found in this scope
[INFO] [stdout] 
[INFO] [stdout] 
[INFO] [stdout] error[E0412]: cannot find type `HWND` in this scope
[INFO] [stdout]   --> src/app.rs:66:22
[INFO] [stdout]    |
[INFO] [stdout] 66 |     pub fn new(hwnd: HWND) -> App {
[INFO] [stdout]    |                      ^^^^ not found in this scope
[INFO] [stdout] 
[INFO] [stdout] 
[INFO] [stdout] error[E0412]: cannot find type `HWND` in this scope
[INFO] [stdout]    --> src/app.rs:107:26
[INFO] [stdout]     |
[INFO] [stdout] 107 | fn get_client_size(hwnd: HWND) -> (u32, u32) {
[INFO] [stdout]     |                          ^^^^ not found in this scope
[INFO] [stdout] 
[INFO] [stdout] 
[INFO] [stdout] error: Compilation failed, aborting rustdoc
[INFO] [stdout] 
[INFO] [stdout] 
[INFO] [stdout] error: aborting due to 11 previous errors
[INFO] [stdout] 
[INFO] [stdout] 
[INFO] [stdout] Some errors have detailed explanations: E0412, E0432, E0433.
[INFO] [stdout] 
[INFO] [stdout] For more information about an error, try `rustc --explain E0412`.
[INFO] [stdout] 
[INFO] [stderr] error: could not document `winit-direct2d`
[INFO] [stderr] 
[INFO] [stderr] Caused by:
[INFO] [stderr]   process didn't exit successfully: `rustdoc --edition=2018 --crate-type bin --crate-name winit_direct2d src/main.rs -o /opt/rustwide/target/doc --error-format=json --json=diagnostic-rendered-ansi --document-private-items -L dependency=/opt/rustwide/target/debug/deps --extern rand=/opt/rustwide/target/debug/deps/librand-9bffb085dbc1e604.rmeta --extern winit=/opt/rustwide/target/debug/deps/libwinit-2d81687a20c87970.rmeta --cap-lints=warn --crate-version 0.1.0` (exit status: 1)
[INFO] running `Command { std: "docker" "inspect" "c9d68009294722bcefb585d7a2d1c1e021392556774e46950f14309d169c3bc7", kill_on_drop: false }`
[INFO] running `Command { std: "docker" "rm" "-f" "c9d68009294722bcefb585d7a2d1c1e021392556774e46950f14309d169c3bc7", kill_on_drop: false }`
[INFO] [stdout] c9d68009294722bcefb585d7a2d1c1e021392556774e46950f14309d169c3bc7
