[INFO] cloning repository https://github.com/noahmorrison/surs
[INFO] running `Command { std: "git" "-c" "credential.helper=" "-c" "credential.helper=/workspace/cargo-home/bin/git-credential-null" "clone" "--bare" "https://github.com/noahmorrison/surs" "/workspace/cache/git-repos/https%3A%2F%2Fgithub.com%2Fnoahmorrison%2Fsurs", kill_on_drop: false }`
[INFO] [stderr] Cloning into bare repository '/workspace/cache/git-repos/https%3A%2F%2Fgithub.com%2Fnoahmorrison%2Fsurs'...
[INFO] running `Command { std: "git" "rev-parse" "HEAD", kill_on_drop: false }`
[INFO] [stdout] d3b630448efbd2ba344bbbc13f6ad52dfe9c41a9
[INFO] documenting noahmorrison/surs against beta-2021-08-01 for beta-1.55-rustdoc-1
[INFO] running `Command { std: "git" "clone" "/workspace/cache/git-repos/https%3A%2F%2Fgithub.com%2Fnoahmorrison%2Fsurs" "/workspace/builds/worker-0/source", kill_on_drop: false }`
[INFO] [stderr] Cloning into '/workspace/builds/worker-0/source'...
[INFO] [stderr] done.
[INFO] validating manifest of git repo https://github.com/noahmorrison/surs on toolchain beta-2021-08-01
[INFO] running `Command { std: "/workspace/cargo-home/bin/cargo" "+beta-2021-08-01" "metadata" "--manifest-path" "Cargo.toml" "--no-deps", kill_on_drop: false }`
[INFO] started tweaking git repo https://github.com/noahmorrison/surs
[INFO] finished tweaking git repo https://github.com/noahmorrison/surs
[INFO] tweaked toml for git repo https://github.com/noahmorrison/surs written to /workspace/builds/worker-0/source/Cargo.toml
[INFO] crate git repo https://github.com/noahmorrison/surs already has a lockfile, it will not be regenerated
[INFO] running `Command { std: "/workspace/cargo-home/bin/cargo" "+beta-2021-08-01" "fetch" "--manifest-path" "Cargo.toml", kill_on_drop: false }`
[INFO] [stderr]     Blocking waiting for file lock on package cache
[INFO] running `Command { std: "docker" "create" "-v" "/var/lib/crater-agent-workspace/builds/worker-0/target:/opt/rustwide/target:rw,Z" "-v" "/var/lib/crater-agent-workspace/builds/worker-0/source:/opt/rustwide/workdir:ro,Z" "-v" "/var/lib/crater-agent-workspace/cargo-home:/opt/rustwide/cargo-home:ro,Z" "-v" "/var/lib/crater-agent-workspace/rustup-home:/opt/rustwide/rustup-home:ro,Z" "-e" "SOURCE_DIR=/opt/rustwide/workdir" "-e" "CARGO_TARGET_DIR=/opt/rustwide/target" "-e" "CARGO_HOME=/opt/rustwide/cargo-home" "-e" "RUSTUP_HOME=/opt/rustwide/rustup-home" "-w" "/opt/rustwide/workdir" "-m" "1610612736" "--user" "0:0" "--network" "none" "ghcr.io/rust-lang/crates-build-env/linux@sha256:34b6a614d2c27851fe6cbf88fbd1137609cefab8b10d0615aaeb6fd47975d74e" "/opt/rustwide/cargo-home/bin/cargo" "+beta-2021-08-01" "metadata" "--no-deps" "--format-version=1", kill_on_drop: false }`
[INFO] [stderr] WARNING: Your kernel does not support swap limit capabilities or the cgroup is not mounted. Memory limited without swap.
[INFO] [stdout] 1efe4629f5d8e3dd5f6cbb19b08bcfd7721f02a1adcff30e076000edf0b13d8e
[INFO] running `Command { std: "docker" "start" "-a" "1efe4629f5d8e3dd5f6cbb19b08bcfd7721f02a1adcff30e076000edf0b13d8e", kill_on_drop: false }`
[INFO] running `Command { std: "docker" "inspect" "1efe4629f5d8e3dd5f6cbb19b08bcfd7721f02a1adcff30e076000edf0b13d8e", kill_on_drop: false }`
[INFO] running `Command { std: "docker" "rm" "-f" "1efe4629f5d8e3dd5f6cbb19b08bcfd7721f02a1adcff30e076000edf0b13d8e", kill_on_drop: false }`
[INFO] [stdout] 1efe4629f5d8e3dd5f6cbb19b08bcfd7721f02a1adcff30e076000edf0b13d8e
[INFO] running `Command { std: "docker" "create" "-v" "/var/lib/crater-agent-workspace/builds/worker-0/target:/opt/rustwide/target:rw,Z" "-v" "/var/lib/crater-agent-workspace/builds/worker-0/source:/opt/rustwide/workdir:ro,Z" "-v" "/var/lib/crater-agent-workspace/cargo-home:/opt/rustwide/cargo-home:ro,Z" "-v" "/var/lib/crater-agent-workspace/rustup-home:/opt/rustwide/rustup-home:ro,Z" "-e" "SOURCE_DIR=/opt/rustwide/workdir" "-e" "CARGO_TARGET_DIR=/opt/rustwide/target" "-e" "CARGO_INCREMENTAL=0" "-e" "RUST_BACKTRACE=full" "-e" "RUSTDOCFLAGS=--cap-lints=warn" "-e" "CARGO_HOME=/opt/rustwide/cargo-home" "-e" "RUSTUP_HOME=/opt/rustwide/rustup-home" "-w" "/opt/rustwide/workdir" "-m" "1610612736" "--user" "0:0" "--network" "none" "ghcr.io/rust-lang/crates-build-env/linux@sha256:34b6a614d2c27851fe6cbf88fbd1137609cefab8b10d0615aaeb6fd47975d74e" "/opt/rustwide/cargo-home/bin/cargo" "+beta-2021-08-01" "doc" "--frozen" "--no-deps" "--document-private-items" "--message-format=json", kill_on_drop: false }`
[INFO] [stdout] 5e87b11a2cbca8b59102f5f4d879b4b6a32a82401c3cc448802c31a679ec4135
[INFO] [stderr] WARNING: Your kernel does not support swap limit capabilities or the cgroup is not mounted. Memory limited without swap.
[INFO] running `Command { std: "docker" "start" "-a" "5e87b11a2cbca8b59102f5f4d879b4b6a32a82401c3cc448802c31a679ec4135", kill_on_drop: false }`
[INFO] [stderr]     Blocking waiting for file lock on package cache
[INFO] [stderr]  Documenting surs v0.0.1 (/opt/rustwide/workdir)
[INFO] [stdout] error: invalid suffix `u` for number literal
[INFO] [stdout]    --> src/board.rs:107:21
[INFO] [stdout]     |
[INFO] [stdout] 107 |         let mut i = 0u;
[INFO] [stdout]     |                     ^^ invalid suffix `u`
[INFO] [stdout]     |
[INFO] [stdout]     = help: the suffix must be one of the numeric types (`u32`, `isize`, `f32`, etc.)
[INFO] [stdout] 
[INFO] [stdout] 
[INFO] [stdout] error: cannot find attribute `deriving` in this scope
[INFO] [stdout]  --> src/unit.rs:6:3
[INFO] [stdout]   |
[INFO] [stdout] 6 | #[deriving(Clone)]
[INFO] [stdout]   |   ^^^^^^^^
[INFO] [stdout] 
[INFO] [stdout] 
[INFO] [stdout] error[E0405]: cannot find trait `Show` in module `fmt`
[INFO] [stdout]    --> src/board.rs:160:11
[INFO] [stdout]     |
[INFO] [stdout] 160 | impl fmt::Show for Board {
[INFO] [stdout]     |           ^^^^ not found in `fmt`
[INFO] [stdout] 
[INFO] [stdout] 
[INFO] [stdout] error[E0405]: cannot find trait `Show` in module `fmt`
[INFO] [stdout]   --> src/cell.rs:19:11
[INFO] [stdout]    |
[INFO] [stdout] 19 | impl fmt::Show for Number {
[INFO] [stdout]    |           ^^^^ not found in `fmt`
[INFO] [stdout] 
[INFO] [stdout] 
[INFO] [stdout] error[E0405]: cannot find trait `Show` in module `fmt`
[INFO] [stdout]   --> src/cell.rs:82:11
[INFO] [stdout]    |
[INFO] [stdout] 82 | impl fmt::Show for Cell {
[INFO] [stdout]    |           ^^^^ not found in `fmt`
[INFO] [stdout] 
[INFO] [stdout] 
[INFO] [stdout] error[E0405]: cannot find trait `Show` in module `fmt`
[INFO] [stdout]   --> src/unit.rs:72:11
[INFO] [stdout]    |
[INFO] [stdout] 72 | impl fmt::Show for Unit {
[INFO] [stdout]    |           ^^^^ not found in `fmt`
[INFO] [stdout] 
[INFO] [stdout] 
[INFO] [stdout] error: Compilation failed, aborting rustdoc
[INFO] [stdout] 
[INFO] [stdout] 
[INFO] [stdout] error: aborting due to 7 previous errors
[INFO] [stdout] 
[INFO] [stdout] 
[INFO] [stdout] For more information about this error, try `rustc --explain E0405`.
[INFO] [stdout] 
[INFO] [stderr] error: could not document `surs`
[INFO] [stderr] 
[INFO] [stderr] Caused by:
[INFO] [stderr]   process didn't exit successfully: `rustdoc --crate-type bin --crate-name surs src/main.rs -o /opt/rustwide/target/doc --error-format=json --json=diagnostic-rendered-ansi --document-private-items -L dependency=/opt/rustwide/target/debug/deps --cap-lints=warn --crate-version 0.0.1` (exit status: 1)
[INFO] running `Command { std: "docker" "inspect" "5e87b11a2cbca8b59102f5f4d879b4b6a32a82401c3cc448802c31a679ec4135", kill_on_drop: false }`
[INFO] running `Command { std: "docker" "rm" "-f" "5e87b11a2cbca8b59102f5f4d879b4b6a32a82401c3cc448802c31a679ec4135", kill_on_drop: false }`
[INFO] [stdout] 5e87b11a2cbca8b59102f5f4d879b4b6a32a82401c3cc448802c31a679ec4135
