[INFO] cloning repository https://github.com/nixpulvis/galos
[INFO] running `Command { std: "git" "-c" "credential.helper=" "-c" "credential.helper=/workspace/cargo-home/bin/git-credential-null" "clone" "--bare" "https://github.com/nixpulvis/galos" "/workspace/cache/git-repos/https%3A%2F%2Fgithub.com%2Fnixpulvis%2Fgalos", kill_on_drop: false }`
[INFO] [stderr] Cloning into bare repository '/workspace/cache/git-repos/https%3A%2F%2Fgithub.com%2Fnixpulvis%2Fgalos'...
[INFO] running `Command { std: "git" "rev-parse" "HEAD", kill_on_drop: false }`
[INFO] [stdout] 258aaa8d7c0917643ae866e69c73bf5bf32aa2b0
[INFO] documenting nixpulvis/galos against 1.54.0 for beta-1.55-rustdoc-1
[INFO] running `Command { std: "git" "clone" "/workspace/cache/git-repos/https%3A%2F%2Fgithub.com%2Fnixpulvis%2Fgalos" "/workspace/builds/worker-7/source", kill_on_drop: false }`
[INFO] [stderr] Cloning into '/workspace/builds/worker-7/source'...
[INFO] [stderr] done.
[INFO] validating manifest of git repo https://github.com/nixpulvis/galos on toolchain 1.54.0
[INFO] running `Command { std: "/workspace/cargo-home/bin/cargo" "+1.54.0" "metadata" "--manifest-path" "Cargo.toml" "--no-deps", kill_on_drop: false }`
[INFO] removed /workspace/builds/worker-7/source/rust-toolchain
[INFO] started tweaking git repo https://github.com/nixpulvis/galos
[INFO] finished tweaking git repo https://github.com/nixpulvis/galos
[INFO] tweaked toml for git repo https://github.com/nixpulvis/galos written to /workspace/builds/worker-7/source/Cargo.toml
[INFO] crate git repo https://github.com/nixpulvis/galos already has a lockfile, it will not be regenerated
[INFO] running `Command { std: "/workspace/cargo-home/bin/cargo" "+1.54.0" "fetch" "--manifest-path" "Cargo.toml", kill_on_drop: false }`
[INFO] [stderr]     Blocking waiting for file lock on package cache
[INFO] [stderr]     Blocking waiting for file lock on package cache
[INFO] running `Command { std: "docker" "create" "-v" "/var/lib/crater-agent-workspace/builds/worker-7/target:/opt/rustwide/target:rw,Z" "-v" "/var/lib/crater-agent-workspace/builds/worker-7/source:/opt/rustwide/workdir:ro,Z" "-v" "/var/lib/crater-agent-workspace/cargo-home:/opt/rustwide/cargo-home:ro,Z" "-v" "/var/lib/crater-agent-workspace/rustup-home:/opt/rustwide/rustup-home:ro,Z" "-e" "SOURCE_DIR=/opt/rustwide/workdir" "-e" "CARGO_TARGET_DIR=/opt/rustwide/target" "-e" "CARGO_HOME=/opt/rustwide/cargo-home" "-e" "RUSTUP_HOME=/opt/rustwide/rustup-home" "-w" "/opt/rustwide/workdir" "-m" "1610612736" "--user" "0:0" "--network" "none" "ghcr.io/rust-lang/crates-build-env/linux@sha256:34b6a614d2c27851fe6cbf88fbd1137609cefab8b10d0615aaeb6fd47975d74e" "/opt/rustwide/cargo-home/bin/cargo" "+1.54.0" "metadata" "--no-deps" "--format-version=1", kill_on_drop: false }`
[INFO] [stdout] b5e7ad8f46876b57eaa85cf3fbef5e19f224edb05508d5167bd8752e753f639f
[INFO] [stderr] WARNING: Your kernel does not support swap limit capabilities or the cgroup is not mounted. Memory limited without swap.
[INFO] running `Command { std: "docker" "start" "-a" "b5e7ad8f46876b57eaa85cf3fbef5e19f224edb05508d5167bd8752e753f639f", kill_on_drop: false }`
[INFO] running `Command { std: "docker" "inspect" "b5e7ad8f46876b57eaa85cf3fbef5e19f224edb05508d5167bd8752e753f639f", kill_on_drop: false }`
[INFO] running `Command { std: "docker" "rm" "-f" "b5e7ad8f46876b57eaa85cf3fbef5e19f224edb05508d5167bd8752e753f639f", kill_on_drop: false }`
[INFO] [stdout] b5e7ad8f46876b57eaa85cf3fbef5e19f224edb05508d5167bd8752e753f639f
[INFO] running `Command { std: "docker" "create" "-v" "/var/lib/crater-agent-workspace/builds/worker-7/target:/opt/rustwide/target:rw,Z" "-v" "/var/lib/crater-agent-workspace/builds/worker-7/source:/opt/rustwide/workdir:ro,Z" "-v" "/var/lib/crater-agent-workspace/cargo-home:/opt/rustwide/cargo-home:ro,Z" "-v" "/var/lib/crater-agent-workspace/rustup-home:/opt/rustwide/rustup-home:ro,Z" "-e" "SOURCE_DIR=/opt/rustwide/workdir" "-e" "CARGO_TARGET_DIR=/opt/rustwide/target" "-e" "CARGO_INCREMENTAL=0" "-e" "RUST_BACKTRACE=full" "-e" "RUSTDOCFLAGS=--cap-lints=warn" "-e" "CARGO_HOME=/opt/rustwide/cargo-home" "-e" "RUSTUP_HOME=/opt/rustwide/rustup-home" "-w" "/opt/rustwide/workdir" "-m" "1610612736" "--user" "0:0" "--network" "none" "ghcr.io/rust-lang/crates-build-env/linux@sha256:34b6a614d2c27851fe6cbf88fbd1137609cefab8b10d0615aaeb6fd47975d74e" "/opt/rustwide/cargo-home/bin/cargo" "+1.54.0" "doc" "--frozen" "--no-deps" "--document-private-items" "--message-format=json", kill_on_drop: false }`
[INFO] [stdout] b7d84721b6c5a7a65b3cd4d23b3d9d79656eb9ecae7624c9c076d26f0c299fc0
[INFO] [stderr] WARNING: Your kernel does not support swap limit capabilities or the cgroup is not mounted. Memory limited without swap.
[INFO] running `Command { std: "docker" "start" "-a" "b7d84721b6c5a7a65b3cd4d23b3d9d79656eb9ecae7624c9c076d26f0c299fc0", kill_on_drop: false }`
[INFO] [stderr]    Compiling libc v0.2.87
[INFO] [stderr]    Compiling syn v1.0.60
[INFO] [stderr]    Compiling value-bag v1.0.0-alpha.6
[INFO] [stderr]    Compiling serde v1.0.123
[INFO] [stderr]     Checking pin-project-lite v0.2.5
[INFO] [stderr]    Compiling signal-hook v0.3.6
[INFO] [stderr]    Compiling futures-io v0.3.13
[INFO] [stderr]    Compiling serde_json v1.0.64
[INFO] [stderr]    Compiling async-task v4.0.3
[INFO] [stderr]    Compiling whoami v1.1.0
[INFO] [stderr]    Compiling error-chain v0.10.0
[INFO] [stderr]     Checking scroll v0.10.2
[INFO] [stderr]    Compiling zmq v0.9.2
[INFO] [stderr]     Checking cassowary v0.3.0
[INFO] [stderr]     Checking unicode-segmentation v1.7.1
[INFO] [stderr]     Checking galos_bot v0.0.0-dev+initial (/opt/rustwide/workdir/galos_bot)
[INFO] [stderr]    Compiling indexmap v1.6.1
[INFO] [stderr]    Compiling nom v6.1.2
[INFO] [stderr]    Compiling tokio v1.2.0
[INFO] [stderr]    Compiling openssl-sys v0.9.60
[INFO] [stderr]    Compiling thread_local v1.1.3
[INFO] [stderr]    Compiling async-lock v2.3.0
[INFO] [stderr]    Compiling tinyvec v1.1.1
[INFO] [stderr]    Compiling futures-channel v0.3.13
[INFO] [stderr]     Checking regex-automata v0.1.9
[INFO] [stderr]    Compiling metadeps v1.1.2
[INFO] [stderr]     Checking tracing v0.1.25
[INFO] [stderr]    Compiling async-channel v1.6.1
[INFO] [stderr]     Checking hashlink v0.6.0
[INFO] [stderr]     Checking futures-lite v1.11.3
[INFO] [stderr]    Compiling crossbeam-utils v0.8.3
[INFO] [stderr]    Compiling lexical-core v0.7.5
[INFO] [stderr]    Compiling bitvec v0.19.4
[INFO] [stderr]     Checking stringprep v0.1.2
[INFO] [stderr]     Checking regex v1.4.3
[INFO] [stderr]    Compiling crypto-mac v0.10.0
[INFO] [stderr]     Checking crossbeam-queue v0.3.1
[INFO] [stderr]     Checking geo-types v0.7.1
[INFO] [stderr]     Checking ordered-float v2.1.1
[INFO] [stderr]    Compiling md-5 v0.9.1
[INFO] [stderr]    Compiling sha2 v0.9.3
[INFO] [stderr]    Compiling sha-1 v0.9.4
[INFO] [stderr]    Compiling zmq-sys v0.11.0
[INFO] [stderr]    Compiling crossbeam-channel v0.5.0
[INFO] [stderr]    Compiling hmac v0.10.1
[INFO] [stderr]    Compiling async-executor v1.4.0
[INFO] [stderr]    Compiling blocking v1.0.2
[INFO] [stderr]    Compiling unicode-normalization v0.1.17
[INFO] [stderr]    Compiling openssl v0.10.32
[INFO] [stderr]    Compiling native-tls v0.2.7
[INFO] [stderr]    Compiling socket2 v0.3.19
[INFO] [stderr]    Compiling signal-hook-registry v1.3.0
[INFO] [stderr]    Compiling num_cpus v1.13.0
[INFO] [stderr]    Compiling getrandom v0.1.16
[INFO] [stderr]    Compiling getrandom v0.2.2
[INFO] [stderr]    Compiling time v0.1.43
[INFO] [stderr]    Compiling parking_lot_core v0.8.3
[INFO] [stderr]     Checking atty v0.2.14
[INFO] [stderr]     Checking dirs v1.0.5
[INFO] [stderr]     Checking terminal_size v0.1.16
[INFO] [stderr]     Checking termion v1.5.6
[INFO] [stderr]    Compiling ahash v0.6.3
[INFO] [stderr]    Compiling rand_core v0.5.1
[INFO] [stderr]    Compiling parking_lot v0.11.1
[INFO] [stderr]    Compiling nb-connect v1.0.3
[INFO] [stderr]    Compiling idna v0.2.2
[INFO] [stderr]     Checking clap v2.33.3
[INFO] [stderr]     Checking term v0.5.2
[INFO] [stderr]     Checking console v0.14.0
[INFO] [stderr]    Compiling rand_chacha v0.2.2
[INFO] [stderr]     Checking tui v0.14.0
[INFO] [stderr]    Compiling url v2.2.1
[INFO] [stderr]    Compiling rand v0.7.3
[INFO] [stderr]     Checking indicatif v0.15.0
[INFO] [stderr]    Compiling proc-macro-error v1.0.4
[INFO] [stderr]     Checking sqlformat v0.1.6
[INFO] [stderr]    Compiling ctor v0.1.19
[INFO] [stderr]    Compiling serde_derive v1.0.123
[INFO] [stderr]    Compiling futures-macro v0.3.13
[INFO] [stderr]    Compiling thiserror-impl v1.0.24
[INFO] [stderr]    Compiling async-attributes v1.1.2
[INFO] [stderr]    Compiling pin-project-internal v1.0.5
[INFO] [stderr]    Compiling structopt-derive v0.4.14
[INFO] [stderr]     Checking futures-util v0.3.13
[INFO] [stderr]     Checking log v0.4.14
[INFO] [stderr]    Compiling thiserror v1.0.24
[INFO] [stderr]     Checking polling v2.0.2
[INFO] [stderr]     Checking kv-log-macro v1.0.7
[INFO] [stderr]     Checking mio v0.7.9
[INFO] [stderr]     Checking want v0.3.0
[INFO] [stderr]     Checking pin-project v1.0.5
[INFO] [stderr]     Checking async-io v1.3.1
[INFO] [stderr]     Checking structopt v0.3.21
[INFO] [stderr]     Checking async-process v1.0.2
[INFO] [stderr]     Checking async-global-executor v2.0.2
[INFO] [stderr]     Checking async-std v1.9.0
[INFO] [stderr]    Compiling futures-executor v0.3.13
[INFO] [stderr]    Compiling futures v0.3.13
[INFO] [stderr]     Checking tokio-util v0.6.3
[INFO] [stderr]     Checking tokio-native-tls v0.3.0
[INFO] [stderr]     Checking h2 v0.3.1
[INFO] [stderr]     Checking either v1.6.1
[INFO] [stderr]     Checking chrono v0.4.19
[INFO] [stderr]     Checking bstr v0.2.15
[INFO] [stderr]     Checking serde_urlencoded v0.7.0
[INFO] [stderr]    Compiling async-native-tls v0.3.3
[INFO] [stderr]     Checking itertools v0.9.0
[INFO] [stderr]    Compiling sqlx-rt v0.3.0
[INFO] [stderr]     Checking hyper v0.14.4
[INFO] [stderr]     Checking csv v1.1.5
[INFO] [stderr]     Checking sqlx-core v0.5.1
[INFO] [stderr]     Checking geojson v0.22.0
[INFO] [stderr]     Checking pathfinding v2.1.1
[INFO] [stderr]     Checking prettytable-rs v0.8.0
[INFO] [stderr]     Checking hyper-tls v0.5.0
[INFO] [stderr]     Checking reqwest v0.11.1
[INFO] [stderr]     Checking edsm v0.0.1-dev+alpha (/opt/rustwide/workdir/edsm)
[INFO] [stderr]    Compiling sqlx-macros v0.5.1
[INFO] [stderr]     Checking sqlx v0.5.1
[INFO] [stderr]     Checking geozero v0.7.4 (https://github.com/georust/geozero?branch=master#27c44d89)
[INFO] [stderr]     Checking elite_journal v0.0.1-dev+alpha (/opt/rustwide/workdir/elite_journal)
[INFO] [stderr]     Checking eddb v0.0.1-dev+alpha (/opt/rustwide/workdir/eddb)
[INFO] [stderr]     Checking eddn v0.0.1-dev+alpha (/opt/rustwide/workdir/eddn)
[INFO] [stderr]     Checking galos_db v0.0.1-dev+alpha (/opt/rustwide/workdir/galos_db)
[INFO] [stdout] error: error communicating with the server: Cannot assign requested address (os error 99)
[INFO] [stdout]   --> galos_db/src/articles.rs:16:19
[INFO] [stdout]    |
[INFO] [stdout] 16 |           let row = sqlx::query!(
[INFO] [stdout]    |  ___________________^
[INFO] [stdout] 17 | |             "
[INFO] [stdout] 18 | |             INSERT INTO articles (title, date, body)
[INFO] [stdout] 19 | |             VALUES ($1, $2, $3)
[INFO] [stdout] 20 | |             RETURNING *
[INFO] [stdout] 21 | |             ",
[INFO] [stdout] 22 | |             title, date, body)
[INFO] [stdout]    | |______________________________^
[INFO] [stdout]    |
[INFO] [stdout]    = note: this error originates in the macro `$crate::sqlx_macros::expand_query` (in Nightly builds, run with -Z macro-backtrace for more info)
[INFO] [stdout] 
[INFO] [stdout] 
[INFO] [stdout] error: error communicating with the server: Cannot assign requested address (os error 99)
[INFO] [stdout]   --> galos_db/src/articles.rs:35:19
[INFO] [stdout]    |
[INFO] [stdout] 35 |           let row = sqlx::query!(
[INFO] [stdout]    |  ___________________^
[INFO] [stdout] 36 | |             "
[INFO] [stdout] 37 | |             SELECT *
[INFO] [stdout] 38 | |             FROM articles
[INFO] [stdout] 39 | |             WHERE id = $1
[INFO] [stdout] 40 | |             ", id)
[INFO] [stdout]    | |__________________^
[INFO] [stdout]    |
[INFO] [stdout]    = note: this error originates in the macro `$crate::sqlx_macros::expand_query` (in Nightly builds, run with -Z macro-backtrace for more info)
[INFO] [stdout] 
[INFO] [stdout] 
[INFO] [stdout] error: error communicating with the server: Cannot assign requested address (os error 99)
[INFO] [stdout]   --> galos_db/src/articles.rs:53:20
[INFO] [stdout]    |
[INFO] [stdout] 53 |           let rows = sqlx::query!(
[INFO] [stdout]    |  ____________________^
[INFO] [stdout] 54 | |             "
[INFO] [stdout] 55 | |             SELECT *
[INFO] [stdout] 56 | |             FROM articles
[INFO] [stdout] 57 | |             LIMIT $1 OFFSET $2
[INFO] [stdout] 58 | |             ", page.limit, page.offset)
[INFO] [stdout]    | |_______________________________________^
[INFO] [stdout]    |
[INFO] [stdout]    = note: this error originates in the macro `$crate::sqlx_macros::expand_query` (in Nightly builds, run with -Z macro-backtrace for more info)
[INFO] [stdout] 
[INFO] [stdout] 
[INFO] [stdout] error: error communicating with the server: Cannot assign requested address (os error 99)
[INFO] [stdout]   --> galos_db/src/articles.rs:77:20
[INFO] [stdout]    |
[INFO] [stdout] 77 |           let rows = sqlx::query!(
[INFO] [stdout]    |  ____________________^
[INFO] [stdout] 78 | |             "
[INFO] [stdout] 79 | |             SELECT *
[INFO] [stdout] 80 | |             FROM articles
[INFO] [stdout] 81 | |             WHERE date BETWEEN $1 AND $2
[INFO] [stdout] 82 | |             ", from, to)
[INFO] [stdout]    | |________________________^
[INFO] [stdout]    |
[INFO] [stdout]    = note: this error originates in the macro `$crate::sqlx_macros::expand_query` (in Nightly builds, run with -Z macro-backtrace for more info)
[INFO] [stdout] 
[INFO] [stdout] 
[INFO] [stdout] error: error communicating with the server: Cannot assign requested address (os error 99)
[INFO] [stdout]    --> galos_db/src/articles.rs:98:9
[INFO] [stdout]     |
[INFO] [stdout] 98  | /         sqlx::query!(
[INFO] [stdout] 99  | |             "
[INFO] [stdout] 100 | |             DELETE FROM articles
[INFO] [stdout] 101 | |             WHERE id = $1
[INFO] [stdout] 102 | |             ", self.id)
[INFO] [stdout]     | |_______________________^
[INFO] [stdout]     |
[INFO] [stdout]     = note: this error originates in the macro `$crate::sqlx_macros::expand_query` (in Nightly builds, run with -Z macro-backtrace for more info)
[INFO] [stdout] 
[INFO] [stdout] 
[INFO] [stdout] error: error communicating with the server: Cannot assign requested address (os error 99)
[INFO] [stdout]   --> galos_db/src/systems.rs:46:9
[INFO] [stdout]    |
[INFO] [stdout] 46 | /         sqlx::query!(
[INFO] [stdout] 47 | |             r#"
[INFO] [stdout] 48 | |             INSERT INTO systems
[INFO] [stdout] 49 | |                 (address,
[INFO] [stdout] ...  |
[INFO] [stdout] 78 | |             secondary_economy as _,
[INFO] [stdout] 79 | |             updated_at.naive_utc())
[INFO] [stdout]    | |___________________________________^
[INFO] [stdout]    |
[INFO] [stdout]    = note: this error originates in the macro `$crate::sqlx_macros::expand_query` (in Nightly builds, run with -Z macro-backtrace for more info)
[INFO] [stdout] 
[INFO] [stdout] 
[INFO] [stdout] error: error communicating with the server: Cannot assign requested address (os error 99)
[INFO] [stdout]    --> galos_db/src/systems.rs:95:9
[INFO] [stdout]     |
[INFO] [stdout] 95  | /         sqlx::query!(
[INFO] [stdout] 96  | |             r#"
[INFO] [stdout] 97  | |             INSERT INTO systems
[INFO] [stdout] 98  | |                 (address,
[INFO] [stdout] ...   |
[INFO] [stdout] 125 | |                 system.second_economy as _,
[INFO] [stdout] 126 | |                 timestamp.naive_utc())
[INFO] [stdout]     | |______________________________________^
[INFO] [stdout]     |
[INFO] [stdout]     = note: this error originates in the macro `$crate::sqlx_macros::expand_query` (in Nightly builds, run with -Z macro-backtrace for more info)
[INFO] [stdout] 
[INFO] [stdout] 
[INFO] [stdout] error: error communicating with the server: Cannot assign requested address (os error 99)
[INFO] [stdout]    --> galos_db/src/systems.rs:145:19
[INFO] [stdout]     |
[INFO] [stdout] 145 |           let row = sqlx::query!(
[INFO] [stdout]     |  ___________________^
[INFO] [stdout] 146 | |             r#"
[INFO] [stdout] 147 | |             SELECT
[INFO] [stdout] 148 | |                 address,
[INFO] [stdout] ...   |
[INFO] [stdout] 159 | |             WHERE address = $1
[INFO] [stdout] 160 | |             "#, address)
[INFO] [stdout]     | |________________________^
[INFO] [stdout]     |
[INFO] [stdout]     = note: this error originates in the macro `$crate::sqlx_macros::expand_query` (in Nightly builds, run with -Z macro-backtrace for more info)
[INFO] [stdout] 
[INFO] [stdout] 
[INFO] [stdout] error: error communicating with the server: Cannot assign requested address (os error 99)
[INFO] [stdout]    --> galos_db/src/systems.rs:180:19
[INFO] [stdout]     |
[INFO] [stdout] 180 |           let row = sqlx::query!(
[INFO] [stdout]     |  ___________________^
[INFO] [stdout] 181 | |             r#"
[INFO] [stdout] 182 | |             SELECT
[INFO] [stdout] 183 | |                 address,
[INFO] [stdout] ...   |
[INFO] [stdout] 194 | |             WHERE name = $1
[INFO] [stdout] 195 | |             "#, name.to_uppercase())
[INFO] [stdout]     | |____________________________________^
[INFO] [stdout]     |
[INFO] [stdout]     = note: this error originates in the macro `$crate::sqlx_macros::expand_query` (in Nightly builds, run with -Z macro-backtrace for more info)
[INFO] [stdout] 
[INFO] [stdout] 
[INFO] [stdout] error: error communicating with the server: Cannot assign requested address (os error 99)
[INFO] [stdout]    --> galos_db/src/systems.rs:214:20
[INFO] [stdout]     |
[INFO] [stdout] 214 |           let rows = sqlx::query!(
[INFO] [stdout]     |  ____________________^
[INFO] [stdout] 215 | |             r#"
[INFO] [stdout] 216 | |             SELECT
[INFO] [stdout] 217 | |                 address,
[INFO] [stdout] ...   |
[INFO] [stdout] 229 | |             ORDER BY name
[INFO] [stdout] 230 | |             "#, name)
[INFO] [stdout]     | |_____________________^
[INFO] [stdout]     |
[INFO] [stdout]     = note: this error originates in the macro `$crate::sqlx_macros::expand_query` (in Nightly builds, run with -Z macro-backtrace for more info)
[INFO] [stdout] 
[INFO] [stdout] 
[INFO] [stdout] error: error communicating with the server: Cannot assign requested address (os error 99)
[INFO] [stdout]    --> galos_db/src/systems.rs:251:20
[INFO] [stdout]     |
[INFO] [stdout] 251 |           let rows = sqlx::query!(
[INFO] [stdout]     |  ____________________^
[INFO] [stdout] 252 | |             r#"
[INFO] [stdout] 253 | |             SELECT
[INFO] [stdout] 254 | |                 s1.address,
[INFO] [stdout] ...   |
[INFO] [stdout] 267 | |             ORDER BY ST_3DDistance(s1.position, s2.position)
[INFO] [stdout] 268 | |             "#, name.to_uppercase(), range)
[INFO] [stdout]     | |___________________________________________^
[INFO] [stdout]     |
[INFO] [stdout]     = note: this error originates in the macro `$crate::sqlx_macros::expand_query` (in Nightly builds, run with -Z macro-backtrace for more info)
[INFO] [stdout] 
[INFO] [stdout] 
[INFO] [stdout] error: error communicating with the server: Cannot assign requested address (os error 99)
[INFO] [stdout]    --> galos_db/src/systems.rs:289:20
[INFO] [stdout]     |
[INFO] [stdout] 289 |           let rows = sqlx::query!(
[INFO] [stdout]     |  ____________________^
[INFO] [stdout] 290 | |             r#"
[INFO] [stdout] 291 | |             SELECT
[INFO] [stdout] 292 | |                 s1.address,
[INFO] [stdout] ...   |
[INFO] [stdout] 305 | |             ORDER BY ST_3DDistance(s1.position, s2.position)
[INFO] [stdout] 306 | |             "#, name, range)
[INFO] [stdout]     | |____________________________^
[INFO] [stdout]     |
[INFO] [stdout]     = note: this error originates in the macro `$crate::sqlx_macros::expand_query` (in Nightly builds, run with -Z macro-backtrace for more info)
[INFO] [stdout] 
[INFO] [stdout] 
[INFO] [stdout] error: error communicating with the server: Cannot assign requested address (os error 99)
[INFO] [stdout]    --> galos_db/src/systems.rs:328:13
[INFO] [stdout]     |
[INFO] [stdout] 328 | /             sqlx::query!(
[INFO] [stdout] 329 | |                 r#"
[INFO] [stdout] 330 | |                 SELECT
[INFO] [stdout] 331 | |                     address,
[INFO] [stdout] ...   |
[INFO] [stdout] 342 | |                 WHERE ST_3DDWithin(position, $1, $2);
[INFO] [stdout] 343 | |                 "#, wkb::Encode(self.position) as _, range)
[INFO] [stdout]     | |___________________________________________________________^
[INFO] [stdout]     |
[INFO] [stdout]     = note: this error originates in the macro `$crate::sqlx_macros::expand_query` (in Nightly builds, run with -Z macro-backtrace for more info)
[INFO] [stdout] 
[INFO] [stdout] 
[INFO] [stdout] error: error communicating with the server: Cannot assign requested address (os error 99)
[INFO] [stdout]   --> galos_db/src/factions.rs:13:19
[INFO] [stdout]    |
[INFO] [stdout] 13 |           let row = sqlx::query!(
[INFO] [stdout]    |  ___________________^
[INFO] [stdout] 14 | |             "
[INFO] [stdout] 15 | |             INSERT INTO factions (name)
[INFO] [stdout] 16 | |             VALUES ($1)
[INFO] [stdout] ...  |
[INFO] [stdout] 21 | |             ",
[INFO] [stdout] 22 | |             name)
[INFO] [stdout]    | |_________________^
[INFO] [stdout]    |
[INFO] [stdout]    = note: this error originates in the macro `$crate::sqlx_macros::expand_query` (in Nightly builds, run with -Z macro-backtrace for more info)
[INFO] [stdout] 
[INFO] [stdout] 
[INFO] [stdout] error: error communicating with the server: Cannot assign requested address (os error 99)
[INFO] [stdout]   --> galos_db/src/factions.rs:30:19
[INFO] [stdout]    |
[INFO] [stdout] 30 |           let row = sqlx::query!(
[INFO] [stdout]    |  ___________________^
[INFO] [stdout] 31 | |             "
[INFO] [stdout] 32 | |             SELECT *
[INFO] [stdout] 33 | |             FROM factions
[INFO] [stdout] 34 | |             WHERE id = $1
[INFO] [stdout] 35 | |             ", id)
[INFO] [stdout]    | |__________________^
[INFO] [stdout]    |
[INFO] [stdout]    = note: this error originates in the macro `$crate::sqlx_macros::expand_query` (in Nightly builds, run with -Z macro-backtrace for more info)
[INFO] [stdout] 
[INFO] [stdout] 
[INFO] [stdout] error: error communicating with the server: Cannot assign requested address (os error 99)
[INFO] [stdout]   --> galos_db/src/factions.rs:43:19
[INFO] [stdout]    |
[INFO] [stdout] 43 |           let row = sqlx::query!(
[INFO] [stdout]    |  ___________________^
[INFO] [stdout] 44 | |             "
[INFO] [stdout] 45 | |             SELECT *
[INFO] [stdout] 46 | |             FROM factions
[INFO] [stdout] 47 | |             WHERE lower(name) = $1
[INFO] [stdout] 48 | |             ", name.to_lowercase())
[INFO] [stdout]    | |___________________________________^
[INFO] [stdout]    |
[INFO] [stdout]    = note: this error originates in the macro `$crate::sqlx_macros::expand_query` (in Nightly builds, run with -Z macro-backtrace for more info)
[INFO] [stdout] 
[INFO] [stdout] 
[INFO] [stdout] error: error communicating with the server: Cannot assign requested address (os error 99)
[INFO] [stdout]   --> galos_db/src/factions.rs:56:20
[INFO] [stdout]    |
[INFO] [stdout] 56 |           let rows = sqlx::query!(
[INFO] [stdout]    |  ____________________^
[INFO] [stdout] 57 | |             r#"
[INFO] [stdout] 58 | |             SELECT *
[INFO] [stdout] 59 | |             FROM factions
[INFO] [stdout] 60 | |             WHERE name ILIKE $1
[INFO] [stdout] 61 | |             ORDER BY name
[INFO] [stdout] 62 | |             "#, name)
[INFO] [stdout]    | |_____________________^
[INFO] [stdout]    |
[INFO] [stdout]    = note: this error originates in the macro `$crate::sqlx_macros::expand_query` (in Nightly builds, run with -Z macro-backtrace for more info)
[INFO] [stdout] 
[INFO] [stdout] 
[INFO] [stdout] error: error communicating with the server: Cannot assign requested address (os error 99)
[INFO] [stdout]    --> galos_db/src/factions.rs:91:19
[INFO] [stdout]     |
[INFO] [stdout] 91  |           let row = sqlx::query!(
[INFO] [stdout]     |  ___________________^
[INFO] [stdout] 92  | |             r#"
[INFO] [stdout] 93  | |             INSERT INTO system_factions
[INFO] [stdout] 94  | |                 (system_address,
[INFO] [stdout] ...   |
[INFO] [stdout] 126 | |                 faction_info.allegiance as _,
[INFO] [stdout] 127 | |                 timestamp.naive_utc())
[INFO] [stdout]     | |______________________________________^
[INFO] [stdout]     |
[INFO] [stdout]     = note: this error originates in the macro `$crate::sqlx_macros::expand_query` (in Nightly builds, run with -Z macro-backtrace for more info)
[INFO] [stdout] 
[INFO] [stdout] 
[INFO] [stdout] error: error communicating with the server: Cannot assign requested address (os error 99)
[INFO] [stdout]    --> galos_db/src/factions.rs:163:19
[INFO] [stdout]     |
[INFO] [stdout] 163 |           let row = sqlx::query!(
[INFO] [stdout]     |  ___________________^
[INFO] [stdout] 164 | |             r#"
[INFO] [stdout] 165 | |             SELECT
[INFO] [stdout] 166 | |                 system_address,
[INFO] [stdout] ...   |
[INFO] [stdout] 178 | |             ORDER BY influence DESC
[INFO] [stdout] 179 | |             "#, address as i64, id as i32)
[INFO] [stdout]     | |__________________________________________^
[INFO] [stdout]     |
[INFO] [stdout]     = note: this error originates in the macro `$crate::sqlx_macros::expand_query` (in Nightly builds, run with -Z macro-backtrace for more info)
[INFO] [stdout] 
[INFO] [stdout] 
[INFO] [stdout] error: error communicating with the server: Cannot assign requested address (os error 99)
[INFO] [stdout]    --> galos_db/src/factions.rs:195:24
[INFO] [stdout]     |
[INFO] [stdout] 195 |               let rows = sqlx::query!(
[INFO] [stdout]     |  ________________________^
[INFO] [stdout] 196 | |             r#"
[INFO] [stdout] 197 | |             SELECT
[INFO] [stdout] 198 | |                 system_address,
[INFO] [stdout] ...   |
[INFO] [stdout] 210 | |             ORDER BY influence DESC
[INFO] [stdout] 211 | |             "#, address as i64)
[INFO] [stdout]     | |_______________________________^
[INFO] [stdout]     |
[INFO] [stdout]     = note: this error originates in the macro `$crate::sqlx_macros::expand_query` (in Nightly builds, run with -Z macro-backtrace for more info)
[INFO] [stdout] 
[INFO] [stdout] 
[INFO] [stdout] error: error communicating with the server: Cannot assign requested address (os error 99)
[INFO] [stdout]    --> galos_db/src/factions.rs:227:24
[INFO] [stdout]     |
[INFO] [stdout] 227 |               let rows = sqlx::query!(
[INFO] [stdout]     |  ________________________^
[INFO] [stdout] 228 | |             r#"
[INFO] [stdout] 229 | |             SELECT
[INFO] [stdout] 230 | |                 system_address,
[INFO] [stdout] ...   |
[INFO] [stdout] 241 | |             ORDER BY influence DESC
[INFO] [stdout] 242 | |             "#)
[INFO] [stdout]     | |_______________^
[INFO] [stdout]     |
[INFO] [stdout]     = note: this error originates in the macro `$crate::sqlx_macros::expand_query` (in Nightly builds, run with -Z macro-backtrace for more info)
[INFO] [stdout] 
[INFO] [stdout] 
[INFO] [stdout] error: error communicating with the server: Cannot assign requested address (os error 99)
[INFO] [stdout]    --> galos_db/src/factions.rs:278:19
[INFO] [stdout]     |
[INFO] [stdout] 278 |           let row = sqlx::query!(
[INFO] [stdout]     |  ___________________^
[INFO] [stdout] 279 | |             r#"
[INFO] [stdout] 280 | |             INSERT INTO system_faction_states
[INFO] [stdout] 281 | |                 (system_address,
[INFO] [stdout] ...   |
[INFO] [stdout] 294 | |             state as _,
[INFO] [stdout] 295 | |             status as _)
[INFO] [stdout]     | |________________________^
[INFO] [stdout]     |
[INFO] [stdout]     = note: this error originates in the macro `$crate::sqlx_macros::expand_query` (in Nightly builds, run with -Z macro-backtrace for more info)
[INFO] [stdout] 
[INFO] [stdout] 
[INFO] [stdout] error: error communicating with the server: Cannot assign requested address (os error 99)
[INFO] [stdout]    --> galos_db/src/factions.rs:308:9
[INFO] [stdout]     |
[INFO] [stdout] 308 | /         sqlx::query!(
[INFO] [stdout] 309 | |             r#"
[INFO] [stdout] 310 | |             DELETE FROM system_faction_states
[INFO] [stdout] 311 | |             WHERE system_address = $1 AND faction_id = $2
[INFO] [stdout] 312 | |             "#,
[INFO] [stdout] 313 | |             system_address as i64,
[INFO] [stdout] 314 | |             faction_id as i32)
[INFO] [stdout]     | |______________________________^
[INFO] [stdout]     |
[INFO] [stdout]     = note: this error originates in the macro `$crate::sqlx_macros::expand_query` (in Nightly builds, run with -Z macro-backtrace for more info)
[INFO] [stdout] 
[INFO] [stdout] 
[INFO] [stdout] error: error communicating with the server: Cannot assign requested address (os error 99)
[INFO] [stdout]    --> galos_db/src/factions.rs:347:19
[INFO] [stdout]     |
[INFO] [stdout] 347 |           let row = sqlx::query!(
[INFO] [stdout]     |  ___________________^
[INFO] [stdout] 348 | |             r#"
[INFO] [stdout] 349 | |             INSERT INTO conflicts (
[INFO] [stdout] 350 | |                 system_address,
[INFO] [stdout] ...   |
[INFO] [stdout] 390 | |             conflict.faction_2.won_days as i32,
[INFO] [stdout] 391 | |             timestamp.naive_utc())
[INFO] [stdout]     | |__________________________________^
[INFO] [stdout]     |
[INFO] [stdout]     = note: this error originates in the macro `$crate::sqlx_macros::expand_query` (in Nightly builds, run with -Z macro-backtrace for more info)
[INFO] [stdout] 
[INFO] [stdout] 
[INFO] [stdout] error[E0554]: `#![feature]` may not be used on the stable release channel
[INFO] [stdout]  --> galos_db/src/lib.rs:1:1
[INFO] [stdout]   |
[INFO] [stdout] 1 | #![feature(crate_visibility_modifier)]
[INFO] [stdout]   | ^^^^^^^^^^^^^^^^^^^^^^^^^^^^^^^^^^^^^^
[INFO] [stdout] 
[INFO] [stdout] 
[INFO] [stdout] warning: unused import: `geozero::wkb`
[INFO] [stdout]  --> galos_db/src/systems.rs:4:5
[INFO] [stdout]   |
[INFO] [stdout] 4 | use geozero::wkb;
[INFO] [stdout]   |     ^^^^^^^^^^^^
[INFO] [stdout]   |
[INFO] [stdout]   = note: `#[warn(unused_imports)]` on by default
[INFO] [stdout] 
[INFO] [stdout] 
[INFO] [stdout] warning: constant is never used: `SCHEMA_JOURNAL`
[INFO] [stdout]   --> eddn/src/lib.rs:87:1
[INFO] [stdout]    |
[INFO] [stdout] 87 | const SCHEMA_JOURNAL : &str = "https://eddn.edcd.io/schemas/journal/1";
[INFO] [stdout]    | ^^^^^^^^^^^^^^^^^^^^^^^^^^^^^^^^^^^^^^^^^^^^^^^^^^^^^^^^^^^^^^^^^^^^^^^
[INFO] [stdout]    |
[INFO] [stdout]    = note: `#[warn(dead_code)]` on by default
[INFO] [stdout] 
[INFO] [stdout] 
[INFO] [stdout] warning: 1 warning emitted
[INFO] [stdout] 
[INFO] [stdout] 
[INFO] [stdout] error: aborting due to 25 previous errors; 1 warning emitted
[INFO] [stdout] 
[INFO] [stdout] 
[INFO] [stdout] For more information about this error, try `rustc --explain E0554`.
[INFO] [stdout] 
[INFO] [stderr] error: could not compile `galos_db`
[INFO] [stderr] 
[INFO] [stderr] To learn more, run the command again with --verbose.
[INFO] running `Command { std: "docker" "inspect" "b7d84721b6c5a7a65b3cd4d23b3d9d79656eb9ecae7624c9c076d26f0c299fc0", kill_on_drop: false }`
[INFO] running `Command { std: "docker" "rm" "-f" "b7d84721b6c5a7a65b3cd4d23b3d9d79656eb9ecae7624c9c076d26f0c299fc0", kill_on_drop: false }`
[INFO] [stdout] b7d84721b6c5a7a65b3cd4d23b3d9d79656eb9ecae7624c9c076d26f0c299fc0
