[INFO] cloning repository https://github.com/nisamson/alias
[INFO] running `Command { std: "git" "-c" "credential.helper=" "-c" "credential.helper=/workspace/cargo-home/bin/git-credential-null" "clone" "--bare" "https://github.com/nisamson/alias" "/workspace/cache/git-repos/https%3A%2F%2Fgithub.com%2Fnisamson%2Falias", kill_on_drop: false }`
[INFO] [stderr] Cloning into bare repository '/workspace/cache/git-repos/https%3A%2F%2Fgithub.com%2Fnisamson%2Falias'...
[INFO] running `Command { std: "git" "rev-parse" "HEAD", kill_on_drop: false }`
[INFO] [stdout] 99158ccde5f93b94d03bdad7e8c3e00c813a7f1b
[INFO] documenting nisamson/alias against beta-2021-08-01 for beta-1.55-rustdoc-1
[INFO] running `Command { std: "git" "clone" "/workspace/cache/git-repos/https%3A%2F%2Fgithub.com%2Fnisamson%2Falias" "/workspace/builds/worker-2/source", kill_on_drop: false }`
[INFO] [stderr] Cloning into '/workspace/builds/worker-2/source'...
[INFO] [stderr] done.
[INFO] validating manifest of git repo https://github.com/nisamson/alias on toolchain beta-2021-08-01
[INFO] running `Command { std: "/workspace/cargo-home/bin/cargo" "+beta-2021-08-01" "metadata" "--manifest-path" "Cargo.toml" "--no-deps", kill_on_drop: false }`
[INFO] started tweaking git repo https://github.com/nisamson/alias
[INFO] finished tweaking git repo https://github.com/nisamson/alias
[INFO] tweaked toml for git repo https://github.com/nisamson/alias written to /workspace/builds/worker-2/source/Cargo.toml
[INFO] crate git repo https://github.com/nisamson/alias already has a lockfile, it will not be regenerated
[INFO] running `Command { std: "/workspace/cargo-home/bin/cargo" "+beta-2021-08-01" "fetch" "--manifest-path" "Cargo.toml", kill_on_drop: false }`
[INFO] [stderr]     Updating git repository `https://github.com/SergioBenitez/Devise.git`
[INFO] [stderr]     Updating git repository `https://github.com/SergioBenitez/cookie-rs.git`
[INFO] [stderr]  Downloading crates ...
[INFO] [stderr]   Downloaded pear_codegen v0.2.0
[INFO] [stderr]   Downloaded termcolor v1.1.1
[INFO] [stderr]   Downloaded inlinable_string v0.1.13
[INFO] [stderr]   Downloaded pear v0.2.0
[INFO] [stderr]   Downloaded figment v0.9.4
[INFO] [stderr]   Downloaded uncased v0.9.3
[INFO] running `Command { std: "docker" "create" "-v" "/var/lib/crater-agent-workspace/builds/worker-2/target:/opt/rustwide/target:rw,Z" "-v" "/var/lib/crater-agent-workspace/builds/worker-2/source:/opt/rustwide/workdir:ro,Z" "-v" "/var/lib/crater-agent-workspace/cargo-home:/opt/rustwide/cargo-home:ro,Z" "-v" "/var/lib/crater-agent-workspace/rustup-home:/opt/rustwide/rustup-home:ro,Z" "-e" "SOURCE_DIR=/opt/rustwide/workdir" "-e" "CARGO_TARGET_DIR=/opt/rustwide/target" "-e" "CARGO_HOME=/opt/rustwide/cargo-home" "-e" "RUSTUP_HOME=/opt/rustwide/rustup-home" "-w" "/opt/rustwide/workdir" "-m" "1610612736" "--user" "0:0" "--network" "none" "ghcr.io/rust-lang/crates-build-env/linux@sha256:34b6a614d2c27851fe6cbf88fbd1137609cefab8b10d0615aaeb6fd47975d74e" "/opt/rustwide/cargo-home/bin/cargo" "+beta-2021-08-01" "metadata" "--no-deps" "--format-version=1", kill_on_drop: false }`
[INFO] [stdout] 9715c889457ee0663fb234b2ab8f0a0b7dde29b9286d4e04f1f5be2c7b572fc0
[INFO] [stderr] WARNING: Your kernel does not support swap limit capabilities or the cgroup is not mounted. Memory limited without swap.
[INFO] running `Command { std: "docker" "start" "-a" "9715c889457ee0663fb234b2ab8f0a0b7dde29b9286d4e04f1f5be2c7b572fc0", kill_on_drop: false }`
[INFO] running `Command { std: "docker" "inspect" "9715c889457ee0663fb234b2ab8f0a0b7dde29b9286d4e04f1f5be2c7b572fc0", kill_on_drop: false }`
[INFO] running `Command { std: "docker" "rm" "-f" "9715c889457ee0663fb234b2ab8f0a0b7dde29b9286d4e04f1f5be2c7b572fc0", kill_on_drop: false }`
[INFO] [stdout] 9715c889457ee0663fb234b2ab8f0a0b7dde29b9286d4e04f1f5be2c7b572fc0
[INFO] running `Command { std: "docker" "create" "-v" "/var/lib/crater-agent-workspace/builds/worker-2/target:/opt/rustwide/target:rw,Z" "-v" "/var/lib/crater-agent-workspace/builds/worker-2/source:/opt/rustwide/workdir:ro,Z" "-v" "/var/lib/crater-agent-workspace/cargo-home:/opt/rustwide/cargo-home:ro,Z" "-v" "/var/lib/crater-agent-workspace/rustup-home:/opt/rustwide/rustup-home:ro,Z" "-e" "SOURCE_DIR=/opt/rustwide/workdir" "-e" "CARGO_TARGET_DIR=/opt/rustwide/target" "-e" "CARGO_INCREMENTAL=0" "-e" "RUST_BACKTRACE=full" "-e" "RUSTDOCFLAGS=--cap-lints=warn" "-e" "CARGO_HOME=/opt/rustwide/cargo-home" "-e" "RUSTUP_HOME=/opt/rustwide/rustup-home" "-w" "/opt/rustwide/workdir" "-m" "1610612736" "--user" "0:0" "--network" "none" "ghcr.io/rust-lang/crates-build-env/linux@sha256:34b6a614d2c27851fe6cbf88fbd1137609cefab8b10d0615aaeb6fd47975d74e" "/opt/rustwide/cargo-home/bin/cargo" "+beta-2021-08-01" "doc" "--frozen" "--no-deps" "--document-private-items" "--message-format=json", kill_on_drop: false }`
[INFO] [stderr] WARNING: Your kernel does not support swap limit capabilities or the cgroup is not mounted. Memory limited without swap.
[INFO] [stdout] ee43f0234d2163079553c065802d8113db44f9c18de400e122ada6b6497eb0ca
[INFO] running `Command { std: "docker" "start" "-a" "ee43f0234d2163079553c065802d8113db44f9c18de400e122ada6b6497eb0ca", kill_on_drop: false }`
[INFO] [stderr]     Checking ahash v0.4.6
[INFO] [stderr]    Compiling futures-core v0.3.8
[INFO] [stderr]    Compiling pin-project-lite v0.1.11
[INFO] [stderr]    Compiling futures-sink v0.3.8
[INFO] [stderr]    Compiling once_cell v1.5.2
[INFO] [stderr]    Compiling futures-io v0.3.8
[INFO] [stderr]    Compiling try-lock v0.2.3
[INFO] [stderr]    Compiling inlinable_string v0.1.13
[INFO] [stderr]    Compiling httpdate v0.3.2
[INFO] [stderr]    Compiling tower-service v0.3.0
[INFO] [stderr]    Compiling mime v0.3.16
[INFO] [stderr]    Compiling gcc v0.3.55
[INFO] [stderr]     Checking binascii v0.1.4
[INFO] [stderr]     Checking termcolor v1.1.1
[INFO] [stderr]    Compiling proc-macro2-diagnostics v0.9.1
[INFO] [stderr]    Compiling ring v0.16.16
[INFO] [stderr]    Compiling uncased v0.9.3
[INFO] [stderr]    Compiling cookie v0.15.0-dev (https://github.com/SergioBenitez/cookie-rs.git?rev=1c3ca83#1c3ca838)
[INFO] [stderr]    Compiling crossbeam-utils v0.8.0
[INFO] [stderr]    Compiling rocket_http v0.5.0-dev (https://github.com/SergioBenitez/Rocket#bcb8b333)
[INFO] [stderr]    Compiling error-chain v0.12.4
[INFO] [stderr]    Compiling figment v0.9.4
[INFO] [stderr]     Checking sharded-slab v0.1.0
[INFO] [stderr]    Compiling rocket v0.5.0-dev (https://github.com/SergioBenitez/Rocket#bcb8b333)
[INFO] [stderr]    Compiling tracing-core v0.1.17
[INFO] [stderr]    Compiling libsqlite3-sys v0.9.1
[INFO] [stderr]    Compiling http v0.2.1
[INFO] [stderr]    Compiling libc v0.2.80
[INFO] [stderr]     Checking hashbrown v0.9.1
[INFO] [stderr]    Compiling futures-task v0.3.8
[INFO] [stderr]    Compiling futures-channel v0.3.8
[INFO] [stderr]     Checking socket2 v0.3.16
[INFO] [stderr]     Checking parking_lot_core v0.8.0
[INFO] [stderr]     Checking atty v0.2.14
[INFO] [stderr]     Checking rand v0.4.6
[INFO] [stderr]     Checking clicolors-control v1.0.1
[INFO] [stderr]     Checking termios v0.3.3
[INFO] [stderr]     Checking dirs-sys v0.3.5
[INFO] [stderr]     Checking rpassword v5.0.0
[INFO] [stderr]     Checking tracing-log v0.1.1
[INFO] [stderr]    Compiling want v0.3.0
[INFO] [stderr]     Checking regex-automata v0.1.9
[INFO] [stderr]     Checking mio v0.6.22
[INFO] [stderr]     Checking parking_lot v0.11.1
[INFO] [stderr]     Checking dirs v3.0.1
[INFO] [stderr]     Checking backtrace v0.3.54
[INFO] [stderr]     Checking rust-argon2 v0.8.2
[INFO] [stderr]    Compiling tracing-attributes v0.1.11
[INFO] [stderr]    Compiling tokio-macros v0.2.6
[INFO] [stderr]    Compiling time-macros-impl v0.1.1
[INFO] [stderr]    Compiling ref-cast-impl v1.0.3
[INFO] [stderr]    Compiling diesel_derives v1.4.1
[INFO] [stderr]    Compiling proc-macro-error v1.0.4
[INFO] [stderr]     Checking indexmap v1.6.0
[INFO] [stderr]     Checking lru v0.6.1
[INFO] [stderr]     Checking pem v0.8.1
[INFO] [stderr]     Checking console v0.9.2
[INFO] [stderr]     Checking chrono v0.4.19
[INFO] [stderr]    Compiling iovec v0.1.4
[INFO] [stderr]    Compiling net2 v0.2.35
[INFO] [stderr]    Compiling signal-hook-registry v1.2.2
[INFO] [stderr]    Compiling num_cpus v1.13.0
[INFO] [stderr]    Compiling pin-project v1.0.1
[INFO] [stderr]    Compiling pin-project v0.4.27
[INFO] [stderr]    Compiling rust-crypto v0.2.36
[INFO] [stderr]     Checking serde v1.0.117
[INFO] [stderr]     Checking rand v0.3.23
[INFO] [stderr]     Checking matchers v0.0.1
[INFO] [stderr]     Checking mio-uds v0.6.8
[INFO] [stderr]    Compiling devise_core v0.3.0 (https://github.com/SergioBenitez/Devise.git?rev=3648468#3648468a)
[INFO] [stderr]     Checking publicsuffix v1.5.4
[INFO] [stderr]    Compiling pear_codegen v0.2.0
[INFO] [stderr]    Compiling clap_derive v3.0.0-beta.2
[INFO] [stderr]     Checking futures-util v0.3.8
[INFO] [stderr]     Checking better-panic v0.2.0
[INFO] [stderr]     Checking simple_asn1 v0.4.1
[INFO] [stderr]    Compiling ref-cast v1.0.3
[INFO] [stderr]     Checking crossbeam-epoch v0.9.0
[INFO] [stderr]     Checking crossbeam-queue v0.3.0
[INFO] [stderr]     Checking crossbeam-channel v0.5.0
[INFO] [stderr]    Compiling http-body v0.3.1
[INFO] [stderr]     Checking time-macros v0.1.1
[INFO] [stderr]     Checking crossbeam-deque v0.8.0
[INFO] [stderr]     Checking time v0.2.23
[INFO] [stderr]     Checking webpki v0.21.3
[INFO] [stderr]     Checking sct v0.6.0
[INFO] [stderr]     Checking crossbeam v0.8.0
[INFO] [stderr]    Compiling devise_codegen v0.3.0 (https://github.com/SergioBenitez/Devise.git?rev=3648468#3648468a)
[INFO] [stderr]     Checking rustls v0.18.1
[INFO] [stderr]     Checking webpki-roots v0.20.0
[INFO] [stderr]     Checking tracing v0.1.21
[INFO] [stderr]     Checking serde_json v1.0.59
[INFO] [stderr]     Checking toml v0.5.7
[INFO] [stderr]     Checking ubyte v0.10.1
[INFO] [stderr]     Checking serde_urlencoded v0.7.0
[INFO] [stderr]     Checking tracing-serde v0.1.2
[INFO] [stderr]     Checking cookie v0.14.3
[INFO] [stderr]    Compiling tokio v0.2.23
[INFO] [stderr]    Compiling tracing-futures v0.2.4
[INFO] [stderr]     Checking pear v0.2.0
[INFO] [stderr]     Checking clap v3.0.0-beta.2
[INFO] [stderr]     Checking futures-executor v0.3.8
[INFO] [stderr]     Checking futures v0.3.8
[INFO] [stderr]     Checking cookie_store v0.12.0
[INFO] [stderr]     Checking jsonwebtoken v7.2.0
[INFO] [stderr]     Checking tracing-subscriber v0.2.15
[INFO] [stderr]    Compiling devise v0.3.0 (https://github.com/SergioBenitez/Devise.git?rev=3648468#3648468a)
[INFO] [stderr]     Checking tokio-util v0.3.1
[INFO] [stderr]     Checking tokio-rustls v0.14.1
[INFO] [stderr]     Checking h2 v0.2.7
[INFO] [stderr]     Checking hyper v0.13.9
[INFO] [stderr]     Checking diesel v1.4.5
[INFO] [stderr]     Checking hyper-rustls v0.21.0
[INFO] [stderr]     Checking reqwest v0.10.9
[INFO] [stderr]    Compiling rocket_codegen v0.5.0-dev (https://github.com/SergioBenitez/Rocket#bcb8b333)
[INFO] [stderr]     Checking migrations_internals v1.4.1
[INFO] [stderr]    Compiling migrations_macros v1.4.2
[INFO] [stderr]     Checking diesel_migrations v1.4.0
[INFO] [stderr]     Checking rocket_contrib v0.5.0-dev (https://github.com/SergioBenitez/Rocket#bcb8b333)
[INFO] [stderr]     Checking alias v0.1.0 (/opt/rustwide/workdir)
[INFO] [stderr]  Documenting alias v0.1.0 (/opt/rustwide/workdir)
[INFO] [stdout] error[E0583]: file not found for module `schema`
[INFO] [stdout]   --> src/lib.rs:13:1
[INFO] [stdout]    |
[INFO] [stdout] 13 | pub mod schema;
[INFO] [stdout]    | ^^^^^^^^^^^^^^^
[INFO] [stdout]    |
[INFO] [stdout]    = help: to create the module `schema`, create file "src/schema.rs" or "src/schema/mod.rs"
[INFO] [stdout] 
[INFO] [stdout] 
[INFO] [stdout] error[E0583]: file not found for module `schema`
[INFO] [stdout]   --> src/lib.rs:13:1
[INFO] [stdout]    |
[INFO] [stdout] 13 | pub mod schema;
[INFO] [stdout]    | ^^^^^^^^^^^^^^^
[INFO] [stdout]    |
[INFO] [stdout]    = help: to create the module `schema`, create file "src/schema.rs" or "src/schema/mod.rs"
[INFO] [stdout] 
[INFO] [stdout] 
[INFO] [stdout] error[E0433]: failed to resolve: could not find `users` in `schema`
[INFO] [stdout]   --> src/model.rs:35:24
[INFO] [stdout]    |
[INFO] [stdout] 35 |     use crate::schema::users::dsl::*;
[INFO] [stdout]    |                        ^^^^^ could not find `users` in `schema`
[INFO] [stdout] 
[INFO] [stdout] 
[INFO] [stdout] error[E0433]: failed to resolve: could not find `users` in `schema`
[INFO] [stdout]   --> src/model.rs:64:28
[INFO] [stdout]    |
[INFO] [stdout] 64 |         use crate::schema::users::dsl::*;
[INFO] [stdout]    |                            ^^^^^ could not find `users` in `schema`
[INFO] [stdout] 
[INFO] [stdout] 
[INFO] [stdout] error[E0433]: failed to resolve: could not find `users` in `schema`
[INFO] [stdout]   --> src/model.rs:84:28
[INFO] [stdout]    |
[INFO] [stdout] 84 |         use crate::schema::users::dsl::*;
[INFO] [stdout]    |                            ^^^^^ could not find `users` in `schema`
[INFO] [stdout] 
[INFO] [stdout] 
[INFO] [stdout] error[E0433]: failed to resolve: use of undeclared crate or module `users`
[INFO] [stdout]   --> src/model.rs:13:16
[INFO] [stdout]    |
[INFO] [stdout] 13 | #[table_name = "users"]
[INFO] [stdout]    |                ^^^^^^^ use of undeclared crate or module `users`
[INFO] [stdout] 
[INFO] [stdout] 
[INFO] [stdout] error[E0433]: failed to resolve: could not find `users` in `schema`
[INFO] [stdout]   --> src/model.rs:35:24
[INFO] [stdout]    |
[INFO] [stdout] 35 |     use crate::schema::users::dsl::*;
[INFO] [stdout]    |                        ^^^^^ could not find `users` in `schema`
[INFO] [stdout] 
[INFO] [stdout] 
[INFO] [stdout] error[E0433]: failed to resolve: could not find `users` in `schema`
[INFO] [stdout]   --> src/model.rs:64:28
[INFO] [stdout]    |
[INFO] [stdout] 64 |         use crate::schema::users::dsl::*;
[INFO] [stdout]    |                            ^^^^^ could not find `users` in `schema`
[INFO] [stdout] 
[INFO] [stdout] 
[INFO] [stdout] error[E0433]: failed to resolve: could not find `users` in `schema`
[INFO] [stdout]   --> src/model.rs:84:28
[INFO] [stdout]    |
[INFO] [stdout] 84 |         use crate::schema::users::dsl::*;
[INFO] [stdout]    |                            ^^^^^ could not find `users` in `schema`
[INFO] [stdout] 
[INFO] [stdout] 
[INFO] [stdout] error[E0433]: failed to resolve: use of undeclared crate or module `users`
[INFO] [stdout]   --> src/model.rs:13:16
[INFO] [stdout]    |
[INFO] [stdout] 13 | #[table_name = "users"]
[INFO] [stdout]    |                ^^^^^^^ use of undeclared crate or module `users`
[INFO] [stdout] 
[INFO] [stdout] 
[INFO] [stdout] error: Compilation failed, aborting rustdoc
[INFO] [stdout] 
[INFO] [stdout] 
[INFO] [stdout] error: aborting due to 6 previous errors
[INFO] [stdout] 
[INFO] [stdout] 
[INFO] [stdout] Some errors have detailed explanations: E0433, E0583.
[INFO] [stdout] 
[INFO] [stdout] For more information about an error, try `rustc --explain E0433`.
[INFO] [stdout] 
[INFO] [stderr] error: could not document `alias`
[INFO] [stderr] 
[INFO] [stderr] Caused by:
[INFO] [stderr]   process didn't exit successfully: `rustdoc --edition=2018 --crate-type lib --crate-name alias src/lib.rs -o /opt/rustwide/target/doc --error-format=json --json=diagnostic-rendered-ansi --document-private-items -L dependency=/opt/rustwide/target/debug/deps --extern anyhow=/opt/rustwide/target/debug/deps/libanyhow-3f37b63a2befa1d3.rmeta --extern better_panic=/opt/rustwide/target/debug/deps/libbetter_panic-4d978dea91c5cda7.rmeta --extern chrono=/opt/rustwide/target/debug/deps/libchrono-0287773b408335d6.rmeta --extern clap=/opt/rustwide/target/debug/deps/libclap-ba17d5274da61d70.rmeta --extern crossbeam=/opt/rustwide/target/debug/deps/libcrossbeam-734f52111616ac0d.rmeta --extern diesel=/opt/rustwide/target/debug/deps/libdiesel-be0468cb69068e21.rmeta --extern diesel_migrations=/opt/rustwide/target/debug/deps/libdiesel_migrations-25a8f86e1223a35f.rmeta --extern dirs=/opt/rustwide/target/debug/deps/libdirs-63e4c375a5da99b6.rmeta --extern dotenv=/opt/rustwide/target/debug/deps/libdotenv-9165642b04647e23.rmeta --extern futures=/opt/rustwide/target/debug/deps/libfutures-8d7c15fae43f7a67.rmeta --extern jsonwebtoken=/opt/rustwide/target/debug/deps/libjsonwebtoken-bcfcebc4fa7d5005.rmeta --extern libsqlite3_sys=/opt/rustwide/target/debug/deps/liblibsqlite3_sys-77054bcc754e90d0.rmeta --extern lru=/opt/rustwide/target/debug/deps/liblru-9d2779728a246213.rmeta --extern once_cell=/opt/rustwide/target/debug/deps/libonce_cell-83a5eb52ddf73c87.rmeta --extern rand=/opt/rustwide/target/debug/deps/librand-2f0bef90e6b2cc82.rmeta --extern reqwest=/opt/rustwide/target/debug/deps/libreqwest-7441c9676b27fb3a.rmeta --extern rocket=/opt/rustwide/target/debug/deps/librocket-9ceb326622a6a7de.rmeta --extern rocket_contrib=/opt/rustwide/target/debug/deps/librocket_contrib-9e8f147a08dfc178.rmeta --extern rpassword=/opt/rustwide/target/debug/deps/librpassword-fb09f29a9c4ae2f7.rmeta --extern argon2=/opt/rustwide/target/debug/deps/libargon2-05befc2e1e25a43f.rmeta --extern crypto=/opt/rustwide/target/debug/deps/libcrypto-0949ffcaada41065.rmeta --extern serde=/opt/rustwide/target/debug/deps/libserde-0ef8041c59f3cf85.rmeta --extern serde_json=/opt/rustwide/target/debug/deps/libserde_json-cdedc6d750713de7.rmeta --extern thiserror=/opt/rustwide/target/debug/deps/libthiserror-dbaec4ac6dc3eedb.rmeta --extern thread_local=/opt/rustwide/target/debug/deps/libthread_local-1990bda87fb912d9.rmeta --extern tokio=/opt/rustwide/target/debug/deps/libtokio-8c66f75ec3c02309.rmeta --extern tracing=/opt/rustwide/target/debug/deps/libtracing-dced9f4f0e935236.rmeta --extern tracing_futures=/opt/rustwide/target/debug/deps/libtracing_futures-a99cca62a872be0a.rmeta --extern tracing_log=/opt/rustwide/target/debug/deps/libtracing_log-f84c3a11b7c640d6.rmeta --extern tracing_subscriber=/opt/rustwide/target/debug/deps/libtracing_subscriber-b55c627fc712f0dd.rmeta --extern url=/opt/rustwide/target/debug/deps/liburl-9e918d69e1935bfa.rmeta --cap-lints=warn --crate-version 0.1.0` (exit status: 1)
[INFO] [stderr] warning: build failed, waiting for other jobs to finish...
[INFO] [stdout] error[E0425]: cannot find value `users` in this scope
[INFO] [stdout]   --> src/model.rs:38:29
[INFO] [stdout]    |
[INFO] [stdout] 38 |         diesel::insert_into(users)
[INFO] [stdout]    |                             ^^^^^ not found in this scope
[INFO] [stdout] 
[INFO] [stdout] 
[INFO] [stdout] error[E0425]: cannot find value `users` in this scope
[INFO] [stdout]   --> src/model.rs:49:26
[INFO] [stdout]    |
[INFO] [stdout] 49 |         let user: User = users.filter(username.eq(u)).first(c)?;
[INFO] [stdout]    |                          ^^^^^ not found in this scope
[INFO] [stdout] 
[INFO] [stdout] 
[INFO] [stdout] error[E0425]: cannot find value `username` in this scope
[INFO] [stdout]   --> src/model.rs:49:39
[INFO] [stdout]    |
[INFO] [stdout] 49 |         let user: User = users.filter(username.eq(u)).first(c)?;
[INFO] [stdout]    |                                       ^^^^^^^^ not found in this scope
[INFO] [stdout]    |
[INFO] [stdout] help: consider importing this function
[INFO] [stdout]    |
[INFO] [stdout] 1  | use url::quirks::username;
[INFO] [stdout]    |
[INFO] [stdout] 
[INFO] [stdout] 
[INFO] [stdout] error[E0425]: cannot find value `users` in this scope
[INFO] [stdout]   --> src/model.rs:65:26
[INFO] [stdout]    |
[INFO] [stdout] 65 |         let user: User = users
[INFO] [stdout]    |                          ^^^^^ not found in this scope
[INFO] [stdout] 
[INFO] [stdout] 
[INFO] [stdout] error[E0425]: cannot find value `username` in this scope
[INFO] [stdout]   --> src/model.rs:66:21
[INFO] [stdout]    |
[INFO] [stdout] 66 |             .filter(username.eq(u))
[INFO] [stdout]    |                     ^^^^^^^^ not found in this scope
[INFO] [stdout]    |
[INFO] [stdout] help: consider importing this function
[INFO] [stdout]    |
[INFO] [stdout] 1  | use url::quirks::username;
[INFO] [stdout]    |
[INFO] [stdout] 
[INFO] [stdout] 
[INFO] [stdout] error[E0425]: cannot find value `users` in this scope
[INFO] [stdout]   --> src/model.rs:85:23
[INFO] [stdout]    |
[INFO] [stdout] 85 |         select(exists(users.filter(username.eq(u))))
[INFO] [stdout]    |                       ^^^^^ not found in this scope
[INFO] [stdout] 
[INFO] [stdout] 
[INFO] [stdout] error[E0425]: cannot find value `username` in this scope
[INFO] [stdout]   --> src/model.rs:85:36
[INFO] [stdout]    |
[INFO] [stdout] 85 |         select(exists(users.filter(username.eq(u))))
[INFO] [stdout]    |                                    ^^^^^^^^ not found in this scope
[INFO] [stdout]    |
[INFO] [stdout] help: consider importing this function
[INFO] [stdout]    |
[INFO] [stdout] 1  | use url::quirks::username;
[INFO] [stdout]    |
[INFO] [stdout] 
[INFO] [stdout] 
[INFO] [stdout] warning: unused import: `crate::schema::*`
[INFO] [stdout]  --> src/model.rs:3:5
[INFO] [stdout]   |
[INFO] [stdout] 3 | use crate::schema::*;
[INFO] [stdout]   |     ^^^^^^^^^^^^^^^^
[INFO] [stdout]   |
[INFO] [stdout]   = note: `#[warn(unused_imports)]` on by default
[INFO] [stdout] 
[INFO] [stdout] 
[INFO] [stdout] warning: unused import: `DBError`
[INFO] [stdout]  --> src/model.rs:1:23
[INFO] [stdout]   |
[INFO] [stdout] 1 | use crate::db::{conn, DBError};
[INFO] [stdout]   |                       ^^^^^^^
[INFO] [stdout] 
[INFO] [stdout] 
[INFO] [stdout] warning: unused import: `QueryDsl`
[INFO] [stdout]  --> src/model.rs:2:27
[INFO] [stdout]   |
[INFO] [stdout] 2 | use diesel::{RunQueryDsl, QueryDsl, ExpressionMethods, QueryResult, select};
[INFO] [stdout]   |                           ^^^^^^^^
[INFO] [stdout] 
[INFO] [stdout] 
[INFO] [stdout] warning: unused import: `ExpressionMethods`
[INFO] [stdout]  --> src/model.rs:2:37
[INFO] [stdout]   |
[INFO] [stdout] 2 | use diesel::{RunQueryDsl, QueryDsl, ExpressionMethods, QueryResult, select};
[INFO] [stdout]   |                                     ^^^^^^^^^^^^^^^^^
[INFO] [stdout] 
[INFO] [stdout] 
[INFO] [stdout] error: aborting due to 12 previous errors; 4 warnings emitted
[INFO] [stdout] 
[INFO] [stdout] 
[INFO] [stdout] Some errors have detailed explanations: E0425, E0433, E0583.
[INFO] [stdout] 
[INFO] [stdout] For more information about an error, try `rustc --explain E0425`.
[INFO] [stdout] 
[INFO] [stderr] error: build failed
[INFO] running `Command { std: "docker" "inspect" "ee43f0234d2163079553c065802d8113db44f9c18de400e122ada6b6497eb0ca", kill_on_drop: false }`
[INFO] running `Command { std: "docker" "rm" "-f" "ee43f0234d2163079553c065802d8113db44f9c18de400e122ada6b6497eb0ca", kill_on_drop: false }`
[INFO] [stdout] ee43f0234d2163079553c065802d8113db44f9c18de400e122ada6b6497eb0ca
