[INFO] cloning repository https://github.com/nikklassen/raytracer
[INFO] running `Command { std: "git" "-c" "credential.helper=" "-c" "credential.helper=/workspace/cargo-home/bin/git-credential-null" "clone" "--bare" "https://github.com/nikklassen/raytracer" "/workspace/cache/git-repos/https%3A%2F%2Fgithub.com%2Fnikklassen%2Fraytracer", kill_on_drop: false }`
[INFO] [stderr] Cloning into bare repository '/workspace/cache/git-repos/https%3A%2F%2Fgithub.com%2Fnikklassen%2Fraytracer'...
[INFO] running `Command { std: "git" "rev-parse" "HEAD", kill_on_drop: false }`
[INFO] [stdout] 71745284d71d0d6fce1cba64bdf28c71cf3de30a
[INFO] documenting nikklassen/raytracer against 1.54.0 for beta-1.55-rustdoc-1
[INFO] running `Command { std: "git" "clone" "/workspace/cache/git-repos/https%3A%2F%2Fgithub.com%2Fnikklassen%2Fraytracer" "/workspace/builds/worker-0/source", kill_on_drop: false }`
[INFO] [stderr] Cloning into '/workspace/builds/worker-0/source'...
[INFO] [stderr] done.
[INFO] validating manifest of git repo https://github.com/nikklassen/raytracer on toolchain 1.54.0
[INFO] running `Command { std: "/workspace/cargo-home/bin/cargo" "+1.54.0" "metadata" "--manifest-path" "Cargo.toml" "--no-deps", kill_on_drop: false }`
[INFO] started tweaking git repo https://github.com/nikklassen/raytracer
[INFO] finished tweaking git repo https://github.com/nikklassen/raytracer
[INFO] tweaked toml for git repo https://github.com/nikklassen/raytracer written to /workspace/builds/worker-0/source/Cargo.toml
[INFO] crate git repo https://github.com/nikklassen/raytracer already has a lockfile, it will not be regenerated
[INFO] running `Command { std: "/workspace/cargo-home/bin/cargo" "+1.54.0" "fetch" "--manifest-path" "Cargo.toml", kill_on_drop: false }`
[INFO] running `Command { std: "docker" "create" "-v" "/var/lib/crater-agent-workspace/builds/worker-0/target:/opt/rustwide/target:rw,Z" "-v" "/var/lib/crater-agent-workspace/builds/worker-0/source:/opt/rustwide/workdir:ro,Z" "-v" "/var/lib/crater-agent-workspace/cargo-home:/opt/rustwide/cargo-home:ro,Z" "-v" "/var/lib/crater-agent-workspace/rustup-home:/opt/rustwide/rustup-home:ro,Z" "-e" "SOURCE_DIR=/opt/rustwide/workdir" "-e" "CARGO_TARGET_DIR=/opt/rustwide/target" "-e" "CARGO_HOME=/opt/rustwide/cargo-home" "-e" "RUSTUP_HOME=/opt/rustwide/rustup-home" "-w" "/opt/rustwide/workdir" "-m" "1610612736" "--user" "0:0" "--network" "none" "ghcr.io/rust-lang/crates-build-env/linux@sha256:34b6a614d2c27851fe6cbf88fbd1137609cefab8b10d0615aaeb6fd47975d74e" "/opt/rustwide/cargo-home/bin/cargo" "+1.54.0" "metadata" "--no-deps" "--format-version=1", kill_on_drop: false }`
[INFO] [stdout] 7716ae5d60d6b9038107bd13baeb1f7fa6d39bd5e930b937e0904727751811bf
[INFO] [stderr] WARNING: Your kernel does not support swap limit capabilities or the cgroup is not mounted. Memory limited without swap.
[INFO] running `Command { std: "docker" "start" "-a" "7716ae5d60d6b9038107bd13baeb1f7fa6d39bd5e930b937e0904727751811bf", kill_on_drop: false }`
[INFO] running `Command { std: "docker" "inspect" "7716ae5d60d6b9038107bd13baeb1f7fa6d39bd5e930b937e0904727751811bf", kill_on_drop: false }`
[INFO] running `Command { std: "docker" "rm" "-f" "7716ae5d60d6b9038107bd13baeb1f7fa6d39bd5e930b937e0904727751811bf", kill_on_drop: false }`
[INFO] [stdout] 7716ae5d60d6b9038107bd13baeb1f7fa6d39bd5e930b937e0904727751811bf
[INFO] running `Command { std: "docker" "create" "-v" "/var/lib/crater-agent-workspace/builds/worker-0/target:/opt/rustwide/target:rw,Z" "-v" "/var/lib/crater-agent-workspace/builds/worker-0/source:/opt/rustwide/workdir:ro,Z" "-v" "/var/lib/crater-agent-workspace/cargo-home:/opt/rustwide/cargo-home:ro,Z" "-v" "/var/lib/crater-agent-workspace/rustup-home:/opt/rustwide/rustup-home:ro,Z" "-e" "SOURCE_DIR=/opt/rustwide/workdir" "-e" "CARGO_TARGET_DIR=/opt/rustwide/target" "-e" "CARGO_INCREMENTAL=0" "-e" "RUST_BACKTRACE=full" "-e" "RUSTDOCFLAGS=--cap-lints=warn" "-e" "CARGO_HOME=/opt/rustwide/cargo-home" "-e" "RUSTUP_HOME=/opt/rustwide/rustup-home" "-w" "/opt/rustwide/workdir" "-m" "1610612736" "--user" "0:0" "--network" "none" "ghcr.io/rust-lang/crates-build-env/linux@sha256:34b6a614d2c27851fe6cbf88fbd1137609cefab8b10d0615aaeb6fd47975d74e" "/opt/rustwide/cargo-home/bin/cargo" "+1.54.0" "doc" "--frozen" "--no-deps" "--document-private-items" "--message-format=json", kill_on_drop: false }`
[INFO] [stdout] 6c6bc1fa3a2797199ffe27e4043428f1135768e8a0bed9708e452b61e6c201bf
[INFO] [stderr] WARNING: Your kernel does not support swap limit capabilities or the cgroup is not mounted. Memory limited without swap.
[INFO] running `Command { std: "docker" "start" "-a" "6c6bc1fa3a2797199ffe27e4043428f1135768e8a0bed9708e452b61e6c201bf", kill_on_drop: false }`
[INFO] [stderr]     Checking lazy_static v0.2.10
[INFO] [stderr]    Compiling gdi32-sys v0.2.0
[INFO] [stderr]    Compiling user32-sys v0.2.0
[INFO] [stderr]     Checking rayon-core v1.3.0
[INFO] [stderr]     Checking rayon v0.9.0
[INFO] [stderr]  Documenting raytracer v0.1.0 (/opt/rustwide/workdir)
[INFO] [stdout] error[E0433]: failed to resolve: could not find `windows` in `os`
[INFO] [stdout]   --> src/main.rs:13:14
[INFO] [stdout]    |
[INFO] [stdout] 13 | use std::os::windows::ffi::OsStrExt;
[INFO] [stdout]    |              ^^^^^^^ could not find `windows` in `os`
[INFO] [stdout] 
[INFO] [stdout] 
[INFO] [stdout] error[E0432]: unresolved import `gdi32::StretchDIBits`
[INFO] [stdout]   --> src/main.rs:19:5
[INFO] [stdout]    |
[INFO] [stdout] 19 | use gdi32::StretchDIBits;
[INFO] [stdout]    |     ^^^^^^^^^^^^^^^^^^^^ no `StretchDIBits` in the root
[INFO] [stdout] 
[INFO] [stdout] 
[INFO] [stdout] error[E0432]: unresolved imports `winapi::c_int`, `winapi::c_void`, `winapi::BITMAPINFO`, `winapi::BITMAPINFOHEADER`, `winapi::BI_RGB`, `winapi::DIB_RGB_COLORS`, `winapi::HDC`, `winapi::HWND`, `winapi::PAINTSTRUCT`, `winapi::SRCCOPY`
[INFO] [stdout]   --> src/main.rs:20:14
[INFO] [stdout]    |
[INFO] [stdout] 20 | use winapi::{c_int, c_void, BITMAPINFO, BITMAPINFOHEADER, BI_RGB, DIB_RGB_COLORS, HDC, HWND,
[INFO] [stdout]    |              ^^^^^  ^^^^^^  ^^^^^^^^^^  ^^^^^^^^^^^^^^^^  ^^^^^^  ^^^^^^^^^^^^^^  ^^^  ^^^^ no `HWND` in the root
[INFO] [stdout]    |              |      |       |           |                 |       |               |
[INFO] [stdout]    |              |      |       |           |                 |       |               no `HDC` in the root
[INFO] [stdout]    |              |      |       |           |                 |       no `DIB_RGB_COLORS` in the root
[INFO] [stdout]    |              |      |       |           |                 no `BI_RGB` in the root
[INFO] [stdout]    |              |      |       |           no `BITMAPINFOHEADER` in the root
[INFO] [stdout]    |              |      |       no `BITMAPINFO` in the root
[INFO] [stdout]    |              |      no `c_void` in the root
[INFO] [stdout]    |              no `c_int` in the root
[INFO] [stdout] 21 |              PAINTSTRUCT, SRCCOPY};
[INFO] [stdout]    |              ^^^^^^^^^^^  ^^^^^^^ no `SRCCOPY` in the root
[INFO] [stdout]    |              |
[INFO] [stdout]    |              no `PAINTSTRUCT` in the root
[INFO] [stdout] 
[INFO] [stdout] 
[INFO] [stdout] error[E0432]: unresolved import `winapi::minwindef`
[INFO] [stdout]   --> src/main.rs:22:13
[INFO] [stdout]    |
[INFO] [stdout] 22 | use winapi::minwindef::{LPARAM, LRESULT, UINT, WPARAM};
[INFO] [stdout]    |             ^^^^^^^^^ could not find `minwindef` in `winapi`
[INFO] [stdout] 
[INFO] [stdout] 
[INFO] [stdout] error[E0432]: unresolved import `winapi::winuser`
[INFO] [stdout]   --> src/main.rs:23:13
[INFO] [stdout]    |
[INFO] [stdout] 23 | use winapi::winuser::{CS_HREDRAW, CS_OWNDC, CS_VREDRAW, CW_USEDEFAULT, MSG, WM_PAINT, WNDCLASSW,
[INFO] [stdout]    |             ^^^^^^^ could not find `winuser` in `winapi`
[INFO] [stdout] 
[INFO] [stdout] 
[INFO] [stdout] error[E0432]: unresolved imports `user32::BeginPaint`, `user32::CreateWindowExW`, `user32::DefWindowProcW`, `user32::DispatchMessageW`, `user32::EndPaint`, `user32::GetMessageW`, `user32::RegisterClassW`, `user32::TranslateMessage`, `user32::InvalidateRect`
[INFO] [stdout]   --> src/main.rs:25:14
[INFO] [stdout]    |
[INFO] [stdout] 25 | use user32::{BeginPaint, CreateWindowExW, DefWindowProcW, DispatchMessageW, EndPaint, GetMessageW,
[INFO] [stdout]    |              ^^^^^^^^^^  ^^^^^^^^^^^^^^^  ^^^^^^^^^^^^^^  ^^^^^^^^^^^^^^^^  ^^^^^^^^  ^^^^^^^^^^^ no `GetMessageW` in the root
[INFO] [stdout]    |              |           |                |               |                 |
[INFO] [stdout]    |              |           |                |               |                 no `EndPaint` in the root
[INFO] [stdout]    |              |           |                |               no `DispatchMessageW` in the root
[INFO] [stdout]    |              |           |                no `DefWindowProcW` in the root
[INFO] [stdout]    |              |           no `CreateWindowExW` in the root
[INFO] [stdout]    |              no `BeginPaint` in the root
[INFO] [stdout] 26 |              RegisterClassW, TranslateMessage, InvalidateRect};
[INFO] [stdout]    |              ^^^^^^^^^^^^^^  ^^^^^^^^^^^^^^^^  ^^^^^^^^^^^^^^ no `InvalidateRect` in the root
[INFO] [stdout]    |              |               |
[INFO] [stdout]    |              |               no `TranslateMessage` in the root
[INFO] [stdout]    |              no `RegisterClassW` in the root
[INFO] [stdout] 
[INFO] [stdout] 
[INFO] [stdout] error[E0432]: unresolved import `kernel32::GetModuleHandleW`
[INFO] [stdout]   --> src/main.rs:27:5
[INFO] [stdout]    |
[INFO] [stdout] 27 | use kernel32::GetModuleHandleW;
[INFO] [stdout]    |     ^^^^^^^^^^^^^^^^^^^^^^^^^^ no `GetModuleHandleW` in the root
[INFO] [stdout] 
[INFO] [stdout] 
[INFO] [stdout] error: Compilation failed, aborting rustdoc
[INFO] [stdout] 
[INFO] [stdout] 
[INFO] [stdout] error: aborting due to 8 previous errors
[INFO] [stdout] 
[INFO] [stdout] 
[INFO] [stdout] Some errors have detailed explanations: E0432, E0433.
[INFO] [stdout] 
[INFO] [stdout] For more information about an error, try `rustc --explain E0432`.
[INFO] [stdout] 
[INFO] [stderr] error: could not document `raytracer`
[INFO] [stderr] 
[INFO] [stderr] Caused by:
[INFO] [stderr]   process didn't exit successfully: `rustdoc --crate-type bin --crate-name raytracer src/main.rs -o /opt/rustwide/target/doc --error-format=json --json=diagnostic-rendered-ansi --document-private-items -L dependency=/opt/rustwide/target/debug/deps --extern gdi32=/opt/rustwide/target/debug/deps/libgdi32-a12e8775bc862d8d.rmeta --extern kernel32=/opt/rustwide/target/debug/deps/libkernel32-7ba4361c2b0a7c74.rmeta --extern rayon=/opt/rustwide/target/debug/deps/librayon-11688f6f17a88a19.rmeta --extern user32=/opt/rustwide/target/debug/deps/libuser32-de3546980ce5a1a6.rmeta --extern winapi=/opt/rustwide/target/debug/deps/libwinapi-fc24033f8415559e.rmeta --cap-lints=warn --crate-version 0.1.0` (exit status: 1)
[INFO] running `Command { std: "docker" "inspect" "6c6bc1fa3a2797199ffe27e4043428f1135768e8a0bed9708e452b61e6c201bf", kill_on_drop: false }`
[INFO] running `Command { std: "docker" "rm" "-f" "6c6bc1fa3a2797199ffe27e4043428f1135768e8a0bed9708e452b61e6c201bf", kill_on_drop: false }`
[INFO] [stdout] 6c6bc1fa3a2797199ffe27e4043428f1135768e8a0bed9708e452b61e6c201bf
