[INFO] cloning repository https://github.com/nikandlv/thunder
[INFO] running `Command { std: "git" "-c" "credential.helper=" "-c" "credential.helper=/workspace/cargo-home/bin/git-credential-null" "clone" "--bare" "https://github.com/nikandlv/thunder" "/workspace/cache/git-repos/https%3A%2F%2Fgithub.com%2Fnikandlv%2Fthunder", kill_on_drop: false }`
[INFO] [stderr] Cloning into bare repository '/workspace/cache/git-repos/https%3A%2F%2Fgithub.com%2Fnikandlv%2Fthunder'...
[INFO] running `Command { std: "git" "rev-parse" "HEAD", kill_on_drop: false }`
[INFO] [stdout] 4f4cec8bdf0d570581c53a248fed842a90ecda3a
[INFO] documenting nikandlv/thunder against beta-2021-08-01 for beta-1.55-rustdoc-1
[INFO] running `Command { std: "git" "clone" "/workspace/cache/git-repos/https%3A%2F%2Fgithub.com%2Fnikandlv%2Fthunder" "/workspace/builds/worker-6/source", kill_on_drop: false }`
[INFO] [stderr] Cloning into '/workspace/builds/worker-6/source'...
[INFO] [stderr] done.
[INFO] validating manifest of git repo https://github.com/nikandlv/thunder on toolchain beta-2021-08-01
[INFO] running `Command { std: "/workspace/cargo-home/bin/cargo" "+beta-2021-08-01" "metadata" "--manifest-path" "Cargo.toml" "--no-deps", kill_on_drop: false }`
[INFO] started tweaking git repo https://github.com/nikandlv/thunder
[INFO] finished tweaking git repo https://github.com/nikandlv/thunder
[INFO] tweaked toml for git repo https://github.com/nikandlv/thunder written to /workspace/builds/worker-6/source/Cargo.toml
[INFO] crate git repo https://github.com/nikandlv/thunder already has a lockfile, it will not be regenerated
[INFO] running `Command { std: "/workspace/cargo-home/bin/cargo" "+beta-2021-08-01" "fetch" "--manifest-path" "Cargo.toml", kill_on_drop: false }`
[INFO] [stderr]     Updating git repository `https://github.com/actix/actix-web`
[INFO] [stderr]     Blocking waiting for file lock on package cache
[INFO] [stderr]  Downloading crates ...
[INFO] [stderr]   Downloaded async-trait v0.1.21
[INFO] [stderr]   Downloaded actix-router v0.2.0
[INFO] [stderr]   Downloaded bytestring v0.1.1
[INFO] [stderr]   Downloaded actix-utils v1.0.3
[INFO] [stderr]   Downloaded tokio v0.2.5
[INFO] [stderr]   Downloaded actix-service v1.0.0
[INFO] [stderr]   Downloaded actix-http v1.0.0
[INFO] [stderr]   Downloaded encoding_rs v0.8.21
[INFO] [stderr]   Downloaded postgres v0.16.0-rc.2
[INFO] [stderr]   Downloaded postgres-protocol v0.4.1
[INFO] [stderr]   Downloaded brotli-decompressor v2.3.0
[INFO] [stderr]   Downloaded tokio-postgres v0.4.0-rc.3
[INFO] running `Command { std: "docker" "create" "-v" "/var/lib/crater-agent-workspace/builds/worker-6/target:/opt/rustwide/target:rw,Z" "-v" "/var/lib/crater-agent-workspace/builds/worker-6/source:/opt/rustwide/workdir:ro,Z" "-v" "/var/lib/crater-agent-workspace/cargo-home:/opt/rustwide/cargo-home:ro,Z" "-v" "/var/lib/crater-agent-workspace/rustup-home:/opt/rustwide/rustup-home:ro,Z" "-e" "SOURCE_DIR=/opt/rustwide/workdir" "-e" "CARGO_TARGET_DIR=/opt/rustwide/target" "-e" "CARGO_HOME=/opt/rustwide/cargo-home" "-e" "RUSTUP_HOME=/opt/rustwide/rustup-home" "-w" "/opt/rustwide/workdir" "-m" "1610612736" "--user" "0:0" "--network" "none" "ghcr.io/rust-lang/crates-build-env/linux@sha256:34b6a614d2c27851fe6cbf88fbd1137609cefab8b10d0615aaeb6fd47975d74e" "/opt/rustwide/cargo-home/bin/cargo" "+beta-2021-08-01" "metadata" "--no-deps" "--format-version=1", kill_on_drop: false }`
[INFO] [stderr] WARNING: Your kernel does not support swap limit capabilities or the cgroup is not mounted. Memory limited without swap.
[INFO] [stdout] ce5a3f4a47461b123c0efad12174095e9cadf35fcb0878e74147bc996d5965f1
[INFO] running `Command { std: "docker" "start" "-a" "ce5a3f4a47461b123c0efad12174095e9cadf35fcb0878e74147bc996d5965f1", kill_on_drop: false }`
[INFO] running `Command { std: "docker" "inspect" "ce5a3f4a47461b123c0efad12174095e9cadf35fcb0878e74147bc996d5965f1", kill_on_drop: false }`
[INFO] running `Command { std: "docker" "rm" "-f" "ce5a3f4a47461b123c0efad12174095e9cadf35fcb0878e74147bc996d5965f1", kill_on_drop: false }`
[INFO] [stdout] ce5a3f4a47461b123c0efad12174095e9cadf35fcb0878e74147bc996d5965f1
[INFO] running `Command { std: "docker" "create" "-v" "/var/lib/crater-agent-workspace/builds/worker-6/target:/opt/rustwide/target:rw,Z" "-v" "/var/lib/crater-agent-workspace/builds/worker-6/source:/opt/rustwide/workdir:ro,Z" "-v" "/var/lib/crater-agent-workspace/cargo-home:/opt/rustwide/cargo-home:ro,Z" "-v" "/var/lib/crater-agent-workspace/rustup-home:/opt/rustwide/rustup-home:ro,Z" "-e" "SOURCE_DIR=/opt/rustwide/workdir" "-e" "CARGO_TARGET_DIR=/opt/rustwide/target" "-e" "CARGO_INCREMENTAL=0" "-e" "RUST_BACKTRACE=full" "-e" "RUSTDOCFLAGS=--cap-lints=warn" "-e" "CARGO_HOME=/opt/rustwide/cargo-home" "-e" "RUSTUP_HOME=/opt/rustwide/rustup-home" "-w" "/opt/rustwide/workdir" "-m" "1610612736" "--user" "0:0" "--network" "none" "ghcr.io/rust-lang/crates-build-env/linux@sha256:34b6a614d2c27851fe6cbf88fbd1137609cefab8b10d0615aaeb6fd47975d74e" "/opt/rustwide/cargo-home/bin/cargo" "+beta-2021-08-01" "doc" "--frozen" "--no-deps" "--document-private-items" "--message-format=json", kill_on_drop: false }`
[INFO] [stdout] ac4d2defb6bfe6d47bf7f5d9821ecc6d66bedc70df93e9cdb88aca0241b8fd52
[INFO] [stderr] WARNING: Your kernel does not support swap limit capabilities or the cgroup is not mounted. Memory limited without swap.
[INFO] running `Command { std: "docker" "start" "-a" "ac4d2defb6bfe6d47bf7f5d9821ecc6d66bedc70df93e9cdb88aca0241b8fd52", kill_on_drop: false }`
[INFO] [stderr]    Compiling libc v0.2.66
[INFO] [stderr]    Compiling syn v1.0.11
[INFO] [stderr]     Checking alloc-no-stdlib v2.0.1
[INFO] [stderr]    Compiling encoding_rs v0.8.21
[INFO] [stderr]     Checking rent_to_own v0.1.0
[INFO] [stderr]     Checking md5 v0.6.1
[INFO] [stderr]     Checking lock_api v0.3.2
[INFO] [stderr]     Checking futures-channel v0.3.1
[INFO] [stderr]     Checking bytestring v0.1.1
[INFO] [stderr]    Compiling backtrace-sys v0.1.32
[INFO] [stderr]     Checking stringprep v0.1.2
[INFO] [stderr]     Checking url v2.1.0
[INFO] [stderr]    Compiling darling_core v0.8.6
[INFO] [stderr]     Checking sha2 v0.8.0
[INFO] [stderr]     Checking alloc-stdlib v0.2.1
[INFO] [stderr]     Checking brotli-decompressor v2.3.0
[INFO] [stderr]     Checking iovec v0.1.4
[INFO] [stderr]     Checking net2 v0.2.33
[INFO] [stderr]     Checking num_cpus v1.11.1
[INFO] [stderr]     Checking signal-hook-registry v1.2.0
[INFO] [stderr]     Checking parking_lot_core v0.7.0
[INFO] [stderr]     Checking getrandom v0.1.13
[INFO] [stderr]     Checking parking_lot_core v0.6.2
[INFO] [stderr]     Checking socket2 v0.3.11
[INFO] [stderr]     Checking rand v0.4.6
[INFO] [stderr]     Checking hostname v0.1.5
[INFO] [stderr]     Checking time v0.1.42
[INFO] [stderr]     Checking rand_os v0.1.3
[INFO] [stderr]     Checking memchr v1.0.2
[INFO] [stderr]     Checking flate2 v1.0.13
[INFO] [stderr]     Checking threadpool v1.7.1
[INFO] [stderr]     Checking tokio-threadpool v0.1.17
[INFO] [stderr]     Checking futures-cpupool v0.1.8
[INFO] [stderr]     Checking parking_lot v0.10.0
[INFO] [stderr]     Checking resolv-conf v0.6.2
[INFO] [stderr]     Checking rand_core v0.5.1
[INFO] [stderr]     Checking bytes v0.4.12
[INFO] [stderr]     Checking mio v0.6.21
[INFO] [stderr]     Checking rand v0.6.5
[INFO] [stderr]     Checking parking_lot v0.9.0
[INFO] [stderr]     Checking chrono v0.4.10
[INFO] [stderr]     Checking brotli v3.3.0
[INFO] [stderr]     Checking backtrace v0.3.40
[INFO] [stderr]     Checking rand_chacha v0.2.1
[INFO] [stderr]     Checking scheduled-thread-pool v0.2.3
[INFO] [stderr]     Checking tokio-io v0.1.12
[INFO] [stderr]     Checking rand v0.7.2
[INFO] [stderr]     Checking r2d2 v0.8.7
[INFO] [stderr]     Checking rand v0.3.23
[INFO] [stderr]     Checking mio-uds v0.6.7
[INFO] [stderr]     Checking postgres-protocol v0.3.2
[INFO] [stderr]     Checking rust-crypto v0.2.36
[INFO] [stderr]     Checking tokio-reactor v0.1.11
[INFO] [stderr]     Checking tokio-codec v0.1.1
[INFO] [stderr]     Checking tokio-fs v0.1.6
[INFO] [stderr]     Checking tokio v0.2.5
[INFO] [stderr]     Checking tokio-tcp v0.1.3
[INFO] [stderr]     Checking tokio-uds v0.2.5
[INFO] [stderr]     Checking tokio-udp v0.1.5
[INFO] [stderr]     Checking postgres-shared v0.4.2
[INFO] [stderr]     Checking postgres-protocol v0.4.1
[INFO] [stderr]     Checking tokio v0.1.22
[INFO] [stderr]    Compiling darling_macro v0.8.6
[INFO] [stderr]     Checking postgres v0.15.2
[INFO] [stderr]     Checking r2d2_postgres v0.14.0
[INFO] [stderr]     Checking tokio-util v0.2.0
[INFO] [stderr]     Checking actix-codec v0.2.0
[INFO] [stderr]    Compiling darling v0.8.6
[INFO] [stderr]    Compiling derive_state_machine_future v0.2.0
[INFO] [stderr]    Compiling synstructure v0.12.3
[INFO] [stderr]    Compiling proc-macro-hack v0.5.11
[INFO] [stderr]    Compiling derive_more v0.99.2
[INFO] [stderr]    Compiling pin-project-internal v0.4.6
[INFO] [stderr]    Compiling actix-macros v0.1.1
[INFO] [stderr]    Compiling failure_derive v0.1.6
[INFO] [stderr]    Compiling serde_derive v1.0.104
[INFO] [stderr]    Compiling enum-as-inner v0.3.0
[INFO] [stderr]    Compiling async-trait v0.1.21
[INFO] [stderr]    Compiling actix-web-codegen v0.2.0
[INFO] [stderr]     Checking state_machine_future v0.2.0
[INFO] [stderr]     Checking tokio-postgres v0.4.0-rc.3
[INFO] [stderr]     Checking failure v0.1.6
[INFO] [stderr]    Compiling futures-macro v0.3.1
[INFO] [stderr]     Checking postgres v0.16.0-rc.2
[INFO] [stderr]     Checking pin-project v0.4.6
[INFO] [stderr]     Checking futures-util v0.3.1
[INFO] [stderr]     Checking actix-threadpool v0.3.1
[INFO] [stderr]     Checking futures-executor v0.3.1
[INFO] [stderr]     Checking actix-service v1.0.0
[INFO] [stderr]     Checking h2 v0.2.1
[INFO] [stderr]     Checking futures v0.3.1
[INFO] [stderr]     Checking actix-rt v1.0.0
[INFO] [stderr]     Checking trust-dns-proto v0.18.0-alpha.2
[INFO] [stderr]     Checking serde v1.0.104
[INFO] [stderr]     Checking actix-utils v1.0.3
[INFO] [stderr]     Checking actix-server v1.0.0
[INFO] [stderr]     Checking actix-tls v1.0.0
[INFO] [stderr]     Checking trust-dns-resolver v0.18.0-alpha.2
[INFO] [stderr]     Checking actix-testing v1.0.0
[INFO] [stderr]     Checking actix-connect v1.0.1
[INFO] [stderr]     Checking serde_urlencoded v0.6.1
[INFO] [stderr]     Checking serde_json v1.0.44
[INFO] [stderr]     Checking actix-router v0.2.0
[INFO] [stderr]     Checking actix-http v1.0.0
[INFO] [stderr]     Checking awc v1.0.1
[INFO] [stderr]     Checking actix-web v2.0.0-alpha.6 (https://github.com/actix/actix-web#8c540548)
[INFO] [stdout] error: unexpected token
[INFO] [stdout]    --> /opt/rustwide/cargo-home/git/checkouts/actix-web-02c803d355aed967/8c54054/src/extract.rs:217:20
[INFO] [stdout]     |
[INFO] [stdout] 217 |         futs: ($($T::Future,)+),
[INFO] [stdout]     |                    ^^
[INFO] [stdout] ...
[INFO] [stdout] 255 | tuple_from_req!(TupleFromRequest1, (0, A));
[INFO] [stdout]     | ------------------------------------------- in this macro invocation
[INFO] [stdout]     |
[INFO] [stdout]     = note: this error originates in the macro `tuple_from_req` (in Nightly builds, run with -Z macro-backtrace for more info)
[INFO] [stdout] 
[INFO] [stdout] 
[INFO] [stdout] error: unexpected token
[INFO] [stdout]    --> /opt/rustwide/cargo-home/git/checkouts/actix-web-02c803d355aed967/8c54054/src/extract.rs:217:20
[INFO] [stdout]     |
[INFO] [stdout] 217 |         futs: ($($T::Future,)+),
[INFO] [stdout]     |                    ^^
[INFO] [stdout] ...
[INFO] [stdout] 256 | tuple_from_req!(TupleFromRequest2, (0, A), (1, B));
[INFO] [stdout]     | --------------------------------------------------- in this macro invocation
[INFO] [stdout]     |
[INFO] [stdout]     = note: this error originates in the macro `tuple_from_req` (in Nightly builds, run with -Z macro-backtrace for more info)
[INFO] [stdout] 
[INFO] [stdout] 
[INFO] [stdout] error: unexpected token
[INFO] [stdout]    --> /opt/rustwide/cargo-home/git/checkouts/actix-web-02c803d355aed967/8c54054/src/extract.rs:217:20
[INFO] [stdout]     |
[INFO] [stdout] 217 |         futs: ($($T::Future,)+),
[INFO] [stdout]     |                    ^^
[INFO] [stdout] ...
[INFO] [stdout] 257 | tuple_from_req!(TupleFromRequest3, (0, A), (1, B), (2, C));
[INFO] [stdout]     | ----------------------------------------------------------- in this macro invocation
[INFO] [stdout]     |
[INFO] [stdout]     = note: this error originates in the macro `tuple_from_req` (in Nightly builds, run with -Z macro-backtrace for more info)
[INFO] [stdout] 
[INFO] [stdout] 
[INFO] [stdout] error: unexpected token
[INFO] [stdout]    --> /opt/rustwide/cargo-home/git/checkouts/actix-web-02c803d355aed967/8c54054/src/extract.rs:217:20
[INFO] [stdout]     |
[INFO] [stdout] 217 |         futs: ($($T::Future,)+),
[INFO] [stdout]     |                    ^^
[INFO] [stdout] ...
[INFO] [stdout] 258 | tuple_from_req!(TupleFromRequest4, (0, A), (1, B), (2, C), (3, D));
[INFO] [stdout]     | ------------------------------------------------------------------- in this macro invocation
[INFO] [stdout]     |
[INFO] [stdout]     = note: this error originates in the macro `tuple_from_req` (in Nightly builds, run with -Z macro-backtrace for more info)
[INFO] [stdout] 
[INFO] [stdout] 
[INFO] [stdout] error: unexpected token
[INFO] [stdout]    --> /opt/rustwide/cargo-home/git/checkouts/actix-web-02c803d355aed967/8c54054/src/extract.rs:217:20
[INFO] [stdout]     |
[INFO] [stdout] 217 |         futs: ($($T::Future,)+),
[INFO] [stdout]     |                    ^^
[INFO] [stdout] ...
[INFO] [stdout] 259 | tuple_from_req!(TupleFromRequest5, (0, A), (1, B), (2, C), (3, D), (4, E));
[INFO] [stdout]     | --------------------------------------------------------------------------- in this macro invocation
[INFO] [stdout]     |
[INFO] [stdout]     = note: this error originates in the macro `tuple_from_req` (in Nightly builds, run with -Z macro-backtrace for more info)
[INFO] [stdout] 
[INFO] [stdout] 
[INFO] [stdout] error: unexpected token
[INFO] [stdout]    --> /opt/rustwide/cargo-home/git/checkouts/actix-web-02c803d355aed967/8c54054/src/extract.rs:217:20
[INFO] [stdout]     |
[INFO] [stdout] 217 |         futs: ($($T::Future,)+),
[INFO] [stdout]     |                    ^^
[INFO] [stdout] ...
[INFO] [stdout] 260 | tuple_from_req!(TupleFromRequest6, (0, A), (1, B), (2, C), (3, D), (4, E), (5, F));
[INFO] [stdout]     | ----------------------------------------------------------------------------------- in this macro invocation
[INFO] [stdout]     |
[INFO] [stdout]     = note: this error originates in the macro `tuple_from_req` (in Nightly builds, run with -Z macro-backtrace for more info)
[INFO] [stdout] 
[INFO] [stdout] 
[INFO] [stdout] error: unexpected token
[INFO] [stdout]    --> /opt/rustwide/cargo-home/git/checkouts/actix-web-02c803d355aed967/8c54054/src/extract.rs:217:20
[INFO] [stdout]     |
[INFO] [stdout] 217 |         futs: ($($T::Future,)+),
[INFO] [stdout]     |                    ^^
[INFO] [stdout] ...
[INFO] [stdout] 261 | tuple_from_req!(TupleFromRequest7, (0, A), (1, B), (2, C), (3, D), (4, E), (5, F), (6, G));
[INFO] [stdout]     | ------------------------------------------------------------------------------------------- in this macro invocation
[INFO] [stdout]     |
[INFO] [stdout]     = note: this error originates in the macro `tuple_from_req` (in Nightly builds, run with -Z macro-backtrace for more info)
[INFO] [stdout] 
[INFO] [stdout] 
[INFO] [stdout] error: unexpected token
[INFO] [stdout]    --> /opt/rustwide/cargo-home/git/checkouts/actix-web-02c803d355aed967/8c54054/src/extract.rs:217:20
[INFO] [stdout]     |
[INFO] [stdout] 217 |         futs: ($($T::Future,)+),
[INFO] [stdout]     |                    ^^
[INFO] [stdout] ...
[INFO] [stdout] 262 | tuple_from_req!(TupleFromRequest8, (0, A), (1, B), (2, C), (3, D), (4, E), (5, F), (6, G), (7, H));
[INFO] [stdout]     | --------------------------------------------------------------------------------------------------- in this macro invocation
[INFO] [stdout]     |
[INFO] [stdout]     = note: this error originates in the macro `tuple_from_req` (in Nightly builds, run with -Z macro-backtrace for more info)
[INFO] [stdout] 
[INFO] [stdout] 
[INFO] [stdout] error: unexpected token
[INFO] [stdout]    --> /opt/rustwide/cargo-home/git/checkouts/actix-web-02c803d355aed967/8c54054/src/extract.rs:217:20
[INFO] [stdout]     |
[INFO] [stdout] 217 |         futs: ($($T::Future,)+),
[INFO] [stdout]     |                    ^^
[INFO] [stdout] ...
[INFO] [stdout] 263 | tuple_from_req!(TupleFromRequest9, (0, A), (1, B), (2, C), (3, D), (4, E), (5, F), (6, G), (7, H), (8, I));
[INFO] [stdout]     | ----------------------------------------------------------------------------------------------------------- in this macro invocation
[INFO] [stdout]     |
[INFO] [stdout]     = note: this error originates in the macro `tuple_from_req` (in Nightly builds, run with -Z macro-backtrace for more info)
[INFO] [stdout] 
[INFO] [stdout] 
[INFO] [stdout] error: unexpected token
[INFO] [stdout]    --> /opt/rustwide/cargo-home/git/checkouts/actix-web-02c803d355aed967/8c54054/src/extract.rs:217:20
[INFO] [stdout]     |
[INFO] [stdout] 217 |         futs: ($($T::Future,)+),
[INFO] [stdout]     |                    ^^
[INFO] [stdout] ...
[INFO] [stdout] 264 | tuple_from_req!(TupleFromRequest10, (0, A), (1, B), (2, C), (3, D), (4, E), (5, F), (6, G), (7, H), (8, I), (9, J));
[INFO] [stdout]     | -------------------------------------------------------------------------------------------------------------------- in this macro invocation
[INFO] [stdout]     |
[INFO] [stdout]     = note: this error originates in the macro `tuple_from_req` (in Nightly builds, run with -Z macro-backtrace for more info)
[INFO] [stdout] 
[INFO] [stdout] 
[INFO] [stdout] error[E0599]: no method named `project` found for struct `std::pin::Pin<&mut TupleFromRequest1<A>>` in the current scope
[INFO] [stdout]    --> /opt/rustwide/cargo-home/git/checkouts/actix-web-02c803d355aed967/8c54054/src/extract.rs:225:29
[INFO] [stdout]     |
[INFO] [stdout] 225 |             let this = self.project();
[INFO] [stdout]     |                             ^^^^^^^ method not found in `std::pin::Pin<&mut TupleFromRequest1<A>>`
[INFO] [stdout] ...
[INFO] [stdout] 255 | tuple_from_req!(TupleFromRequest1, (0, A));
[INFO] [stdout]     | ------------------------------------------- in this macro invocation
[INFO] [stdout]     |
[INFO] [stdout]     = note: this error originates in the macro `tuple_from_req` (in Nightly builds, run with -Z macro-backtrace for more info)
[INFO] [stdout] 
[INFO] [stdout] 
[INFO] [stdout] error[E0599]: no method named `project` found for struct `std::pin::Pin<&mut TupleFromRequest2<A, B>>` in the current scope
[INFO] [stdout]    --> /opt/rustwide/cargo-home/git/checkouts/actix-web-02c803d355aed967/8c54054/src/extract.rs:225:29
[INFO] [stdout]     |
[INFO] [stdout] 225 |             let this = self.project();
[INFO] [stdout]     |                             ^^^^^^^ method not found in `std::pin::Pin<&mut TupleFromRequest2<A, B>>`
[INFO] [stdout] ...
[INFO] [stdout] 256 | tuple_from_req!(TupleFromRequest2, (0, A), (1, B));
[INFO] [stdout]     | --------------------------------------------------- in this macro invocation
[INFO] [stdout]     |
[INFO] [stdout]     = note: this error originates in the macro `tuple_from_req` (in Nightly builds, run with -Z macro-backtrace for more info)
[INFO] [stdout] 
[INFO] [stdout] 
[INFO] [stdout] error[E0599]: no method named `project` found for struct `std::pin::Pin<&mut TupleFromRequest3<A, B, C>>` in the current scope
[INFO] [stdout]    --> /opt/rustwide/cargo-home/git/checkouts/actix-web-02c803d355aed967/8c54054/src/extract.rs:225:29
[INFO] [stdout]     |
[INFO] [stdout] 225 |             let this = self.project();
[INFO] [stdout]     |                             ^^^^^^^ method not found in `std::pin::Pin<&mut TupleFromRequest3<A, B, C>>`
[INFO] [stdout] ...
[INFO] [stdout] 257 | tuple_from_req!(TupleFromRequest3, (0, A), (1, B), (2, C));
[INFO] [stdout]     | ----------------------------------------------------------- in this macro invocation
[INFO] [stdout]     |
[INFO] [stdout]     = note: this error originates in the macro `tuple_from_req` (in Nightly builds, run with -Z macro-backtrace for more info)
[INFO] [stdout] 
[INFO] [stdout] 
[INFO] [stdout] error[E0599]: no method named `project` found for struct `std::pin::Pin<&mut TupleFromRequest4<A, B, C, D>>` in the current scope
[INFO] [stdout]    --> /opt/rustwide/cargo-home/git/checkouts/actix-web-02c803d355aed967/8c54054/src/extract.rs:225:29
[INFO] [stdout]     |
[INFO] [stdout] 225 |             let this = self.project();
[INFO] [stdout]     |                             ^^^^^^^ method not found in `std::pin::Pin<&mut TupleFromRequest4<A, B, C, D>>`
[INFO] [stdout] ...
[INFO] [stdout] 258 | tuple_from_req!(TupleFromRequest4, (0, A), (1, B), (2, C), (3, D));
[INFO] [stdout]     | ------------------------------------------------------------------- in this macro invocation
[INFO] [stdout]     |
[INFO] [stdout]     = note: this error originates in the macro `tuple_from_req` (in Nightly builds, run with -Z macro-backtrace for more info)
[INFO] [stdout] 
[INFO] [stdout] 
[INFO] [stdout] error[E0599]: no method named `project` found for struct `std::pin::Pin<&mut TupleFromRequest5<A, B, C, D, E>>` in the current scope
[INFO] [stdout]    --> /opt/rustwide/cargo-home/git/checkouts/actix-web-02c803d355aed967/8c54054/src/extract.rs:225:29
[INFO] [stdout]     |
[INFO] [stdout] 225 |             let this = self.project();
[INFO] [stdout]     |                             ^^^^^^^ method not found in `std::pin::Pin<&mut TupleFromRequest5<A, B, C, D, E>>`
[INFO] [stdout] ...
[INFO] [stdout] 259 | tuple_from_req!(TupleFromRequest5, (0, A), (1, B), (2, C), (3, D), (4, E));
[INFO] [stdout]     | --------------------------------------------------------------------------- in this macro invocation
[INFO] [stdout]     |
[INFO] [stdout]     = note: this error originates in the macro `tuple_from_req` (in Nightly builds, run with -Z macro-backtrace for more info)
[INFO] [stdout] 
[INFO] [stdout] 
[INFO] [stdout] error[E0599]: no method named `project` found for struct `std::pin::Pin<&mut TupleFromRequest6<A, B, C, D, E, F>>` in the current scope
[INFO] [stdout]    --> /opt/rustwide/cargo-home/git/checkouts/actix-web-02c803d355aed967/8c54054/src/extract.rs:225:29
[INFO] [stdout]     |
[INFO] [stdout] 225 |             let this = self.project();
[INFO] [stdout]     |                             ^^^^^^^ method not found in `std::pin::Pin<&mut TupleFromRequest6<A, B, C, D, E, F>>`
[INFO] [stdout] ...
[INFO] [stdout] 260 | tuple_from_req!(TupleFromRequest6, (0, A), (1, B), (2, C), (3, D), (4, E), (5, F));
[INFO] [stdout]     | ----------------------------------------------------------------------------------- in this macro invocation
[INFO] [stdout]     |
[INFO] [stdout]     = note: this error originates in the macro `tuple_from_req` (in Nightly builds, run with -Z macro-backtrace for more info)
[INFO] [stdout] 
[INFO] [stdout] 
[INFO] [stdout] error[E0599]: no method named `project` found for struct `std::pin::Pin<&mut TupleFromRequest7<A, B, C, D, E, F, G>>` in the current scope
[INFO] [stdout]    --> /opt/rustwide/cargo-home/git/checkouts/actix-web-02c803d355aed967/8c54054/src/extract.rs:225:29
[INFO] [stdout]     |
[INFO] [stdout] 225 |             let this = self.project();
[INFO] [stdout]     |                             ^^^^^^^ method not found in `std::pin::Pin<&mut TupleFromRequest7<A, B, C, D, E, F, G>>`
[INFO] [stdout] ...
[INFO] [stdout] 261 | tuple_from_req!(TupleFromRequest7, (0, A), (1, B), (2, C), (3, D), (4, E), (5, F), (6, G));
[INFO] [stdout]     | ------------------------------------------------------------------------------------------- in this macro invocation
[INFO] [stdout]     |
[INFO] [stdout]     = note: this error originates in the macro `tuple_from_req` (in Nightly builds, run with -Z macro-backtrace for more info)
[INFO] [stdout] 
[INFO] [stdout] 
[INFO] [stdout] error[E0599]: no method named `project` found for struct `std::pin::Pin<&mut TupleFromRequest8<A, B, C, D, E, F, G, H>>` in the current scope
[INFO] [stdout]    --> /opt/rustwide/cargo-home/git/checkouts/actix-web-02c803d355aed967/8c54054/src/extract.rs:225:29
[INFO] [stdout]     |
[INFO] [stdout] 225 |             let this = self.project();
[INFO] [stdout]     |                             ^^^^^^^ method not found in `std::pin::Pin<&mut TupleFromRequest8<A, B, C, D, E, F, G, H>>`
[INFO] [stdout] ...
[INFO] [stdout] 262 | tuple_from_req!(TupleFromRequest8, (0, A), (1, B), (2, C), (3, D), (4, E), (5, F), (6, G), (7, H));
[INFO] [stdout]     | --------------------------------------------------------------------------------------------------- in this macro invocation
[INFO] [stdout]     |
[INFO] [stdout]     = note: this error originates in the macro `tuple_from_req` (in Nightly builds, run with -Z macro-backtrace for more info)
[INFO] [stdout] 
[INFO] [stdout] 
[INFO] [stdout] error[E0599]: no method named `project` found for struct `std::pin::Pin<&mut TupleFromRequest9<A, B, C, D, E, F, G, H, I>>` in the current scope
[INFO] [stdout]    --> /opt/rustwide/cargo-home/git/checkouts/actix-web-02c803d355aed967/8c54054/src/extract.rs:225:29
[INFO] [stdout]     |
[INFO] [stdout] 225 |             let this = self.project();
[INFO] [stdout]     |                             ^^^^^^^ method not found in `std::pin::Pin<&mut TupleFromRequest9<A, B, C, D, E, F, G, H, I>>`
[INFO] [stdout] ...
[INFO] [stdout] 263 | tuple_from_req!(TupleFromRequest9, (0, A), (1, B), (2, C), (3, D), (4, E), (5, F), (6, G), (7, H), (8, I));
[INFO] [stdout]     | ----------------------------------------------------------------------------------------------------------- in this macro invocation
[INFO] [stdout]     |
[INFO] [stdout]     = note: this error originates in the macro `tuple_from_req` (in Nightly builds, run with -Z macro-backtrace for more info)
[INFO] [stdout] 
[INFO] [stdout] 
[INFO] [stdout] error[E0599]: no method named `project` found for struct `std::pin::Pin<&mut TupleFromRequest10<A, B, C, D, E, F, G, H, I, J>>` in the current scope
[INFO] [stdout]    --> /opt/rustwide/cargo-home/git/checkouts/actix-web-02c803d355aed967/8c54054/src/extract.rs:225:29
[INFO] [stdout]     |
[INFO] [stdout] 225 |             let this = self.project();
[INFO] [stdout]     |                             ^^^^^^^ method not found in `std::pin::Pin<&mut TupleFromRequest10<A, B, C, D, E, F, G, H, I, J>>`
[INFO] [stdout] ...
[INFO] [stdout] 264 | tuple_from_req!(TupleFromRequest10, (0, A), (1, B), (2, C), (3, D), (4, E), (5, F), (6, G), (7, H), (8, I), (9, J));
[INFO] [stdout]     | -------------------------------------------------------------------------------------------------------------------- in this macro invocation
[INFO] [stdout]     |
[INFO] [stdout]     = note: this error originates in the macro `tuple_from_req` (in Nightly builds, run with -Z macro-backtrace for more info)
[INFO] [stdout] 
[INFO] [stdout] 
[INFO] [stdout] error: aborting due to 20 previous errors
[INFO] [stdout] 
[INFO] [stdout] 
[INFO] [stdout] For more information about this error, try `rustc --explain E0599`.
[INFO] [stdout] 
[INFO] [stderr] error: could not compile `actix-web` due to 21 previous errors
[INFO] running `Command { std: "docker" "inspect" "ac4d2defb6bfe6d47bf7f5d9821ecc6d66bedc70df93e9cdb88aca0241b8fd52", kill_on_drop: false }`
[INFO] running `Command { std: "docker" "rm" "-f" "ac4d2defb6bfe6d47bf7f5d9821ecc6d66bedc70df93e9cdb88aca0241b8fd52", kill_on_drop: false }`
[INFO] [stdout] ac4d2defb6bfe6d47bf7f5d9821ecc6d66bedc70df93e9cdb88aca0241b8fd52
