[INFO] cloning repository https://github.com/niikunihiro/rs-packet-capture
[INFO] running `Command { std: "git" "-c" "credential.helper=" "-c" "credential.helper=/workspace/cargo-home/bin/git-credential-null" "clone" "--bare" "https://github.com/niikunihiro/rs-packet-capture" "/workspace/cache/git-repos/https%3A%2F%2Fgithub.com%2Fniikunihiro%2Frs-packet-capture", kill_on_drop: false }`
[INFO] [stderr] Cloning into bare repository '/workspace/cache/git-repos/https%3A%2F%2Fgithub.com%2Fniikunihiro%2Frs-packet-capture'...
[INFO] running `Command { std: "git" "rev-parse" "HEAD", kill_on_drop: false }`
[INFO] [stdout] 2aa0f980e753c859d3255e984117d93ebe498b67
[INFO] documenting niikunihiro/rs-packet-capture against beta-2021-08-01 for beta-1.55-rustdoc-1
[INFO] running `Command { std: "git" "clone" "/workspace/cache/git-repos/https%3A%2F%2Fgithub.com%2Fniikunihiro%2Frs-packet-capture" "/workspace/builds/worker-1/source", kill_on_drop: false }`
[INFO] [stderr] Cloning into '/workspace/builds/worker-1/source'...
[INFO] [stderr] done.
[INFO] validating manifest of git repo https://github.com/niikunihiro/rs-packet-capture on toolchain beta-2021-08-01
[INFO] running `Command { std: "/workspace/cargo-home/bin/cargo" "+beta-2021-08-01" "metadata" "--manifest-path" "Cargo.toml" "--no-deps", kill_on_drop: false }`
[INFO] started tweaking git repo https://github.com/niikunihiro/rs-packet-capture
[INFO] finished tweaking git repo https://github.com/niikunihiro/rs-packet-capture
[INFO] tweaked toml for git repo https://github.com/niikunihiro/rs-packet-capture written to /workspace/builds/worker-1/source/Cargo.toml
[INFO] crate git repo https://github.com/niikunihiro/rs-packet-capture already has a lockfile, it will not be regenerated
[INFO] running `Command { std: "/workspace/cargo-home/bin/cargo" "+beta-2021-08-01" "fetch" "--manifest-path" "Cargo.toml", kill_on_drop: false }`
[INFO] [stderr]  Downloading crates ...
[INFO] [stderr]   Downloaded pnet_macros v0.25.0
[INFO] [stderr]   Downloaded pnet_base v0.25.0
[INFO] running `Command { std: "docker" "create" "-v" "/var/lib/crater-agent-workspace/builds/worker-1/target:/opt/rustwide/target:rw,Z" "-v" "/var/lib/crater-agent-workspace/builds/worker-1/source:/opt/rustwide/workdir:ro,Z" "-v" "/var/lib/crater-agent-workspace/cargo-home:/opt/rustwide/cargo-home:ro,Z" "-v" "/var/lib/crater-agent-workspace/rustup-home:/opt/rustwide/rustup-home:ro,Z" "-e" "SOURCE_DIR=/opt/rustwide/workdir" "-e" "CARGO_TARGET_DIR=/opt/rustwide/target" "-e" "CARGO_HOME=/opt/rustwide/cargo-home" "-e" "RUSTUP_HOME=/opt/rustwide/rustup-home" "-w" "/opt/rustwide/workdir" "-m" "1610612736" "--user" "0:0" "--network" "none" "ghcr.io/rust-lang/crates-build-env/linux@sha256:34b6a614d2c27851fe6cbf88fbd1137609cefab8b10d0615aaeb6fd47975d74e" "/opt/rustwide/cargo-home/bin/cargo" "+beta-2021-08-01" "metadata" "--no-deps" "--format-version=1", kill_on_drop: false }`
[INFO] [stderr] WARNING: Your kernel does not support swap limit capabilities or the cgroup is not mounted. Memory limited without swap.
[INFO] [stdout] a0b2e5e803c7aa8b18be5cabafefb1a4f12248e7c91b098d8d00331ba75e62a6
[INFO] running `Command { std: "docker" "start" "-a" "a0b2e5e803c7aa8b18be5cabafefb1a4f12248e7c91b098d8d00331ba75e62a6", kill_on_drop: false }`
[INFO] running `Command { std: "docker" "inspect" "a0b2e5e803c7aa8b18be5cabafefb1a4f12248e7c91b098d8d00331ba75e62a6", kill_on_drop: false }`
[INFO] running `Command { std: "docker" "rm" "-f" "a0b2e5e803c7aa8b18be5cabafefb1a4f12248e7c91b098d8d00331ba75e62a6", kill_on_drop: false }`
[INFO] [stdout] a0b2e5e803c7aa8b18be5cabafefb1a4f12248e7c91b098d8d00331ba75e62a6
[INFO] running `Command { std: "docker" "create" "-v" "/var/lib/crater-agent-workspace/builds/worker-1/target:/opt/rustwide/target:rw,Z" "-v" "/var/lib/crater-agent-workspace/builds/worker-1/source:/opt/rustwide/workdir:ro,Z" "-v" "/var/lib/crater-agent-workspace/cargo-home:/opt/rustwide/cargo-home:ro,Z" "-v" "/var/lib/crater-agent-workspace/rustup-home:/opt/rustwide/rustup-home:ro,Z" "-e" "SOURCE_DIR=/opt/rustwide/workdir" "-e" "CARGO_TARGET_DIR=/opt/rustwide/target" "-e" "CARGO_INCREMENTAL=0" "-e" "RUST_BACKTRACE=full" "-e" "RUSTDOCFLAGS=--cap-lints=warn" "-e" "CARGO_HOME=/opt/rustwide/cargo-home" "-e" "RUSTUP_HOME=/opt/rustwide/rustup-home" "-w" "/opt/rustwide/workdir" "-m" "1610612736" "--user" "0:0" "--network" "none" "ghcr.io/rust-lang/crates-build-env/linux@sha256:34b6a614d2c27851fe6cbf88fbd1137609cefab8b10d0615aaeb6fd47975d74e" "/opt/rustwide/cargo-home/bin/cargo" "+beta-2021-08-01" "doc" "--frozen" "--no-deps" "--document-private-items" "--message-format=json", kill_on_drop: false }`
[INFO] [stderr] WARNING: Your kernel does not support swap limit capabilities or the cgroup is not mounted. Memory limited without swap.
[INFO] [stdout] 8fae9fd0988471f1cbac2b7f7790e17549db7b6a8bbec7680a46f97717278646
[INFO] running `Command { std: "docker" "start" "-a" "8fae9fd0988471f1cbac2b7f7790e17549db7b6a8bbec7680a46f97717278646", kill_on_drop: false }`
[INFO] [stderr]    Compiling utf8-ranges v1.0.4
[INFO] [stderr]    Compiling regex-syntax v0.6.14
[INFO] [stderr]     Checking pnet_base v0.25.0
[INFO] [stderr]    Compiling memchr v2.3.0
[INFO] [stderr]     Checking pnet_sys v0.22.0
[INFO] [stderr]     Checking ipnetwork v0.14.0
[INFO] [stderr]     Checking aho-corasick v0.6.10
[INFO] [stderr]     Checking atty v0.2.14
[INFO] [stderr]    Compiling syntex_errors v0.42.0
[INFO] [stderr]     Checking pnet_macros_support v0.22.0
[INFO] [stderr]     Checking pnet_datalink v0.22.0
[INFO] [stderr]    Compiling syntex_syntax v0.42.0
[INFO] [stderr]     Checking regex v1.0.6
[INFO] [stderr]     Checking env_logger v0.6.2
[INFO] [stderr]    Compiling syntex v0.42.2
[INFO] [stderr]    Compiling pnet_macros v0.25.0
[INFO] [stderr]    Compiling pnet_packet v0.22.0
[INFO] [stdout] error[E0599]: no method named `to_primitive_values` found for struct `MacAddr` in the current scope
[INFO] [stdout]    --> /opt/rustwide/target/debug/build/pnet_packet-ef64295eb8c93088/out/ethernet.rs:442:24
[INFO] [stdout]     |
[INFO] [stdout] 442 |         let vals = val.to_primitive_values();
[INFO] [stdout]     |                        ^^^^^^^^^^^^^^^^^^^ method not found in `MacAddr`
[INFO] [stdout] 
[INFO] [stdout] 
[INFO] [stdout] error[E0599]: no method named `to_primitive_values` found for struct `MacAddr` in the current scope
[INFO] [stdout]    --> /opt/rustwide/target/debug/build/pnet_packet-ef64295eb8c93088/out/ethernet.rs:499:24
[INFO] [stdout]     |
[INFO] [stdout] 499 |         let vals = val.to_primitive_values();
[INFO] [stdout]     |                        ^^^^^^^^^^^^^^^^^^^ method not found in `MacAddr`
[INFO] [stdout] 
[INFO] [stdout] 
[INFO] [stdout] error[E0599]: no method named `to_primitive_values` found for struct `MacAddr` in the current scope
[INFO] [stdout]    --> /opt/rustwide/target/debug/build/pnet_packet-ef64295eb8c93088/out/arp.rs:776:24
[INFO] [stdout]     |
[INFO] [stdout] 776 |         let vals = val.to_primitive_values();
[INFO] [stdout]     |                        ^^^^^^^^^^^^^^^^^^^ method not found in `MacAddr`
[INFO] [stdout] 
[INFO] [stdout] 
[INFO] [stdout] error[E0599]: no method named `to_primitive_values` found for struct `MacAddr` in the current scope
[INFO] [stdout]    --> /opt/rustwide/target/debug/build/pnet_packet-ef64295eb8c93088/out/arp.rs:874:24
[INFO] [stdout]     |
[INFO] [stdout] 874 |         let vals = val.to_primitive_values();
[INFO] [stdout]     |                        ^^^^^^^^^^^^^^^^^^^ method not found in `MacAddr`
[INFO] [stdout] 
[INFO] [stdout] 
[INFO] [stdout] error: aborting due to 4 previous errors
[INFO] [stdout] 
[INFO] [stdout] 
[INFO] [stdout] For more information about this error, try `rustc --explain E0599`.
[INFO] [stdout] 
[INFO] [stderr] error: could not compile `pnet_packet` due to 5 previous errors
[INFO] running `Command { std: "docker" "inspect" "8fae9fd0988471f1cbac2b7f7790e17549db7b6a8bbec7680a46f97717278646", kill_on_drop: false }`
[INFO] running `Command { std: "docker" "rm" "-f" "8fae9fd0988471f1cbac2b7f7790e17549db7b6a8bbec7680a46f97717278646", kill_on_drop: false }`
[INFO] [stdout] 8fae9fd0988471f1cbac2b7f7790e17549db7b6a8bbec7680a46f97717278646
