[INFO] cloning repository https://github.com/nico-abram/rusty-boy-advance
[INFO] running `Command { std: "git" "-c" "credential.helper=" "-c" "credential.helper=/workspace/cargo-home/bin/git-credential-null" "clone" "--bare" "https://github.com/nico-abram/rusty-boy-advance" "/workspace/cache/git-repos/https%3A%2F%2Fgithub.com%2Fnico-abram%2Frusty-boy-advance", kill_on_drop: false }`
[INFO] [stderr] Cloning into bare repository '/workspace/cache/git-repos/https%3A%2F%2Fgithub.com%2Fnico-abram%2Frusty-boy-advance'...
[INFO] running `Command { std: "git" "rev-parse" "HEAD", kill_on_drop: false }`
[INFO] [stdout] 3794efa4303ddef1d1dce0b9951f3631df88df71
[INFO] documenting nico-abram/rusty-boy-advance against beta-2021-08-01 for beta-1.55-rustdoc-1
[INFO] running `Command { std: "git" "clone" "/workspace/cache/git-repos/https%3A%2F%2Fgithub.com%2Fnico-abram%2Frusty-boy-advance" "/workspace/builds/worker-6/source", kill_on_drop: false }`
[INFO] [stderr] Cloning into '/workspace/builds/worker-6/source'...
[INFO] [stderr] done.
[INFO] validating manifest of git repo https://github.com/nico-abram/rusty-boy-advance on toolchain beta-2021-08-01
[INFO] running `Command { std: "/workspace/cargo-home/bin/cargo" "+beta-2021-08-01" "metadata" "--manifest-path" "Cargo.toml" "--no-deps", kill_on_drop: false }`
[INFO] removed /workspace/builds/worker-6/source/.cargo/config
[INFO] started tweaking git repo https://github.com/nico-abram/rusty-boy-advance
[INFO] finished tweaking git repo https://github.com/nico-abram/rusty-boy-advance
[INFO] tweaked toml for git repo https://github.com/nico-abram/rusty-boy-advance written to /workspace/builds/worker-6/source/Cargo.toml
[INFO] crate git repo https://github.com/nico-abram/rusty-boy-advance already has a lockfile, it will not be regenerated
[INFO] running `Command { std: "/workspace/cargo-home/bin/cargo" "+beta-2021-08-01" "fetch" "--manifest-path" "Cargo.toml", kill_on_drop: false }`
[INFO] [stderr]     Blocking waiting for file lock on package cache
[INFO] [stderr]     Blocking waiting for file lock on package cache
[INFO] running `Command { std: "docker" "create" "-v" "/var/lib/crater-agent-workspace/builds/worker-6/target:/opt/rustwide/target:rw,Z" "-v" "/var/lib/crater-agent-workspace/builds/worker-6/source:/opt/rustwide/workdir:ro,Z" "-v" "/var/lib/crater-agent-workspace/cargo-home:/opt/rustwide/cargo-home:ro,Z" "-v" "/var/lib/crater-agent-workspace/rustup-home:/opt/rustwide/rustup-home:ro,Z" "-e" "SOURCE_DIR=/opt/rustwide/workdir" "-e" "CARGO_TARGET_DIR=/opt/rustwide/target" "-e" "CARGO_HOME=/opt/rustwide/cargo-home" "-e" "RUSTUP_HOME=/opt/rustwide/rustup-home" "-w" "/opt/rustwide/workdir" "-m" "1610612736" "--user" "0:0" "--network" "none" "ghcr.io/rust-lang/crates-build-env/linux@sha256:34b6a614d2c27851fe6cbf88fbd1137609cefab8b10d0615aaeb6fd47975d74e" "/opt/rustwide/cargo-home/bin/cargo" "+beta-2021-08-01" "metadata" "--no-deps" "--format-version=1", kill_on_drop: false }`
[INFO] [stderr] WARNING: Your kernel does not support swap limit capabilities or the cgroup is not mounted. Memory limited without swap.
[INFO] [stdout] d3b71587b06afa59054d62bd50136c440a27e138a6f1d7fcf34a895748a02961
[INFO] running `Command { std: "docker" "start" "-a" "d3b71587b06afa59054d62bd50136c440a27e138a6f1d7fcf34a895748a02961", kill_on_drop: false }`
[INFO] running `Command { std: "docker" "inspect" "d3b71587b06afa59054d62bd50136c440a27e138a6f1d7fcf34a895748a02961", kill_on_drop: false }`
[INFO] running `Command { std: "docker" "rm" "-f" "d3b71587b06afa59054d62bd50136c440a27e138a6f1d7fcf34a895748a02961", kill_on_drop: false }`
[INFO] [stdout] d3b71587b06afa59054d62bd50136c440a27e138a6f1d7fcf34a895748a02961
[INFO] running `Command { std: "docker" "create" "-v" "/var/lib/crater-agent-workspace/builds/worker-6/target:/opt/rustwide/target:rw,Z" "-v" "/var/lib/crater-agent-workspace/builds/worker-6/source:/opt/rustwide/workdir:ro,Z" "-v" "/var/lib/crater-agent-workspace/cargo-home:/opt/rustwide/cargo-home:ro,Z" "-v" "/var/lib/crater-agent-workspace/rustup-home:/opt/rustwide/rustup-home:ro,Z" "-e" "SOURCE_DIR=/opt/rustwide/workdir" "-e" "CARGO_TARGET_DIR=/opt/rustwide/target" "-e" "CARGO_INCREMENTAL=0" "-e" "RUST_BACKTRACE=full" "-e" "RUSTDOCFLAGS=--cap-lints=warn" "-e" "CARGO_HOME=/opt/rustwide/cargo-home" "-e" "RUSTUP_HOME=/opt/rustwide/rustup-home" "-w" "/opt/rustwide/workdir" "-m" "1610612736" "--user" "0:0" "--network" "none" "ghcr.io/rust-lang/crates-build-env/linux@sha256:34b6a614d2c27851fe6cbf88fbd1137609cefab8b10d0615aaeb6fd47975d74e" "/opt/rustwide/cargo-home/bin/cargo" "+beta-2021-08-01" "doc" "--frozen" "--no-deps" "--document-private-items" "--message-format=json", kill_on_drop: false }`
[INFO] [stderr] WARNING: Your kernel does not support swap limit capabilities or the cgroup is not mounted. Memory limited without swap.
[INFO] [stdout] 8497d054968a45fe7906ad3d912c9ab8ccf2a4cee42cf56ef0f53f177a19d65e
[INFO] running `Command { std: "docker" "start" "-a" "8497d054968a45fe7906ad3d912c9ab8ccf2a4cee42cf56ef0f53f177a19d65e", kill_on_drop: false }`
[INFO] [stderr]    Compiling libc v0.2.66
[INFO] [stderr]    Compiling syn v1.0.14
[INFO] [stderr]    Compiling getrandom v0.1.14
[INFO] [stderr]     Checking takeable-option v0.4.0
[INFO] [stderr]    Compiling fermium v0.1.4
[INFO] [stderr]     Checking slotmap v0.3.0
[INFO] [stderr]     Checking rusty-boy-advance v0.0.4 (/opt/rustwide/workdir/rusty-boy-advance)
[INFO] [stderr]     Checking immi v1.0.4
[INFO] [stderr]     Checking strsim v0.9.2
[INFO] [stderr]  Documenting rusty-boy-advance v0.0.4 (/opt/rustwide/workdir/rusty-boy-advance)
[INFO] [stderr]    Compiling log v0.4.6
[INFO] [stderr]    Compiling rand v0.6.5
[INFO] [stderr]    Compiling num-rational v0.2.3
[INFO] [stderr]    Compiling libudev-sys v0.1.4
[INFO] [stderr]    Compiling imgui-sys v0.1.0
[INFO] [stderr]    Compiling capstone-sys v0.10.0
[INFO] [stdout] error[E0554]: `#![feature]` may not be used on the beta release channel
[INFO] [stdout]  --> rusty-boy-advance/src/lib.rs:1:1
[INFO] [stdout]   |
[INFO] [stdout] 1 | #![feature(box_syntax)]
[INFO] [stdout]   | ^^^^^^^^^^^^^^^^^^^^^^^
[INFO] [stdout] 
[INFO] [stdout] 
[INFO] [stdout] error[E0554]: `#![feature]` may not be used on the beta release channel
[INFO] [stdout]  --> rusty-boy-advance/src/lib.rs:2:1
[INFO] [stdout]   |
[INFO] [stdout] 2 | #![feature(test)]
[INFO] [stdout]   | ^^^^^^^^^^^^^^^^^
[INFO] [stdout] 
[INFO] [stdout] 
[INFO] [stdout] error: Compilation failed, aborting rustdoc
[INFO] [stdout] 
[INFO] [stdout] 
[INFO] [stdout] error: aborting due to 3 previous errors
[INFO] [stdout] 
[INFO] [stdout] 
[INFO] [stdout] For more information about this error, try `rustc --explain E0554`.
[INFO] [stdout] 
[INFO] [stderr] error: could not document `rusty-boy-advance`
[INFO] [stderr] 
[INFO] [stderr] Caused by:
[INFO] [stderr]   process didn't exit successfully: `rustdoc --edition=2018 --crate-type lib --crate-name rusty_boy_advance rusty-boy-advance/src/lib.rs -o /opt/rustwide/target/doc --cfg 'feature="default"' --cfg 'feature="std"' --error-format=json --json=diagnostic-rendered-ansi --document-private-items -L dependency=/opt/rustwide/target/debug/deps --cap-lints=warn --crate-version 0.0.4` (exit status: 1)
[INFO] [stderr] warning: build failed, waiting for other jobs to finish...
[INFO] [stdout] error[E0554]: `#![feature]` may not be used on the beta release channel
[INFO] [stdout]  --> rusty-boy-advance/src/lib.rs:1:1
[INFO] [stdout]   |
[INFO] [stdout] 1 | #![feature(box_syntax)]
[INFO] [stdout]   | ^^^^^^^^^^^^^^^^^^^^^^^
[INFO] [stdout] 
[INFO] [stdout] 
[INFO] [stdout] error[E0554]: `#![feature]` may not be used on the beta release channel
[INFO] [stdout]  --> rusty-boy-advance/src/lib.rs:2:1
[INFO] [stdout]   |
[INFO] [stdout] 2 | #![feature(test)]
[INFO] [stdout]   | ^^^^^^^^^^^^^^^^^
[INFO] [stdout] 
[INFO] [stdout] 
[INFO] [stdout] warning: unnecessary parentheses around assigned value
[INFO] [stdout]    --> rusty-boy-advance/src/gba/gba.rs:755:42
[INFO] [stdout]     |
[INFO] [stdout] 755 |         const SCREEN_Y_TILE_COUNT: u32 = ((VIDEO_HEIGHT as u32) / TILE_HEIGHT);
[INFO] [stdout]     |                                          ^^^^^^^^^^^^^^^^^^^^^^^^^^^^^^^^^^^^^ help: remove these parentheses
[INFO] [stdout]     |
[INFO] [stdout]     = note: `#[warn(unused_parens)]` on by default
[INFO] [stdout] 
[INFO] [stdout] 
[INFO] [stdout] warning: unnecessary parentheses around assigned value
[INFO] [stdout]    --> rusty-boy-advance/src/gba/gba.rs:756:42
[INFO] [stdout]     |
[INFO] [stdout] 756 |         const SCREEN_X_TILE_COUNT: u32 = ((VIDEO_WIDTH as u32) / TILE_WIDTH);
[INFO] [stdout]     |                                          ^^^^^^^^^^^^^^^^^^^^^^^^^^^^^^^^^^^ help: remove these parentheses
[INFO] [stdout] 
[INFO] [stdout] 
[INFO] [stdout] error: aborting due to 2 previous errors; 2 warnings emitted
[INFO] [stdout] 
[INFO] [stdout] 
[INFO] [stdout] For more information about this error, try `rustc --explain E0554`.
[INFO] [stdout] 
[INFO] [stderr] error: build failed
[INFO] running `Command { std: "docker" "inspect" "8497d054968a45fe7906ad3d912c9ab8ccf2a4cee42cf56ef0f53f177a19d65e", kill_on_drop: false }`
[INFO] running `Command { std: "docker" "rm" "-f" "8497d054968a45fe7906ad3d912c9ab8ccf2a4cee42cf56ef0f53f177a19d65e", kill_on_drop: false }`
[INFO] [stdout] 8497d054968a45fe7906ad3d912c9ab8ccf2a4cee42cf56ef0f53f177a19d65e
