[INFO] cloning repository https://github.com/nhyne/zombies
[INFO] running `Command { std: "git" "-c" "credential.helper=" "-c" "credential.helper=/workspace/cargo-home/bin/git-credential-null" "clone" "--bare" "https://github.com/nhyne/zombies" "/workspace/cache/git-repos/https%3A%2F%2Fgithub.com%2Fnhyne%2Fzombies", kill_on_drop: false }`
[INFO] [stderr] Cloning into bare repository '/workspace/cache/git-repos/https%3A%2F%2Fgithub.com%2Fnhyne%2Fzombies'...
[INFO] running `Command { std: "git" "rev-parse" "HEAD", kill_on_drop: false }`
[INFO] [stdout] 66372338cbac81ee84269c29b9bae50fe210de32
[INFO] documenting nhyne/zombies against 1.54.0 for beta-1.55-rustdoc-1
[INFO] running `Command { std: "git" "clone" "/workspace/cache/git-repos/https%3A%2F%2Fgithub.com%2Fnhyne%2Fzombies" "/workspace/builds/worker-0/source", kill_on_drop: false }`
[INFO] [stderr] Cloning into '/workspace/builds/worker-0/source'...
[INFO] [stderr] done.
[INFO] validating manifest of git repo https://github.com/nhyne/zombies on toolchain 1.54.0
[INFO] running `Command { std: "/workspace/cargo-home/bin/cargo" "+1.54.0" "metadata" "--manifest-path" "Cargo.toml" "--no-deps", kill_on_drop: false }`
[INFO] removed /workspace/builds/worker-0/source/rust-toolchain
[INFO] started tweaking git repo https://github.com/nhyne/zombies
[INFO] finished tweaking git repo https://github.com/nhyne/zombies
[INFO] tweaked toml for git repo https://github.com/nhyne/zombies written to /workspace/builds/worker-0/source/Cargo.toml
[INFO] crate git repo https://github.com/nhyne/zombies already has a lockfile, it will not be regenerated
[INFO] running `Command { std: "/workspace/cargo-home/bin/cargo" "+1.54.0" "fetch" "--manifest-path" "Cargo.toml", kill_on_drop: false }`
[INFO] [stderr]     Blocking waiting for file lock on package cache
[INFO] [stderr]     Blocking waiting for file lock on package cache
[INFO] running `Command { std: "docker" "create" "-v" "/var/lib/crater-agent-workspace/builds/worker-0/target:/opt/rustwide/target:rw,Z" "-v" "/var/lib/crater-agent-workspace/builds/worker-0/source:/opt/rustwide/workdir:ro,Z" "-v" "/var/lib/crater-agent-workspace/cargo-home:/opt/rustwide/cargo-home:ro,Z" "-v" "/var/lib/crater-agent-workspace/rustup-home:/opt/rustwide/rustup-home:ro,Z" "-e" "SOURCE_DIR=/opt/rustwide/workdir" "-e" "CARGO_TARGET_DIR=/opt/rustwide/target" "-e" "CARGO_HOME=/opt/rustwide/cargo-home" "-e" "RUSTUP_HOME=/opt/rustwide/rustup-home" "-w" "/opt/rustwide/workdir" "-m" "1610612736" "--user" "0:0" "--network" "none" "ghcr.io/rust-lang/crates-build-env/linux@sha256:34b6a614d2c27851fe6cbf88fbd1137609cefab8b10d0615aaeb6fd47975d74e" "/opt/rustwide/cargo-home/bin/cargo" "+1.54.0" "metadata" "--no-deps" "--format-version=1", kill_on_drop: false }`
[INFO] [stdout] 4d31595bb568754908831a9d6bbfd2bc04e1fc704e9398e57d010e0556b7b07d
[INFO] running `Command { std: "docker" "start" "-a" "4d31595bb568754908831a9d6bbfd2bc04e1fc704e9398e57d010e0556b7b07d", kill_on_drop: false }`
[INFO] running `Command { std: "docker" "inspect" "4d31595bb568754908831a9d6bbfd2bc04e1fc704e9398e57d010e0556b7b07d", kill_on_drop: false }`
[INFO] running `Command { std: "docker" "rm" "-f" "4d31595bb568754908831a9d6bbfd2bc04e1fc704e9398e57d010e0556b7b07d", kill_on_drop: false }`
[INFO] [stdout] 4d31595bb568754908831a9d6bbfd2bc04e1fc704e9398e57d010e0556b7b07d
[INFO] running `Command { std: "docker" "create" "-v" "/var/lib/crater-agent-workspace/builds/worker-0/target:/opt/rustwide/target:rw,Z" "-v" "/var/lib/crater-agent-workspace/builds/worker-0/source:/opt/rustwide/workdir:ro,Z" "-v" "/var/lib/crater-agent-workspace/cargo-home:/opt/rustwide/cargo-home:ro,Z" "-v" "/var/lib/crater-agent-workspace/rustup-home:/opt/rustwide/rustup-home:ro,Z" "-e" "SOURCE_DIR=/opt/rustwide/workdir" "-e" "CARGO_TARGET_DIR=/opt/rustwide/target" "-e" "CARGO_INCREMENTAL=0" "-e" "RUST_BACKTRACE=full" "-e" "RUSTDOCFLAGS=--cap-lints=warn" "-e" "CARGO_HOME=/opt/rustwide/cargo-home" "-e" "RUSTUP_HOME=/opt/rustwide/rustup-home" "-w" "/opt/rustwide/workdir" "-m" "1610612736" "--user" "0:0" "--network" "none" "ghcr.io/rust-lang/crates-build-env/linux@sha256:34b6a614d2c27851fe6cbf88fbd1137609cefab8b10d0615aaeb6fd47975d74e" "/opt/rustwide/cargo-home/bin/cargo" "+1.54.0" "doc" "--frozen" "--no-deps" "--document-private-items" "--message-format=json", kill_on_drop: false }`
[INFO] [stdout] 561f2555011ff904bfbd03d41510140570e233ac28d99b8d4036df4870a2e99b
[INFO] running `Command { std: "docker" "start" "-a" "561f2555011ff904bfbd03d41510140570e233ac28d99b8d4036df4870a2e99b", kill_on_drop: false }`
[INFO] [stderr]    Compiling log v0.4.8
[INFO] [stderr]    Compiling cc v1.0.50
[INFO] [stderr]     Checking piston-float v1.0.0
[INFO] [stderr]    Compiling serde v1.0.105
[INFO] [stderr]    Compiling proc-macro2 v1.0.7
[INFO] [stderr]     Checking arrayvec v0.5.1
[INFO] [stderr]    Compiling syn v1.0.13
[INFO] [stderr]    Compiling rayon-core v1.7.0
[INFO] [stderr]     Checking downcast-rs v1.1.1
[INFO] [stderr]     Checking piston-graphics_api_version v0.2.0
[INFO] [stderr]    Compiling typenum v1.11.2
[INFO] [stderr]     Checking piston-texture v0.8.0
[INFO] [stderr]    Compiling arrayvec v0.4.12
[INFO] [stderr]     Checking bytemuck v1.2.0
[INFO] [stderr]    Compiling version_check v0.9.1
[INFO] [stderr]     Checking rawpointer v0.2.1
[INFO] [stderr]     Checking static_assertions v0.3.4
[INFO] [stderr]     Checking regex-syntax v0.6.17
[INFO] [stderr]     Checking slotmap v0.4.0
[INFO] [stderr]     Checking smallvec v1.2.0
[INFO] [stderr]    Compiling num-traits v0.2.11
[INFO] [stderr]    Compiling num-integer v0.1.42
[INFO] [stderr]    Compiling num-rational v0.2.3
[INFO] [stderr]    Compiling num-iter v0.1.40
[INFO] [stderr]    Compiling num-complex v0.2.4
[INFO] [stderr]    Compiling indexmap v1.3.2
[INFO] [stderr]    Compiling crossbeam-utils v0.7.0
[INFO] [stderr]    Compiling crossbeam-epoch v0.8.0
[INFO] [stderr]    Compiling x11-dl v2.18.4
[INFO] [stderr]     Checking inflate v0.4.5
[INFO] [stderr]     Checking miniz_oxide v0.3.6
[INFO] [stderr]     Checking lock_api v0.3.3
[INFO] [stderr]     Checking generational-arena v0.2.7
[INFO] [stderr]     Checking gif v0.10.3
[INFO] [stderr]     Checking serde_test v0.8.23
[INFO] [stderr]     Checking yaml-rust v0.4.3
[INFO] [stderr]     Checking matrixmultiply v0.2.3
[INFO] [stderr]     Checking piston-viewport v1.0.0
[INFO] [stderr]     Checking vecmath v1.0.0
[INFO] [stderr]     Checking num_cpus v1.11.1
[INFO] [stderr]     Checking getrandom v0.1.14
[INFO] [stderr]     Checking memmap v0.7.0
[INFO] [stderr]     Checking raw-window-handle v0.3.3
[INFO] [stderr]     Checking shared_library v0.1.9
[INFO] [stderr]     Checking time v0.1.42
[INFO] [stderr]     Checking rand v0.4.6
[INFO] [stderr]     Checking nix v0.14.1
[INFO] [stderr]     Checking draw_state v0.8.0
[INFO] [stderr]    Compiling memoffset v0.5.3
[INFO] [stderr]    Compiling lexical-core v0.6.2
[INFO] [stderr]     Checking stb_truetype v0.3.1
[INFO] [stderr]     Checking deflate v0.8.3
[INFO] [stderr]     Checking shader_version v0.6.0
[INFO] [stderr]    Compiling wayland-scanner v0.21.13
[INFO] [stderr]     Checking osmesa-sys v0.1.2
[INFO] [stderr]     Checking parking_lot_core v0.6.2
[INFO] [stderr]     Checking tiff v0.4.0
[INFO] [stderr]     Checking rand_core v0.5.1
[INFO] [stderr]     Checking linked-hash-map v0.3.0
[INFO] [stderr]     Checking uuid v0.6.5
[INFO] [stderr]    Compiling gl_generator v0.11.0
[INFO] [stderr]    Compiling gl_generator v0.13.1
[INFO] [stderr]    Compiling gl_generator v0.10.0
[INFO] [stderr]     Checking instant v0.1.2
[INFO] [stderr]     Checking crossbeam-queue v0.2.1
[INFO] [stderr]     Checking gfx_core v0.9.2
[INFO] [stderr]     Checking parking_lot v0.9.0
[INFO] [stderr]     Checking rand_chacha v0.2.1
[INFO] [stderr]    Compiling nom v5.1.1
[INFO] [stderr]     Checking png v0.16.1
[INFO] [stderr]     Checking rand v0.7.3
[INFO] [stderr]     Checking petgraph v0.5.0
[INFO] [stderr]    Compiling libloading v0.5.2
[INFO] [stderr]     Checking crossbeam-deque v0.7.2
[INFO] [stderr]     Checking generic-array v0.13.2
[INFO] [stderr]    Compiling quote v1.0.2
[INFO] [stderr]     Checking rand_distr v0.2.2
[INFO] [stderr]     Checking regex v1.3.6
[INFO] [stderr]     Checking dlib v0.4.1
[INFO] [stderr]     Checking rayon v1.3.0
[INFO] [stderr]    Compiling glutin_egl_sys v0.1.4
[INFO] [stderr]    Compiling glutin_glx_sys v0.1.5
[INFO] [stderr]    Compiling gfx_gl v0.6.0
[INFO] [stderr]    Compiling gl v0.11.0
[INFO] [stderr]     Checking gfx v0.18.2
[INFO] [stdout] error[E0308]: mismatched types
[INFO] [stdout]   --> /opt/rustwide/cargo-home/registry/src/github.com-1ecc6299db9ec823/lexical-core-0.6.2/src/atof/algorithm/bhcomp.rs:62:24
[INFO] [stdout]    |
[INFO] [stdout] 62 |     let bytes = bits / Limb::BITS;
[INFO] [stdout]    |                        ^^^^^^^^^^ expected `usize`, found `u32`
[INFO] [stdout] 
[INFO] [stdout] 
[INFO] [stdout] error[E0277]: cannot divide `usize` by `u32`
[INFO] [stdout]   --> /opt/rustwide/cargo-home/registry/src/github.com-1ecc6299db9ec823/lexical-core-0.6.2/src/atof/algorithm/bhcomp.rs:62:22
[INFO] [stdout]    |
[INFO] [stdout] 62 |     let bytes = bits / Limb::BITS;
[INFO] [stdout]    |                      ^ no implementation for `usize / u32`
[INFO] [stdout]    |
[INFO] [stdout]    = help: the trait `Div<u32>` is not implemented for `usize`
[INFO] [stdout] 
[INFO] [stdout] 
[INFO] [stdout] error[E0308]: mismatched types
[INFO] [stdout]    --> /opt/rustwide/cargo-home/registry/src/github.com-1ecc6299db9ec823/lexical-core-0.6.2/src/atof/algorithm/bigcomp.rs:158:55
[INFO] [stdout]     |
[INFO] [stdout] 158 |     let nlz = den.leading_zeros().wrapping_sub(wlz) & (u32::BITS - 1);
[INFO] [stdout]     |                                                       ^^^^^^^^^^^^^^^ expected `usize`, found `u32`
[INFO] [stdout] 
[INFO] [stdout] 
[INFO] [stdout] error[E0277]: no implementation for `usize & u32`
[INFO] [stdout]    --> /opt/rustwide/cargo-home/registry/src/github.com-1ecc6299db9ec823/lexical-core-0.6.2/src/atof/algorithm/bigcomp.rs:158:53
[INFO] [stdout]     |
[INFO] [stdout] 158 |     let nlz = den.leading_zeros().wrapping_sub(wlz) & (u32::BITS - 1);
[INFO] [stdout]     |                                                     ^ no implementation for `usize & u32`
[INFO] [stdout]     |
[INFO] [stdout]     = help: the trait `BitAnd<u32>` is not implemented for `usize`
[INFO] [stdout] 
[INFO] [stdout] 
[INFO] [stdout] error[E0308]: mismatched types
[INFO] [stdout]    --> /opt/rustwide/cargo-home/registry/src/github.com-1ecc6299db9ec823/lexical-core-0.6.2/src/atof/algorithm/bigcomp.rs:176:40
[INFO] [stdout]     |
[INFO] [stdout] 176 |         let (q, r) = shift.ceil_divmod(Limb::BITS);
[INFO] [stdout]     |                                        ^^^^^^^^^^ expected `usize`, found `u32`
[INFO] [stdout]     |
[INFO] [stdout] help: you can convert a `u32` to a `usize` and panic if the converted value doesn't fit
[INFO] [stdout]     |
[INFO] [stdout] 176 |         let (q, r) = shift.ceil_divmod(Limb::BITS.try_into().unwrap());
[INFO] [stdout]     |                                        ^^^^^^^^^^^^^^^^^^^^^^^^^^^^^^
[INFO] [stdout] 
[INFO] [stdout] 
[INFO] [stderr]    Compiling wayland-client v0.21.13
[INFO] [stderr]    Compiling wayland-protocols v0.21.13
[INFO] [stdout] error[E0308]: mismatched types
[INFO] [stdout]     --> /opt/rustwide/cargo-home/registry/src/github.com-1ecc6299db9ec823/lexical-core-0.6.2/src/atof/algorithm/math.rs:1049:42
[INFO] [stdout]      |
[INFO] [stdout] 1049 |     let mut count = index.saturating_mul(Limb::BITS);
[INFO] [stdout]      |                                          ^^^^^^^^^^ expected `usize`, found `u32`
[INFO] [stdout]      |
[INFO] [stdout] help: you can convert a `u32` to a `usize` and panic if the converted value doesn't fit
[INFO] [stdout]      |
[INFO] [stdout] 1049 |     let mut count = index.saturating_mul(Limb::BITS.try_into().unwrap());
[INFO] [stdout]      |                                          ^^^^^^^^^^^^^^^^^^^^^^^^^^^^^^
[INFO] [stdout] 
[INFO] [stdout] 
[INFO] [stdout] error[E0308]: mismatched types
[INFO] [stdout]     --> /opt/rustwide/cargo-home/registry/src/github.com-1ecc6299db9ec823/lexical-core-0.6.2/src/atof/algorithm/math.rs:1064:28
[INFO] [stdout]      |
[INFO] [stdout] 1064 |     Limb::BITS.checked_mul(x.len())
[INFO] [stdout]      |                            ^^^^^^^ expected `u32`, found `usize`
[INFO] [stdout]      |
[INFO] [stdout] help: you can convert a `usize` to a `u32` and panic if the converted value doesn't fit
[INFO] [stdout]      |
[INFO] [stdout] 1064 |     Limb::BITS.checked_mul(x.len().try_into().unwrap())
[INFO] [stdout]      |                            ^^^^^^^^^^^^^^^^^^^^^^^^^^^
[INFO] [stdout] 
[INFO] [stdout] 
[INFO] [stdout] error[E0308]: mismatched types
[INFO] [stdout]     --> /opt/rustwide/cargo-home/registry/src/github.com-1ecc6299db9ec823/lexical-core-0.6.2/src/atof/algorithm/math.rs:1065:22
[INFO] [stdout]      |
[INFO] [stdout] 1065 |         .map(|v| v - nlz)
[INFO] [stdout]      |                      ^^^ expected `u32`, found `usize`
[INFO] [stdout] 
[INFO] [stdout] 
[INFO] [stdout] error[E0277]: cannot subtract `usize` from `u32`
[INFO] [stdout]     --> /opt/rustwide/cargo-home/registry/src/github.com-1ecc6299db9ec823/lexical-core-0.6.2/src/atof/algorithm/math.rs:1065:20
[INFO] [stdout]      |
[INFO] [stdout] 1065 |         .map(|v| v - nlz)
[INFO] [stdout]      |                    ^ no implementation for `u32 - usize`
[INFO] [stdout]      |
[INFO] [stdout]      = help: the trait `Sub<usize>` is not implemented for `u32`
[INFO] [stdout] 
[INFO] [stdout] 
[INFO] [stdout] error[E0308]: mismatched types
[INFO] [stdout]     --> /opt/rustwide/cargo-home/registry/src/github.com-1ecc6299db9ec823/lexical-core-0.6.2/src/atof/algorithm/math.rs:1066:20
[INFO] [stdout]      |
[INFO] [stdout] 1066 |         .unwrap_or(usize::max_value())
[INFO] [stdout]      |                    ^^^^^^^^^^^^^^^^^^ expected `u32`, found `usize`
[INFO] [stdout]      |
[INFO] [stdout] help: you can convert a `usize` to a `u32` and panic if the converted value doesn't fit
[INFO] [stdout]      |
[INFO] [stdout] 1066 |         .unwrap_or(usize::max_value().try_into().unwrap())
[INFO] [stdout]      |                    ^^^^^^^^^^^^^^^^^^^^^^^^^^^^^^^^^^^^^^
[INFO] [stdout] 
[INFO] [stdout] 
[INFO] [stdout] error[E0308]: mismatched types
[INFO] [stdout]     --> /opt/rustwide/cargo-home/registry/src/github.com-1ecc6299db9ec823/lexical-core-0.6.2/src/atof/algorithm/math.rs:1064:5
[INFO] [stdout]      |
[INFO] [stdout] 1060 |   pub fn bit_length(x: &[Limb]) -> usize {
[INFO] [stdout]      |                                    ----- expected `usize` because of return type
[INFO] [stdout] ...
[INFO] [stdout] 1064 | /     Limb::BITS.checked_mul(x.len())
[INFO] [stdout] 1065 | |         .map(|v| v - nlz)
[INFO] [stdout] 1066 | |         .unwrap_or(usize::max_value())
[INFO] [stdout]      | |______________________________________^ expected `usize`, found `u32`
[INFO] [stdout]      |
[INFO] [stdout] help: you can convert a `u32` to a `usize` and panic if the converted value doesn't fit
[INFO] [stdout]      |
[INFO] [stdout] 1064 |     Limb::BITS.checked_mul(x.len())
[INFO] [stdout] 1065 |         .map(|v| v - nlz)
[INFO] [stdout] 1066 |         .unwrap_or(usize::max_value()).try_into().unwrap()
[INFO] [stdout]      |
[INFO] [stdout] 
[INFO] [stdout] 
[INFO] [stdout] error[E0308]: mismatched types
[INFO] [stdout]     --> /opt/rustwide/cargo-home/registry/src/github.com-1ecc6299db9ec823/lexical-core-0.6.2/src/atof/algorithm/math.rs:1091:23
[INFO] [stdout]      |
[INFO] [stdout] 1091 |     debug_assert!(n < bits && n != 0);
[INFO] [stdout]      |                       ^^^^ expected `usize`, found `u32`
[INFO] [stdout]      |
[INFO] [stdout] help: you can convert a `u32` to a `usize` and panic if the converted value doesn't fit
[INFO] [stdout]      |
[INFO] [stdout] 1091 |     debug_assert!(n < bits.try_into().unwrap() && n != 0);
[INFO] [stdout]      |                       ^^^^^^^^^^^^^^^^^^^^^^^^
[INFO] [stdout] 
[INFO] [stdout] 
[INFO] [stdout] error[E0308]: mismatched types
[INFO] [stdout]     --> /opt/rustwide/cargo-home/registry/src/github.com-1ecc6299db9ec823/lexical-core-0.6.2/src/atof/algorithm/math.rs:1098:25
[INFO] [stdout]      |
[INFO] [stdout] 1098 |     let lshift = bits - n;
[INFO] [stdout]      |                         ^ expected `u32`, found `usize`
[INFO] [stdout] 
[INFO] [stdout] 
[INFO] [stdout] error[E0277]: cannot subtract `usize` from `u32`
[INFO] [stdout]     --> /opt/rustwide/cargo-home/registry/src/github.com-1ecc6299db9ec823/lexical-core-0.6.2/src/atof/algorithm/math.rs:1098:23
[INFO] [stdout]      |
[INFO] [stdout] 1098 |     let lshift = bits - n;
[INFO] [stdout]      |                       ^ no implementation for `u32 - usize`
[INFO] [stdout]      |
[INFO] [stdout]      = help: the trait `Sub<usize>` is not implemented for `u32`
[INFO] [stdout] 
[INFO] [stdout] 
[INFO] [stdout] error[E0308]: mismatched types
[INFO] [stdout]     --> /opt/rustwide/cargo-home/registry/src/github.com-1ecc6299db9ec823/lexical-core-0.6.2/src/atof/algorithm/math.rs:1140:19
[INFO] [stdout]      |
[INFO] [stdout] 1140 |     let rem = n % bits;
[INFO] [stdout]      |                   ^^^^ expected `usize`, found `u32`
[INFO] [stdout] 
[INFO] [stdout] 
[INFO] [stdout] error[E0277]: cannot mod `usize` by `u32`
[INFO] [stdout]     --> /opt/rustwide/cargo-home/registry/src/github.com-1ecc6299db9ec823/lexical-core-0.6.2/src/atof/algorithm/math.rs:1140:17
[INFO] [stdout]      |
[INFO] [stdout] 1140 |     let rem = n % bits;
[INFO] [stdout]      |                 ^ no implementation for `usize % u32`
[INFO] [stdout]      |
[INFO] [stdout]      = help: the trait `Rem<u32>` is not implemented for `usize`
[INFO] [stdout] 
[INFO] [stdout] 
[INFO] [stdout] error[E0308]: mismatched types
[INFO] [stdout]     --> /opt/rustwide/cargo-home/registry/src/github.com-1ecc6299db9ec823/lexical-core-0.6.2/src/atof/algorithm/math.rs:1141:19
[INFO] [stdout]      |
[INFO] [stdout] 1141 |     let div = n / bits;
[INFO] [stdout]      |                   ^^^^ expected `usize`, found `u32`
[INFO] [stdout] 
[INFO] [stdout] 
[INFO] [stdout] error[E0277]: cannot divide `usize` by `u32`
[INFO] [stdout]     --> /opt/rustwide/cargo-home/registry/src/github.com-1ecc6299db9ec823/lexical-core-0.6.2/src/atof/algorithm/math.rs:1141:17
[INFO] [stdout]      |
[INFO] [stdout] 1141 |     let div = n / bits;
[INFO] [stdout]      |                 ^ no implementation for `usize / u32`
[INFO] [stdout]      |
[INFO] [stdout]      = help: the trait `Div<u32>` is not implemented for `usize`
[INFO] [stdout] 
[INFO] [stdout] 
[INFO] [stdout] error[E0308]: mismatched types
[INFO] [stdout]     --> /opt/rustwide/cargo-home/registry/src/github.com-1ecc6299db9ec823/lexical-core-0.6.2/src/atof/algorithm/math.rs:1197:23
[INFO] [stdout]      |
[INFO] [stdout] 1197 |     debug_assert!(n < bits);
[INFO] [stdout]      |                       ^^^^ expected `usize`, found `u32`
[INFO] [stdout]      |
[INFO] [stdout] help: you can convert a `u32` to a `usize` and panic if the converted value doesn't fit
[INFO] [stdout]      |
[INFO] [stdout] 1197 |     debug_assert!(n < bits.try_into().unwrap());
[INFO] [stdout]      |                       ^^^^^^^^^^^^^^^^^^^^^^^^
[INFO] [stdout] 
[INFO] [stdout] 
[INFO] [stdout] error[E0308]: mismatched types
[INFO] [stdout]     --> /opt/rustwide/cargo-home/registry/src/github.com-1ecc6299db9ec823/lexical-core-0.6.2/src/atof/algorithm/math.rs:1207:25
[INFO] [stdout]      |
[INFO] [stdout] 1207 |     let rshift = bits - n;
[INFO] [stdout]      |                         ^ expected `u32`, found `usize`
[INFO] [stdout] 
[INFO] [stdout] 
[INFO] [stdout] error[E0277]: cannot subtract `usize` from `u32`
[INFO] [stdout]     --> /opt/rustwide/cargo-home/registry/src/github.com-1ecc6299db9ec823/lexical-core-0.6.2/src/atof/algorithm/math.rs:1207:23
[INFO] [stdout]      |
[INFO] [stdout] 1207 |     let rshift = bits - n;
[INFO] [stdout]      |                       ^ no implementation for `u32 - usize`
[INFO] [stdout]      |
[INFO] [stdout]      = help: the trait `Sub<usize>` is not implemented for `u32`
[INFO] [stdout] 
[INFO] [stdout] 
[INFO] [stdout] error[E0308]: mismatched types
[INFO] [stdout]     --> /opt/rustwide/cargo-home/registry/src/github.com-1ecc6299db9ec823/lexical-core-0.6.2/src/atof/algorithm/math.rs:1259:19
[INFO] [stdout]      |
[INFO] [stdout] 1259 |     let rem = n % bits;
[INFO] [stdout]      |                   ^^^^ expected `usize`, found `u32`
[INFO] [stdout] 
[INFO] [stdout] 
[INFO] [stdout] error[E0277]: cannot mod `usize` by `u32`
[INFO] [stdout]     --> /opt/rustwide/cargo-home/registry/src/github.com-1ecc6299db9ec823/lexical-core-0.6.2/src/atof/algorithm/math.rs:1259:17
[INFO] [stdout]      |
[INFO] [stdout] 1259 |     let rem = n % bits;
[INFO] [stdout]      |                 ^ no implementation for `usize % u32`
[INFO] [stdout]      |
[INFO] [stdout]      = help: the trait `Rem<u32>` is not implemented for `usize`
[INFO] [stdout] 
[INFO] [stdout] 
[INFO] [stdout] error[E0308]: mismatched types
[INFO] [stdout]     --> /opt/rustwide/cargo-home/registry/src/github.com-1ecc6299db9ec823/lexical-core-0.6.2/src/atof/algorithm/math.rs:1260:19
[INFO] [stdout]      |
[INFO] [stdout] 1260 |     let div = n / bits;
[INFO] [stdout]      |                   ^^^^ expected `usize`, found `u32`
[INFO] [stdout] 
[INFO] [stdout] 
[INFO] [stdout] error[E0277]: cannot divide `usize` by `u32`
[INFO] [stdout]     --> /opt/rustwide/cargo-home/registry/src/github.com-1ecc6299db9ec823/lexical-core-0.6.2/src/atof/algorithm/math.rs:1260:17
[INFO] [stdout]      |
[INFO] [stdout] 1260 |     let div = n / bits;
[INFO] [stdout]      |                 ^ no implementation for `usize / u32`
[INFO] [stdout]      |
[INFO] [stdout]      = help: the trait `Div<u32>` is not implemented for `usize`
[INFO] [stdout] 
[INFO] [stdout] 
[INFO] [stdout] error[E0308]: mismatched types
[INFO] [stdout]     --> /opt/rustwide/cargo-home/registry/src/github.com-1ecc6299db9ec823/lexical-core-0.6.2/src/atof/algorithm/math.rs:2071:27
[INFO] [stdout]      |
[INFO] [stdout] 2071 |     let rs = Limb::BITS - s;
[INFO] [stdout]      |                           ^ expected `u32`, found `usize`
[INFO] [stdout] 
[INFO] [stdout] 
[INFO] [stdout] error[E0277]: cannot subtract `usize` from `u32`
[INFO] [stdout]     --> /opt/rustwide/cargo-home/registry/src/github.com-1ecc6299db9ec823/lexical-core-0.6.2/src/atof/algorithm/math.rs:2071:25
[INFO] [stdout]      |
[INFO] [stdout] 2071 |     let rs = Limb::BITS - s;
[INFO] [stdout]      |                         ^ no implementation for `u32 - usize`
[INFO] [stdout]      |
[INFO] [stdout]      = help: the trait `Sub<usize>` is not implemented for `u32`
[INFO] [stdout] 
[INFO] [stdout] 
[INFO] [stderr]     Checking wayland-sys v0.21.13
[INFO] [stderr]     Checking approx v0.3.2
[INFO] [stderr]     Checking ordered-float v1.0.2
[INFO] [stderr]     Checking line_drawing v0.7.0
[INFO] [stderr]     Checking num-traits v0.1.43
[INFO] [stdout] error: aborting due to 27 previous errors
[INFO] [stdout] 
[INFO] [stdout] 
[INFO] [stdout] Some errors have detailed explanations: E0277, E0308.
[INFO] [stdout] 
[INFO] [stdout] For more information about an error, try `rustc --explain E0277`.
[INFO] [stdout] 
[INFO] [stderr] error: could not compile `lexical-core`
[INFO] [stderr] 
[INFO] [stderr] To learn more, run the command again with --verbose.
[INFO] [stderr] warning: build failed, waiting for other jobs to finish...
[INFO] [stderr] error: build failed
[INFO] running `Command { std: "docker" "inspect" "561f2555011ff904bfbd03d41510140570e233ac28d99b8d4036df4870a2e99b", kill_on_drop: false }`
[INFO] running `Command { std: "docker" "rm" "-f" "561f2555011ff904bfbd03d41510140570e233ac28d99b8d4036df4870a2e99b", kill_on_drop: false }`
[INFO] [stdout] 561f2555011ff904bfbd03d41510140570e233ac28d99b8d4036df4870a2e99b
