[INFO] cloning repository https://github.com/nharring-adjacent/datadog_api
[INFO] running `Command { std: "git" "-c" "credential.helper=" "-c" "credential.helper=/workspace/cargo-home/bin/git-credential-null" "clone" "--bare" "https://github.com/nharring-adjacent/datadog_api" "/workspace/cache/git-repos/https%3A%2F%2Fgithub.com%2Fnharring-adjacent%2Fdatadog_api", kill_on_drop: false }`
[INFO] [stderr] Cloning into bare repository '/workspace/cache/git-repos/https%3A%2F%2Fgithub.com%2Fnharring-adjacent%2Fdatadog_api'...
[INFO] running `Command { std: "git" "rev-parse" "HEAD", kill_on_drop: false }`
[INFO] [stdout] 06b705daddb1e3d969ce85e00a96d86bc12c1050
[INFO] documenting nharring-adjacent/datadog_api against beta-2021-08-01 for beta-1.55-rustdoc-1
[INFO] running `Command { std: "git" "clone" "/workspace/cache/git-repos/https%3A%2F%2Fgithub.com%2Fnharring-adjacent%2Fdatadog_api" "/workspace/builds/worker-11/source", kill_on_drop: false }`
[INFO] [stderr] Cloning into '/workspace/builds/worker-11/source'...
[INFO] [stderr] done.
[INFO] validating manifest of git repo https://github.com/nharring-adjacent/datadog_api on toolchain beta-2021-08-01
[INFO] running `Command { std: "/workspace/cargo-home/bin/cargo" "+beta-2021-08-01" "metadata" "--manifest-path" "Cargo.toml" "--no-deps", kill_on_drop: false }`
[INFO] started tweaking git repo https://github.com/nharring-adjacent/datadog_api
[INFO] finished tweaking git repo https://github.com/nharring-adjacent/datadog_api
[INFO] tweaked toml for git repo https://github.com/nharring-adjacent/datadog_api written to /workspace/builds/worker-11/source/Cargo.toml
[INFO] crate git repo https://github.com/nharring-adjacent/datadog_api already has a lockfile, it will not be regenerated
[INFO] running `Command { std: "/workspace/cargo-home/bin/cargo" "+beta-2021-08-01" "fetch" "--manifest-path" "Cargo.toml", kill_on_drop: false }`
[INFO] [stderr]     Blocking waiting for file lock on package cache
[INFO] running `Command { std: "docker" "create" "-v" "/var/lib/crater-agent-workspace/builds/worker-11/target:/opt/rustwide/target:rw,Z" "-v" "/var/lib/crater-agent-workspace/builds/worker-11/source:/opt/rustwide/workdir:ro,Z" "-v" "/var/lib/crater-agent-workspace/cargo-home:/opt/rustwide/cargo-home:ro,Z" "-v" "/var/lib/crater-agent-workspace/rustup-home:/opt/rustwide/rustup-home:ro,Z" "-e" "SOURCE_DIR=/opt/rustwide/workdir" "-e" "CARGO_TARGET_DIR=/opt/rustwide/target" "-e" "CARGO_HOME=/opt/rustwide/cargo-home" "-e" "RUSTUP_HOME=/opt/rustwide/rustup-home" "-w" "/opt/rustwide/workdir" "-m" "1610612736" "--user" "0:0" "--network" "none" "ghcr.io/rust-lang/crates-build-env/linux@sha256:34b6a614d2c27851fe6cbf88fbd1137609cefab8b10d0615aaeb6fd47975d74e" "/opt/rustwide/cargo-home/bin/cargo" "+beta-2021-08-01" "metadata" "--no-deps" "--format-version=1", kill_on_drop: false }`
[INFO] [stdout] 1546a713c494448aaea4bbaff64c4dcb7eb35d288698e1123a8a16566f0ac1b7
[INFO] running `Command { std: "docker" "start" "-a" "1546a713c494448aaea4bbaff64c4dcb7eb35d288698e1123a8a16566f0ac1b7", kill_on_drop: false }`
[INFO] running `Command { std: "docker" "inspect" "1546a713c494448aaea4bbaff64c4dcb7eb35d288698e1123a8a16566f0ac1b7", kill_on_drop: false }`
[INFO] running `Command { std: "docker" "rm" "-f" "1546a713c494448aaea4bbaff64c4dcb7eb35d288698e1123a8a16566f0ac1b7", kill_on_drop: false }`
[INFO] [stdout] 1546a713c494448aaea4bbaff64c4dcb7eb35d288698e1123a8a16566f0ac1b7
[INFO] running `Command { std: "docker" "create" "-v" "/var/lib/crater-agent-workspace/builds/worker-11/target:/opt/rustwide/target:rw,Z" "-v" "/var/lib/crater-agent-workspace/builds/worker-11/source:/opt/rustwide/workdir:ro,Z" "-v" "/var/lib/crater-agent-workspace/cargo-home:/opt/rustwide/cargo-home:ro,Z" "-v" "/var/lib/crater-agent-workspace/rustup-home:/opt/rustwide/rustup-home:ro,Z" "-e" "SOURCE_DIR=/opt/rustwide/workdir" "-e" "CARGO_TARGET_DIR=/opt/rustwide/target" "-e" "CARGO_INCREMENTAL=0" "-e" "RUST_BACKTRACE=full" "-e" "RUSTDOCFLAGS=--cap-lints=warn" "-e" "CARGO_HOME=/opt/rustwide/cargo-home" "-e" "RUSTUP_HOME=/opt/rustwide/rustup-home" "-w" "/opt/rustwide/workdir" "-m" "1610612736" "--user" "0:0" "--network" "none" "ghcr.io/rust-lang/crates-build-env/linux@sha256:34b6a614d2c27851fe6cbf88fbd1137609cefab8b10d0615aaeb6fd47975d74e" "/opt/rustwide/cargo-home/bin/cargo" "+beta-2021-08-01" "doc" "--frozen" "--no-deps" "--document-private-items" "--message-format=json", kill_on_drop: false }`
[INFO] [stdout] f2b951f76978e4f98e715336b4c1b524549ba9d616c05d95f56ee54ff9aa064e
[INFO] running `Command { std: "docker" "start" "-a" "f2b951f76978e4f98e715336b4c1b524549ba9d616c05d95f56ee54ff9aa064e", kill_on_drop: false }`
[INFO] [stderr]    Compiling syn v1.0.71
[INFO] [stderr]     Checking futures-core v0.3.14
[INFO] [stderr]    Compiling serde v1.0.125
[INFO] [stderr]    Compiling httparse v1.4.0
[INFO] [stderr]     Checking futures-task v0.3.14
[INFO] [stderr]     Checking futures-sink v0.3.14
[INFO] [stderr]     Checking httpdate v1.0.0
[INFO] [stderr]    Compiling tokio v1.5.0
[INFO] [stderr]     Checking unicode-normalization v0.1.17
[INFO] [stderr]     Checking tracing v0.1.26
[INFO] [stderr]     Checking http-body v0.4.1
[INFO] [stderr]     Checking mio v0.7.11
[INFO] [stderr]     Checking want v0.3.0
[INFO] [stderr]     Checking socket2 v0.4.0
[INFO] [stderr]     Checking futures-channel v0.3.14
[INFO] [stderr]     Checking futures-util v0.3.14
[INFO] [stderr]     Checking idna v0.2.3
[INFO] [stderr]     Checking url v2.2.1
[INFO] [stderr]     Checking serde_urlencoded v0.7.0
[INFO] [stderr]     Checking serde_json v1.0.64
[INFO] [stderr]     Checking tokio-util v0.6.6
[INFO] [stderr]     Checking h2 v0.3.3
[INFO] [stderr]    Compiling pin-project-internal v1.0.7
[INFO] [stderr]    Compiling serde_derive v1.0.125
[INFO] [stderr]     Checking pin-project v1.0.7
[INFO] [stderr]     Checking hyper v0.14.7
[INFO] [stderr]     Checking reqwest v0.11.3
[INFO] [stderr]  Documenting datadog_api v1.0.0 (/opt/rustwide/workdir)
[INFO] [stdout] error[E0412]: cannot find type `Array` in module `crate::models`
[INFO] [stdout]   --> src/models/metrics_query_metadata.rs:40:46
[INFO] [stdout]    |
[INFO] [stdout] 40 |     pub pointlist: Option<Vec<crate::models::Array>>,
[INFO] [stdout]    |                                              ^^^^^ not found in `crate::models`
[INFO] [stdout]    |
[INFO] [stdout] help: there is an enum variant `serde_json::Value::Array`; try using the variant's enum
[INFO] [stdout]    |
[INFO] [stdout] 40 |     pub pointlist: Option<Vec<serde_json::Value>>,
[INFO] [stdout]    |                               ^^^^^^^^^^^^^^^^^
[INFO] [stdout] 
[INFO] [stdout] 
[INFO] [stdout] error[E0412]: cannot find type `Array` in module `crate::models`
[INFO] [stdout]   --> src/models/series.rs:28:36
[INFO] [stdout]    |
[INFO] [stdout] 28 |     pub points: Vec<crate::models::Array>,
[INFO] [stdout]    |                                    ^^^^^ not found in `crate::models`
[INFO] [stdout]    |
[INFO] [stdout] help: there is an enum variant `serde_json::Value::Array`; try using the variant's enum
[INFO] [stdout]    |
[INFO] [stdout] 28 |     pub points: Vec<serde_json::Value>,
[INFO] [stdout]    |                     ^^^^^^^^^^^^^^^^^
[INFO] [stdout] 
[INFO] [stdout] 
[INFO] [stdout] error[E0412]: cannot find type `Array` in module `crate::models`
[INFO] [stdout]   --> src/models/series.rs:39:59
[INFO] [stdout]    |
[INFO] [stdout] 39 |     pub fn new(metric: String, points: Vec<crate::models::Array>) -> Series {
[INFO] [stdout]    |                                                           ^^^^^ not found in `crate::models`
[INFO] [stdout]    |
[INFO] [stdout] help: there is an enum variant `serde_json::Value::Array`; try using the variant's enum
[INFO] [stdout]    |
[INFO] [stdout] 39 |     pub fn new(metric: String, points: Vec<serde_json::Value>) -> Series {
[INFO] [stdout]    |                                            ^^^^^^^^^^^^^^^^^
[INFO] [stdout] 
[INFO] [stdout] 
[INFO] [stdout] error: Compilation failed, aborting rustdoc
[INFO] [stdout] 
[INFO] [stdout] 
[INFO] [stdout] error: aborting due to 4 previous errors
[INFO] [stdout] 
[INFO] [stdout] 
[INFO] [stdout] For more information about this error, try `rustc --explain E0412`.
[INFO] [stdout] 
[INFO] [stderr] error: could not document `datadog_api`
[INFO] [stderr] 
[INFO] [stderr] Caused by:
[INFO] [stderr]   process didn't exit successfully: `rustdoc --edition=2018 --crate-type lib --crate-name datadog_api src/lib.rs -o /opt/rustwide/target/doc --error-format=json --json=diagnostic-rendered-ansi --document-private-items -L dependency=/opt/rustwide/target/debug/deps --extern reqwest=/opt/rustwide/target/debug/deps/libreqwest-f57afd38363efc8a.rmeta --extern serde=/opt/rustwide/target/debug/deps/libserde-de57fd7e780ae6e2.rmeta --extern serde_derive=/opt/rustwide/target/debug/deps/libserde_derive-29bc2bc02be2573a.so --extern serde_json=/opt/rustwide/target/debug/deps/libserde_json-db969190554ef52f.rmeta --extern url=/opt/rustwide/target/debug/deps/liburl-2196de9cbf08f45a.rmeta --cap-lints=warn --crate-version 1.0.0` (exit status: 1)
[INFO] running `Command { std: "docker" "inspect" "f2b951f76978e4f98e715336b4c1b524549ba9d616c05d95f56ee54ff9aa064e", kill_on_drop: false }`
[INFO] running `Command { std: "docker" "rm" "-f" "f2b951f76978e4f98e715336b4c1b524549ba9d616c05d95f56ee54ff9aa064e", kill_on_drop: false }`
[INFO] [stdout] f2b951f76978e4f98e715336b4c1b524549ba9d616c05d95f56ee54ff9aa064e
