[INFO] cloning repository https://github.com/nfk93/primefield_generator
[INFO] running `Command { std: "git" "-c" "credential.helper=" "-c" "credential.helper=/workspace/cargo-home/bin/git-credential-null" "clone" "--bare" "https://github.com/nfk93/primefield_generator" "/workspace/cache/git-repos/https%3A%2F%2Fgithub.com%2Fnfk93%2Fprimefield_generator", kill_on_drop: false }`
[INFO] [stderr] Cloning into bare repository '/workspace/cache/git-repos/https%3A%2F%2Fgithub.com%2Fnfk93%2Fprimefield_generator'...
[INFO] running `Command { std: "git" "rev-parse" "HEAD", kill_on_drop: false }`
[INFO] [stdout] bf3e8610b53c7b284e662852676aadf8824a6363
[INFO] documenting nfk93/primefield_generator against beta-2021-08-01 for beta-1.55-rustdoc-1
[INFO] running `Command { std: "git" "clone" "/workspace/cache/git-repos/https%3A%2F%2Fgithub.com%2Fnfk93%2Fprimefield_generator" "/workspace/builds/worker-2/source", kill_on_drop: false }`
[INFO] [stderr] Cloning into '/workspace/builds/worker-2/source'...
[INFO] [stderr] done.
[INFO] validating manifest of git repo https://github.com/nfk93/primefield_generator on toolchain beta-2021-08-01
[INFO] running `Command { std: "/workspace/cargo-home/bin/cargo" "+beta-2021-08-01" "metadata" "--manifest-path" "Cargo.toml" "--no-deps", kill_on_drop: false }`
[INFO] started tweaking git repo https://github.com/nfk93/primefield_generator
[INFO] finished tweaking git repo https://github.com/nfk93/primefield_generator
[INFO] tweaked toml for git repo https://github.com/nfk93/primefield_generator written to /workspace/builds/worker-2/source/Cargo.toml
[INFO] crate git repo https://github.com/nfk93/primefield_generator already has a lockfile, it will not be regenerated
[INFO] running `Command { std: "/workspace/cargo-home/bin/cargo" "+beta-2021-08-01" "fetch" "--manifest-path" "Cargo.toml", kill_on_drop: false }`
[INFO] [stderr]  Downloading crates ...
[INFO] [stderr]   Downloaded primal-estimate v0.3.1
[INFO] [stderr]   Downloaded primal-bit v0.3.0
[INFO] [stderr]   Downloaded primal-sieve v0.3.1
[INFO] [stderr]   Downloaded primal v0.3.0
[INFO] [stderr]   Downloaded rustc-cfg v0.2.0
[INFO] [stderr]   Downloaded primal-check v0.3.1
[INFO] [stderr]   Downloaded ramp v0.5.8
[INFO] running `Command { std: "docker" "create" "-v" "/var/lib/crater-agent-workspace/builds/worker-2/target:/opt/rustwide/target:rw,Z" "-v" "/var/lib/crater-agent-workspace/builds/worker-2/source:/opt/rustwide/workdir:ro,Z" "-v" "/var/lib/crater-agent-workspace/cargo-home:/opt/rustwide/cargo-home:ro,Z" "-v" "/var/lib/crater-agent-workspace/rustup-home:/opt/rustwide/rustup-home:ro,Z" "-e" "SOURCE_DIR=/opt/rustwide/workdir" "-e" "CARGO_TARGET_DIR=/opt/rustwide/target" "-e" "CARGO_HOME=/opt/rustwide/cargo-home" "-e" "RUSTUP_HOME=/opt/rustwide/rustup-home" "-w" "/opt/rustwide/workdir" "-m" "1610612736" "--user" "0:0" "--network" "none" "ghcr.io/rust-lang/crates-build-env/linux@sha256:34b6a614d2c27851fe6cbf88fbd1137609cefab8b10d0615aaeb6fd47975d74e" "/opt/rustwide/cargo-home/bin/cargo" "+beta-2021-08-01" "metadata" "--no-deps" "--format-version=1", kill_on_drop: false }`
[INFO] [stdout] a488f647c03606663eec0a78284d2bda9a3b9842a2afd6cbc74d12aa96f1d77e
[INFO] running `Command { std: "docker" "start" "-a" "a488f647c03606663eec0a78284d2bda9a3b9842a2afd6cbc74d12aa96f1d77e", kill_on_drop: false }`
[INFO] running `Command { std: "docker" "inspect" "a488f647c03606663eec0a78284d2bda9a3b9842a2afd6cbc74d12aa96f1d77e", kill_on_drop: false }`
[INFO] running `Command { std: "docker" "rm" "-f" "a488f647c03606663eec0a78284d2bda9a3b9842a2afd6cbc74d12aa96f1d77e", kill_on_drop: false }`
[INFO] [stdout] a488f647c03606663eec0a78284d2bda9a3b9842a2afd6cbc74d12aa96f1d77e
[INFO] running `Command { std: "docker" "create" "-v" "/var/lib/crater-agent-workspace/builds/worker-2/target:/opt/rustwide/target:rw,Z" "-v" "/var/lib/crater-agent-workspace/builds/worker-2/source:/opt/rustwide/workdir:ro,Z" "-v" "/var/lib/crater-agent-workspace/cargo-home:/opt/rustwide/cargo-home:ro,Z" "-v" "/var/lib/crater-agent-workspace/rustup-home:/opt/rustwide/rustup-home:ro,Z" "-e" "SOURCE_DIR=/opt/rustwide/workdir" "-e" "CARGO_TARGET_DIR=/opt/rustwide/target" "-e" "CARGO_INCREMENTAL=0" "-e" "RUST_BACKTRACE=full" "-e" "RUSTDOCFLAGS=--cap-lints=warn" "-e" "CARGO_HOME=/opt/rustwide/cargo-home" "-e" "RUSTUP_HOME=/opt/rustwide/rustup-home" "-w" "/opt/rustwide/workdir" "-m" "1610612736" "--user" "0:0" "--network" "none" "ghcr.io/rust-lang/crates-build-env/linux@sha256:34b6a614d2c27851fe6cbf88fbd1137609cefab8b10d0615aaeb6fd47975d74e" "/opt/rustwide/cargo-home/bin/cargo" "+beta-2021-08-01" "doc" "--frozen" "--no-deps" "--document-private-items" "--message-format=json", kill_on_drop: false }`
[INFO] [stdout] 43a2230ac2dbda6999b85027de7b8ddc90ffb577760b2aa7345b3a6a903822e0
[INFO] running `Command { std: "docker" "start" "-a" "43a2230ac2dbda6999b85027de7b8ddc90ffb577760b2aa7345b3a6a903822e0", kill_on_drop: false }`
[INFO] [stderr]     Checking hamming v0.1.3
[INFO] [stderr]    Compiling cc v1.0.58
[INFO] [stderr]    Compiling rustc-cfg v0.2.0
[INFO] [stderr]     Checking primal-estimate v0.3.1
[INFO] [stderr]     Checking ieee754 v0.2.6
[INFO] [stderr]    Compiling num-traits v0.2.12
[INFO] [stderr]    Compiling num-integer v0.1.43
[INFO] [stderr]    Compiling libc v0.2.74
[INFO] [stderr]     Checking primal-bit v0.3.0
[INFO] [stderr]     Checking primal-sieve v0.3.1
[INFO] [stderr]    Compiling rand v0.4.6
[INFO] [stderr]     Checking rand v0.5.6
[INFO] [stderr]     Checking num-traits v0.1.43
[INFO] [stderr]     Checking primal-check v0.3.1
[INFO] [stderr]     Checking primal v0.3.0
[INFO] [stderr]    Compiling num-bigint v0.1.44
[INFO] [stderr]    Compiling ramp v0.5.8
[INFO] [stdout] error[E0432]: unresolved import `std::alloc::AllocRef`
[INFO] [stdout]   --> /opt/rustwide/cargo-home/registry/src/github.com-1ecc6299db9ec823/ramp-0.5.8/src/mem.rs:18:24
[INFO] [stdout]    |
[INFO] [stdout] 18 | use std::alloc::{self, AllocRef};
[INFO] [stdout]    |                        ^^^^^^^^ no `AllocRef` in `alloc`
[INFO] [stdout] 
[INFO] [stdout] 
[INFO] [stdout] error[E0433]: failed to resolve: could not find `AllocInit` in `alloc`
[INFO] [stdout]   --> /opt/rustwide/cargo-home/registry/src/github.com-1ecc6299db9ec823/ramp-0.5.8/src/mem.rs:49:64
[INFO] [stdout]    |
[INFO] [stdout] 49 |     let ret = match alloc::Global.alloc(layout.clone(), alloc::AllocInit::Zeroed) {
[INFO] [stdout]    |                                                                ^^^^^^^^^ could not find `AllocInit` in `alloc`
[INFO] [stdout] 
[INFO] [stdout] 
[INFO] [stdout] error[E0554]: `#![feature]` may not be used on the beta release channel
[INFO] [stdout]   --> /opt/rustwide/cargo-home/registry/src/github.com-1ecc6299db9ec823/ramp-0.5.8/src/lib.rs:17:1
[INFO] [stdout]    |
[INFO] [stdout] 17 | #![feature(core_intrinsics, asm, allocator_api)]
[INFO] [stdout]    | ^^^^^^^^^^^^^^^^^^^^^^^^^^^^^^^^^^^^^^^^^^^^^^^^
[INFO] [stdout] 
[INFO] [stdout] 
[INFO] [stdout] error[E0554]: `#![feature]` may not be used on the beta release channel
[INFO] [stdout]   --> /opt/rustwide/cargo-home/registry/src/github.com-1ecc6299db9ec823/ramp-0.5.8/src/lib.rs:18:1
[INFO] [stdout]    |
[INFO] [stdout] 18 | #![feature(step_trait, step_trait_ext, ptr_internals, raw_vec_internals)]
[INFO] [stdout]    | ^^^^^^^^^^^^^^^^^^^^^^^^^^^^^^^^^^^^^^^^^^^^^^^^^^^^^^^^^^^^^^^^^^^^^^^^^
[INFO] [stdout] 
[INFO] [stdout] 
[INFO] [stdout] error[E0199]: implementing the trait `Step` is not unsafe
[INFO] [stdout]     --> /opt/rustwide/cargo-home/registry/src/github.com-1ecc6299db9ec823/ramp-0.5.8/src/int.rs:3697:1
[INFO] [stdout]      |
[INFO] [stdout] 3697 | / unsafe impl std::iter::Step for Int {
[INFO] [stdout] 3698 | |     fn steps_between(start: &Int, end: &Int) -> Option<usize> {
[INFO] [stdout] 3699 | |         let diff = (start - end).abs();
[INFO] [stdout] 3700 | |
[INFO] [stdout] ...    |
[INFO] [stdout] 3715 | |     }
[INFO] [stdout] 3716 | | }
[INFO] [stdout]      | |_^
[INFO] [stdout] 
[INFO] [stdout] 
[INFO] [stdout] error: aborting due to 5 previous errors
[INFO] [stdout] 
[INFO] [stdout] 
[INFO] [stdout] Some errors have detailed explanations: E0199, E0432, E0433, E0554.
[INFO] [stdout] 
[INFO] [stdout] For more information about an error, try `rustc --explain E0199`.
[INFO] [stdout] 
[INFO] [stderr] error: could not compile `ramp` due to 6 previous errors
[INFO] running `Command { std: "docker" "inspect" "43a2230ac2dbda6999b85027de7b8ddc90ffb577760b2aa7345b3a6a903822e0", kill_on_drop: false }`
[INFO] running `Command { std: "docker" "rm" "-f" "43a2230ac2dbda6999b85027de7b8ddc90ffb577760b2aa7345b3a6a903822e0", kill_on_drop: false }`
[INFO] [stdout] 43a2230ac2dbda6999b85027de7b8ddc90ffb577760b2aa7345b3a6a903822e0
