[INFO] cloning repository https://github.com/netaneld122/ddup
[INFO] running `Command { std: "git" "-c" "credential.helper=" "-c" "credential.helper=/workspace/cargo-home/bin/git-credential-null" "clone" "--bare" "https://github.com/netaneld122/ddup" "/workspace/cache/git-repos/https%3A%2F%2Fgithub.com%2Fnetaneld122%2Fddup", kill_on_drop: false }`
[INFO] [stderr] Cloning into bare repository '/workspace/cache/git-repos/https%3A%2F%2Fgithub.com%2Fnetaneld122%2Fddup'...
[INFO] running `Command { std: "git" "rev-parse" "HEAD", kill_on_drop: false }`
[INFO] [stdout] 40c42fb3cf2ea640b7bdd32854687f2cfa8278ef
[INFO] documenting netaneld122/ddup against 1.54.0 for beta-1.55-rustdoc-1
[INFO] running `Command { std: "git" "clone" "/workspace/cache/git-repos/https%3A%2F%2Fgithub.com%2Fnetaneld122%2Fddup" "/workspace/builds/worker-12/source", kill_on_drop: false }`
[INFO] [stderr] Cloning into '/workspace/builds/worker-12/source'...
[INFO] [stderr] done.
[INFO] validating manifest of git repo https://github.com/netaneld122/ddup on toolchain 1.54.0
[INFO] running `Command { std: "/workspace/cargo-home/bin/cargo" "+1.54.0" "metadata" "--manifest-path" "Cargo.toml" "--no-deps", kill_on_drop: false }`
[INFO] started tweaking git repo https://github.com/netaneld122/ddup
[INFO] finished tweaking git repo https://github.com/netaneld122/ddup
[INFO] tweaked toml for git repo https://github.com/netaneld122/ddup written to /workspace/builds/worker-12/source/Cargo.toml
[INFO] crate git repo https://github.com/netaneld122/ddup already has a lockfile, it will not be regenerated
[INFO] running `Command { std: "/workspace/cargo-home/bin/cargo" "+1.54.0" "fetch" "--manifest-path" "Cargo.toml", kill_on_drop: false }`
[INFO] running `Command { std: "docker" "create" "-v" "/var/lib/crater-agent-workspace/builds/worker-12/target:/opt/rustwide/target:rw,Z" "-v" "/var/lib/crater-agent-workspace/builds/worker-12/source:/opt/rustwide/workdir:ro,Z" "-v" "/var/lib/crater-agent-workspace/cargo-home:/opt/rustwide/cargo-home:ro,Z" "-v" "/var/lib/crater-agent-workspace/rustup-home:/opt/rustwide/rustup-home:ro,Z" "-e" "SOURCE_DIR=/opt/rustwide/workdir" "-e" "CARGO_TARGET_DIR=/opt/rustwide/target" "-e" "CARGO_HOME=/opt/rustwide/cargo-home" "-e" "RUSTUP_HOME=/opt/rustwide/rustup-home" "-w" "/opt/rustwide/workdir" "-m" "1610612736" "--user" "0:0" "--network" "none" "ghcr.io/rust-lang/crates-build-env/linux@sha256:34b6a614d2c27851fe6cbf88fbd1137609cefab8b10d0615aaeb6fd47975d74e" "/opt/rustwide/cargo-home/bin/cargo" "+1.54.0" "metadata" "--no-deps" "--format-version=1", kill_on_drop: false }`
[INFO] [stdout] f86d95c9e5ef62aea3693de6e4df181979f4149f7fee7370ae2bae1ad56c4d18
[INFO] running `Command { std: "docker" "start" "-a" "f86d95c9e5ef62aea3693de6e4df181979f4149f7fee7370ae2bae1ad56c4d18", kill_on_drop: false }`
[INFO] running `Command { std: "docker" "inspect" "f86d95c9e5ef62aea3693de6e4df181979f4149f7fee7370ae2bae1ad56c4d18", kill_on_drop: false }`
[INFO] running `Command { std: "docker" "rm" "-f" "f86d95c9e5ef62aea3693de6e4df181979f4149f7fee7370ae2bae1ad56c4d18", kill_on_drop: false }`
[INFO] [stdout] f86d95c9e5ef62aea3693de6e4df181979f4149f7fee7370ae2bae1ad56c4d18
[INFO] running `Command { std: "docker" "create" "-v" "/var/lib/crater-agent-workspace/builds/worker-12/target:/opt/rustwide/target:rw,Z" "-v" "/var/lib/crater-agent-workspace/builds/worker-12/source:/opt/rustwide/workdir:ro,Z" "-v" "/var/lib/crater-agent-workspace/cargo-home:/opt/rustwide/cargo-home:ro,Z" "-v" "/var/lib/crater-agent-workspace/rustup-home:/opt/rustwide/rustup-home:ro,Z" "-e" "SOURCE_DIR=/opt/rustwide/workdir" "-e" "CARGO_TARGET_DIR=/opt/rustwide/target" "-e" "CARGO_INCREMENTAL=0" "-e" "RUST_BACKTRACE=full" "-e" "RUSTDOCFLAGS=--cap-lints=warn" "-e" "CARGO_HOME=/opt/rustwide/cargo-home" "-e" "RUSTUP_HOME=/opt/rustwide/rustup-home" "-w" "/opt/rustwide/workdir" "-m" "1610612736" "--user" "0:0" "--network" "none" "ghcr.io/rust-lang/crates-build-env/linux@sha256:34b6a614d2c27851fe6cbf88fbd1137609cefab8b10d0615aaeb6fd47975d74e" "/opt/rustwide/cargo-home/bin/cargo" "+1.54.0" "doc" "--frozen" "--no-deps" "--document-private-items" "--message-format=json", kill_on_drop: false }`
[INFO] [stdout] 6fa75a13074ac5d64be89a339cdf65376f765835b84ce40bcff5281eaac9ef4b
[INFO] running `Command { std: "docker" "start" "-a" "6fa75a13074ac5d64be89a339cdf65376f765835b84ce40bcff5281eaac9ef4b", kill_on_drop: false }`
[INFO] [stderr]     Checking regex-syntax v0.6.17
[INFO] [stderr]    Compiling winapi v0.3.8
[INFO] [stderr]     Checking either v1.5.3
[INFO] [stderr]     Checking termios v0.3.1
[INFO] [stderr]     Checking num_cpus v1.12.0
[INFO] [stderr]     Checking clicolors-control v1.0.1
[INFO] [stderr]     Checking rayon-core v1.7.0
[INFO] [stderr]     Checking rayon v1.3.0
[INFO] [stderr]     Checking regex v1.3.6
[INFO] [stderr]     Checking console v0.10.0
[INFO] [stderr]     Checking indicatif v0.14.0
[INFO] [stderr]  Documenting ddup v0.0.4 (/opt/rustwide/workdir)
[INFO] [stdout] error[E0433]: failed to resolve: could not find `shared` in `winapi`
[INFO] [stdout]  --> src/ntfs.rs:7:13
[INFO] [stdout]   |
[INFO] [stdout] 7 | use winapi::shared::minwindef::{DWORD, LPDWORD, LPVOID};
[INFO] [stdout]   |             ^^^^^^ could not find `shared` in `winapi`
[INFO] [stdout] 
[INFO] [stdout] 
[INFO] [stdout] error[E0433]: failed to resolve: could not find `shared` in `winapi`
[INFO] [stdout]  --> src/ntfs.rs:8:13
[INFO] [stdout]   |
[INFO] [stdout] 8 | use winapi::shared::ntdef::USN;
[INFO] [stdout]   |             ^^^^^^ could not find `shared` in `winapi`
[INFO] [stdout] 
[INFO] [stdout] 
[INFO] [stdout] error[E0433]: failed to resolve: could not find `um` in `winapi`
[INFO] [stdout]  --> src/ntfs.rs:9:13
[INFO] [stdout]   |
[INFO] [stdout] 9 | use winapi::um::ioapiset::DeviceIoControl;
[INFO] [stdout]   |             ^^ could not find `um` in `winapi`
[INFO] [stdout] 
[INFO] [stdout] 
[INFO] [stdout] error[E0433]: failed to resolve: could not find `um` in `winapi`
[INFO] [stdout]   --> src/ntfs.rs:10:13
[INFO] [stdout]    |
[INFO] [stdout] 10 | use winapi::um::winioctl::{
[INFO] [stdout]    |             ^^ could not find `um` in `winapi`
[INFO] [stdout] 
[INFO] [stdout] 
[INFO] [stdout] error[E0433]: failed to resolve: could not find `um` in `winapi`
[INFO] [stdout]   --> src/ntfs.rs:13:13
[INFO] [stdout]    |
[INFO] [stdout] 13 | use winapi::um::winnt::FILE_ATTRIBUTE_DIRECTORY;
[INFO] [stdout]    |             ^^ could not find `um` in `winapi`
[INFO] [stdout] 
[INFO] [stdout] 
[INFO] [stdout] error[E0433]: failed to resolve: could not find `um` in `winapi`
[INFO] [stdout]  --> src/volume.rs:4:13
[INFO] [stdout]   |
[INFO] [stdout] 4 | use winapi::um::fileapi::CreateFileA;
[INFO] [stdout]   |             ^^ could not find `um` in `winapi`
[INFO] [stdout] 
[INFO] [stdout] 
[INFO] [stdout] error[E0433]: failed to resolve: could not find `um` in `winapi`
[INFO] [stdout]  --> src/volume.rs:5:13
[INFO] [stdout]   |
[INFO] [stdout] 5 | use winapi::um::fileapi::OPEN_EXISTING;
[INFO] [stdout]   |             ^^ could not find `um` in `winapi`
[INFO] [stdout] 
[INFO] [stdout] 
[INFO] [stdout] error[E0433]: failed to resolve: could not find `um` in `winapi`
[INFO] [stdout]  --> src/volume.rs:6:13
[INFO] [stdout]   |
[INFO] [stdout] 6 | use winapi::um::handleapi::CloseHandle;
[INFO] [stdout]   |             ^^ could not find `um` in `winapi`
[INFO] [stdout] 
[INFO] [stdout] 
[INFO] [stdout] error[E0433]: failed to resolve: could not find `um` in `winapi`
[INFO] [stdout]  --> src/volume.rs:7:13
[INFO] [stdout]   |
[INFO] [stdout] 7 | use winapi::um::handleapi::INVALID_HANDLE_VALUE;
[INFO] [stdout]   |             ^^ could not find `um` in `winapi`
[INFO] [stdout] 
[INFO] [stdout] 
[INFO] [stdout] error[E0433]: failed to resolve: could not find `um` in `winapi`
[INFO] [stdout]  --> src/volume.rs:8:13
[INFO] [stdout]   |
[INFO] [stdout] 8 | use winapi::um::winnt::{FILE_SHARE_READ, FILE_SHARE_WRITE, GENERIC_READ, HANDLE};
[INFO] [stdout]   |             ^^ could not find `um` in `winapi`
[INFO] [stdout] 
[INFO] [stdout] 
[INFO] [stdout] error[E0433]: failed to resolve: could not find `shared` in `winapi`
[INFO] [stdout]  --> src/winioctl.rs:4:13
[INFO] [stdout]   |
[INFO] [stdout] 4 | use winapi::shared::minwindef::{DWORD, WORD};
[INFO] [stdout]   |             ^^^^^^ could not find `shared` in `winapi`
[INFO] [stdout] 
[INFO] [stdout] 
[INFO] [stdout] error[E0433]: failed to resolve: could not find `shared` in `winapi`
[INFO] [stdout]  --> src/winioctl.rs:5:13
[INFO] [stdout]   |
[INFO] [stdout] 5 | use winapi::shared::ntdef::{DWORDLONG, USN, WCHAR};
[INFO] [stdout]   |             ^^^^^^ could not find `shared` in `winapi`
[INFO] [stdout] 
[INFO] [stdout] 
[INFO] [stdout] error[E0433]: failed to resolve: could not find `um` in `winapi`
[INFO] [stdout]  --> src/winioctl.rs:6:13
[INFO] [stdout]   |
[INFO] [stdout] 6 | use winapi::um::winnt::LARGE_INTEGER;
[INFO] [stdout]   |             ^^ could not find `um` in `winapi`
[INFO] [stdout] 
[INFO] [stdout] 
[INFO] [stdout] error[E0412]: cannot find type `USN` in this scope
[INFO] [stdout]   --> src/ntfs.rs:29:14
[INFO] [stdout]    |
[INFO] [stdout] 29 |     pub low: USN,
[INFO] [stdout]    |              ^^^ not found in this scope
[INFO] [stdout] 
[INFO] [stdout] 
[INFO] [stdout] error[E0412]: cannot find type `USN` in this scope
[INFO] [stdout]   --> src/ntfs.rs:30:15
[INFO] [stdout]    |
[INFO] [stdout] 30 |     pub high: USN,
[INFO] [stdout]    |               ^^^ not found in this scope
[INFO] [stdout] 
[INFO] [stdout] 
[INFO] [stdout] error[E0412]: cannot find type `HANDLE` in this scope
[INFO] [stdout]   --> src/volume.rs:11:17
[INFO] [stdout]    |
[INFO] [stdout] 11 |     pub handle: HANDLE,
[INFO] [stdout]    |                 ^^^^^^ not found in this scope
[INFO] [stdout] 
[INFO] [stdout] 
[INFO] [stdout] error[E0412]: cannot find type `DWORDLONG` in this scope
[INFO] [stdout]   --> src/winioctl.rs:11:23
[INFO] [stdout]    |
[INFO] [stdout] 11 |     pub UsnJournalID: DWORDLONG,
[INFO] [stdout]    |                       ^^^^^^^^^ not found in this scope
[INFO] [stdout] 
[INFO] [stdout] 
[INFO] [stdout] error[E0412]: cannot find type `USN` in this scope
[INFO] [stdout]   --> src/winioctl.rs:12:19
[INFO] [stdout]    |
[INFO] [stdout] 12 |     pub FirstUsn: USN,
[INFO] [stdout]    |                   ^^^ not found in this scope
[INFO] [stdout] 
[INFO] [stdout] 
[INFO] [stdout] error[E0412]: cannot find type `USN` in this scope
[INFO] [stdout]   --> src/winioctl.rs:13:18
[INFO] [stdout]    |
[INFO] [stdout] 13 |     pub NextUsn: USN,
[INFO] [stdout]    |                  ^^^ not found in this scope
[INFO] [stdout] 
[INFO] [stdout] 
[INFO] [stdout] error[E0412]: cannot find type `USN` in this scope
[INFO] [stdout]   --> src/winioctl.rs:14:25
[INFO] [stdout]    |
[INFO] [stdout] 14 |     pub LowestValidUsn: USN,
[INFO] [stdout]    |                         ^^^ not found in this scope
[INFO] [stdout] 
[INFO] [stdout] 
[INFO] [stdout] error[E0412]: cannot find type `USN` in this scope
[INFO] [stdout]   --> src/winioctl.rs:15:17
[INFO] [stdout]    |
[INFO] [stdout] 15 |     pub MaxUsn: USN,
[INFO] [stdout]    |                 ^^^ not found in this scope
[INFO] [stdout] 
[INFO] [stdout] 
[INFO] [stdout] error[E0412]: cannot find type `DWORDLONG` in this scope
[INFO] [stdout]   --> src/winioctl.rs:16:22
[INFO] [stdout]    |
[INFO] [stdout] 16 |     pub MaximumSize: DWORDLONG,
[INFO] [stdout]    |                      ^^^^^^^^^ not found in this scope
[INFO] [stdout] 
[INFO] [stdout] 
[INFO] [stdout] error[E0412]: cannot find type `DWORDLONG` in this scope
[INFO] [stdout]   --> src/winioctl.rs:17:26
[INFO] [stdout]    |
[INFO] [stdout] 17 |     pub AllocationDelta: DWORDLONG,
[INFO] [stdout]    |                          ^^^^^^^^^ not found in this scope
[INFO] [stdout] 
[INFO] [stdout] 
[INFO] [stdout] error[E0412]: cannot find type `DWORDLONG` in this scope
[INFO] [stdout]   --> src/winioctl.rs:23:22
[INFO] [stdout]    |
[INFO] [stdout] 23 |     pub MaximumSize: DWORDLONG,
[INFO] [stdout]    |                      ^^^^^^^^^ not found in this scope
[INFO] [stdout] 
[INFO] [stdout] 
[INFO] [stdout] error[E0412]: cannot find type `DWORDLONG` in this scope
[INFO] [stdout]   --> src/winioctl.rs:24:26
[INFO] [stdout]    |
[INFO] [stdout] 24 |     pub AllocationDelta: DWORDLONG,
[INFO] [stdout]    |                          ^^^^^^^^^ not found in this scope
[INFO] [stdout] 
[INFO] [stdout] 
[INFO] [stdout] error[E0412]: cannot find type `DWORDLONG` in this scope
[INFO] [stdout]   --> src/winioctl.rs:30:35
[INFO] [stdout]    |
[INFO] [stdout] 30 |     pub StartFileReferenceNumber: DWORDLONG,
[INFO] [stdout]    |                                   ^^^^^^^^^ not found in this scope
[INFO] [stdout] 
[INFO] [stdout] 
[INFO] [stdout] error[E0412]: cannot find type `USN` in this scope
[INFO] [stdout]   --> src/winioctl.rs:31:17
[INFO] [stdout]    |
[INFO] [stdout] 31 |     pub LowUsn: USN,
[INFO] [stdout]    |                 ^^^ not found in this scope
[INFO] [stdout] 
[INFO] [stdout] 
[INFO] [stdout] error[E0412]: cannot find type `USN` in this scope
[INFO] [stdout]   --> src/winioctl.rs:32:18
[INFO] [stdout]    |
[INFO] [stdout] 32 |     pub HighUsn: USN,
[INFO] [stdout]    |                  ^^^ not found in this scope
[INFO] [stdout] 
[INFO] [stdout] 
[INFO] [stdout] error[E0412]: cannot find type `DWORD` in this scope
[INFO] [stdout]   --> src/winioctl.rs:37:23
[INFO] [stdout]    |
[INFO] [stdout] 37 |     pub RecordLength: DWORD,
[INFO] [stdout]    |                       ^^^^^ not found in this scope
[INFO] [stdout] 
[INFO] [stdout] 
[INFO] [stdout] error[E0412]: cannot find type `WORD` in this scope
[INFO] [stdout]   --> src/winioctl.rs:38:23
[INFO] [stdout]    |
[INFO] [stdout] 38 |     pub MajorVersion: WORD,
[INFO] [stdout]    |                       ^^^^ not found in this scope
[INFO] [stdout] 
[INFO] [stdout] 
[INFO] [stdout] error[E0412]: cannot find type `WORD` in this scope
[INFO] [stdout]   --> src/winioctl.rs:39:23
[INFO] [stdout]    |
[INFO] [stdout] 39 |     pub MinorVersion: WORD,
[INFO] [stdout]    |                       ^^^^ not found in this scope
[INFO] [stdout] 
[INFO] [stdout] 
[INFO] [stdout] error[E0412]: cannot find type `DWORDLONG` in this scope
[INFO] [stdout]   --> src/winioctl.rs:40:30
[INFO] [stdout]    |
[INFO] [stdout] 40 |     pub FileReferenceNumber: DWORDLONG,
[INFO] [stdout]    |                              ^^^^^^^^^ not found in this scope
[INFO] [stdout] 
[INFO] [stdout] 
[INFO] [stdout] error[E0412]: cannot find type `DWORDLONG` in this scope
[INFO] [stdout]   --> src/winioctl.rs:41:36
[INFO] [stdout]    |
[INFO] [stdout] 41 |     pub ParentFileReferenceNumber: DWORDLONG,
[INFO] [stdout]    |                                    ^^^^^^^^^ not found in this scope
[INFO] [stdout] 
[INFO] [stdout] 
[INFO] [stdout] error[E0412]: cannot find type `USN` in this scope
[INFO] [stdout]   --> src/winioctl.rs:42:14
[INFO] [stdout]    |
[INFO] [stdout] 42 |     pub Usn: USN,
[INFO] [stdout]    |              ^^^ not found in this scope
[INFO] [stdout] 
[INFO] [stdout] 
[INFO] [stdout] error[E0412]: cannot find type `LARGE_INTEGER` in this scope
[INFO] [stdout]   --> src/winioctl.rs:43:20
[INFO] [stdout]    |
[INFO] [stdout] 43 |     pub TimeStamp: LARGE_INTEGER,
[INFO] [stdout]    |                    ^^^^^^^^^^^^^ not found in this scope
[INFO] [stdout] 
[INFO] [stdout] 
[INFO] [stdout] error[E0412]: cannot find type `DWORD` in this scope
[INFO] [stdout]   --> src/winioctl.rs:44:17
[INFO] [stdout]    |
[INFO] [stdout] 44 |     pub Reason: DWORD,
[INFO] [stdout]    |                 ^^^^^ not found in this scope
[INFO] [stdout] 
[INFO] [stdout] 
[INFO] [stdout] error[E0412]: cannot find type `DWORD` in this scope
[INFO] [stdout]   --> src/winioctl.rs:45:21
[INFO] [stdout]    |
[INFO] [stdout] 45 |     pub SourceInfo: DWORD,
[INFO] [stdout]    |                     ^^^^^ not found in this scope
[INFO] [stdout] 
[INFO] [stdout] 
[INFO] [stdout] error[E0412]: cannot find type `DWORD` in this scope
[INFO] [stdout]   --> src/winioctl.rs:46:21
[INFO] [stdout]    |
[INFO] [stdout] 46 |     pub SecurityId: DWORD,
[INFO] [stdout]    |                     ^^^^^ not found in this scope
[INFO] [stdout] 
[INFO] [stdout] 
[INFO] [stdout] error[E0412]: cannot find type `DWORD` in this scope
[INFO] [stdout]   --> src/winioctl.rs:47:25
[INFO] [stdout]    |
[INFO] [stdout] 47 |     pub FileAttributes: DWORD,
[INFO] [stdout]    |                         ^^^^^ not found in this scope
[INFO] [stdout] 
[INFO] [stdout] 
[INFO] [stdout] error[E0412]: cannot find type `WORD` in this scope
[INFO] [stdout]   --> src/winioctl.rs:48:25
[INFO] [stdout]    |
[INFO] [stdout] 48 |     pub FileNameLength: WORD,
[INFO] [stdout]    |                         ^^^^ not found in this scope
[INFO] [stdout] 
[INFO] [stdout] 
[INFO] [stdout] error[E0412]: cannot find type `WORD` in this scope
[INFO] [stdout]   --> src/winioctl.rs:49:25
[INFO] [stdout]    |
[INFO] [stdout] 49 |     pub FileNameOffset: WORD,
[INFO] [stdout]    |                         ^^^^ not found in this scope
[INFO] [stdout] 
[INFO] [stdout] 
[INFO] [stdout] error[E0412]: cannot find type `WCHAR` in this scope
[INFO] [stdout]   --> src/winioctl.rs:50:20
[INFO] [stdout]    |
[INFO] [stdout] 50 |     pub FileName: [WCHAR; 1],
[INFO] [stdout]    |                    ^^^^^ not found in this scope
[INFO] [stdout] 
[INFO] [stdout] 
[INFO] [stdout] error: Compilation failed, aborting rustdoc
[INFO] [stdout] 
[INFO] [stdout] 
[INFO] [stdout] error: aborting due to 43 previous errors
[INFO] [stdout] 
[INFO] [stdout] 
[INFO] [stdout] Some errors have detailed explanations: E0412, E0433.
[INFO] [stdout] 
[INFO] [stdout] For more information about an error, try `rustc --explain E0412`.
[INFO] [stdout] 
[INFO] [stderr] error: could not document `ddup`
[INFO] [stderr] 
[INFO] [stderr] Caused by:
[INFO] [stderr]   process didn't exit successfully: `rustdoc --edition=2018 --crate-type lib --crate-name ddup src/lib.rs -o /opt/rustwide/target/doc --error-format=json --json=diagnostic-rendered-ansi --document-private-items -L dependency=/opt/rustwide/target/debug/deps --extern clap=/opt/rustwide/target/debug/deps/libclap-cfdf04e04ff0d3fb.rmeta --extern crc=/opt/rustwide/target/debug/deps/libcrc-d6022a81f1e1338a.rmeta --extern glob=/opt/rustwide/target/debug/deps/libglob-dd005bda8a71734d.rmeta --extern indicatif=/opt/rustwide/target/debug/deps/libindicatif-77522ecb5f9f962f.rmeta --extern rayon=/opt/rustwide/target/debug/deps/librayon-48b54a036d685a2a.rmeta --extern walkdir=/opt/rustwide/target/debug/deps/libwalkdir-02dc6bfcfb89f9cc.rmeta --extern winapi=/opt/rustwide/target/debug/deps/libwinapi-91909d39cf1023a2.rmeta --cap-lints=warn --crate-version 0.0.4` (exit status: 1)
[INFO] running `Command { std: "docker" "inspect" "6fa75a13074ac5d64be89a339cdf65376f765835b84ce40bcff5281eaac9ef4b", kill_on_drop: false }`
[INFO] running `Command { std: "docker" "rm" "-f" "6fa75a13074ac5d64be89a339cdf65376f765835b84ce40bcff5281eaac9ef4b", kill_on_drop: false }`
[INFO] [stdout] 6fa75a13074ac5d64be89a339cdf65376f765835b84ce40bcff5281eaac9ef4b
