[INFO] cloning repository https://github.com/nbdd0121/x11-over-vsock
[INFO] running `Command { std: "git" "-c" "credential.helper=" "-c" "credential.helper=/workspace/cargo-home/bin/git-credential-null" "clone" "--bare" "https://github.com/nbdd0121/x11-over-vsock" "/workspace/cache/git-repos/https%3A%2F%2Fgithub.com%2Fnbdd0121%2Fx11-over-vsock", kill_on_drop: false }`
[INFO] [stderr] Cloning into bare repository '/workspace/cache/git-repos/https%3A%2F%2Fgithub.com%2Fnbdd0121%2Fx11-over-vsock'...
[INFO] running `Command { std: "git" "rev-parse" "HEAD", kill_on_drop: false }`
[INFO] [stdout] 629efbfbb2e4615ba9b3e9632e35c8d1f3516bdc
[INFO] documenting nbdd0121/x11-over-vsock against 1.54.0 for beta-1.55-rustdoc-1
[INFO] running `Command { std: "git" "clone" "/workspace/cache/git-repos/https%3A%2F%2Fgithub.com%2Fnbdd0121%2Fx11-over-vsock" "/workspace/builds/worker-12/source", kill_on_drop: false }`
[INFO] [stderr] Cloning into '/workspace/builds/worker-12/source'...
[INFO] [stderr] done.
[INFO] validating manifest of git repo https://github.com/nbdd0121/x11-over-vsock on toolchain 1.54.0
[INFO] running `Command { std: "/workspace/cargo-home/bin/cargo" "+1.54.0" "metadata" "--manifest-path" "Cargo.toml" "--no-deps", kill_on_drop: false }`
[INFO] started tweaking git repo https://github.com/nbdd0121/x11-over-vsock
[INFO] finished tweaking git repo https://github.com/nbdd0121/x11-over-vsock
[INFO] tweaked toml for git repo https://github.com/nbdd0121/x11-over-vsock written to /workspace/builds/worker-12/source/Cargo.toml
[INFO] crate git repo https://github.com/nbdd0121/x11-over-vsock already has a lockfile, it will not be regenerated
[INFO] running `Command { std: "/workspace/cargo-home/bin/cargo" "+1.54.0" "fetch" "--manifest-path" "Cargo.toml", kill_on_drop: false }`
[INFO] running `Command { std: "docker" "create" "-v" "/var/lib/crater-agent-workspace/builds/worker-12/target:/opt/rustwide/target:rw,Z" "-v" "/var/lib/crater-agent-workspace/builds/worker-12/source:/opt/rustwide/workdir:ro,Z" "-v" "/var/lib/crater-agent-workspace/cargo-home:/opt/rustwide/cargo-home:ro,Z" "-v" "/var/lib/crater-agent-workspace/rustup-home:/opt/rustwide/rustup-home:ro,Z" "-e" "SOURCE_DIR=/opt/rustwide/workdir" "-e" "CARGO_TARGET_DIR=/opt/rustwide/target" "-e" "CARGO_HOME=/opt/rustwide/cargo-home" "-e" "RUSTUP_HOME=/opt/rustwide/rustup-home" "-w" "/opt/rustwide/workdir" "-m" "1610612736" "--user" "0:0" "--network" "none" "ghcr.io/rust-lang/crates-build-env/linux@sha256:34b6a614d2c27851fe6cbf88fbd1137609cefab8b10d0615aaeb6fd47975d74e" "/opt/rustwide/cargo-home/bin/cargo" "+1.54.0" "metadata" "--no-deps" "--format-version=1", kill_on_drop: false }`
[INFO] [stdout] b68ad763d33161cc0eb5df781ccf5f3fe6791f2d5fe9587e89152e24d32e7337
[INFO] running `Command { std: "docker" "start" "-a" "b68ad763d33161cc0eb5df781ccf5f3fe6791f2d5fe9587e89152e24d32e7337", kill_on_drop: false }`
[INFO] running `Command { std: "docker" "inspect" "b68ad763d33161cc0eb5df781ccf5f3fe6791f2d5fe9587e89152e24d32e7337", kill_on_drop: false }`
[INFO] running `Command { std: "docker" "rm" "-f" "b68ad763d33161cc0eb5df781ccf5f3fe6791f2d5fe9587e89152e24d32e7337", kill_on_drop: false }`
[INFO] [stdout] b68ad763d33161cc0eb5df781ccf5f3fe6791f2d5fe9587e89152e24d32e7337
[INFO] running `Command { std: "docker" "create" "-v" "/var/lib/crater-agent-workspace/builds/worker-12/target:/opt/rustwide/target:rw,Z" "-v" "/var/lib/crater-agent-workspace/builds/worker-12/source:/opt/rustwide/workdir:ro,Z" "-v" "/var/lib/crater-agent-workspace/cargo-home:/opt/rustwide/cargo-home:ro,Z" "-v" "/var/lib/crater-agent-workspace/rustup-home:/opt/rustwide/rustup-home:ro,Z" "-e" "SOURCE_DIR=/opt/rustwide/workdir" "-e" "CARGO_TARGET_DIR=/opt/rustwide/target" "-e" "CARGO_INCREMENTAL=0" "-e" "RUST_BACKTRACE=full" "-e" "RUSTDOCFLAGS=--cap-lints=warn" "-e" "CARGO_HOME=/opt/rustwide/cargo-home" "-e" "RUSTUP_HOME=/opt/rustwide/rustup-home" "-w" "/opt/rustwide/workdir" "-m" "1610612736" "--user" "0:0" "--network" "none" "ghcr.io/rust-lang/crates-build-env/linux@sha256:34b6a614d2c27851fe6cbf88fbd1137609cefab8b10d0615aaeb6fd47975d74e" "/opt/rustwide/cargo-home/bin/cargo" "+1.54.0" "doc" "--frozen" "--no-deps" "--document-private-items" "--message-format=json", kill_on_drop: false }`
[INFO] [stdout] 32f0172cdad29f422cfd21b2c7ec638cf16708ac0a26eff7f94907d43726f6f0
[INFO] running `Command { std: "docker" "start" "-a" "32f0172cdad29f422cfd21b2c7ec638cf16708ac0a26eff7f94907d43726f6f0", kill_on_drop: false }`
[INFO] [stderr]    Compiling winapi v0.3.9
[INFO] [stderr]     Checking widestring v0.4.3
[INFO] [stderr]    Compiling futures-core v0.3.15
[INFO] [stderr]    Compiling tokio v1.8.1
[INFO] [stderr]     Checking mio v0.7.13
[INFO] [stderr]     Checking signal-hook-registry v1.4.0
[INFO] [stderr]     Checking dirs-sys v0.3.6
[INFO] [stderr]     Checking atty v0.2.14
[INFO] [stderr]     Checking socket2 v0.4.0
[INFO] [stderr]     Checking polling v2.1.0
[INFO] [stderr]    Compiling serde_derive v1.0.126
[INFO] [stderr]    Compiling tokio-macros v1.3.0
[INFO] [stderr]    Compiling structopt-derive v0.4.15
[INFO] [stderr]     Checking env_logger v0.8.4
[INFO] [stderr]     Checking futures-lite v1.12.0
[INFO] [stderr]     Checking dirs v3.0.2
[INFO] [stderr]     Checking async-io v1.6.0
[INFO] [stderr]     Checking structopt v0.3.22
[INFO] [stderr]     Checking serde v1.0.126
[INFO] [stderr]     Checking humantime-serde v1.0.1
[INFO] [stderr]     Checking serde_json v1.0.64
[INFO] [stderr]     Checking toml v0.5.8
[INFO] [stderr]     Checking uuid v0.8.2
[INFO] [stderr]  Documenting wsld v0.1.0 (/opt/rustwide/workdir/client)
[INFO] [stderr]  Documenting wsldhost v0.1.0 (/opt/rustwide/workdir/server)
[INFO] [stdout] error[E0433]: failed to resolve: could not find `shared` in `winapi`
[INFO] [stdout]   --> server/src/vmcompute.rs:19:17
[INFO] [stdout]    |
[INFO] [stdout] 19 |     use winapi::shared::minwindef::LPVOID;
[INFO] [stdout]    |                 ^^^^^^ could not find `shared` in `winapi`
[INFO] [stdout] 
[INFO] [stdout] 
[INFO] [stdout] error[E0433]: failed to resolve: could not find `shared` in `winapi`
[INFO] [stdout]   --> server/src/vmcompute.rs:20:17
[INFO] [stdout]    |
[INFO] [stdout] 20 |     use winapi::shared::ntdef::{LPCWSTR, LPWSTR};
[INFO] [stdout]    |                 ^^^^^^ could not find `shared` in `winapi`
[INFO] [stdout] 
[INFO] [stdout] 
[INFO] [stdout] error[E0433]: failed to resolve: could not find `um` in `winapi`
[INFO] [stdout]   --> server/src/vmcompute.rs:21:17
[INFO] [stdout]    |
[INFO] [stdout] 21 |     use winapi::um::combaseapi::CoTaskMemFree;
[INFO] [stdout]    |                 ^^ could not find `um` in `winapi`
[INFO] [stdout] 
[INFO] [stdout] 
[INFO] [stdout] error[E0433]: failed to resolve: could not find `um` in `winapi`
[INFO] [stdout]   --> server/src/vmcompute.rs:22:17
[INFO] [stdout]    |
[INFO] [stdout] 22 |     use winapi::um::libloaderapi::{FreeLibrary, GetProcAddress, LoadLibraryA};
[INFO] [stdout]    |                 ^^ could not find `um` in `winapi`
[INFO] [stdout] 
[INFO] [stdout] 
[INFO] [stdout] error[E0433]: failed to resolve: could not find `windows` in `os`
[INFO] [stdout]  --> server/src/vmsocket.rs:9:18
[INFO] [stdout]   |
[INFO] [stdout] 9 |     use std::os::windows::io::{AsRawSocket, FromRawSocket, RawSocket};
[INFO] [stdout]   |                  ^^^^^^^ could not find `windows` in `os`
[INFO] [stdout] 
[INFO] [stdout] 
[INFO] [stdout] error[E0433]: failed to resolve: could not find `shared` in `winapi`
[INFO] [stdout]   --> server/src/vmsocket.rs:12:17
[INFO] [stdout]    |
[INFO] [stdout] 12 |     use winapi::shared::ws2def::SOCK_STREAM;
[INFO] [stdout]    |                 ^^^^^^ could not find `shared` in `winapi`
[INFO] [stdout] 
[INFO] [stdout] 
[INFO] [stdout] error[E0433]: failed to resolve: could not find `shared` in `winapi`
[INFO] [stdout]   --> server/src/vmsocket.rs:13:17
[INFO] [stdout]    |
[INFO] [stdout] 13 |     use winapi::shared::ws2def::*;
[INFO] [stdout]    |                 ^^^^^^ could not find `shared` in `winapi`
[INFO] [stdout] 
[INFO] [stdout] 
[INFO] [stdout] error[E0433]: failed to resolve: could not find `um` in `winapi`
[INFO] [stdout]   --> server/src/vmsocket.rs:14:17
[INFO] [stdout]    |
[INFO] [stdout] 14 |     use winapi::um::winsock2::*;
[INFO] [stdout]    |                 ^^ could not find `um` in `winapi`
[INFO] [stdout] 
[INFO] [stdout] 
[INFO] [stdout] error[E0432]: unresolved import `tokio::net::windows`
[INFO] [stdout]  --> server/src/ssh_agent.rs:3:17
[INFO] [stdout]   |
[INFO] [stdout] 3 | use tokio::net::windows::named_pipe;
[INFO] [stdout]   |                 ^^^^^^^ could not find `windows` in `net`
[INFO] [stdout] 
[INFO] [stdout] 
[INFO] [stdout] error[E0433]: failed to resolve: could not find `shared` in `winapi`
[INFO] [stdout]   --> server/src/vmsocket.rs:21:31
[INFO] [stdout]    |
[INFO] [stdout] 21 |         pub Reserved: winapi::shared::minwindef::USHORT,
[INFO] [stdout]    |                               ^^^^^^ could not find `shared` in `winapi`
[INFO] [stdout] 
[INFO] [stdout] 
[INFO] [stdout] error[E0433]: failed to resolve: could not find `shared` in `winapi`
[INFO] [stdout]   --> server/src/vmsocket.rs:22:27
[INFO] [stdout]    |
[INFO] [stdout] 22 |         pub VmId: winapi::shared::guiddef::GUID,
[INFO] [stdout]    |                           ^^^^^^ could not find `shared` in `winapi`
[INFO] [stdout] 
[INFO] [stdout] 
[INFO] [stdout] error[E0433]: failed to resolve: could not find `shared` in `winapi`
[INFO] [stdout]   --> server/src/vmsocket.rs:23:32
[INFO] [stdout]    |
[INFO] [stdout] 23 |         pub ServiceId: winapi::shared::guiddef::GUID,
[INFO] [stdout]    |                                ^^^^^^ could not find `shared` in `winapi`
[INFO] [stdout] 
[INFO] [stdout] 
[INFO] [stdout] error[E0433]: failed to resolve: could not find `ctypes` in `winapi`
[INFO] [stdout]   --> server/src/vmsocket.rs:26:36
[INFO] [stdout]    |
[INFO] [stdout] 26 |     const HV_PROTOCOL_RAW: winapi::ctypes::c_int = 1;
[INFO] [stdout]    |                                    ^^^^^^ could not find `ctypes` in `winapi`
[INFO] [stdout] 
[INFO] [stdout] 
[INFO] [stdout] error[E0412]: cannot find type `ADDRESS_FAMILY` in this scope
[INFO] [stdout]   --> server/src/vmsocket.rs:20:21
[INFO] [stdout]    |
[INFO] [stdout] 20 |         pub Family: ADDRESS_FAMILY,
[INFO] [stdout]    |                     ^^^^^^^^^^^^^^ not found in this scope
[INFO] [stdout] 
[INFO] [stdout] 
[INFO] [stdout] error[E0412]: cannot find type `SOCKET` in this scope
[INFO] [stdout]   --> server/src/vmsocket.rs:40:25
[INFO] [stdout]    |
[INFO] [stdout] 40 |     pub struct VmSocket(SOCKET);
[INFO] [stdout]    |                         ^^^^^^ not found in this scope
[INFO] [stdout] 
[INFO] [stdout] 
[INFO] [stdout] error[E0405]: cannot find trait `AsRawSocket` in this scope
[INFO] [stdout]   --> server/src/vmsocket.rs:42:10
[INFO] [stdout]    |
[INFO] [stdout] 42 |     impl AsRawSocket for VmSocket {
[INFO] [stdout]    |          ^^^^^^^^^^^ not found in this scope
[INFO] [stdout] 
[INFO] [stdout] 
[INFO] [stdout] error[E0412]: cannot find type `RawSocket` in this scope
[INFO] [stdout]   --> server/src/vmsocket.rs:43:36
[INFO] [stdout]    |
[INFO] [stdout] 40 |     pub struct VmSocket(SOCKET);
[INFO] [stdout]    |     ---------------------------- similarly named struct `VmSocket` defined here
[INFO] [stdout] ...
[INFO] [stdout] 43 |         fn as_raw_socket(&self) -> RawSocket {
[INFO] [stdout]    |                                    ^^^^^^^^^ help: a struct with a similar name exists: `VmSocket`
[INFO] [stdout] 
[INFO] [stdout] 
[INFO] [stdout] error: Compilation failed, aborting rustdoc
[INFO] [stdout] 
[INFO] [stdout] 
[INFO] [stdout] error: aborting due to 18 previous errors
[INFO] [stdout] 
[INFO] [stdout] 
[INFO] [stdout] Some errors have detailed explanations: E0405, E0412, E0432, E0433.
[INFO] [stdout] 
[INFO] [stdout] For more information about an error, try `rustc --explain E0405`.
[INFO] [stdout] 
[INFO] [stderr] error: could not document `wsldhost`
[INFO] [stderr] 
[INFO] [stderr] Caused by:
[INFO] [stderr]   process didn't exit successfully: `rustdoc --edition=2018 --crate-type bin --crate-name wsldhost server/src/main.rs -o /opt/rustwide/target/doc --error-format=json --json=diagnostic-rendered-ansi --document-private-items -L dependency=/opt/rustwide/target/debug/deps --extern async_io=/opt/rustwide/target/debug/deps/libasync_io-e787365bc4c678a4.rmeta --extern once_cell=/opt/rustwide/target/debug/deps/libonce_cell-1b80003de675d828.rmeta --extern serde=/opt/rustwide/target/debug/deps/libserde-a2a8e41c9805e204.rmeta --extern serde_json=/opt/rustwide/target/debug/deps/libserde_json-6dc1fbc7e9702ba2.rmeta --extern structopt=/opt/rustwide/target/debug/deps/libstructopt-9488456e10942862.rmeta --extern tokio=/opt/rustwide/target/debug/deps/libtokio-6560ed76010c19d5.rmeta --extern uuid=/opt/rustwide/target/debug/deps/libuuid-2fc8864e1813cf26.rmeta --extern widestring=/opt/rustwide/target/debug/deps/libwidestring-39037ee86510211a.rmeta --extern winapi=/opt/rustwide/target/debug/deps/libwinapi-783612e164aa79ce.rmeta --cap-lints=warn --crate-version 0.1.0` (exit status: 1)
[INFO] [stderr] warning: build failed, waiting for other jobs to finish...
[INFO] [stderr] error: build failed
[INFO] running `Command { std: "docker" "inspect" "32f0172cdad29f422cfd21b2c7ec638cf16708ac0a26eff7f94907d43726f6f0", kill_on_drop: false }`
[INFO] running `Command { std: "docker" "rm" "-f" "32f0172cdad29f422cfd21b2c7ec638cf16708ac0a26eff7f94907d43726f6f0", kill_on_drop: false }`
[INFO] [stdout] 32f0172cdad29f422cfd21b2c7ec638cf16708ac0a26eff7f94907d43726f6f0
